Sep 18 06:25:38.462894 dv-cinder-855359-3-smb devstack@c-api.service[113210]: INFO cinder.volume.api [None req-36164884-b907-4639-adf2-441164568d16 tempest-VolumesListAdminTestJSON-484740874 tempest-VolumesListAdminTestJSON-484740874-project] Volume info retrieved successfully.
Sep 18 06:25:38.469462 dv-cinder-855359-3-smb devstack@c-api.service[113209]: INFO cinder.api.openstack.wsgi [None req-0d9b64a9-f2bc-41d2-8d0b-e8f3d4afac0b tempest-VolumeTypesAccessTest-1676173036 tempest-VolumeTypesAccessTest-1676173036-project-admin] http://10.222.0.16/volume/v3/5df2447e3f4b45ec9b73fd6308e59e01/types/b721a4e4-65af-4fa9-a411-a06c1497c8e2 returned with HTTP 202
Sep 18 06:25:38.471956 dv-cinder-855359-3-smb devstack@c-api.service[113209]: [pid: 113209|app: 0|req: 181/374] 10.222.0.16 () {58 vars in 1322 bytes} [Sun Sep 18 06:25:38 2022] DELETE /volume/v3/5df2447e3f4b45ec9b73fd6308e59e01/types/b721a4e4-65af-4fa9-a411-a06c1497c8e2 => generated 0 bytes in 73 msecs (HTTP/1.1 202) 6 headers in 233 bytes (1 switches on core 0)
Sep 18 06:25:38.472095 dv-cinder-855359-3-smb devstack@c-api.service[113210]: DEBUG dbcounter [-] [113210] Writing DB stats cinder:SELECT=88,cinder:UPDATE=8,cinder:INSERT=4 {{(pid=113210) stat_writer /usr/local/lib/python3.8/dist-packages/dbcounter.py:114}}
Sep 18 06:25:38.476232 dv-cinder-855359-3-smb devstack@c-api.service[113209]: DEBUG cinder.api.middleware.request_id [None req-f328a05d-6cb4-49e7-a865-12908263a23d None None] RequestId filter calling following filter/app {{(pid=113209) _context_setter /opt/stack/cinder/cinder/api/middleware/request_id.py:62}}
Sep 18 06:25:38.478126 dv-cinder-855359-3-smb devstack@c-api.service[113210]: INFO cinder.api.openstack.wsgi [None req-36164884-b907-4639-adf2-441164568d16 tempest-VolumesListAdminTestJSON-484740874 tempest-VolumesListAdminTestJSON-484740874-project] http://10.222.0.16/volume/v3/d4a240f4a26041ac9f03438e89818710/volumes/f7f08589-512f-45aa-9f07-dfc10c25dee2 returned with HTTP 200
Sep 18 06:25:38.479059 dv-cinder-855359-3-smb devstack@c-api.service[113210]: [pid: 113210|app: 0|req: 194/375] 10.222.0.16 () {58 vars in 1325 bytes} [Sun Sep 18 06:25:38 2022] GET /volume/v3/d4a240f4a26041ac9f03438e89818710/volumes/f7f08589-512f-45aa-9f07-dfc10c25dee2 => generated 916 bytes in 49 msecs (HTTP/1.1 200) 7 headers in 285 bytes (2 switches on core 0)
Sep 18 06:25:38.482044 dv-cinder-855359-3-smb devstack@c-api.service[113209]: INFO cinder.api.openstack.wsgi [None req-f328a05d-6cb4-49e7-a865-12908263a23d tempest-VolumeTypesAccessTest-1676173036 tempest-VolumeTypesAccessTest-1676173036-project-admin] GET http://10.222.0.16/volume/v3/5df2447e3f4b45ec9b73fd6308e59e01/types/b721a4e4-65af-4fa9-a411-a06c1497c8e2
Sep 18 06:25:38.482875 dv-cinder-855359-3-smb devstack@c-api.service[113209]: DEBUG cinder.api.openstack.wsgi [None req-f328a05d-6cb4-49e7-a865-12908263a23d tempest-VolumeTypesAccessTest-1676173036 tempest-VolumeTypesAccessTest-1676173036-project-admin] Empty body provided in request {{(pid=113209) get_body /opt/stack/cinder/cinder/api/openstack/wsgi.py:715}}
Sep 18 06:25:38.483484 dv-cinder-855359-3-smb devstack@c-api.service[113209]: DEBUG cinder.api.openstack.wsgi [None req-f328a05d-6cb4-49e7-a865-12908263a23d tempest-VolumeTypesAccessTest-1676173036 tempest-VolumeTypesAccessTest-1676173036-project-admin] Calling method 'show' {{(pid=113209) _process_stack /opt/stack/cinder/cinder/api/openstack/wsgi.py:868}}
Sep 18 06:25:38.489989 dv-cinder-855359-3-smb devstack@c-api.service[113209]: INFO cinder.api.openstack.wsgi [None req-f328a05d-6cb4-49e7-a865-12908263a23d tempest-VolumeTypesAccessTest-1676173036 tempest-VolumeTypesAccessTest-1676173036-project-admin] http://10.222.0.16/volume/v3/5df2447e3f4b45ec9b73fd6308e59e01/types/b721a4e4-65af-4fa9-a411-a06c1497c8e2 returned with HTTP 404
Sep 18 06:25:38.491413 dv-cinder-855359-3-smb devstack@c-api.service[113209]: [pid: 113209|app: 0|req: 182/376] 10.222.0.16 () {58 vars in 1319 bytes} [Sun Sep 18 06:25:38 2022] GET /volume/v3/5df2447e3f4b45ec9b73fd6308e59e01/types/b721a4e4-65af-4fa9-a411-a06c1497c8e2 => generated 114 bytes in 16 msecs (HTTP/1.1 404) 7 headers in 292 bytes (1 switches on core 0)
Sep 18 06:25:38.496947 dv-cinder-855359-3-smb devstack@c-api.service[113210]: DEBUG cinder.api.middleware.request_id [None req-e0445a9d-aa31-4fe0-9645-3e6de030db66 None None] RequestId filter calling following filter/app {{(pid=113210) _context_setter /opt/stack/cinder/cinder/api/middleware/request_id.py:62}}
Sep 18 06:25:38.500624 dv-cinder-855359-3-smb devstack@c-api.service[113210]: INFO cinder.api.openstack.wsgi [None req-e0445a9d-aa31-4fe0-9645-3e6de030db66 tempest-VolumesListAdminTestJSON-484740874 tempest-VolumesListAdminTestJSON-484740874-project] POST http://10.222.0.16/volume/v3/d4a240f4a26041ac9f03438e89818710/volumes
Sep 18 06:25:38.501368 dv-cinder-855359-3-smb devstack@c-api.service[113210]: DEBUG cinder.api.openstack.wsgi [None req-e0445a9d-aa31-4fe0-9645-3e6de030db66 tempest-VolumesListAdminTestJSON-484740874 tempest-VolumesListAdminTestJSON-484740874-project] Action: 'create', calling method: create, body: {"volume": {"size": 1, "name": "tempest-VolumesListAdminTestJSON-Volume-1596870937"}} {{(pid=113210) _process_stack /opt/stack/cinder/cinder/api/openstack/wsgi.py:866}}
Sep 18 06:25:38.503615 dv-cinder-855359-3-smb devstack@c-api.service[113210]: DEBUG cinder.api.v3.volumes [None req-e0445a9d-aa31-4fe0-9645-3e6de030db66 tempest-VolumesListAdminTestJSON-484740874 tempest-VolumesListAdminTestJSON-484740874-project] Create volume request body: {'volume': {'size': 1, 'name': 'tempest-VolumesListAdminTestJSON-Volume-1596870937'}} {{(pid=113210) create /opt/stack/cinder/cinder/api/v3/volumes.py:298}}
Sep 18 06:25:38.503957 dv-cinder-855359-3-smb devstack@c-api.service[113210]: INFO cinder.api.v3.volumes [None req-e0445a9d-aa31-4fe0-9645-3e6de030db66 tempest-VolumesListAdminTestJSON-484740874 tempest-VolumesListAdminTestJSON-484740874-project] Create volume of 1 GB
Sep 18 06:25:38.510789 dv-cinder-855359-3-smb devstack@c-api.service[113210]: INFO cinder.volume.api [None req-e0445a9d-aa31-4fe0-9645-3e6de030db66 tempest-VolumesListAdminTestJSON-484740874 tempest-VolumesListAdminTestJSON-484740874-project] Availability Zones retrieved successfully.
Sep 18 06:25:38.526943 dv-cinder-855359-3-smb devstack@c-api.service[113210]: DEBUG cinder.volume.api [None req-e0445a9d-aa31-4fe0-9645-3e6de030db66 tempest-VolumesListAdminTestJSON-484740874 tempest-VolumesListAdminTestJSON-484740874-project] Flow 'volume_create_api' (02e63666-34b3-4106-946e-0dea92271fdf) transitioned into state 'RUNNING' from state 'PENDING' {{(pid=113210) _flow_receiver /usr/local/lib/python3.8/dist-packages/taskflow/listeners/logging.py:141}}
Sep 18 06:25:38.529478 dv-cinder-855359-3-smb devstack@c-api.service[113210]: DEBUG cinder.volume.api [None req-e0445a9d-aa31-4fe0-9645-3e6de030db66 tempest-VolumesListAdminTestJSON-484740874 tempest-VolumesListAdminTestJSON-484740874-project] Task 'cinder.volume.flows.api.create_volume.ExtractVolumeRequestTask;volume:create' (0ce3eaa0-e25b-4ddb-bb90-d1c2413e0cbe) transitioned into state 'RUNNING' from state 'PENDING' {{(pid=113210) _task_receiver /usr/local/lib/python3.8/dist-packages/taskflow/listeners/logging.py:190}}
Sep 18 06:25:38.532164 dv-cinder-855359-3-smb devstack@c-api.service[113210]: DEBUG cinder.volume.flows.api.create_volume [None req-e0445a9d-aa31-4fe0-9645-3e6de030db66 tempest-VolumesListAdminTestJSON-484740874 tempest-VolumesListAdminTestJSON-484740874-project] Validating volume size '1' using validate_int {{(pid=113210) _extract_size /opt/stack/cinder/cinder/volume/flows/api/create_volume.py:228}}
Sep 18 06:25:38.585859 dv-cinder-855359-3-smb devstack@c-api.service[113210]: DEBUG cinder.volume.api [None req-e0445a9d-aa31-4fe0-9645-3e6de030db66 tempest-VolumesListAdminTestJSON-484740874 tempest-VolumesListAdminTestJSON-484740874-project] Task 'cinder.volume.flows.api.create_volume.ExtractVolumeRequestTask;volume:create' (0ce3eaa0-e25b-4ddb-bb90-d1c2413e0cbe) transitioned into state 'SUCCESS' from state 'RUNNING' with result '{'size': 1, 'snapshot_id': None, 'source_volid': None, 'volume_type': VolumeType(created_at=2022-09-18T06:14:37Z,deleted=False,deleted_at=None,description='Default Volume Type',extra_specs={},id=c53a7afe-20d9-47cf-a25f-6a23508f26c3,is_public=True,name='__DEFAULT__',projects=[],qos_specs=,qos_specs_id=None,updated_at=2022-09-18T06:14:37Z), 'volume_type_id': 'c53a7afe-20d9-47cf-a25f-6a23508f26c3', 'encryption_key_id': None, 'qos_specs': None, 'consistencygroup_id': None, 'cgsnapshot_id': None, 'group_id': None, 'replication_status': 'disabled', 'refresh_az': False, 'backup_id': None, 'multiattach': False, 'availability_zones': ['nova']}' {{(pid=113210) _task_receiver /usr/local/lib/python3.8/dist-packages/taskflow/listeners/logging.py:178}}
Sep 18 06:25:38.588597 dv-cinder-855359-3-smb devstack@c-api.service[113210]: DEBUG cinder.volume.api [None req-e0445a9d-aa31-4fe0-9645-3e6de030db66 tempest-VolumesListAdminTestJSON-484740874 tempest-VolumesListAdminTestJSON-484740874-project] Task 'cinder.volume.flows.api.create_volume.QuotaReserveTask;volume:create' (0922b2b5-da49-4332-9e0d-f71f728e2044) transitioned into state 'RUNNING' from state 'PENDING' {{(pid=113210) _task_receiver /usr/local/lib/python3.8/dist-packages/taskflow/listeners/logging.py:190}}
Sep 18 06:25:38.702794 dv-cinder-855359-3-smb devstack@c-api.service[113210]: DEBUG cinder.quota [None req-e0445a9d-aa31-4fe0-9645-3e6de030db66 tempest-VolumesListAdminTestJSON-484740874 tempest-VolumesListAdminTestJSON-484740874-project] Created reservations ['da5e20bb-685d-489b-99bf-5e0161af9b57', 'e8b29fce-141d-4e8a-adff-0e99a96c865b', '2bdd48ae-d319-4025-abf8-2b2276e9c59f', 'ce2aba9e-b76d-4faa-89d4-28e7061945ec'] {{(pid=113210) reserve /opt/stack/cinder/cinder/quota.py:755}}
Sep 18 06:25:38.704876 dv-cinder-855359-3-smb devstack@c-api.service[113210]: DEBUG cinder.volume.api [None req-e0445a9d-aa31-4fe0-9645-3e6de030db66 tempest-VolumesListAdminTestJSON-484740874 tempest-VolumesListAdminTestJSON-484740874-project] Task 'cinder.volume.flows.api.create_volume.QuotaReserveTask;volume:create' (0922b2b5-da49-4332-9e0d-f71f728e2044) transitioned into state 'SUCCESS' from state 'RUNNING' with result '{'reservations': ['da5e20bb-685d-489b-99bf-5e0161af9b57', 'e8b29fce-141d-4e8a-adff-0e99a96c865b', '2bdd48ae-d319-4025-abf8-2b2276e9c59f', 'ce2aba9e-b76d-4faa-89d4-28e7061945ec']}' {{(pid=113210) _task_receiver /usr/local/lib/python3.8/dist-packages/taskflow/listeners/logging.py:178}}
Sep 18 06:25:38.707342 dv-cinder-855359-3-smb devstack@c-api.service[113210]: DEBUG cinder.volume.api [None req-e0445a9d-aa31-4fe0-9645-3e6de030db66 tempest-VolumesListAdminTestJSON-484740874 tempest-VolumesListAdminTestJSON-484740874-project] Task 'cinder.volume.flows.api.create_volume.EntryCreateTask;volume:create' (f74bdba5-18d3-4716-9cb3-6cad63e9c4d2) transitioned into state 'RUNNING' from state 'PENDING' {{(pid=113210) _task_receiver /usr/local/lib/python3.8/dist-packages/taskflow/listeners/logging.py:190}}
Sep 18 06:25:38.745628 dv-cinder-855359-3-smb devstack@c-api.service[113210]: DEBUG cinder.volume.api [None req-e0445a9d-aa31-4fe0-9645-3e6de030db66 tempest-VolumesListAdminTestJSON-484740874 tempest-VolumesListAdminTestJSON-484740874-project] Task 'cinder.volume.flows.api.create_volume.EntryCreateTask;volume:create' (f74bdba5-18d3-4716-9cb3-6cad63e9c4d2) transitioned into state 'SUCCESS' from state 'RUNNING' with result '{'volume_id': 'f8018f0b-e341-438a-8e55-52d995b09a65', 'volume_properties': VolumeProperties(attach_status='detached',availability_zone='nova',cgsnapshot_id=None,consistencygroup_id=None,display_description=None,display_name='tempest-VolumesListAdminTestJSON-Volume-1596870937',encryption_key_id=None,group_id=None,group_type_id=,metadata={},multiattach=False,project_id='d4a240f4a26041ac9f03438e89818710',qos_specs=None,replication_status=,reservations=['da5e20bb-685d-489b-99bf-5e0161af9b57','e8b29fce-141d-4e8a-adff-0e99a96c865b','2bdd48ae-d319-4025-abf8-2b2276e9c59f','ce2aba9e-b76d-4faa-89d4-28e7061945ec'],size=1,snapshot_id=None,source_replicaid=,source_volid=None,status='creating',user_id='3e54f49068fc437d8249e0a907ab0c9b',volume_type_id=c53a7afe-20d9-47cf-a25f-6a23508f26c3), 'volume': Volume(_name_id=None,admin_metadata=,attach_status='detached',availability_zone='nova',bootable=False,cluster=,cluster_name=None,consistencygroup=,consistencygroup_id=None,created_at=2022-09-18T06:25:38Z,deleted=False,deleted_at=None,display_description=None,display_name='tempest-VolumesListAdminTestJSON-Volume-1596870937',ec2_id=None,encryption_key_id=None,glance_metadata=,group=,group_id=None,host=None,id=f8018f0b-e341-438a-8e55-52d995b09a65,launched_at=None,metadata={},migration_status=None,multiattach=False,previous_status=None,project_id='d4a240f4a26041ac9f03438e89818710',provider_auth=None,provider_geometry=None,provider_id=None,provider_location=None,replication_driver_data=None,replication_extended_status=None,replication_status=None,scheduled_at=None,service_uuid=None,shared_targets=True,size=1,snapshot_id=None,snapshots=,source_volid=None,status='creating',terminated_at=None,updated_at=None,use_quota=True,user_id='3e54f49068fc437d8249e0a907ab0c9b',volume_attachment=VolumeAttachmentList,volume_type=VolumeType(c53a7afe-20d9-47cf-a25f-6a23508f26c3),volume_type_id=c53a7afe-20d9-47cf-a25f-6a23508f26c3)}' {{(pid=113210) _task_receiver /usr/local/lib/python3.8/dist-packages/taskflow/listeners/logging.py:178}}
Sep 18 06:25:38.748810 dv-cinder-855359-3-smb devstack@c-api.service[113210]: DEBUG cinder.volume.api [None req-e0445a9d-aa31-4fe0-9645-3e6de030db66 tempest-VolumesListAdminTestJSON-484740874 tempest-VolumesListAdminTestJSON-484740874-project] Task 'cinder.volume.flows.api.create_volume.QuotaCommitTask;volume:create' (b630457d-cb81-4647-a2f7-152b034181ac) transitioned into state 'RUNNING' from state 'PENDING' {{(pid=113210) _task_receiver /usr/local/lib/python3.8/dist-packages/taskflow/listeners/logging.py:190}}
Sep 18 06:25:38.783599 dv-cinder-855359-3-smb devstack@c-api.service[113210]: DEBUG cinder.volume.api [None req-e0445a9d-aa31-4fe0-9645-3e6de030db66 tempest-VolumesListAdminTestJSON-484740874 tempest-VolumesListAdminTestJSON-484740874-project] Task 'cinder.volume.flows.api.create_volume.QuotaCommitTask;volume:create' (b630457d-cb81-4647-a2f7-152b034181ac) transitioned into state 'SUCCESS' from state 'RUNNING' with result '{'volume_properties': VolumeProperties(attach_status='detached',availability_zone='nova',cgsnapshot_id=None,consistencygroup_id=None,display_description=None,display_name='tempest-VolumesListAdminTestJSON-Volume-1596870937',encryption_key_id=None,group_id=None,group_type_id=,metadata={},multiattach=False,project_id='d4a240f4a26041ac9f03438e89818710',qos_specs=None,replication_status=,reservations=['da5e20bb-685d-489b-99bf-5e0161af9b57','e8b29fce-141d-4e8a-adff-0e99a96c865b','2bdd48ae-d319-4025-abf8-2b2276e9c59f','ce2aba9e-b76d-4faa-89d4-28e7061945ec'],size=1,snapshot_id=None,source_replicaid=,source_volid=None,status='creating',user_id='3e54f49068fc437d8249e0a907ab0c9b',volume_type_id=c53a7afe-20d9-47cf-a25f-6a23508f26c3)}' {{(pid=113210) _task_receiver /usr/local/lib/python3.8/dist-packages/taskflow/listeners/logging.py:178}}
Sep 18 06:25:38.785807 dv-cinder-855359-3-smb devstack@c-api.service[113210]: DEBUG cinder.volume.api [None req-e0445a9d-aa31-4fe0-9645-3e6de030db66 tempest-VolumesListAdminTestJSON-484740874 tempest-VolumesListAdminTestJSON-484740874-project] Task 'cinder.volume.flows.api.create_volume.VolumeCastTask;volume:create' (ea18188c-bbaa-451c-b553-2dcda264ae87) transitioned into state 'RUNNING' from state 'PENDING' {{(pid=113210) _task_receiver /usr/local/lib/python3.8/dist-packages/taskflow/listeners/logging.py:190}}
Sep 18 06:25:38.845421 dv-cinder-855359-3-smb devstack@c-api.service[113210]: DEBUG cinder.volume.api [None req-e0445a9d-aa31-4fe0-9645-3e6de030db66 tempest-VolumesListAdminTestJSON-484740874 tempest-VolumesListAdminTestJSON-484740874-project] Task 'cinder.volume.flows.api.create_volume.VolumeCastTask;volume:create' (ea18188c-bbaa-451c-b553-2dcda264ae87) transitioned into state 'SUCCESS' from state 'RUNNING' with result 'None' {{(pid=113210) _task_receiver /usr/local/lib/python3.8/dist-packages/taskflow/listeners/logging.py:178}}
Sep 18 06:25:38.853417 dv-cinder-855359-3-smb devstack@c-api.service[113210]: DEBUG cinder.volume.api [None req-e0445a9d-aa31-4fe0-9645-3e6de030db66 tempest-VolumesListAdminTestJSON-484740874 tempest-VolumesListAdminTestJSON-484740874-project] Flow 'volume_create_api' (02e63666-34b3-4106-946e-0dea92271fdf) transitioned into state 'SUCCESS' from state 'RUNNING' {{(pid=113210) _flow_receiver /usr/local/lib/python3.8/dist-packages/taskflow/listeners/logging.py:141}}
Sep 18 06:25:38.853417 dv-cinder-855359-3-smb devstack@c-api.service[113210]: INFO cinder.volume.api [None req-e0445a9d-aa31-4fe0-9645-3e6de030db66 tempest-VolumesListAdminTestJSON-484740874 tempest-VolumesListAdminTestJSON-484740874-project] Create volume request issued successfully.
Sep 18 06:25:38.853417 dv-cinder-855359-3-smb devstack@c-api.service[113210]: INFO cinder.api.openstack.wsgi [None req-e0445a9d-aa31-4fe0-9645-3e6de030db66 tempest-VolumesListAdminTestJSON-484740874 tempest-VolumesListAdminTestJSON-484740874-project] http://10.222.0.16/volume/v3/d4a240f4a26041ac9f03438e89818710/volumes returned with HTTP 202
Sep 18 06:25:38.855233 dv-cinder-855359-3-smb devstack@c-api.service[113210]: [pid: 113210|app: 0|req: 195/377] 10.222.0.16 () {60 vars in 1235 bytes} [Sun Sep 18 06:25:38 2022] POST /volume/v3/d4a240f4a26041ac9f03438e89818710/volumes => generated 824 bytes in 360 msecs (HTTP/1.1 202) 7 headers in 291 bytes (2 switches on core 0)
Sep 18 06:25:38.865581 dv-cinder-855359-3-smb devstack@c-api.service[113209]: DEBUG cinder.api.middleware.request_id [None req-0c698dc8-3415-4b17-9948-fc0964126456 None None] RequestId filter calling following filter/app {{(pid=113209) _context_setter /opt/stack/cinder/cinder/api/middleware/request_id.py:62}}
Sep 18 06:25:38.869242 dv-cinder-855359-3-smb devstack@c-api.service[113209]: INFO cinder.api.openstack.wsgi [None req-0c698dc8-3415-4b17-9948-fc0964126456 tempest-VolumesListAdminTestJSON-484740874 tempest-VolumesListAdminTestJSON-484740874-project] GET http://10.222.0.16/volume/v3/d4a240f4a26041ac9f03438e89818710/volumes/f8018f0b-e341-438a-8e55-52d995b09a65
Sep 18 06:25:38.869692 dv-cinder-855359-3-smb devstack@c-api.service[113209]: DEBUG cinder.api.openstack.wsgi [None req-0c698dc8-3415-4b17-9948-fc0964126456 tempest-VolumesListAdminTestJSON-484740874 tempest-VolumesListAdminTestJSON-484740874-project] Empty body provided in request {{(pid=113209) get_body /opt/stack/cinder/cinder/api/openstack/wsgi.py:715}}
Sep 18 06:25:38.870628 dv-cinder-855359-3-smb devstack@c-api.service[113209]: DEBUG cinder.api.openstack.wsgi [None req-0c698dc8-3415-4b17-9948-fc0964126456 tempest-VolumesListAdminTestJSON-484740874 tempest-VolumesListAdminTestJSON-484740874-project] Calling method 'show' {{(pid=113209) _process_stack /opt/stack/cinder/cinder/api/openstack/wsgi.py:868}}
Sep 18 06:25:38.878439 dv-cinder-855359-3-smb devstack@c-api.service[113210]: DEBUG cinder.api.middleware.request_id [None req-6ce395e3-d050-4f4f-84b8-0811c8c0f832 None None] RequestId filter calling following filter/app {{(pid=113210) _context_setter /opt/stack/cinder/cinder/api/middleware/request_id.py:62}}
Sep 18 06:25:38.883070 dv-cinder-855359-3-smb devstack@c-api.service[113210]: INFO cinder.api.openstack.wsgi [None req-6ce395e3-d050-4f4f-84b8-0811c8c0f832 tempest-VolumesCloneTest-1121871814 tempest-VolumesCloneTest-1121871814-project] GET http://10.222.0.16/volume/v3/62c7ecbbc2b04fa1a1994301b5b7dbe5/volumes/d505be63-2a53-4525-8c0b-281f340fa8c7
Sep 18 06:25:38.883890 dv-cinder-855359-3-smb devstack@c-api.service[113210]: DEBUG cinder.api.openstack.wsgi [None req-6ce395e3-d050-4f4f-84b8-0811c8c0f832 tempest-VolumesCloneTest-1121871814 tempest-VolumesCloneTest-1121871814-project] Empty body provided in request {{(pid=113210) get_body /opt/stack/cinder/cinder/api/openstack/wsgi.py:715}}
Sep 18 06:25:38.884586 dv-cinder-855359-3-smb devstack@c-api.service[113210]: DEBUG cinder.api.openstack.wsgi [None req-6ce395e3-d050-4f4f-84b8-0811c8c0f832 tempest-VolumesCloneTest-1121871814 tempest-VolumesCloneTest-1121871814-project] Calling method 'show' {{(pid=113210) _process_stack /opt/stack/cinder/cinder/api/openstack/wsgi.py:868}}
Sep 18 06:25:38.894183 dv-cinder-855359-3-smb devstack@c-api.service[113209]: /usr/local/lib/python3.8/dist-packages/oslo_context/context.py:100: DeprecationWarning: Policy enforcement is depending on the value of is_admin. This key is deprecated. Please update your policy file to use the standard policy values.
Sep 18 06:25:38.894183 dv-cinder-855359-3-smb devstack@c-api.service[113209]: warnings.warn('Policy enforcement is depending on the value of '
Sep 18 06:25:38.901655 dv-cinder-855359-3-smb devstack@c-api.service[113209]: INFO cinder.volume.api [None req-0c698dc8-3415-4b17-9948-fc0964126456 tempest-VolumesListAdminTestJSON-484740874 tempest-VolumesListAdminTestJSON-484740874-project] Volume info retrieved successfully.
Sep 18 06:25:38.910663 dv-cinder-855359-3-smb devstack@c-api.service[113210]: /usr/local/lib/python3.8/dist-packages/oslo_context/context.py:100: DeprecationWarning: Policy enforcement is depending on the value of is_admin. This key is deprecated. Please update your policy file to use the standard policy values.
Sep 18 06:25:38.910663 dv-cinder-855359-3-smb devstack@c-api.service[113210]: warnings.warn('Policy enforcement is depending on the value of '
Sep 18 06:25:38.929818 dv-cinder-855359-3-smb devstack@c-api.service[113209]: INFO cinder.api.openstack.wsgi [None req-0c698dc8-3415-4b17-9948-fc0964126456 tempest-VolumesListAdminTestJSON-484740874 tempest-VolumesListAdminTestJSON-484740874-project] http://10.222.0.16/volume/v3/d4a240f4a26041ac9f03438e89818710/volumes/f8018f0b-e341-438a-8e55-52d995b09a65 returned with HTTP 200
Sep 18 06:25:38.930595 dv-cinder-855359-3-smb devstack@c-api.service[113209]: [pid: 113209|app: 0|req: 183/378] 10.222.0.16 () {58 vars in 1325 bytes} [Sun Sep 18 06:25:38 2022] GET /volume/v3/d4a240f4a26041ac9f03438e89818710/volumes/f8018f0b-e341-438a-8e55-52d995b09a65 => generated 892 bytes in 66 msecs (HTTP/1.1 200) 7 headers in 285 bytes (1 switches on core 0)
Sep 18 06:25:38.935150 dv-cinder-855359-3-smb devstack@c-api.service[113210]: INFO cinder.volume.api [None req-6ce395e3-d050-4f4f-84b8-0811c8c0f832 tempest-VolumesCloneTest-1121871814 tempest-VolumesCloneTest-1121871814-project] Volume info retrieved successfully.
Sep 18 06:25:38.952494 dv-cinder-855359-3-smb devstack@c-api.service[113210]: INFO cinder.api.openstack.wsgi [None req-6ce395e3-d050-4f4f-84b8-0811c8c0f832 tempest-VolumesCloneTest-1121871814 tempest-VolumesCloneTest-1121871814-project] http://10.222.0.16/volume/v3/62c7ecbbc2b04fa1a1994301b5b7dbe5/volumes/d505be63-2a53-4525-8c0b-281f340fa8c7 returned with HTTP 200
Sep 18 06:25:38.953188 dv-cinder-855359-3-smb devstack@c-api.service[113210]: [pid: 113210|app: 0|req: 196/379] 10.222.0.16 () {58 vars in 1325 bytes} [Sun Sep 18 06:25:38 2022] GET /volume/v3/62c7ecbbc2b04fa1a1994301b5b7dbe5/volumes/d505be63-2a53-4525-8c0b-281f340fa8c7 => generated 908 bytes in 76 msecs (HTTP/1.1 200) 7 headers in 285 bytes (1 switches on core 0)
Sep 18 06:25:39.948957 dv-cinder-855359-3-smb devstack@c-api.service[113209]: DEBUG cinder.api.middleware.request_id [None req-fb2bc946-65f6-450a-b133-916652a297ec None None] RequestId filter calling following filter/app {{(pid=113209) _context_setter /opt/stack/cinder/cinder/api/middleware/request_id.py:62}}
Sep 18 06:25:39.954001 dv-cinder-855359-3-smb devstack@c-api.service[113209]: INFO cinder.api.openstack.wsgi [None req-fb2bc946-65f6-450a-b133-916652a297ec tempest-VolumesListAdminTestJSON-484740874 tempest-VolumesListAdminTestJSON-484740874-project] GET http://10.222.0.16/volume/v3/d4a240f4a26041ac9f03438e89818710/volumes/f8018f0b-e341-438a-8e55-52d995b09a65
Sep 18 06:25:39.954461 dv-cinder-855359-3-smb devstack@c-api.service[113209]: DEBUG cinder.api.openstack.wsgi [None req-fb2bc946-65f6-450a-b133-916652a297ec tempest-VolumesListAdminTestJSON-484740874 tempest-VolumesListAdminTestJSON-484740874-project] Empty body provided in request {{(pid=113209) get_body /opt/stack/cinder/cinder/api/openstack/wsgi.py:715}}
Sep 18 06:25:39.954951 dv-cinder-855359-3-smb devstack@c-api.service[113209]: DEBUG cinder.api.openstack.wsgi [None req-fb2bc946-65f6-450a-b133-916652a297ec tempest-VolumesListAdminTestJSON-484740874 tempest-VolumesListAdminTestJSON-484740874-project] Calling method 'show' {{(pid=113209) _process_stack /opt/stack/cinder/cinder/api/openstack/wsgi.py:868}}
Sep 18 06:25:39.970999 dv-cinder-855359-3-smb devstack@c-api.service[113209]: /usr/local/lib/python3.8/dist-packages/oslo_context/context.py:100: DeprecationWarning: Policy enforcement is depending on the value of is_admin. This key is deprecated. Please update your policy file to use the standard policy values.
Sep 18 06:25:39.970999 dv-cinder-855359-3-smb devstack@c-api.service[113209]: warnings.warn('Policy enforcement is depending on the value of '
Sep 18 06:25:39.972140 dv-cinder-855359-3-smb devstack@c-api.service[113210]: DEBUG cinder.api.middleware.request_id [None req-0610f5de-7a6e-4878-8554-3f72b3e420ab None None] RequestId filter calling following filter/app {{(pid=113210) _context_setter /opt/stack/cinder/cinder/api/middleware/request_id.py:62}}
Sep 18 06:25:39.977541 dv-cinder-855359-3-smb devstack@c-api.service[113210]: INFO cinder.api.openstack.wsgi [None req-0610f5de-7a6e-4878-8554-3f72b3e420ab tempest-VolumesCloneTest-1121871814 tempest-VolumesCloneTest-1121871814-project] GET http://10.222.0.16/volume/v3/62c7ecbbc2b04fa1a1994301b5b7dbe5/volumes/d505be63-2a53-4525-8c0b-281f340fa8c7
Sep 18 06:25:39.978690 dv-cinder-855359-3-smb devstack@c-api.service[113210]: DEBUG cinder.api.openstack.wsgi [None req-0610f5de-7a6e-4878-8554-3f72b3e420ab tempest-VolumesCloneTest-1121871814 tempest-VolumesCloneTest-1121871814-project] Empty body provided in request {{(pid=113210) get_body /opt/stack/cinder/cinder/api/openstack/wsgi.py:715}}
Sep 18 06:25:39.979368 dv-cinder-855359-3-smb devstack@c-api.service[113210]: DEBUG cinder.api.openstack.wsgi [None req-0610f5de-7a6e-4878-8554-3f72b3e420ab tempest-VolumesCloneTest-1121871814 tempest-VolumesCloneTest-1121871814-project] Calling method 'show' {{(pid=113210) _process_stack /opt/stack/cinder/cinder/api/openstack/wsgi.py:868}}
Sep 18 06:25:39.982716 dv-cinder-855359-3-smb devstack@c-api.service[113209]: INFO cinder.volume.api [None req-fb2bc946-65f6-450a-b133-916652a297ec tempest-VolumesListAdminTestJSON-484740874 tempest-VolumesListAdminTestJSON-484740874-project] Volume info retrieved successfully.
Sep 18 06:25:39.996354 dv-cinder-855359-3-smb devstack@c-api.service[113210]: /usr/local/lib/python3.8/dist-packages/oslo_context/context.py:100: DeprecationWarning: Policy enforcement is depending on the value of is_admin. This key is deprecated. Please update your policy file to use the standard policy values.
Sep 18 06:25:39.996354 dv-cinder-855359-3-smb devstack@c-api.service[113210]: warnings.warn('Policy enforcement is depending on the value of '
Sep 18 06:25:39.996590 dv-cinder-855359-3-smb devstack@c-api.service[113209]: INFO cinder.api.openstack.wsgi [None req-fb2bc946-65f6-450a-b133-916652a297ec tempest-VolumesListAdminTestJSON-484740874 tempest-VolumesListAdminTestJSON-484740874-project] http://10.222.0.16/volume/v3/d4a240f4a26041ac9f03438e89818710/volumes/f8018f0b-e341-438a-8e55-52d995b09a65 returned with HTTP 200
Sep 18 06:25:39.997165 dv-cinder-855359-3-smb devstack@c-api.service[113209]: [pid: 113209|app: 0|req: 184/380] 10.222.0.16 () {58 vars in 1325 bytes} [Sun Sep 18 06:25:39 2022] GET /volume/v3/d4a240f4a26041ac9f03438e89818710/volumes/f8018f0b-e341-438a-8e55-52d995b09a65 => generated 917 bytes in 50 msecs (HTTP/1.1 200) 7 headers in 285 bytes (1 switches on core 0)
Sep 18 06:25:40.006439 dv-cinder-855359-3-smb devstack@c-api.service[113210]: INFO cinder.volume.api [None req-0610f5de-7a6e-4878-8554-3f72b3e420ab tempest-VolumesCloneTest-1121871814 tempest-VolumesCloneTest-1121871814-project] Volume info retrieved successfully.
Sep 18 06:25:40.014869 dv-cinder-855359-3-smb devstack@c-api.service[113209]: DEBUG cinder.api.middleware.request_id [None req-7ffa0441-0a76-4bad-9a4c-708dbc3ad8ea None None] RequestId filter calling following filter/app {{(pid=113209) _context_setter /opt/stack/cinder/cinder/api/middleware/request_id.py:62}}
Sep 18 06:25:40.017917 dv-cinder-855359-3-smb devstack@c-api.service[113210]: INFO cinder.api.openstack.wsgi [None req-0610f5de-7a6e-4878-8554-3f72b3e420ab tempest-VolumesCloneTest-1121871814 tempest-VolumesCloneTest-1121871814-project] http://10.222.0.16/volume/v3/62c7ecbbc2b04fa1a1994301b5b7dbe5/volumes/d505be63-2a53-4525-8c0b-281f340fa8c7 returned with HTTP 200
Sep 18 06:25:40.018452 dv-cinder-855359-3-smb devstack@c-api.service[113209]: INFO cinder.api.openstack.wsgi [None req-7ffa0441-0a76-4bad-9a4c-708dbc3ad8ea tempest-VolumesListAdminTestJSON-484740874 tempest-VolumesListAdminTestJSON-484740874-project] GET http://10.222.0.16/volume/v3/d4a240f4a26041ac9f03438e89818710/volumes/f8018f0b-e341-438a-8e55-52d995b09a65
Sep 18 06:25:40.018793 dv-cinder-855359-3-smb devstack@c-api.service[113210]: [pid: 113210|app: 0|req: 197/381] 10.222.0.16 () {58 vars in 1325 bytes} [Sun Sep 18 06:25:39 2022] GET /volume/v3/62c7ecbbc2b04fa1a1994301b5b7dbe5/volumes/d505be63-2a53-4525-8c0b-281f340fa8c7 => generated 908 bytes in 49 msecs (HTTP/1.1 200) 7 headers in 285 bytes (1 switches on core 0)
Sep 18 06:25:40.019289 dv-cinder-855359-3-smb devstack@c-api.service[113209]: DEBUG cinder.api.openstack.wsgi [None req-7ffa0441-0a76-4bad-9a4c-708dbc3ad8ea tempest-VolumesListAdminTestJSON-484740874 tempest-VolumesListAdminTestJSON-484740874-project] Empty body provided in request {{(pid=113209) get_body /opt/stack/cinder/cinder/api/openstack/wsgi.py:715}}
Sep 18 06:25:40.020011 dv-cinder-855359-3-smb devstack@c-api.service[113209]: DEBUG cinder.api.openstack.wsgi [None req-7ffa0441-0a76-4bad-9a4c-708dbc3ad8ea tempest-VolumesListAdminTestJSON-484740874 tempest-VolumesListAdminTestJSON-484740874-project] Calling method 'show' {{(pid=113209) _process_stack /opt/stack/cinder/cinder/api/openstack/wsgi.py:868}}
Sep 18 06:25:40.037326 dv-cinder-855359-3-smb devstack@c-api.service[113209]: /usr/local/lib/python3.8/dist-packages/oslo_context/context.py:100: DeprecationWarning: Policy enforcement is depending on the value of is_admin. This key is deprecated. Please update your policy file to use the standard policy values.
Sep 18 06:25:40.037326 dv-cinder-855359-3-smb devstack@c-api.service[113209]: warnings.warn('Policy enforcement is depending on the value of '
Sep 18 06:25:40.044991 dv-cinder-855359-3-smb devstack@c-api.service[113209]: INFO cinder.volume.api [None req-7ffa0441-0a76-4bad-9a4c-708dbc3ad8ea tempest-VolumesListAdminTestJSON-484740874 tempest-VolumesListAdminTestJSON-484740874-project] Volume info retrieved successfully.
Sep 18 06:25:40.055086 dv-cinder-855359-3-smb devstack@c-api.service[113209]: INFO cinder.api.openstack.wsgi [None req-7ffa0441-0a76-4bad-9a4c-708dbc3ad8ea tempest-VolumesListAdminTestJSON-484740874 tempest-VolumesListAdminTestJSON-484740874-project] http://10.222.0.16/volume/v3/d4a240f4a26041ac9f03438e89818710/volumes/f8018f0b-e341-438a-8e55-52d995b09a65 returned with HTTP 200
Sep 18 06:25:40.064211 dv-cinder-855359-3-smb devstack@c-api.service[113209]: [pid: 113209|app: 0|req: 185/382] 10.222.0.16 () {58 vars in 1325 bytes} [Sun Sep 18 06:25:40 2022] GET /volume/v3/d4a240f4a26041ac9f03438e89818710/volumes/f8018f0b-e341-438a-8e55-52d995b09a65 => generated 917 bytes in 50 msecs (HTTP/1.1 200) 7 headers in 285 bytes (2 switches on core 0)
Sep 18 06:25:40.075596 dv-cinder-855359-3-smb devstack@c-api.service[113210]: DEBUG cinder.api.middleware.request_id [None req-05b235ab-8649-4420-94d4-c9a7d5a4b167 None None] RequestId filter calling following filter/app {{(pid=113210) _context_setter /opt/stack/cinder/cinder/api/middleware/request_id.py:62}}
Sep 18 06:25:40.425935 dv-cinder-855359-3-smb devstack@c-api.service[113210]: INFO cinder.api.openstack.wsgi [None req-05b235ab-8649-4420-94d4-c9a7d5a4b167 tempest-VolumesListAdminTestJSON-271214920 tempest-VolumesListAdminTestJSON-271214920-project-admin] POST http://10.222.0.16/volume/v3/3abe2d7dc6484d11aabe2c33ce6607a5/volumes
Sep 18 06:25:40.426605 dv-cinder-855359-3-smb devstack@c-api.service[113210]: DEBUG cinder.api.openstack.wsgi [None req-05b235ab-8649-4420-94d4-c9a7d5a4b167 tempest-VolumesListAdminTestJSON-271214920 tempest-VolumesListAdminTestJSON-271214920-project-admin] Action: 'create', calling method: create, body: {"volume": {"size": 1}} {{(pid=113210) _process_stack /opt/stack/cinder/cinder/api/openstack/wsgi.py:866}}
Sep 18 06:25:40.429295 dv-cinder-855359-3-smb devstack@c-api.service[113210]: DEBUG cinder.api.v3.volumes [None req-05b235ab-8649-4420-94d4-c9a7d5a4b167 tempest-VolumesListAdminTestJSON-271214920 tempest-VolumesListAdminTestJSON-271214920-project-admin] Create volume request body: {'volume': {'size': 1}} {{(pid=113210) create /opt/stack/cinder/cinder/api/v3/volumes.py:298}}
Sep 18 06:25:40.429580 dv-cinder-855359-3-smb devstack@c-api.service[113210]: INFO cinder.api.v3.volumes [None req-05b235ab-8649-4420-94d4-c9a7d5a4b167 tempest-VolumesListAdminTestJSON-271214920 tempest-VolumesListAdminTestJSON-271214920-project-admin] Create volume of 1 GB
Sep 18 06:25:40.441222 dv-cinder-855359-3-smb devstack@c-api.service[113210]: INFO cinder.volume.api [None req-05b235ab-8649-4420-94d4-c9a7d5a4b167 tempest-VolumesListAdminTestJSON-271214920 tempest-VolumesListAdminTestJSON-271214920-project-admin] Availability Zones retrieved successfully.
Sep 18 06:25:40.462247 dv-cinder-855359-3-smb devstack@c-api.service[113210]: DEBUG cinder.volume.api [None req-05b235ab-8649-4420-94d4-c9a7d5a4b167 tempest-VolumesListAdminTestJSON-271214920 tempest-VolumesListAdminTestJSON-271214920-project-admin] Flow 'volume_create_api' (112160aa-74a3-4640-b839-af96b075dcf4) transitioned into state 'RUNNING' from state 'PENDING' {{(pid=113210) _flow_receiver /usr/local/lib/python3.8/dist-packages/taskflow/listeners/logging.py:141}}
Sep 18 06:25:40.471866 dv-cinder-855359-3-smb devstack@c-api.service[113210]: DEBUG cinder.volume.api [None req-05b235ab-8649-4420-94d4-c9a7d5a4b167 tempest-VolumesListAdminTestJSON-271214920 tempest-VolumesListAdminTestJSON-271214920-project-admin] Task 'cinder.volume.flows.api.create_volume.ExtractVolumeRequestTask;volume:create' (ad0b19a1-d551-4d26-b4ff-c542e446a1f1) transitioned into state 'RUNNING' from state 'PENDING' {{(pid=113210) _task_receiver /usr/local/lib/python3.8/dist-packages/taskflow/listeners/logging.py:190}}
Sep 18 06:25:40.474143 dv-cinder-855359-3-smb devstack@c-api.service[113210]: DEBUG cinder.volume.flows.api.create_volume [None req-05b235ab-8649-4420-94d4-c9a7d5a4b167 tempest-VolumesListAdminTestJSON-271214920 tempest-VolumesListAdminTestJSON-271214920-project-admin] Validating volume size '1' using validate_int {{(pid=113210) _extract_size /opt/stack/cinder/cinder/volume/flows/api/create_volume.py:228}}
Sep 18 06:25:40.530279 dv-cinder-855359-3-smb devstack@c-api.service[113210]: DEBUG cinder.volume.api [None req-05b235ab-8649-4420-94d4-c9a7d5a4b167 tempest-VolumesListAdminTestJSON-271214920 tempest-VolumesListAdminTestJSON-271214920-project-admin] Task 'cinder.volume.flows.api.create_volume.ExtractVolumeRequestTask;volume:create' (ad0b19a1-d551-4d26-b4ff-c542e446a1f1) transitioned into state 'SUCCESS' from state 'RUNNING' with result '{'size': 1, 'snapshot_id': None, 'source_volid': None, 'volume_type': VolumeType(created_at=2022-09-18T06:14:37Z,deleted=False,deleted_at=None,description='Default Volume Type',extra_specs={},id=c53a7afe-20d9-47cf-a25f-6a23508f26c3,is_public=True,name='__DEFAULT__',projects=[],qos_specs=,qos_specs_id=None,updated_at=2022-09-18T06:14:37Z), 'volume_type_id': 'c53a7afe-20d9-47cf-a25f-6a23508f26c3', 'encryption_key_id': None, 'qos_specs': None, 'consistencygroup_id': None, 'cgsnapshot_id': None, 'group_id': None, 'replication_status': 'disabled', 'refresh_az': False, 'backup_id': None, 'multiattach': False, 'availability_zones': ['nova']}' {{(pid=113210) _task_receiver /usr/local/lib/python3.8/dist-packages/taskflow/listeners/logging.py:178}}
Sep 18 06:25:40.533694 dv-cinder-855359-3-smb devstack@c-api.service[113210]: DEBUG cinder.volume.api [None req-05b235ab-8649-4420-94d4-c9a7d5a4b167 tempest-VolumesListAdminTestJSON-271214920 tempest-VolumesListAdminTestJSON-271214920-project-admin] Task 'cinder.volume.flows.api.create_volume.QuotaReserveTask;volume:create' (22f5c91d-17b0-4dc4-a6c5-c924054a82a9) transitioned into state 'RUNNING' from state 'PENDING' {{(pid=113210) _task_receiver /usr/local/lib/python3.8/dist-packages/taskflow/listeners/logging.py:190}}
Sep 18 06:25:40.613237 dv-cinder-855359-3-smb devstack@c-api.service[113210]: DEBUG dbcounter [-] [113210] Writing DB stats cinder:SELECT=82,cinder:INSERT=6,cinder:UPDATE=12 {{(pid=113210) stat_writer /usr/local/lib/python3.8/dist-packages/dbcounter.py:114}}
Sep 18 06:25:40.675819 dv-cinder-855359-3-smb devstack@c-api.service[113210]: DEBUG cinder.quota [None req-05b235ab-8649-4420-94d4-c9a7d5a4b167 tempest-VolumesListAdminTestJSON-271214920 tempest-VolumesListAdminTestJSON-271214920-project-admin] Created reservations ['d9d1514a-4e85-4621-b573-aba44991e0b3', 'e509c2b7-6e8d-4338-9719-1772c52a15a4', '43e983cd-492e-4965-bf17-11b7cf226509', '8a89230b-2b61-4126-b991-a5482a8e19e8'] {{(pid=113210) reserve /opt/stack/cinder/cinder/quota.py:755}}
Sep 18 06:25:40.677972 dv-cinder-855359-3-smb devstack@c-api.service[113210]: DEBUG cinder.volume.api [None req-05b235ab-8649-4420-94d4-c9a7d5a4b167 tempest-VolumesListAdminTestJSON-271214920 tempest-VolumesListAdminTestJSON-271214920-project-admin] Task 'cinder.volume.flows.api.create_volume.QuotaReserveTask;volume:create' (22f5c91d-17b0-4dc4-a6c5-c924054a82a9) transitioned into state 'SUCCESS' from state 'RUNNING' with result '{'reservations': ['d9d1514a-4e85-4621-b573-aba44991e0b3', 'e509c2b7-6e8d-4338-9719-1772c52a15a4', '43e983cd-492e-4965-bf17-11b7cf226509', '8a89230b-2b61-4126-b991-a5482a8e19e8']}' {{(pid=113210) _task_receiver /usr/local/lib/python3.8/dist-packages/taskflow/listeners/logging.py:178}}
Sep 18 06:25:40.680265 dv-cinder-855359-3-smb devstack@c-api.service[113210]: DEBUG cinder.volume.api [None req-05b235ab-8649-4420-94d4-c9a7d5a4b167 tempest-VolumesListAdminTestJSON-271214920 tempest-VolumesListAdminTestJSON-271214920-project-admin] Task 'cinder.volume.flows.api.create_volume.EntryCreateTask;volume:create' (580ccc4a-ec1d-49a0-90e9-a63393b975ce) transitioned into state 'RUNNING' from state 'PENDING' {{(pid=113210) _task_receiver /usr/local/lib/python3.8/dist-packages/taskflow/listeners/logging.py:190}}
Sep 18 06:25:40.711398 dv-cinder-855359-3-smb devstack@c-api.service[113210]: DEBUG cinder.volume.api [None req-05b235ab-8649-4420-94d4-c9a7d5a4b167 tempest-VolumesListAdminTestJSON-271214920 tempest-VolumesListAdminTestJSON-271214920-project-admin] Task 'cinder.volume.flows.api.create_volume.EntryCreateTask;volume:create' (580ccc4a-ec1d-49a0-90e9-a63393b975ce) transitioned into state 'SUCCESS' from state 'RUNNING' with result '{'volume_id': '905dfe80-c4f1-45d5-955c-56b4e701e828', 'volume_properties': VolumeProperties(attach_status='detached',availability_zone='nova',cgsnapshot_id=None,consistencygroup_id=None,display_description=None,display_name=None,encryption_key_id=None,group_id=None,group_type_id=,metadata={},multiattach=False,project_id='3abe2d7dc6484d11aabe2c33ce6607a5',qos_specs=None,replication_status=,reservations=['d9d1514a-4e85-4621-b573-aba44991e0b3','e509c2b7-6e8d-4338-9719-1772c52a15a4','43e983cd-492e-4965-bf17-11b7cf226509','8a89230b-2b61-4126-b991-a5482a8e19e8'],size=1,snapshot_id=None,source_replicaid=,source_volid=None,status='creating',user_id='528454da99c44221ba004e913dfe6a8d',volume_type_id=c53a7afe-20d9-47cf-a25f-6a23508f26c3), 'volume': Volume(_name_id=None,admin_metadata={},attach_status='detached',availability_zone='nova',bootable=False,cluster=,cluster_name=None,consistencygroup=,consistencygroup_id=None,created_at=2022-09-18T06:25:40Z,deleted=False,deleted_at=None,display_description=None,display_name=None,ec2_id=None,encryption_key_id=None,glance_metadata=,group=,group_id=None,host=None,id=905dfe80-c4f1-45d5-955c-56b4e701e828,launched_at=None,metadata={},migration_status=None,multiattach=False,previous_status=None,project_id='3abe2d7dc6484d11aabe2c33ce6607a5',provider_auth=None,provider_geometry=None,provider_id=None,provider_location=None,replication_driver_data=None,replication_extended_status=None,replication_status=None,scheduled_at=None,service_uuid=None,shared_targets=True,size=1,snapshot_id=None,snapshots=,source_volid=None,status='creating',terminated_at=None,updated_at=None,use_quota=True,user_id='528454da99c44221ba004e913dfe6a8d',volume_attachment=VolumeAttachmentList,volume_type=VolumeType(c53a7afe-20d9-47cf-a25f-6a23508f26c3),volume_type_id=c53a7afe-20d9-47cf-a25f-6a23508f26c3)}' {{(pid=113210) _task_receiver /usr/local/lib/python3.8/dist-packages/taskflow/listeners/logging.py:178}}
Sep 18 06:25:40.714538 dv-cinder-855359-3-smb devstack@c-api.service[113210]: DEBUG cinder.volume.api [None req-05b235ab-8649-4420-94d4-c9a7d5a4b167 tempest-VolumesListAdminTestJSON-271214920 tempest-VolumesListAdminTestJSON-271214920-project-admin] Task 'cinder.volume.flows.api.create_volume.QuotaCommitTask;volume:create' (bea30fbb-2a95-4a7a-ab3c-6b330a709a23) transitioned into state 'RUNNING' from state 'PENDING' {{(pid=113210) _task_receiver /usr/local/lib/python3.8/dist-packages/taskflow/listeners/logging.py:190}}
Sep 18 06:25:40.745748 dv-cinder-855359-3-smb devstack@c-api.service[113210]: DEBUG cinder.volume.api [None req-05b235ab-8649-4420-94d4-c9a7d5a4b167 tempest-VolumesListAdminTestJSON-271214920 tempest-VolumesListAdminTestJSON-271214920-project-admin] Task 'cinder.volume.flows.api.create_volume.QuotaCommitTask;volume:create' (bea30fbb-2a95-4a7a-ab3c-6b330a709a23) transitioned into state 'SUCCESS' from state 'RUNNING' with result '{'volume_properties': VolumeProperties(attach_status='detached',availability_zone='nova',cgsnapshot_id=None,consistencygroup_id=None,display_description=None,display_name=None,encryption_key_id=None,group_id=None,group_type_id=,metadata={},multiattach=False,project_id='3abe2d7dc6484d11aabe2c33ce6607a5',qos_specs=None,replication_status=,reservations=['d9d1514a-4e85-4621-b573-aba44991e0b3','e509c2b7-6e8d-4338-9719-1772c52a15a4','43e983cd-492e-4965-bf17-11b7cf226509','8a89230b-2b61-4126-b991-a5482a8e19e8'],size=1,snapshot_id=None,source_replicaid=,source_volid=None,status='creating',user_id='528454da99c44221ba004e913dfe6a8d',volume_type_id=c53a7afe-20d9-47cf-a25f-6a23508f26c3)}' {{(pid=113210) _task_receiver /usr/local/lib/python3.8/dist-packages/taskflow/listeners/logging.py:178}}
Sep 18 06:25:40.747311 dv-cinder-855359-3-smb devstack@c-api.service[113210]: DEBUG cinder.volume.api [None req-05b235ab-8649-4420-94d4-c9a7d5a4b167 tempest-VolumesListAdminTestJSON-271214920 tempest-VolumesListAdminTestJSON-271214920-project-admin] Task 'cinder.volume.flows.api.create_volume.VolumeCastTask;volume:create' (d878e00c-62c3-49cd-b973-1537ba1e3554) transitioned into state 'RUNNING' from state 'PENDING' {{(pid=113210) _task_receiver /usr/local/lib/python3.8/dist-packages/taskflow/listeners/logging.py:190}}
Sep 18 06:25:40.766092 dv-cinder-855359-3-smb devstack@c-api.service[113210]: DEBUG cinder.volume.api [None req-05b235ab-8649-4420-94d4-c9a7d5a4b167 tempest-VolumesListAdminTestJSON-271214920 tempest-VolumesListAdminTestJSON-271214920-project-admin] Task 'cinder.volume.flows.api.create_volume.VolumeCastTask;volume:create' (d878e00c-62c3-49cd-b973-1537ba1e3554) transitioned into state 'SUCCESS' from state 'RUNNING' with result 'None' {{(pid=113210) _task_receiver /usr/local/lib/python3.8/dist-packages/taskflow/listeners/logging.py:178}}
Sep 18 06:25:40.770673 dv-cinder-855359-3-smb devstack@c-api.service[113210]: DEBUG cinder.volume.api [None req-05b235ab-8649-4420-94d4-c9a7d5a4b167 tempest-VolumesListAdminTestJSON-271214920 tempest-VolumesListAdminTestJSON-271214920-project-admin] Flow 'volume_create_api' (112160aa-74a3-4640-b839-af96b075dcf4) transitioned into state 'SUCCESS' from state 'RUNNING' {{(pid=113210) _flow_receiver /usr/local/lib/python3.8/dist-packages/taskflow/listeners/logging.py:141}}
Sep 18 06:25:40.771611 dv-cinder-855359-3-smb devstack@c-api.service[113210]: INFO cinder.volume.api [None req-05b235ab-8649-4420-94d4-c9a7d5a4b167 tempest-VolumesListAdminTestJSON-271214920 tempest-VolumesListAdminTestJSON-271214920-project-admin] Create volume request issued successfully.
Sep 18 06:25:40.773090 dv-cinder-855359-3-smb devstack@c-api.service[113210]: INFO cinder.api.openstack.wsgi [None req-05b235ab-8649-4420-94d4-c9a7d5a4b167 tempest-VolumesListAdminTestJSON-271214920 tempest-VolumesListAdminTestJSON-271214920-project-admin] http://10.222.0.16/volume/v3/3abe2d7dc6484d11aabe2c33ce6607a5/volumes returned with HTTP 202
Sep 18 06:25:40.774112 dv-cinder-855359-3-smb devstack@c-api.service[113210]: [pid: 113210|app: 0|req: 198/383] 10.222.0.16 () {60 vars in 1235 bytes} [Sun Sep 18 06:25:40 2022] POST /volume/v3/3abe2d7dc6484d11aabe2c33ce6607a5/volumes => generated 802 bytes in 701 msecs (HTTP/1.1 202) 7 headers in 291 bytes (1 switches on core 0)
Sep 18 06:25:40.791093 dv-cinder-855359-3-smb devstack@c-api.service[113209]: DEBUG cinder.api.middleware.request_id [None req-792b8395-ac81-44f7-9950-d3767f82f0d9 None None] RequestId filter calling following filter/app {{(pid=113209) _context_setter /opt/stack/cinder/cinder/api/middleware/request_id.py:62}}
Sep 18 06:25:40.796888 dv-cinder-855359-3-smb devstack@c-api.service[113209]: INFO cinder.api.openstack.wsgi [None req-792b8395-ac81-44f7-9950-d3767f82f0d9 tempest-VolumesListAdminTestJSON-271214920 tempest-VolumesListAdminTestJSON-271214920-project-admin] GET http://10.222.0.16/volume/v3/3abe2d7dc6484d11aabe2c33ce6607a5/volumes/905dfe80-c4f1-45d5-955c-56b4e701e828
Sep 18 06:25:40.797554 dv-cinder-855359-3-smb devstack@c-api.service[113209]: DEBUG cinder.api.openstack.wsgi [None req-792b8395-ac81-44f7-9950-d3767f82f0d9 tempest-VolumesListAdminTestJSON-271214920 tempest-VolumesListAdminTestJSON-271214920-project-admin] Empty body provided in request {{(pid=113209) get_body /opt/stack/cinder/cinder/api/openstack/wsgi.py:715}}
Sep 18 06:25:40.798167 dv-cinder-855359-3-smb devstack@c-api.service[113209]: DEBUG cinder.api.openstack.wsgi [None req-792b8395-ac81-44f7-9950-d3767f82f0d9 tempest-VolumesListAdminTestJSON-271214920 tempest-VolumesListAdminTestJSON-271214920-project-admin] Calling method 'show' {{(pid=113209) _process_stack /opt/stack/cinder/cinder/api/openstack/wsgi.py:868}}
Sep 18 06:25:40.829615 dv-cinder-855359-3-smb devstack@c-api.service[113209]: /usr/local/lib/python3.8/dist-packages/oslo_context/context.py:100: DeprecationWarning: Policy enforcement is depending on the value of is_admin. This key is deprecated. Please update your policy file to use the standard policy values.
Sep 18 06:25:40.829615 dv-cinder-855359-3-smb devstack@c-api.service[113209]: warnings.warn('Policy enforcement is depending on the value of '
Sep 18 06:25:40.845371 dv-cinder-855359-3-smb devstack@c-api.service[113209]: INFO cinder.volume.api [None req-792b8395-ac81-44f7-9950-d3767f82f0d9 tempest-VolumesListAdminTestJSON-271214920 tempest-VolumesListAdminTestJSON-271214920-project-admin] Volume info retrieved successfully.
Sep 18 06:25:40.862323 dv-cinder-855359-3-smb devstack@c-api.service[113209]: INFO cinder.api.openstack.wsgi [None req-792b8395-ac81-44f7-9950-d3767f82f0d9 tempest-VolumesListAdminTestJSON-271214920 tempest-VolumesListAdminTestJSON-271214920-project-admin] http://10.222.0.16/volume/v3/3abe2d7dc6484d11aabe2c33ce6607a5/volumes/905dfe80-c4f1-45d5-955c-56b4e701e828 returned with HTTP 200
Sep 18 06:25:40.863178 dv-cinder-855359-3-smb devstack@c-api.service[113209]: [pid: 113209|app: 0|req: 186/384] 10.222.0.16 () {58 vars in 1325 bytes} [Sun Sep 18 06:25:40 2022] GET /volume/v3/3abe2d7dc6484d11aabe2c33ce6607a5/volumes/905dfe80-c4f1-45d5-955c-56b4e701e828 => generated 981 bytes in 73 msecs (HTTP/1.1 200) 7 headers in 285 bytes (1 switches on core 0)
Sep 18 06:25:41.037146 dv-cinder-855359-3-smb devstack@c-api.service[113210]: DEBUG cinder.api.middleware.request_id [None req-2d8bd28d-5b0a-4117-ba13-1485151e0218 None None] RequestId filter calling following filter/app {{(pid=113210) _context_setter /opt/stack/cinder/cinder/api/middleware/request_id.py:62}}
Sep 18 06:25:41.041127 dv-cinder-855359-3-smb devstack@c-api.service[113210]: INFO cinder.api.openstack.wsgi [None req-2d8bd28d-5b0a-4117-ba13-1485151e0218 tempest-VolumesCloneTest-1121871814 tempest-VolumesCloneTest-1121871814-project] GET http://10.222.0.16/volume/v3/62c7ecbbc2b04fa1a1994301b5b7dbe5/volumes/d505be63-2a53-4525-8c0b-281f340fa8c7
Sep 18 06:25:41.041578 dv-cinder-855359-3-smb devstack@c-api.service[113210]: DEBUG cinder.api.openstack.wsgi [None req-2d8bd28d-5b0a-4117-ba13-1485151e0218 tempest-VolumesCloneTest-1121871814 tempest-VolumesCloneTest-1121871814-project] Empty body provided in request {{(pid=113210) get_body /opt/stack/cinder/cinder/api/openstack/wsgi.py:715}}
