Aug 31 12:19:38.960255 dv-cinder-855359-1-iscsi neutron-server[106288]: DEBUG neutron_lib.callbacks.manager [None req-f4cd2d16-4bf8-4da9-b83e-8c7a6dfc1e4f admin admin] Publish callbacks ['neutron.plugins.ml2.plugin.Ml2Plugin._network_delete_after_delete_handler-1925888', 'neutron.plugins.ml2.ovo_rpc._ObjectChangeHandler.handle_event-868428', 'neutron.api.rpc.agentnotifiers.dhcp_rpc_agent_api.DhcpAgentNotifyAPI._native_event_send_dhcp_notification-554092', 'neutron.services.l3_router.l3_router_plugin.DVRResourceOperationHandler.delete_fip_namespaces_for_ext_net-581562'] for network (6aa76b51-9296-4171-8483-5df75c1e76de), after_delete {{(pid=106288) _notify_loop /usr/local/lib/python3.8/dist-packages/neutron_lib/callbacks/manager.py:176}}
Aug 31 12:19:38.968871 dv-cinder-855359-1-iscsi neutron-server[106288]: DEBUG neutron_lib.callbacks.manager [None req-f4cd2d16-4bf8-4da9-b83e-8c7a6dfc1e4f admin admin] Publish callbacks ['neutron.api.rpc.agentnotifiers.dhcp_rpc_agent_api.DhcpAgentNotifyAPI._send_dhcp_notification-554110'] for network (None), before_response {{(pid=106288) _notify_loop /usr/local/lib/python3.8/dist-packages/neutron_lib/callbacks/manager.py:176}}
Aug 31 12:19:38.975441 dv-cinder-855359-1-iscsi neutron-server[106288]: INFO neutron.wsgi [None req-f4cd2d16-4bf8-4da9-b83e-8c7a6dfc1e4f admin admin] 10.222.0.27 "DELETE /networking/v2.0/networks/6aa76b51-9296-4171-8483-5df75c1e76de HTTP/1.1" status: 204 len: 168 time: 1.0025027
Aug 31 12:19:38.976507 dv-cinder-855359-1-iscsi neutron-server[106288]: DEBUG dbcounter [-] [106288] Writing DB stats neutron:SELECT=95,neutron:INSERT=3,neutron:DELETE=2 {{(pid=106288) stat_writer /usr/local/lib/python3.8/dist-packages/dbcounter.py:114}}
Aug 31 12:19:38.991708 dv-cinder-855359-1-iscsi neutron-server[106288]: DEBUG neutron.api.rpc.handlers.resources_rpc [None req-f4cd2d16-4bf8-4da9-b83e-8c7a6dfc1e4f admin admin] Pushing event deleted for resources: {'Network': ['ID=6aa76b51-9296-4171-8483-5df75c1e76de,revision_number=None']} {{(pid=106288) push /opt/stack/neutron/neutron/api/rpc/handlers/resources_rpc.py:237}}
Aug 31 12:19:39.141340 dv-cinder-855359-1-iscsi neutron-server[106289]: DEBUG neutron.wsgi [-] (106289) accepted ('10.222.0.27', 58610) {{(pid=106289) server /usr/local/lib/python3.8/dist-packages/eventlet/wsgi.py:1004}}
Aug 31 12:19:39.186555 dv-cinder-855359-1-iscsi neutron-server[106289]: INFO neutron.wsgi [None req-45aa1575-16cd-4fba-b22b-248c5cb76875 admin admin] 10.222.0.27 "GET /networking/v2.0/security-groups?tenant_id=c15bed7fec3c4f81a73182567caa30bd&name=default HTTP/1.1" status: 200 len: 2996 time: 0.0439227
Aug 31 12:19:39.189087 dv-cinder-855359-1-iscsi neutron-server[106289]: DEBUG neutron.wsgi [-] (106289) accepted ('10.222.0.27', 58612) {{(pid=106289) server /usr/local/lib/python3.8/dist-packages/eventlet/wsgi.py:1004}}
Aug 31 12:19:39.248072 dv-cinder-855359-1-iscsi neutron-server[106289]: DEBUG neutron_lib.callbacks.manager [None req-2c150dc0-3b46-43ae-992b-fa755358d308 admin admin] Publish callbacks [] for security_group (f6e2479f-5a1e-4c05-a90f-82c387cd8994), before_delete {{(pid=106289) _notify_loop /usr/local/lib/python3.8/dist-packages/neutron_lib/callbacks/manager.py:176}}
Aug 31 12:19:39.272271 dv-cinder-855359-1-iscsi neutron-server[106289]: DEBUG neutron_lib.callbacks.manager [None req-2c150dc0-3b46-43ae-992b-fa755358d308 admin admin] Publish callbacks [] for security_group (f6e2479f-5a1e-4c05-a90f-82c387cd8994), precommit_delete {{(pid=106289) _notify_loop /usr/local/lib/python3.8/dist-packages/neutron_lib/callbacks/manager.py:176}}
Aug 31 12:19:39.298169 dv-cinder-855359-1-iscsi neutron-server[106289]: DEBUG dbcounter [-] [106289] Writing DB stats neutron:SELECT=90,neutron:DELETE=7,neutron:UPDATE=3 {{(pid=106289) stat_writer /usr/local/lib/python3.8/dist-packages/dbcounter.py:114}}
Aug 31 12:19:39.334215 dv-cinder-855359-1-iscsi neutron-server[106288]: INFO neutron.services.segments.plugin [-] Segment 4e46704b-08ec-4295-91cf-ef856f0e8d3d resource provider aggregate not found
Aug 31 12:19:39.348351 dv-cinder-855359-1-iscsi neutron-server[106289]: DEBUG neutron_lib.callbacks.manager [None req-2c150dc0-3b46-43ae-992b-fa755358d308 admin admin] Publish callbacks ['neutron.plugins.ml2.ovo_rpc._ObjectChangeHandler.handle_event-870654'] for security_group (f6e2479f-5a1e-4c05-a90f-82c387cd8994), after_delete {{(pid=106289) _notify_loop /usr/local/lib/python3.8/dist-packages/neutron_lib/callbacks/manager.py:176}}
Aug 31 12:19:39.351168 dv-cinder-855359-1-iscsi neutron-server[106289]: DEBUG neutron_lib.callbacks.manager [None req-2c150dc0-3b46-43ae-992b-fa755358d308 admin admin] Publish callbacks [] for security_group (None), before_response {{(pid=106289) _notify_loop /usr/local/lib/python3.8/dist-packages/neutron_lib/callbacks/manager.py:176}}
Aug 31 12:19:39.352865 dv-cinder-855359-1-iscsi neutron-server[106289]: INFO neutron.wsgi [None req-2c150dc0-3b46-43ae-992b-fa755358d308 admin admin] 10.222.0.27 "DELETE /networking/v2.0/security-groups/f6e2479f-5a1e-4c05-a90f-82c387cd8994 HTTP/1.1" status: 204 len: 168 time: 0.1627517
Aug 31 12:19:39.356753 dv-cinder-855359-1-iscsi neutron-server[106288]: INFO neutron.services.segments.plugin [-] Segment 4e46704b-08ec-4295-91cf-ef856f0e8d3d resource provider not found; error: Placement Client Error (4xx): {"errors": [{"status": 404, "title": "Not Found", "detail": "The resource could not be found.\n\n No resource provider with uuid 4e46704b-08ec-4295-91cf-ef856f0e8d3d found for delete ", "request_id": "req-2b18d0a1-6127-4524-97e3-04d2031a8926"}]}
Aug 31 12:19:39.367082 dv-cinder-855359-1-iscsi neutron-server[106289]: DEBUG neutron.api.rpc.handlers.resources_rpc [None req-2c150dc0-3b46-43ae-992b-fa755358d308 admin admin] Pushing event deleted for resources: {'SecurityGroup': ['ID=f6e2479f-5a1e-4c05-a90f-82c387cd8994,revision_number=None']} {{(pid=106289) push /opt/stack/neutron/neutron/api/rpc/handlers/resources_rpc.py:237}}
Aug 31 12:19:39.760250 dv-cinder-855359-1-iscsi neutron-server[106288]: DEBUG neutron.pecan_wsgi.hooks.policy_enforcement [req-90c3bf71-9181-4e57-927d-2cda8e0b9451 req-774d7c18-4679-4206-a0a4-ce295198a627 tempest-AttachVolumeNegativeTest-961624758 tempest-AttachVolumeNegativeTest-961624758-project] Attributes excluded by policy engine: ['standard_attr_id', 'binding:profile', 'binding:host_id', 'binding:vif_type', 'binding:vif_details'] {{(pid=106288) _exclude_attributes_by_policy /opt/stack/neutron/neutron/pecan_wsgi/hooks/policy_enforcement.py:259}}
Aug 31 12:19:39.768496 dv-cinder-855359-1-iscsi neutron-server[106288]: INFO neutron.wsgi [req-90c3bf71-9181-4e57-927d-2cda8e0b9451 req-774d7c18-4679-4206-a0a4-ce295198a627 tempest-AttachVolumeNegativeTest-961624758 tempest-AttachVolumeNegativeTest-961624758-project] 10.222.0.27 "GET /networking/v2.0/ports?device_id=991ff4bb-6c07-4c69-b673-272a1e178100 HTTP/1.1" status: 200 len: 946 time: 0.0970211
Aug 31 12:19:39.809458 dv-cinder-855359-1-iscsi neutron-server[106289]: DEBUG neutron.wsgi [-] (106289) accepted ('10.222.0.27', 58634) {{(pid=106289) server /usr/local/lib/python3.8/dist-packages/eventlet/wsgi.py:1004}}
Aug 31 12:19:39.822359 dv-cinder-855359-1-iscsi neutron-server[106288]: INFO neutron.wsgi [req-90c3bf71-9181-4e57-927d-2cda8e0b9451 req-7991dff6-b84f-473c-81d2-5ef7a958a8fd tempest-AttachVolumeNegativeTest-961624758 tempest-AttachVolumeNegativeTest-961624758-project] 10.222.0.27 "GET /networking/v2.0/security-groups?id=96bc2c86-ac63-4877-8456-c9215b59c56f&fields=id&fields=name HTTP/1.1" status: 200 len: 313 time: 0.0481520
Aug 31 12:19:39.850259 dv-cinder-855359-1-iscsi neutron-server[106289]: INFO neutron.wsgi [None req-5f170fcc-a64e-473b-8a1a-7d3761da1716 admin admin] 10.222.0.27 "GET /networking/v2.0/security-groups?tenant_id=eacd0759bc654e1b9fffbc0f67f34a5d&name=default HTTP/1.1" status: 200 len: 2996 time: 0.0395522
Aug 31 12:19:39.852835 dv-cinder-855359-1-iscsi neutron-server[106289]: DEBUG neutron.wsgi [-] (106289) accepted ('10.222.0.27', 58636) {{(pid=106289) server /usr/local/lib/python3.8/dist-packages/eventlet/wsgi.py:1004}}
Aug 31 12:19:39.910248 dv-cinder-855359-1-iscsi neutron-server[106289]: DEBUG neutron_lib.callbacks.manager [None req-0d62ce06-cf22-4bb8-8da5-29146c8934d6 admin admin] Publish callbacks [] for security_group (aed99f49-a450-4896-9824-b5f58117c250), before_delete {{(pid=106289) _notify_loop /usr/local/lib/python3.8/dist-packages/neutron_lib/callbacks/manager.py:176}}
Aug 31 12:19:39.912006 dv-cinder-855359-1-iscsi neutron-server[106289]: DEBUG dbcounter [-] [106289] Writing DB stats neutron:SELECT=89,neutron:DELETE=11 {{(pid=106289) stat_writer /usr/local/lib/python3.8/dist-packages/dbcounter.py:114}}
Aug 31 12:19:39.933113 dv-cinder-855359-1-iscsi neutron-server[106289]: DEBUG neutron_lib.callbacks.manager [None req-0d62ce06-cf22-4bb8-8da5-29146c8934d6 admin admin] Publish callbacks [] for security_group (aed99f49-a450-4896-9824-b5f58117c250), precommit_delete {{(pid=106289) _notify_loop /usr/local/lib/python3.8/dist-packages/neutron_lib/callbacks/manager.py:176}}
Aug 31 12:19:39.972211 dv-cinder-855359-1-iscsi neutron-server[106288]: DEBUG neutron.pecan_wsgi.hooks.policy_enforcement [req-d1a8c32d-f942-457a-a3bd-c5c046633b8c req-c7599d4c-6f94-46c0-813e-9ff4f8c89ce2 tempest-ServerRescueNegativeTestJSON-586745822 tempest-ServerRescueNegativeTestJSON-586745822-project] Attributes excluded by policy engine: ['standard_attr_id', 'binding:profile', 'binding:host_id', 'binding:vif_type', 'binding:vif_details'] {{(pid=106288) _exclude_attributes_by_policy /opt/stack/neutron/neutron/pecan_wsgi/hooks/policy_enforcement.py:259}}
Aug 31 12:19:39.974411 dv-cinder-855359-1-iscsi neutron-server[106288]: INFO neutron.wsgi [req-d1a8c32d-f942-457a-a3bd-c5c046633b8c req-c7599d4c-6f94-46c0-813e-9ff4f8c89ce2 tempest-ServerRescueNegativeTestJSON-586745822 tempest-ServerRescueNegativeTestJSON-586745822-project] 10.222.0.27 "GET /networking/v2.0/ports?device_id=04a0e97b-c365-4cb4-b591-576e3babe5d6 HTTP/1.1" status: 200 len: 946 time: 0.0532649
Aug 31 12:19:39.980484 dv-cinder-855359-1-iscsi neutron-server[106289]: DEBUG neutron_lib.callbacks.manager [None req-0d62ce06-cf22-4bb8-8da5-29146c8934d6 admin admin] Publish callbacks ['neutron.plugins.ml2.ovo_rpc._ObjectChangeHandler.handle_event-870654'] for security_group (aed99f49-a450-4896-9824-b5f58117c250), after_delete {{(pid=106289) _notify_loop /usr/local/lib/python3.8/dist-packages/neutron_lib/callbacks/manager.py:176}}
Aug 31 12:19:39.982929 dv-cinder-855359-1-iscsi neutron-server[106289]: DEBUG neutron_lib.callbacks.manager [None req-0d62ce06-cf22-4bb8-8da5-29146c8934d6 admin admin] Publish callbacks [] for security_group (None), before_response {{(pid=106289) _notify_loop /usr/local/lib/python3.8/dist-packages/neutron_lib/callbacks/manager.py:176}}
Aug 31 12:19:39.984071 dv-cinder-855359-1-iscsi neutron-server[106289]: INFO neutron.wsgi [None req-0d62ce06-cf22-4bb8-8da5-29146c8934d6 admin admin] 10.222.0.27 "DELETE /networking/v2.0/security-groups/aed99f49-a450-4896-9824-b5f58117c250 HTTP/1.1" status: 204 len: 168 time: 0.1303625
Aug 31 12:19:39.992255 dv-cinder-855359-1-iscsi neutron-server[106289]: DEBUG neutron.api.rpc.handlers.resources_rpc [None req-0d62ce06-cf22-4bb8-8da5-29146c8934d6 admin admin] Pushing event deleted for resources: {'SecurityGroup': ['ID=aed99f49-a450-4896-9824-b5f58117c250,revision_number=None']} {{(pid=106289) push /opt/stack/neutron/neutron/api/rpc/handlers/resources_rpc.py:237}}
Aug 31 12:19:40.026276 dv-cinder-855359-1-iscsi neutron-server[106288]: INFO neutron.wsgi [req-d1a8c32d-f942-457a-a3bd-c5c046633b8c req-ea7522b7-80fa-443c-8ddb-fbfd27294f09 tempest-ServerRescueNegativeTestJSON-586745822 tempest-ServerRescueNegativeTestJSON-586745822-project] 10.222.0.27 "GET /networking/v2.0/security-groups?id=89d9bf32-87bf-4b97-8e7c-4e538610d1ac&fields=id&fields=name HTTP/1.1" status: 200 len: 286 time: 0.0445561
Aug 31 12:19:40.944914 dv-cinder-855359-1-iscsi neutron-server[106288]: DEBUG neutron.pecan_wsgi.hooks.policy_enforcement [req-69b61fa1-8638-46be-b86d-81c86caf715c req-cc46f72e-b401-4039-bd78-00214d556968 tempest-AttachVolumeNegativeTest-961624758 tempest-AttachVolumeNegativeTest-961624758-project] Attributes excluded by policy engine: ['standard_attr_id', 'binding:profile', 'binding:host_id', 'binding:vif_type', 'binding:vif_details'] {{(pid=106288) _exclude_attributes_by_policy /opt/stack/neutron/neutron/pecan_wsgi/hooks/policy_enforcement.py:259}}
Aug 31 12:19:40.946635 dv-cinder-855359-1-iscsi neutron-server[106288]: INFO neutron.wsgi [req-69b61fa1-8638-46be-b86d-81c86caf715c req-cc46f72e-b401-4039-bd78-00214d556968 tempest-AttachVolumeNegativeTest-961624758 tempest-AttachVolumeNegativeTest-961624758-project] 10.222.0.27 "GET /networking/v2.0/ports?device_id=991ff4bb-6c07-4c69-b673-272a1e178100 HTTP/1.1" status: 200 len: 946 time: 0.0480745
Aug 31 12:19:40.995602 dv-cinder-855359-1-iscsi neutron-server[106288]: INFO neutron.wsgi [req-69b61fa1-8638-46be-b86d-81c86caf715c req-a967e3a8-386e-4fea-8aea-f1b7c9255c18 tempest-AttachVolumeNegativeTest-961624758 tempest-AttachVolumeNegativeTest-961624758-project] 10.222.0.27 "GET /networking/v2.0/security-groups?id=96bc2c86-ac63-4877-8456-c9215b59c56f&fields=id&fields=name HTTP/1.1" status: 200 len: 313 time: 0.0430374
Aug 31 12:19:41.160090 dv-cinder-855359-1-iscsi neutron-server[106288]: DEBUG neutron.pecan_wsgi.hooks.policy_enforcement [req-04a49774-dd35-449f-a8c8-b6940e3b60f2 req-44ab8d46-b6fe-4a82-9737-f83cb2eb1866 tempest-ServerRescueNegativeTestJSON-586745822 tempest-ServerRescueNegativeTestJSON-586745822-project] Attributes excluded by policy engine: ['standard_attr_id', 'binding:profile', 'binding:host_id', 'binding:vif_type', 'binding:vif_details'] {{(pid=106288) _exclude_attributes_by_policy /opt/stack/neutron/neutron/pecan_wsgi/hooks/policy_enforcement.py:259}}
Aug 31 12:19:41.161544 dv-cinder-855359-1-iscsi neutron-server[106288]: INFO neutron.wsgi [req-04a49774-dd35-449f-a8c8-b6940e3b60f2 req-44ab8d46-b6fe-4a82-9737-f83cb2eb1866 tempest-ServerRescueNegativeTestJSON-586745822 tempest-ServerRescueNegativeTestJSON-586745822-project] 10.222.0.27 "GET /networking/v2.0/ports?device_id=04a0e97b-c365-4cb4-b591-576e3babe5d6 HTTP/1.1" status: 200 len: 946 time: 0.0516667
Aug 31 12:19:41.183334 dv-cinder-855359-1-iscsi neutron-server[106288]: DEBUG neutron.wsgi [-] (106288) accepted ('10.222.0.27', 58682) {{(pid=106288) server /usr/local/lib/python3.8/dist-packages/eventlet/wsgi.py:1004}}
Aug 31 12:19:41.215423 dv-cinder-855359-1-iscsi neutron-server[106288]: INFO neutron.wsgi [req-04a49774-dd35-449f-a8c8-b6940e3b60f2 req-41ade085-e1a9-45a8-a00e-14cdb3492f90 tempest-ServerRescueNegativeTestJSON-586745822 tempest-ServerRescueNegativeTestJSON-586745822-project] 10.222.0.27 "GET /networking/v2.0/security-groups?id=89d9bf32-87bf-4b97-8e7c-4e538610d1ac&fields=id&fields=name HTTP/1.1" status: 200 len: 286 time: 0.0480268
Aug 31 12:19:41.311064 dv-cinder-855359-1-iscsi neutron-server[106288]: DEBUG neutron_lib.callbacks.manager [None req-40cfa6ab-c91a-4caf-9822-695e96ac8bfc admin admin] Publish callbacks [] for security_group (None), before_create {{(pid=106288) _notify_loop /usr/local/lib/python3.8/dist-packages/neutron_lib/callbacks/manager.py:176}}
Aug 31 12:19:41.388621 dv-cinder-855359-1-iscsi neutron-server[106288]: DEBUG neutron_lib.callbacks.manager [None req-40cfa6ab-c91a-4caf-9822-695e96ac8bfc admin admin] Publish callbacks [] for security_group (edb3ae04-586b-4d1b-858b-194c2368dc96), precommit_create {{(pid=106288) _notify_loop /usr/local/lib/python3.8/dist-packages/neutron_lib/callbacks/manager.py:176}}
Aug 31 12:19:41.394793 dv-cinder-855359-1-iscsi neutron-server[106288]: DEBUG neutron_lib.callbacks.manager [None req-40cfa6ab-c91a-4caf-9822-695e96ac8bfc admin admin] Publish callbacks ['neutron.plugins.ml2.ovo_rpc._ObjectChangeHandler.handle_event-870654'] for security_group (edb3ae04-586b-4d1b-858b-194c2368dc96), after_create {{(pid=106288) _notify_loop /usr/local/lib/python3.8/dist-packages/neutron_lib/callbacks/manager.py:176}}
Aug 31 12:19:41.432911 dv-cinder-855359-1-iscsi neutron-server[106288]: DEBUG neutron.api.rpc.handlers.resources_rpc [None req-40cfa6ab-c91a-4caf-9822-695e96ac8bfc admin admin] Pushing event updated for resources: {'SecurityGroup': ['ID=edb3ae04-586b-4d1b-858b-194c2368dc96,revision_number=1']} {{(pid=106288) push /opt/stack/neutron/neutron/api/rpc/handlers/resources_rpc.py:237}}
Aug 31 12:19:41.437838 dv-cinder-855359-1-iscsi neutron-server[106288]: INFO neutron.wsgi [None req-40cfa6ab-c91a-4caf-9822-695e96ac8bfc admin admin] 10.222.0.27 "GET /networking/v2.0/security-groups?tenant_id=13676f5349c74c88bee06d8de6b007ae&name=default HTTP/1.1" status: 200 len: 2996 time: 0.2535510
Aug 31 12:19:41.441187 dv-cinder-855359-1-iscsi neutron-server[106288]: DEBUG neutron.wsgi [-] (106288) accepted ('10.222.0.27', 58690) {{(pid=106288) server /usr/local/lib/python3.8/dist-packages/eventlet/wsgi.py:1004}}
Aug 31 12:19:41.491476 dv-cinder-855359-1-iscsi neutron-server[106288]: DEBUG neutron_lib.callbacks.manager [None req-600f9d27-f6a4-4410-b9f3-0e725a0661da admin admin] Publish callbacks [] for security_group (edb3ae04-586b-4d1b-858b-194c2368dc96), before_delete {{(pid=106288) _notify_loop /usr/local/lib/python3.8/dist-packages/neutron_lib/callbacks/manager.py:176}}
Aug 31 12:19:41.511847 dv-cinder-855359-1-iscsi neutron-server[106288]: DEBUG neutron_lib.callbacks.manager [None req-600f9d27-f6a4-4410-b9f3-0e725a0661da admin admin] Publish callbacks [] for security_group (edb3ae04-586b-4d1b-858b-194c2368dc96), precommit_delete {{(pid=106288) _notify_loop /usr/local/lib/python3.8/dist-packages/neutron_lib/callbacks/manager.py:176}}
Aug 31 12:19:41.574457 dv-cinder-855359-1-iscsi neutron-server[106288]: DEBUG neutron_lib.callbacks.manager [None req-600f9d27-f6a4-4410-b9f3-0e725a0661da admin admin] Publish callbacks ['neutron.plugins.ml2.ovo_rpc._ObjectChangeHandler.handle_event-870654'] for security_group (edb3ae04-586b-4d1b-858b-194c2368dc96), after_delete {{(pid=106288) _notify_loop /usr/local/lib/python3.8/dist-packages/neutron_lib/callbacks/manager.py:176}}
Aug 31 12:19:41.577093 dv-cinder-855359-1-iscsi neutron-server[106288]: DEBUG neutron_lib.callbacks.manager [None req-600f9d27-f6a4-4410-b9f3-0e725a0661da admin admin] Publish callbacks [] for security_group (None), before_response {{(pid=106288) _notify_loop /usr/local/lib/python3.8/dist-packages/neutron_lib/callbacks/manager.py:176}}
Aug 31 12:19:41.578237 dv-cinder-855359-1-iscsi neutron-server[106288]: INFO neutron.wsgi [None req-600f9d27-f6a4-4410-b9f3-0e725a0661da admin admin] 10.222.0.27 "DELETE /networking/v2.0/security-groups/edb3ae04-586b-4d1b-858b-194c2368dc96 HTTP/1.1" status: 204 len: 168 time: 0.1367342
Aug 31 12:19:41.586639 dv-cinder-855359-1-iscsi neutron-server[106288]: DEBUG neutron.api.rpc.handlers.resources_rpc [None req-600f9d27-f6a4-4410-b9f3-0e725a0661da admin admin] Pushing event deleted for resources: {'SecurityGroup': ['ID=edb3ae04-586b-4d1b-858b-194c2368dc96,revision_number=None']} {{(pid=106288) push /opt/stack/neutron/neutron/api/rpc/handlers/resources_rpc.py:237}}
Aug 31 12:19:41.671764 dv-cinder-855359-1-iscsi neutron-server[106291]: DEBUG neutron.db.agents_db [None req-39ec95c0-d38c-444f-87f5-4513fb82f68e None None] Agent healthcheck: found 6 active agents {{(pid=106291) agent_health_check /opt/stack/neutron/neutron/db/agents_db.py:317}}
Aug 31 12:19:41.971376 dv-cinder-855359-1-iscsi neutron-server[106288]: DEBUG neutron.pecan_wsgi.hooks.policy_enforcement [req-eab07f0b-714c-4905-8853-ba3aaf9fb3b8 req-c323882a-9a19-423e-bf4b-41db5a5b8f56 service neutron] Attributes excluded by policy engine: ['standard_attr_id', 'shared', 'segment_id'] {{(pid=106288) _exclude_attributes_by_policy /opt/stack/neutron/neutron/pecan_wsgi/hooks/policy_enforcement.py:259}}
Aug 31 12:19:41.972853 dv-cinder-855359-1-iscsi neutron-server[106288]: INFO neutron.wsgi [req-eab07f0b-714c-4905-8853-ba3aaf9fb3b8 req-c323882a-9a19-423e-bf4b-41db5a5b8f56 service neutron] 10.222.0.20 "GET /networking/v2.0/subnets?id=b5c6b6c7-8e4e-47c0-a973-1f94f2ae8468 HTTP/1.1" status: 200 len: 855 time: 0.0691872
Aug 31 12:19:41.986136 dv-cinder-855359-1-iscsi neutron-server[106289]: DEBUG neutron.pecan_wsgi.hooks.policy_enforcement [req-cf7ddf38-c086-44d0-8251-7a70ad9a6c39 req-ecedf547-f975-47f9-a9b9-3c4c703432f7 service neutron] Attributes excluded by policy engine: ['standard_attr_id'] {{(pid=106289) _exclude_attributes_by_policy /opt/stack/neutron/neutron/pecan_wsgi/hooks/policy_enforcement.py:259}}
Aug 31 12:19:41.988733 dv-cinder-855359-1-iscsi neutron-server[106289]: INFO neutron.wsgi [req-cf7ddf38-c086-44d0-8251-7a70ad9a6c39 req-ecedf547-f975-47f9-a9b9-3c4c703432f7 service neutron] 10.222.0.20 "GET /networking/v2.0/ports?tenant_id=8687bcf9d2a242b5af329bce4a8ad6d9&device_id=04a0e97b-c365-4cb4-b591-576e3babe5d6 HTTP/1.1" status: 200 len: 1130 time: 0.0598147
Aug 31 12:19:42.047665 dv-cinder-855359-1-iscsi neutron-server[106288]: DEBUG neutron.pecan_wsgi.hooks.policy_enforcement [req-eab07f0b-714c-4905-8853-ba3aaf9fb3b8 req-99950ec2-899d-4b9c-b126-be39a134892b service neutron] Attributes excluded by policy engine: ['standard_attr_id'] {{(pid=106288) _exclude_attributes_by_policy /opt/stack/neutron/neutron/pecan_wsgi/hooks/policy_enforcement.py:259}}
Aug 31 12:19:42.050493 dv-cinder-855359-1-iscsi neutron-server[106288]: INFO neutron.wsgi [req-eab07f0b-714c-4905-8853-ba3aaf9fb3b8 req-99950ec2-899d-4b9c-b126-be39a134892b service neutron] 10.222.0.20 "GET /networking/v2.0/ports?network_id=97a2865d-237f-4283-9874-26a440ac7c91&device_owner=network%3Adhcp HTTP/1.1" status: 200 len: 1212 time: 0.0503144
Aug 31 12:19:42.072492 dv-cinder-855359-1-iscsi neutron-server[106288]: DEBUG dbcounter [-] [106288] Writing DB stats neutron:SELECT=88,neutron:DELETE=4,neutron:UPDATE=2,neutron:INSERT=6 {{(pid=106288) stat_writer /usr/local/lib/python3.8/dist-packages/dbcounter.py:114}}
Aug 31 12:19:42.111326 dv-cinder-855359-1-iscsi neutron-server[106289]: DEBUG neutron.pecan_wsgi.hooks.policy_enforcement [req-cf7ddf38-c086-44d0-8251-7a70ad9a6c39 req-3532214f-8b08-48cb-96dd-ffbf9841d357 service neutron] Attributes excluded by policy engine: ['standard_attr_id', 'vlan_transparent'] {{(pid=106289) _exclude_attributes_by_policy /opt/stack/neutron/neutron/pecan_wsgi/hooks/policy_enforcement.py:259}}
Aug 31 12:19:42.111326 dv-cinder-855359-1-iscsi neutron-server[106289]: INFO neutron.wsgi [req-cf7ddf38-c086-44d0-8251-7a70ad9a6c39 req-3532214f-8b08-48cb-96dd-ffbf9841d357 service neutron] 10.222.0.20 "GET /networking/v2.0/networks?id=265e0c99-8589-4050-8cd1-2d515ee4b01d HTTP/1.1" status: 200 len: 919 time: 0.1079755
Aug 31 12:19:42.156509 dv-cinder-855359-1-iscsi neutron-server[106288]: DEBUG dbcounter [-] [106288] Writing DB stats neutron:SELECT=92,neutron:INSERT=5,neutron:DELETE=3 {{(pid=106288) stat_writer /usr/local/lib/python3.8/dist-packages/dbcounter.py:114}}
Aug 31 12:19:42.170014 dv-cinder-855359-1-iscsi neutron-server[106289]: INFO neutron.wsgi [req-cf7ddf38-c086-44d0-8251-7a70ad9a6c39 req-f50c6950-7748-4624-87cf-85ef7881ecc5 service neutron] 10.222.0.20 "GET /networking/v2.0/floatingips?fixed_ip_address=172.20.0.14&port_id=20e76311-a9be-4882-8e61-7c32fc291409 HTTP/1.1" status: 200 len: 217 time: 0.0453036
Aug 31 12:19:42.190955 dv-cinder-855359-1-iscsi neutron-server[106288]: DEBUG neutron.pecan_wsgi.hooks.policy_enforcement [req-e4ef04b2-de7f-41b7-b081-21e6c5159708 req-2b1e1b71-9919-40a2-b3df-e9de7218d223 tempest-AttachVolumeNegativeTest-961624758 tempest-AttachVolumeNegativeTest-961624758-project] Attributes excluded by policy engine: ['standard_attr_id', 'binding:profile', 'binding:host_id', 'binding:vif_type', 'binding:vif_details'] {{(pid=106288) _exclude_attributes_by_policy /opt/stack/neutron/neutron/pecan_wsgi/hooks/policy_enforcement.py:259}}
Aug 31 12:19:42.192496 dv-cinder-855359-1-iscsi neutron-server[106288]: INFO neutron.wsgi [req-e4ef04b2-de7f-41b7-b081-21e6c5159708 req-2b1e1b71-9919-40a2-b3df-e9de7218d223 tempest-AttachVolumeNegativeTest-961624758 tempest-AttachVolumeNegativeTest-961624758-project] 10.222.0.27 "GET /networking/v2.0/ports?device_id=991ff4bb-6c07-4c69-b673-272a1e178100 HTTP/1.1" status: 200 len: 946 time: 0.1063213
Aug 31 12:19:42.243790 dv-cinder-855359-1-iscsi neutron-server[106288]: INFO neutron.wsgi [req-eab07f0b-714c-4905-8853-ba3aaf9fb3b8 req-1386d77f-8b8f-4680-a80b-d0649ad0328d service neutron] 10.222.0.20 "GET /networking/v2.0/networks/97a2865d-237f-4283-9874-26a440ac7c91?fields=segments HTTP/1.1" status: 200 len: 212 time: 0.1816378
Aug 31 12:19:42.250016 dv-cinder-855359-1-iscsi neutron-server[106289]: DEBUG neutron.pecan_wsgi.hooks.policy_enforcement [req-cf7ddf38-c086-44d0-8251-7a70ad9a6c39 req-0d7d97fc-37a5-4a21-bb91-b6b23be07e2c service neutron] Attributes excluded by policy engine: ['standard_attr_id', 'shared', 'segment_id'] {{(pid=106289) _exclude_attributes_by_policy /opt/stack/neutron/neutron/pecan_wsgi/hooks/policy_enforcement.py:259}}
Aug 31 12:19:42.251517 dv-cinder-855359-1-iscsi neutron-server[106289]: INFO neutron.wsgi [req-cf7ddf38-c086-44d0-8251-7a70ad9a6c39 req-0d7d97fc-37a5-4a21-bb91-b6b23be07e2c service neutron] 10.222.0.20 "GET /networking/v2.0/subnets?id=9d38a16e-d072-4941-bf4d-5c5396ad3be5 HTTP/1.1" status: 200 len: 857 time: 0.0699506
Aug 31 12:19:42.315325 dv-cinder-855359-1-iscsi neutron-server[106289]: DEBUG neutron.pecan_wsgi.hooks.policy_enforcement [req-cf7ddf38-c086-44d0-8251-7a70ad9a6c39 req-dea3c15b-b601-4a22-969a-8875e73f0bbf service neutron] Attributes excluded by policy engine: ['standard_attr_id'] {{(pid=106289) _exclude_attributes_by_policy /opt/stack/neutron/neutron/pecan_wsgi/hooks/policy_enforcement.py:259}}
Aug 31 12:19:42.317196 dv-cinder-855359-1-iscsi neutron-server[106289]: INFO neutron.wsgi [req-cf7ddf38-c086-44d0-8251-7a70ad9a6c39 req-dea3c15b-b601-4a22-969a-8875e73f0bbf service neutron] 10.222.0.20 "GET /networking/v2.0/ports?network_id=265e0c99-8589-4050-8cd1-2d515ee4b01d&device_owner=network%3Adhcp HTTP/1.1" status: 200 len: 1212 time: 0.0508673
Aug 31 12:19:42.372480 dv-cinder-855359-1-iscsi neutron-server[106288]: INFO neutron.wsgi [req-e4ef04b2-de7f-41b7-b081-21e6c5159708 req-9e9472cb-2346-4b0c-b69d-ae8befc0fc83 tempest-AttachVolumeNegativeTest-961624758 tempest-AttachVolumeNegativeTest-961624758-project] 10.222.0.27 "GET /networking/v2.0/security-groups?id=96bc2c86-ac63-4877-8456-c9215b59c56f&fields=id&fields=name HTTP/1.1" status: 200 len: 313 time: 0.1714594
Aug 31 12:19:42.441093 dv-cinder-855359-1-iscsi neutron-server[106288]: DEBUG neutron.pecan_wsgi.hooks.policy_enforcement [req-a8145b0b-0fa3-470b-b1ca-d7ddcddbbc97 req-4641e721-039a-4c93-9a4b-19998a67a6fd tempest-ServerRescueNegativeTestJSON-586745822 tempest-ServerRescueNegativeTestJSON-586745822-project] Attributes excluded by policy engine: ['standard_attr_id', 'binding:profile', 'binding:host_id', 'binding:vif_type', 'binding:vif_details'] {{(pid=106288) _exclude_attributes_by_policy /opt/stack/neutron/neutron/pecan_wsgi/hooks/policy_enforcement.py:259}}
Aug 31 12:19:42.442799 dv-cinder-855359-1-iscsi neutron-server[106288]: INFO neutron.wsgi [req-a8145b0b-0fa3-470b-b1ca-d7ddcddbbc97 req-4641e721-039a-4c93-9a4b-19998a67a6fd tempest-ServerRescueNegativeTestJSON-586745822 tempest-ServerRescueNegativeTestJSON-586745822-project] 10.222.0.27 "GET /networking/v2.0/ports?device_id=04a0e97b-c365-4cb4-b591-576e3babe5d6 HTTP/1.1" status: 200 len: 946 time: 0.1190569
Aug 31 12:19:42.503669 dv-cinder-855359-1-iscsi neutron-server[106288]: INFO neutron.wsgi [req-eab07f0b-714c-4905-8853-ba3aaf9fb3b8 req-3393ac28-f934-420b-8181-62213c3dd0a1 service neutron] 10.222.0.20 "GET /networking/v2.0/networks/97a2865d-237f-4283-9874-26a440ac7c91?fields=provider%3Aphysical_network&fields=provider%3Anetwork_type HTTP/1.1" status: 200 len: 281 time: 0.2283087
Aug 31 12:19:42.521062 dv-cinder-855359-1-iscsi neutron-server[106288]: INFO neutron.wsgi [req-a8145b0b-0fa3-470b-b1ca-d7ddcddbbc97 req-4405d595-f779-49fe-93db-c96f229e500c tempest-ServerRescueNegativeTestJSON-586745822 tempest-ServerRescueNegativeTestJSON-586745822-project] 10.222.0.27 "GET /networking/v2.0/security-groups?id=89d9bf32-87bf-4b97-8e7c-4e538610d1ac&fields=id&fields=name HTTP/1.1" status: 200 len: 286 time: 0.0720191
Aug 31 12:19:43.507920 dv-cinder-855359-1-iscsi neutron-server[106289]: INFO neutron.wsgi [req-cf7ddf38-c086-44d0-8251-7a70ad9a6c39 req-5b620b73-c49f-4c01-81c2-dfe76367e676 service neutron] 10.222.0.20 "GET /networking/v2.0/networks/265e0c99-8589-4050-8cd1-2d515ee4b01d?fields=segments HTTP/1.1" status: 200 len: 212 time: 0.1015012
Aug 31 12:19:43.529670 dv-cinder-855359-1-iscsi neutron-server[106288]: DEBUG neutron.pecan_wsgi.hooks.policy_enforcement [req-5a1ad072-39de-4887-ab00-250cdba8e76d req-8612663d-b906-4f2e-9eab-cf0b50919e7b tempest-AttachVolumeNegativeTest-961624758 tempest-AttachVolumeNegativeTest-961624758-project] Attributes excluded by policy engine: ['standard_attr_id', 'binding:profile', 'binding:host_id', 'binding:vif_type', 'binding:vif_details'] {{(pid=106288) _exclude_attributes_by_policy /opt/stack/neutron/neutron/pecan_wsgi/hooks/policy_enforcement.py:259}}
Aug 31 12:19:43.531155 dv-cinder-855359-1-iscsi neutron-server[106288]: INFO neutron.wsgi [req-5a1ad072-39de-4887-ab00-250cdba8e76d req-8612663d-b906-4f2e-9eab-cf0b50919e7b tempest-AttachVolumeNegativeTest-961624758 tempest-AttachVolumeNegativeTest-961624758-project] 10.222.0.27 "GET /networking/v2.0/ports?device_id=991ff4bb-6c07-4c69-b673-272a1e178100 HTTP/1.1" status: 200 len: 946 time: 0.0546546
Aug 31 12:19:43.591020 dv-cinder-855359-1-iscsi neutron-server[106288]: INFO neutron.wsgi [req-5a1ad072-39de-4887-ab00-250cdba8e76d req-3a79d970-60d4-44f2-81e8-90b0fb143742 tempest-AttachVolumeNegativeTest-961624758 tempest-AttachVolumeNegativeTest-961624758-project] 10.222.0.27 "GET /networking/v2.0/security-groups?id=96bc2c86-ac63-4877-8456-c9215b59c56f&fields=id&fields=name HTTP/1.1" status: 200 len: 313 time: 0.0540020
Aug 31 12:19:43.660096 dv-cinder-855359-1-iscsi neutron-server[106288]: DEBUG neutron.pecan_wsgi.hooks.policy_enforcement [req-f884492e-0cf9-48c2-99c4-0b6a1f85c448 req-62ec686f-8997-4e5c-ac5d-66de0c084993 tempest-ServerRescueNegativeTestJSON-586745822 tempest-ServerRescueNegativeTestJSON-586745822-project] Attributes excluded by policy engine: ['standard_attr_id', 'binding:profile', 'binding:host_id', 'binding:vif_type', 'binding:vif_details'] {{(pid=106288) _exclude_attributes_by_policy /opt/stack/neutron/neutron/pecan_wsgi/hooks/policy_enforcement.py:259}}
Aug 31 12:19:43.661658 dv-cinder-855359-1-iscsi neutron-server[106288]: INFO neutron.wsgi [req-f884492e-0cf9-48c2-99c4-0b6a1f85c448 req-62ec686f-8997-4e5c-ac5d-66de0c084993 tempest-ServerRescueNegativeTestJSON-586745822 tempest-ServerRescueNegativeTestJSON-586745822-project] 10.222.0.27 "GET /networking/v2.0/ports?device_id=04a0e97b-c365-4cb4-b591-576e3babe5d6 HTTP/1.1" status: 200 len: 946 time: 0.0484390
Aug 31 12:19:43.724355 dv-cinder-855359-1-iscsi neutron-server[106288]: INFO neutron.wsgi [req-f884492e-0cf9-48c2-99c4-0b6a1f85c448 req-3bbf8b9d-e0ae-4c71-884d-966fb02f8af8 tempest-ServerRescueNegativeTestJSON-586745822 tempest-ServerRescueNegativeTestJSON-586745822-project] 10.222.0.27 "GET /networking/v2.0/security-groups?id=89d9bf32-87bf-4b97-8e7c-4e538610d1ac&fields=id&fields=name HTTP/1.1" status: 200 len: 286 time: 0.0529480
Aug 31 12:19:43.786121 dv-cinder-855359-1-iscsi neutron-server[106288]: DEBUG neutron.pecan_wsgi.hooks.policy_enforcement [req-fc59654c-cb80-405c-ac76-fe5c291a3cb9 req-04e2789f-b127-4ec1-826a-0dfe53f876eb service neutron] Attributes excluded by policy engine: ['standard_attr_id'] {{(pid=106288) _exclude_attributes_by_policy /opt/stack/neutron/neutron/pecan_wsgi/hooks/policy_enforcement.py:259}}
Aug 31 12:19:43.787642 dv-cinder-855359-1-iscsi neutron-server[106288]: INFO neutron.wsgi [req-fc59654c-cb80-405c-ac76-fe5c291a3cb9 req-04e2789f-b127-4ec1-826a-0dfe53f876eb service neutron] 10.222.0.20 "GET /networking/v2.0/ports?tenant_id=f16c9f15d25f47a8a986290c237084d1&device_id=6cd7c10d-e093-4252-a8a2-f47366d712be HTTP/1.1" status: 200 len: 1129 time: 0.0488915
Aug 31 12:19:43.856145 dv-cinder-855359-1-iscsi neutron-server[106289]: INFO neutron.wsgi [req-cf7ddf38-c086-44d0-8251-7a70ad9a6c39 req-ebbbe556-4586-42b9-a66b-3c91429ec592 service neutron] 10.222.0.20 "GET /networking/v2.0/networks/265e0c99-8589-4050-8cd1-2d515ee4b01d?fields=provider%3Aphysical_network&fields=provider%3Anetwork_type HTTP/1.1" status: 200 len: 281 time: 0.1138716
Aug 31 12:19:43.935507 dv-cinder-855359-1-iscsi neutron-server[106288]: DEBUG neutron.pecan_wsgi.hooks.policy_enforcement [req-fc59654c-cb80-405c-ac76-fe5c291a3cb9 req-9e42b317-c8cf-470e-bd0b-e01e33cfac9f service neutron] Attributes excluded by policy engine: ['standard_attr_id', 'vlan_transparent'] {{(pid=106288) _exclude_attributes_by_policy /opt/stack/neutron/neutron/pecan_wsgi/hooks/policy_enforcement.py:259}}
Aug 31 12:19:43.937563 dv-cinder-855359-1-iscsi neutron-server[106288]: INFO neutron.wsgi [req-fc59654c-cb80-405c-ac76-fe5c291a3cb9 req-9e42b317-c8cf-470e-bd0b-e01e33cfac9f service neutron] 10.222.0.20 "GET /networking/v2.0/networks?id=97a2865d-237f-4283-9874-26a440ac7c91 HTTP/1.1" status: 200 len: 917 time: 0.1176584
Aug 31 12:19:44.025365 dv-cinder-855359-1-iscsi neutron-server[106288]: INFO neutron.wsgi [req-fc59654c-cb80-405c-ac76-fe5c291a3cb9 req-a715ffd1-a719-481b-81bb-575e02611eef service neutron] 10.222.0.20 "GET /networking/v2.0/floatingips?fixed_ip_address=172.20.0.3&port_id=7535e539-7873-4bd2-bce4-f6226e435642 HTTP/1.1" status: 200 len: 1000 time: 0.0731485
Aug 31 12:19:44.078930 dv-cinder-855359-1-iscsi neutron-server[106288]: DEBUG neutron.pecan_wsgi.hooks.policy_enforcement [req-fc59654c-cb80-405c-ac76-fe5c291a3cb9 req-1da633fa-d034-4b55-a4a0-07adcb3e9c18 service neutron] Attributes excluded by policy engine: ['standard_attr_id', 'shared', 'segment_id'] {{(pid=106288) _exclude_attributes_by_policy /opt/stack/neutron/neutron/pecan_wsgi/hooks/policy_enforcement.py:259}}
Aug 31 12:19:44.081897 dv-cinder-855359-1-iscsi neutron-server[106288]: INFO neutron.wsgi [req-fc59654c-cb80-405c-ac76-fe5c291a3cb9 req-1da633fa-d034-4b55-a4a0-07adcb3e9c18 service neutron] 10.222.0.20 "GET /networking/v2.0/subnets?id=b5c6b6c7-8e4e-47c0-a973-1f94f2ae8468 HTTP/1.1" status: 200 len: 855 time: 0.0490267
Aug 31 12:19:44.133007 dv-cinder-855359-1-iscsi neutron-server[106288]: DEBUG neutron.pecan_wsgi.hooks.policy_enforcement [req-fc59654c-cb80-405c-ac76-fe5c291a3cb9 req-55642601-ded4-4592-af1b-3cc8ebe8655f service neutron] Attributes excluded by policy engine: ['standard_attr_id'] {{(pid=106288) _exclude_attributes_by_policy /opt/stack/neutron/neutron/pecan_wsgi/hooks/policy_enforcement.py:259}}
Aug 31 12:19:44.134160 dv-cinder-855359-1-iscsi neutron-server[106288]: INFO neutron.wsgi [req-fc59654c-cb80-405c-ac76-fe5c291a3cb9 req-55642601-ded4-4592-af1b-3cc8ebe8655f service neutron] 10.222.0.20 "GET /networking/v2.0/ports?network_id=97a2865d-237f-4283-9874-26a440ac7c91&device_owner=network%3Adhcp HTTP/1.1" status: 200 len: 1212 time: 0.0438485
Aug 31 12:19:44.247727 dv-cinder-855359-1-iscsi neutron-server[106288]: INFO neutron.wsgi [req-fc59654c-cb80-405c-ac76-fe5c291a3cb9 req-295b0af7-0782-470d-aa23-6ac2f76202f0 service neutron] 10.222.0.20 "GET /networking/v2.0/networks/97a2865d-237f-4283-9874-26a440ac7c91?fields=segments HTTP/1.1" status: 200 len: 212 time: 0.0979481
Aug 31 12:19:44.354386 dv-cinder-855359-1-iscsi neutron-server[106288]: DEBUG dbcounter [-] [106288] Writing DB stats neutron:SELECT=100 {{(pid=106288) stat_writer /usr/local/lib/python3.8/dist-packages/dbcounter.py:114}}
Aug 31 12:19:44.361365 dv-cinder-855359-1-iscsi neutron-server[106288]: INFO neutron.wsgi [req-fc59654c-cb80-405c-ac76-fe5c291a3cb9 req-024857fe-58fe-4c32-8f58-3f45e6bca1f8 service neutron] 10.222.0.20 "GET /networking/v2.0/networks/97a2865d-237f-4283-9874-26a440ac7c91?fields=provider%3Aphysical_network&fields=provider%3Anetwork_type HTTP/1.1" status: 200 len: 281 time: 0.1071861
Aug 31 12:19:44.490088 dv-cinder-855359-1-iscsi neutron-server[106289]: DEBUG neutron.wsgi [-] (106289) accepted ('10.222.0.27', 58848) {{(pid=106289) server /usr/local/lib/python3.8/dist-packages/eventlet/wsgi.py:1004}}
Aug 31 12:19:44.618298 dv-cinder-855359-1-iscsi neutron-server[106289]: DEBUG neutron_lib.callbacks.manager [None req-f5625152-c6b5-4cc5-8ab7-98b2765c6b60 admin admin] Publish callbacks [] for security_group (None), before_create {{(pid=106289) _notify_loop /usr/local/lib/python3.8/dist-packages/neutron_lib/callbacks/manager.py:176}}
Aug 31 12:19:44.711717 dv-cinder-855359-1-iscsi neutron-server[106289]: DEBUG neutron_lib.callbacks.manager [None req-f5625152-c6b5-4cc5-8ab7-98b2765c6b60 admin admin] Publish callbacks [] for security_group (e0c0e873-2bcf-4ca3-b23f-5351e18150c8), precommit_create {{(pid=106289) _notify_loop /usr/local/lib/python3.8/dist-packages/neutron_lib/callbacks/manager.py:176}}
Aug 31 12:19:44.717583 dv-cinder-855359-1-iscsi neutron-server[106289]: DEBUG neutron_lib.callbacks.manager [None req-f5625152-c6b5-4cc5-8ab7-98b2765c6b60 admin admin] Publish callbacks ['neutron.plugins.ml2.ovo_rpc._ObjectChangeHandler.handle_event-870654'] for security_group (e0c0e873-2bcf-4ca3-b23f-5351e18150c8), after_create {{(pid=106289) _notify_loop /usr/local/lib/python3.8/dist-packages/neutron_lib/callbacks/manager.py:176}}
Aug 31 12:19:44.752243 dv-cinder-855359-1-iscsi neutron-server[106288]: DEBUG neutron.pecan_wsgi.hooks.policy_enforcement [req-f52c281e-88a8-4617-a0ea-f7c249059adf req-6db39bcb-7ee6-4942-a708-ac16fabb362c tempest-AttachVolumeNegativeTest-961624758 tempest-AttachVolumeNegativeTest-961624758-project] Attributes excluded by policy engine: ['standard_attr_id', 'binding:profile', 'binding:host_id', 'binding:vif_type', 'binding:vif_details'] {{(pid=106288) _exclude_attributes_by_policy /opt/stack/neutron/neutron/pecan_wsgi/hooks/policy_enforcement.py:259}}
Aug 31 12:19:44.753706 dv-cinder-855359-1-iscsi neutron-server[106288]: INFO neutron.wsgi [req-f52c281e-88a8-4617-a0ea-f7c249059adf req-6db39bcb-7ee6-4942-a708-ac16fabb362c tempest-AttachVolumeNegativeTest-961624758 tempest-AttachVolumeNegativeTest-961624758-project] 10.222.0.27 "GET /networking/v2.0/ports?device_id=991ff4bb-6c07-4c69-b673-272a1e178100 HTTP/1.1" status: 200 len: 946 time: 0.0520318
Aug 31 12:19:44.759153 dv-cinder-855359-1-iscsi neutron-server[106289]: INFO neutron.wsgi [None req-f5625152-c6b5-4cc5-8ab7-98b2765c6b60 admin admin] 10.222.0.27 "GET /networking/v2.0/security-groups?tenant_id=b804356a5b6a45eb9789286a23b69e0d&name=default HTTP/1.1" status: 200 len: 2996 time: 0.2661307
Aug 31 12:19:44.759153 dv-cinder-855359-1-iscsi neutron-server[106289]: DEBUG neutron.api.rpc.handlers.resources_rpc [None req-f5625152-c6b5-4cc5-8ab7-98b2765c6b60 admin admin] Pushing event updated for resources: {'SecurityGroup': ['ID=e0c0e873-2bcf-4ca3-b23f-5351e18150c8,revision_number=1']} {{(pid=106289) push /opt/stack/neutron/neutron/api/rpc/handlers/resources_rpc.py:237}}
Aug 31 12:19:44.760470 dv-cinder-855359-1-iscsi neutron-server[106288]: DEBUG neutron.wsgi [-] (106288) accepted ('10.222.0.27', 58858) {{(pid=106288) server /usr/local/lib/python3.8/dist-packages/eventlet/wsgi.py:1004}}
Aug 31 12:19:44.806224 dv-cinder-855359-1-iscsi neutron-server[106288]: DEBUG dbcounter [-] [106288] Writing DB stats neutron:SELECT=100 {{(pid=106288) stat_writer /usr/local/lib/python3.8/dist-packages/dbcounter.py:114}}
Aug 31 12:19:44.878130 dv-cinder-855359-1-iscsi neutron-server[106288]: INFO neutron.wsgi [req-f52c281e-88a8-4617-a0ea-f7c249059adf req-c76a6260-a2d7-451c-b213-104e401ab716 tempest-AttachVolumeNegativeTest-961624758 tempest-AttachVolumeNegativeTest-961624758-project] 10.222.0.27 "GET /networking/v2.0/security-groups?id=96bc2c86-ac63-4877-8456-c9215b59c56f&fields=id&fields=name HTTP/1.1" status: 200 len: 313 time: 0.1163585
Aug 31 12:19:44.888413 dv-cinder-855359-1-iscsi neutron-server[106288]: DEBUG neutron.pecan_wsgi.hooks.policy_enforcement [req-f9bd236f-a7c6-46f8-9e89-b6180819d95e req-652b2235-4a4c-41eb-8391-9604fc429ff5 tempest-ServerRescueNegativeTestJSON-586745822 tempest-ServerRescueNegativeTestJSON-586745822-project] Attributes excluded by policy engine: ['standard_attr_id', 'binding:profile', 'binding:host_id', 'binding:vif_type', 'binding:vif_details'] {{(pid=106288) _exclude_attributes_by_policy /opt/stack/neutron/neutron/pecan_wsgi/hooks/policy_enforcement.py:259}}
Aug 31 12:19:44.890370 dv-cinder-855359-1-iscsi neutron-server[106288]: INFO neutron.wsgi [req-f9bd236f-a7c6-46f8-9e89-b6180819d95e req-652b2235-4a4c-41eb-8391-9604fc429ff5 tempest-ServerRescueNegativeTestJSON-586745822 tempest-ServerRescueNegativeTestJSON-586745822-project] 10.222.0.27 "GET /networking/v2.0/ports?device_id=04a0e97b-c365-4cb4-b591-576e3babe5d6 HTTP/1.1" status: 200 len: 946 time: 0.0849726
Aug 31 12:19:44.896058 dv-cinder-855359-1-iscsi neutron-server[106288]: DEBUG neutron_lib.callbacks.manager [None req-7fe11bf0-b91b-434e-81e6-268ccb5e541f admin admin] Publish callbacks [] for security_group (e0c0e873-2bcf-4ca3-b23f-5351e18150c8), before_delete {{(pid=106288) _notify_loop /usr/local/lib/python3.8/dist-packages/neutron_lib/callbacks/manager.py:176}}
Aug 31 12:19:44.936272 dv-cinder-855359-1-iscsi neutron-server[106288]: DEBUG neutron_lib.callbacks.manager [None req-7fe11bf0-b91b-434e-81e6-268ccb5e541f admin admin] Publish callbacks [] for security_group (e0c0e873-2bcf-4ca3-b23f-5351e18150c8), precommit_delete {{(pid=106288) _notify_loop /usr/local/lib/python3.8/dist-packages/neutron_lib/callbacks/manager.py:176}}
Aug 31 12:19:45.021920 dv-cinder-855359-1-iscsi neutron-server[106288]: INFO neutron.wsgi [req-f9bd236f-a7c6-46f8-9e89-b6180819d95e req-e6be5162-ee9c-4589-b4a6-f96289c18728 tempest-ServerRescueNegativeTestJSON-586745822 tempest-ServerRescueNegativeTestJSON-586745822-project] 10.222.0.27 "GET /networking/v2.0/security-groups?id=89d9bf32-87bf-4b97-8e7c-4e538610d1ac&fields=id&fields=name HTTP/1.1" status: 200 len: 286 time: 0.1234374
Aug 31 12:19:45.038799 dv-cinder-855359-1-iscsi neutron-server[106288]: DEBUG neutron.pecan_wsgi.hooks.policy_enforcement [req-955794f1-33a6-432a-8784-9fa315eddc63 req-8c95134a-d178-40dc-95a1-a8e4fcd49513 tempest-AttachVolumeNegativeTest-961624758 tempest-AttachVolumeNegativeTest-961624758-project] Attributes excluded by policy engine: ['standard_attr_id', 'binding:profile', 'binding:host_id', 'binding:vif_type', 'binding:vif_details'] {{(pid=106288) _exclude_attributes_by_policy /opt/stack/neutron/neutron/pecan_wsgi/hooks/policy_enforcement.py:259}}
Aug 31 12:19:45.040255 dv-cinder-855359-1-iscsi neutron-server[106288]: INFO neutron.wsgi [req-955794f1-33a6-432a-8784-9fa315eddc63 req-8c95134a-d178-40dc-95a1-a8e4fcd49513 tempest-AttachVolumeNegativeTest-961624758 tempest-AttachVolumeNegativeTest-961624758-project] 10.222.0.27 "GET /networking/v2.0/ports?device_id=991ff4bb-6c07-4c69-b673-272a1e178100 HTTP/1.1" status: 200 len: 946 time: 0.0760913
Aug 31 12:19:45.054359 dv-cinder-855359-1-iscsi neutron-server[106289]: DEBUG neutron.wsgi [-] (106289) accepted ('10.222.0.27', 58862) {{(pid=106289) server /usr/local/lib/python3.8/dist-packages/eventlet/wsgi.py:1004}}
Aug 31 12:19:45.056336 dv-cinder-855359-1-iscsi neutron-server[106288]: DEBUG neutron_lib.callbacks.manager [None req-7fe11bf0-b91b-434e-81e6-268ccb5e541f admin admin] Publish callbacks ['neutron.plugins.ml2.ovo_rpc._ObjectChangeHandler.handle_event-870654'] for security_group (e0c0e873-2bcf-4ca3-b23f-5351e18150c8), after_delete {{(pid=106288) _notify_loop /usr/local/lib/python3.8/dist-packages/neutron_lib/callbacks/manager.py:176}}
Aug 31 12:19:45.058837 dv-cinder-855359-1-iscsi neutron-server[106288]: DEBUG neutron_lib.callbacks.manager [None req-7fe11bf0-b91b-434e-81e6-268ccb5e541f admin admin] Publish callbacks [] for security_group (None), before_response {{(pid=106288) _notify_loop /usr/local/lib/python3.8/dist-packages/neutron_lib/callbacks/manager.py:176}}
Aug 31 12:19:45.058980 dv-cinder-855359-1-iscsi neutron-server[106289]: DEBUG neutron.api.v2.base [None req-c64c9814-600c-4214-bcb8-fd41c2f66b79 tempest-AttachVolumeNegativeTest-961624758 tempest-AttachVolumeNegativeTest-961624758-project] Request body: {'floatingip': {'port_id': 'db14b681-db73-4b8e-b264-f17550194eec'}} {{(pid=106289) prepare_request_body /opt/stack/neutron/neutron/api/v2/base.py:730}}
Aug 31 12:19:45.059953 dv-cinder-855359-1-iscsi neutron-server[106288]: INFO neutron.wsgi [None req-7fe11bf0-b91b-434e-81e6-268ccb5e541f admin admin] 10.222.0.27 "DELETE /networking/v2.0/security-groups/e0c0e873-2bcf-4ca3-b23f-5351e18150c8 HTTP/1.1" status: 204 len: 168 time: 0.2962995
Aug 31 12:19:45.068457 dv-cinder-855359-1-iscsi neutron-server[106288]: DEBUG neutron.api.rpc.handlers.resources_rpc [None req-7fe11bf0-b91b-434e-81e6-268ccb5e541f admin admin] Pushing event deleted for resources: {'SecurityGroup': ['ID=e0c0e873-2bcf-4ca3-b23f-5351e18150c8,revision_number=None']} {{(pid=106288) push /opt/stack/neutron/neutron/api/rpc/handlers/resources_rpc.py:237}}
Aug 31 12:19:45.138724 dv-cinder-855359-1-iscsi neutron-server[106289]: DEBUG neutron_lib.callbacks.manager [None req-c64c9814-600c-4214-bcb8-fd41c2f66b79 tempest-AttachVolumeNegativeTest-961624758 tempest-AttachVolumeNegativeTest-961624758-project] Publish callbacks [] for floatingip (f49ce503-fb05-43bf-a4ee-04921fe96d95), before_update {{(pid=106289) _notify_loop /usr/local/lib/python3.8/dist-packages/neutron_lib/callbacks/manager.py:176}}
Aug 31 12:19:45.257854 dv-cinder-855359-1-iscsi neutron-server[106289]: DEBUG dbcounter [-] [106289] Writing DB stats neutron:SELECT=96,neutron:DELETE=2,neutron:INSERT=2 {{(pid=106289) stat_writer /usr/local/lib/python3.8/dist-packages/dbcounter.py:114}}
Aug 31 12:19:45.462310 dv-cinder-855359-1-iscsi neutron-server[106289]: DEBUG dbcounter [-] [106289] Writing DB stats neutron:SELECT=88,neutron:DELETE=2,neutron:INSERT=9,neutron:UPDATE=1 {{(pid=106289) stat_writer /usr/local/lib/python3.8/dist-packages/dbcounter.py:114}}
Aug 31 12:19:45.929526 dv-cinder-855359-1-iscsi neutron-server[106289]: DEBUG neutron.wsgi [-] (106289) accepted ('10.222.0.27', 58920) {{(pid=106289) server /usr/local/lib/python3.8/dist-packages/eventlet/wsgi.py:1004}}
Aug 31 12:19:46.021554 dv-cinder-855359-1-iscsi neutron-server[106288]: DEBUG neutron.wsgi [-] (106288) accepted ('10.222.0.27', 58924) {{(pid=106288) server /usr/local/lib/python3.8/dist-packages/eventlet/wsgi.py:1004}}
Aug 31 12:19:46.106122 dv-cinder-855359-1-iscsi neutron-server[106289]: DEBUG neutron_lib.callbacks.manager [None req-c64c9814-600c-4214-bcb8-fd41c2f66b79 tempest-AttachVolumeNegativeTest-961624758 tempest-AttachVolumeNegativeTest-961624758-project] Publish callbacks [] for floatingip (None), precommit_update {{(pid=106289) _notify_loop /usr/local/lib/python3.8/dist-packages/neutron_lib/callbacks/manager.py:176}}
Aug 31 12:19:46.112809 dv-cinder-855359-1-iscsi neutron-server[106289]: DEBUG neutron_lib.callbacks.manager [None req-c64c9814-600c-4214-bcb8-fd41c2f66b79 tempest-AttachVolumeNegativeTest-961624758 tempest-AttachVolumeNegativeTest-961624758-project] Publish callbacks ['neutron.services.l3_router.l3_router_plugin.DVRResourceOperationHandler._create_dvr_floating_gw_port-581525'] for floatingip (f49ce503-fb05-43bf-a4ee-04921fe96d95), after_update {{(pid=106289) _notify_loop /usr/local/lib/python3.8/dist-packages/neutron_lib/callbacks/manager.py:176}}
Aug 31 12:19:46.160249 dv-cinder-855359-1-iscsi neutron-server[106288]: DEBUG neutron.pecan_wsgi.hooks.policy_enforcement [req-e9945bb0-5d13-47eb-bb6b-4d4474cf3dc0 req-cb2e7daf-deb2-4cbd-9627-afab6180a195 tempest-ServerRescueNegativeTestJSON-586745822 tempest-ServerRescueNegativeTestJSON-586745822-project] Attributes excluded by policy engine: ['standard_attr_id', 'binding:profile', 'binding:host_id', 'binding:vif_type', 'binding:vif_details'] {{(pid=106288) _exclude_attributes_by_policy /opt/stack/neutron/neutron/pecan_wsgi/hooks/policy_enforcement.py:259}}
Aug 31 12:19:46.161834 dv-cinder-855359-1-iscsi neutron-server[106288]: INFO neutron.wsgi [req-e9945bb0-5d13-47eb-bb6b-4d4474cf3dc0 req-cb2e7daf-deb2-4cbd-9627-afab6180a195 tempest-ServerRescueNegativeTestJSON-586745822 tempest-ServerRescueNegativeTestJSON-586745822-project] 10.222.0.27 "GET /networking/v2.0/ports?device_id=04a0e97b-c365-4cb4-b591-576e3babe5d6 HTTP/1.1" status: 200 len: 946 time: 0.0585344
Aug 31 12:19:46.162173 dv-cinder-855359-1-iscsi neutron-server[106289]: DEBUG neutron.api.v2.base [None req-9d6ce95b-881b-46f5-be78-e697faae76b8 admin admin] Request body: {'network': {'name': 'tempest-TestMinimumBasicScenario-223641872-network', 'tenant_id': '2188dd8748d540ee8df3689bd8538bc8'}} {{(pid=106289) prepare_request_body /opt/stack/neutron/neutron/api/v2/base.py:730}}
Aug 31 12:19:46.189096 dv-cinder-855359-1-iscsi neutron-server[106288]: DEBUG neutron_lib.callbacks.manager [None req-280fab8a-1297-4a9d-9e56-e9e607e7689c admin admin] Publish callbacks [] for security_group (None), before_create {{(pid=106288) _notify_loop /usr/local/lib/python3.8/dist-packages/neutron_lib/callbacks/manager.py:176}}
Aug 31 12:19:46.233423 dv-cinder-855359-1-iscsi neutron-server[106289]: DEBUG neutron.pecan_wsgi.hooks.quota_enforcement [None req-9d6ce95b-881b-46f5-be78-e697faae76b8 admin admin] Made reservation on behalf of 2188dd8748d540ee8df3689bd8538bc8 for: {'network': 1} {{(pid=106289) before /opt/stack/neutron/neutron/pecan_wsgi/hooks/quota_enforcement.py:53}}
