Aug 31 11:28:54.377779 dv-cinder-855350-1-smb devstack@g-api.service[115451]: DEBUG glance_store.location [None req-fe30d55a-3f85-4378-870a-1a95a3b32dad tempest-AttachVolumeShelveTestJSON-321469787 tempest-AttachVolumeShelveTestJSON-321469787-project] Registering scheme swift+config with {'store': , 'location_class': , 'store_entry': 'swift'} {{(pid=115451) register_scheme_map /usr/local/lib/python3.8/dist-packages/glance_store/location.py:146}}
Aug 31 11:28:54.378750 dv-cinder-855350-1-smb devstack@g-api.service[115451]: DEBUG keystoneclient.auth.identity.v3.base [None req-fe30d55a-3f85-4378-870a-1a95a3b32dad tempest-AttachVolumeShelveTestJSON-321469787 tempest-AttachVolumeShelveTestJSON-321469787-project] Making authentication request to http://10.222.0.13/identity/v3/auth/tokens {{(pid=115451) get_auth_ref /usr/local/lib/python3.8/dist-packages/keystoneclient/auth/identity/v3/base.py:187}}
Aug 31 11:28:54.481333 dv-cinder-855350-1-smb devstack@g-api.service[115451]: DEBUG keystoneclient.auth.identity.v3.base [None req-fe30d55a-3f85-4378-870a-1a95a3b32dad tempest-AttachVolumeShelveTestJSON-321469787 tempest-AttachVolumeShelveTestJSON-321469787-project] {"token": {"methods": ["password"], "user": {"domain": {"id": "default", "name": "Default"}, "id": "623fd6adf2af4122a5a507efb4e0cbce", "name": "glance-swift", "password_expires_at": null}, "audit_ids": ["KF9swqGpTsqZ1T3H_WQ5EQ"], "expires_at": "2022-08-31T12:28:54.000000Z", "issued_at": "2022-08-31T11:28:54.000000Z", "project": {"domain": {"id": "default", "name": "Default"}, "id": "88e59bcfd667410fbeb00ffdce6a8bca", "name": "service"}, "is_domain": false, "roles": [{"id": "ea287c8c7f9442cf99fb462bb85b39b2", "name": "service"}, {"id": "b26684c206814c398b13a51afde0426d", "name": "ResellerAdmin"}], "catalog": [{"endpoints": [{"id": "99a16958376a454e851922ba37d15d14", "interface": "public", "region_id": "RegionOne", "url": "http://10.222.0.13:8080/v1/AUTH_88e59bcfd667410fbeb00ffdce6a8bca", "region": "RegionOne"}, {"id": "c11303e6bee44d6d86b4537d3bc7e2b5", "interface": "admin", "region_id": "RegionOne", "url": "http://10.222.0.13:8080", "region": "RegionOne"}], "id": "6847e6c6e014491986fde7e8cba1cc8a", "type": "object-store", "name": "swift"}, {"endpoints": [{"id": "bb8c4d2dc21b4d4986947a9e37b082a7", "interface": "public", "region_id": "RegionOne", "url": "http://10.222.0.13/placement", "region": "RegionOne"}], "id": "708700f118d445dda97cc031675a1e2c", "type": "placement", "name": "placement"}, {"endpoints": [{"id": "f88b29e94860405abbb700506fa3c51f", "interface": "public", "region_id": "RegionOne", "url": "http://10.222.0.13/identity", "region": "RegionOne"}], "id": "9eb5cb23d03d4ca1887e425d75596b42", "type": "identity", "name": "keystone"}, {"endpoints": [{"id": "57fd14a0698e40babae03f898f739623", "interface": "public", "region_id": "RegionOne", "url": "http://10.222.0.13/image", "region": "RegionOne"}], "id": "a8a9f47ff28843c3a2065159ef8c7821", "type": "image", "name": "glance"}, {"endpoints": [{"id": "23eff42a3db9492797f2dba2d295d0ae", "interface": "public", "region_id": "RegionOne", "url": "http://10.222.0.13/compute/v2.1", "region": "RegionOne"}], "id": "cdec200ac6624d6e90b8f141ef3976b0", "type": "compute", "name": "nova"}, {"endpoints": [{"id": "a4014910be494459a3ed2252ac72b45d", "interface": "public", "region_id": "RegionOne", "url": "http://10.222.0.13/volume/v3/88e59bcfd667410fbeb00ffdce6a8bca", "region": "RegionOne"}], "id": "e5cda03123a9403f83c46142e4ffaf2a", "type": "volumev3", "name": "cinderv3"}, {"endpoints": [{"id": "fbda8b6981714141862f75781e82e7a2", "interface": "public", "region_id": "RegionOne", "url": "http://10.222.0.13/volume/v3/88e59bcfd667410fbeb00ffdce6a8bca", "region": "RegionOne"}], "id": "e5dc777aee3d43ff8e48c0668ce731cd", "type": "block-storage", "name": "cinder"}, {"endpoints": [{"id": "184876092ef74fd59dfdc57b04e35dd7", "interface": "public", "region_id": "RegionOne", "url": "http://10.222.0.13:9696/networking", "region": "RegionOne"}], "id": "f8591a793a5448898f741405e511e985", "type": "network", "name": "neutron"}, {"endpoints": [{"id": "6e86e2944e524f3fa81c5b4fc4aa7aa1", "interface": "public", "region_id": "RegionOne", "url": "http://10.222.0.13/compute/v2/88e59bcfd667410fbeb00ffdce6a8bca", "region": "RegionOne"}], "id": "fd49de6778734560a36a06171157dfc3", "type": "compute_legacy", "name": "nova_legacy"}]}} {{(pid=115451) get_auth_ref /usr/local/lib/python3.8/dist-packages/keystoneclient/auth/identity/v3/base.py:192}}
Aug 31 11:28:54.482090 dv-cinder-855350-1-smb devstack@g-api.service[115451]: DEBUG keystoneclient.httpclient [None req-fe30d55a-3f85-4378-870a-1a95a3b32dad tempest-AttachVolumeShelveTestJSON-321469787 tempest-AttachVolumeShelveTestJSON-321469787-project] Failed to find endpoint for management url admin endpoint for identity service not found {{(pid=115451) _process_management_url /usr/local/lib/python3.8/dist-packages/keystoneclient/httpclient.py:676}}
Aug 31 11:28:54.623080 dv-cinder-855350-1-smb devstack@g-api.service[115451]: DEBUG swiftclient [None req-fe30d55a-3f85-4378-870a-1a95a3b32dad tempest-AttachVolumeShelveTestJSON-321469787 tempest-AttachVolumeShelveTestJSON-321469787-project] REQ: curl -i http://10.222.0.13:8080/v1/AUTH_88e59bcfd667410fbeb00ffdce6a8bca/glance/1ef56fbc-aa46-4219-a66e-a39b2b7e2bf2 -I -H "X-Auth-Token: gAAAAABjD0X2Z7fm..." {{(pid=115451) http_log /usr/local/lib/python3.8/dist-packages/swiftclient/client.py:157}}
Aug 31 11:28:54.623925 dv-cinder-855350-1-smb devstack@g-api.service[115451]: DEBUG swiftclient [None req-fe30d55a-3f85-4378-870a-1a95a3b32dad tempest-AttachVolumeShelveTestJSON-321469787 tempest-AttachVolumeShelveTestJSON-321469787-project] RESP STATUS: 200 OK {{(pid=115451) http_log /usr/local/lib/python3.8/dist-packages/swiftclient/client.py:158}}
Aug 31 11:28:54.628668 dv-cinder-855350-1-smb devstack@g-api.service[115451]: DEBUG swiftclient [None req-fe30d55a-3f85-4378-870a-1a95a3b32dad tempest-AttachVolumeShelveTestJSON-321469787 tempest-AttachVolumeShelveTestJSON-321469787-project] RESP HEADERS: {'Content-Type': 'application/octet-stream', 'X-Object-Manifest': 'glance/1ef56fbc-aa46-4219-a66e-a39b2b7e2bf2-', 'Last-Modified': 'Wed, 31 Aug 2022 11:28:22 GMT', 'X-Timestamp': '1661945301.92217', 'Accept-Ranges': 'bytes', 'Content-Length': '662700032', 'Etag': '"9ac11bd4184196c47a6a81adb13f4d3a"', 'X-Trans-Id': 'tx68fa68cf4e3944eb8696a-00630f45f6', 'X-Openstack-Request-Id': 'tx68fa68cf4e3944eb8696a-00630f45f6', 'Date': 'Wed, 31 Aug 2022 11:28:54 GMT'} {{(pid=115451) http_log /usr/local/lib/python3.8/dist-packages/swiftclient/client.py:159}}
Aug 31 11:28:54.651168 dv-cinder-855350-1-smb devstack@g-api.service[115451]: DEBUG swiftclient [None req-fe30d55a-3f85-4378-870a-1a95a3b32dad tempest-AttachVolumeShelveTestJSON-321469787 tempest-AttachVolumeShelveTestJSON-321469787-project] REQ: curl -i http://10.222.0.13:8080/v1/AUTH_88e59bcfd667410fbeb00ffdce6a8bca/glance?format=json&prefix=1ef56fbc-aa46-4219-a66e-a39b2b7e2bf2- -X GET -H "X-Auth-Token: gAAAAABjD0X2Z7fm..." -H "Accept-Encoding: gzip" {{(pid=115451) http_log /usr/local/lib/python3.8/dist-packages/swiftclient/client.py:157}}
Aug 31 11:28:54.651536 dv-cinder-855350-1-smb devstack@g-api.service[115451]: DEBUG swiftclient [None req-fe30d55a-3f85-4378-870a-1a95a3b32dad tempest-AttachVolumeShelveTestJSON-321469787 tempest-AttachVolumeShelveTestJSON-321469787-project] RESP STATUS: 200 OK {{(pid=115451) http_log /usr/local/lib/python3.8/dist-packages/swiftclient/client.py:158}}
Aug 31 11:28:54.652406 dv-cinder-855350-1-smb devstack@g-api.service[115451]: DEBUG swiftclient [None req-fe30d55a-3f85-4378-870a-1a95a3b32dad tempest-AttachVolumeShelveTestJSON-321469787 tempest-AttachVolumeShelveTestJSON-321469787-project] RESP HEADERS: {'Content-Type': 'application/json; charset=utf-8', 'Content-Length': '843', 'X-Container-Object-Count': '6', 'X-Container-Bytes-Used': '1308622848', 'X-Timestamp': '1661944422.84798', 'Last-Modified': 'Wed, 31 Aug 2022 11:13:43 GMT', 'Accept-Ranges': 'bytes', 'X-Storage-Policy': 'Policy-0', 'X-Container-Sharding': 'False', 'X-Trans-Id': 'tx80a1f750a2c944de95841-00630f45f6', 'X-Openstack-Request-Id': 'tx80a1f750a2c944de95841-00630f45f6', 'Date': 'Wed, 31 Aug 2022 11:28:54 GMT'} {{(pid=115451) http_log /usr/local/lib/python3.8/dist-packages/swiftclient/client.py:159}}
Aug 31 11:28:54.653114 dv-cinder-855350-1-smb devstack@g-api.service[115451]: DEBUG swiftclient [None req-fe30d55a-3f85-4378-870a-1a95a3b32dad tempest-AttachVolumeShelveTestJSON-321469787 tempest-AttachVolumeShelveTestJSON-321469787-project] RESP BODY: b'[{"bytes": 204800000, "hash": "bc1aa502f8c916d3a0806352aaef6cc4", "name": "1ef56fbc-aa46-4219-a66e-a39b2b7e2bf2-00001", "content_type": "application/octet-stream", "last_modified": "2022-08-31T11:28:10.514300"}, {"bytes": 204800000, "hash": "bd8819e33bb177a9c14d684d1013142b", "name": "1ef56fbc-aa46-4219-a66e-a39b2b7e2bf2-00002", "content_type": "application/octet-stream", "last_modified": "2022-08-31T11:28:13.907420"}, {"bytes": 204800000, "hash": "eb027156b14e9a2ce194ba3180256777", "name": "1ef56fbc-aa46-4219-a66e-a39b2b7e2bf2-00003", "content_type": "application/octet-stream", "last_modified": "2022-08-31T11:28:17.779680"}, {"bytes": 48300032, "hash": "6b60a3221c329e7dbd9d8ff43ede9839", "name": "1ef56fbc-aa46-4219-a66e-a39b2b7e2bf2-00004", "content_type": "application/octet-stream", "last_modified": "2022-08-31T11:28:21.121730"}]' {{(pid=115451) http_log /usr/local/lib/python3.8/dist-packages/swiftclient/client.py:163}}
Aug 31 11:28:54.751011 dv-cinder-855350-1-smb devstack@g-api.service[115451]: DEBUG swiftclient [None req-fe30d55a-3f85-4378-870a-1a95a3b32dad tempest-AttachVolumeShelveTestJSON-321469787 tempest-AttachVolumeShelveTestJSON-321469787-project] REQ: curl -i http://10.222.0.13:8080/v1/AUTH_88e59bcfd667410fbeb00ffdce6a8bca/glance/1ef56fbc-aa46-4219-a66e-a39b2b7e2bf2-00001 DELETE -H "X-Auth-Token: gAAAAABjD0X2Z7fm..." {{(pid=115451) http_log /usr/local/lib/python3.8/dist-packages/swiftclient/client.py:157}}
Aug 31 11:28:54.751267 dv-cinder-855350-1-smb devstack@g-api.service[115451]: DEBUG swiftclient [None req-fe30d55a-3f85-4378-870a-1a95a3b32dad tempest-AttachVolumeShelveTestJSON-321469787 tempest-AttachVolumeShelveTestJSON-321469787-project] RESP STATUS: 204 No Content {{(pid=115451) http_log /usr/local/lib/python3.8/dist-packages/swiftclient/client.py:158}}
Aug 31 11:28:54.751596 dv-cinder-855350-1-smb devstack@g-api.service[115451]: DEBUG swiftclient [None req-fe30d55a-3f85-4378-870a-1a95a3b32dad tempest-AttachVolumeShelveTestJSON-321469787 tempest-AttachVolumeShelveTestJSON-321469787-project] RESP HEADERS: {'Content-Type': 'text/html; charset=UTF-8', 'Content-Length': '0', 'X-Trans-Id': 'tx46eccc1f64c34575bfaaa-00630f45f6', 'X-Openstack-Request-Id': 'tx46eccc1f64c34575bfaaa-00630f45f6', 'Date': 'Wed, 31 Aug 2022 11:28:54 GMT'} {{(pid=115451) http_log /usr/local/lib/python3.8/dist-packages/swiftclient/client.py:159}}
Aug 31 11:28:54.813126 dv-cinder-855350-1-smb devstack@g-api.service[115450]: DEBUG glance.api.middleware.version_negotiation [None req-0d7323e6-4b59-4f2c-a9cd-ec29ec2f0089 tempest-AttachVolumeTestJSON-1671569397 tempest-AttachVolumeTestJSON-1671569397-project] Determining version of request: GET /v2/images/da356fe7-4a17-4b2f-ab62-a7716610cf2b Accept: */* {{(pid=115450) process_request /opt/stack/glance/glance/api/middleware/version_negotiation.py:44}}
Aug 31 11:28:54.813640 dv-cinder-855350-1-smb devstack@g-api.service[115450]: DEBUG glance.api.middleware.version_negotiation [None req-0d7323e6-4b59-4f2c-a9cd-ec29ec2f0089 tempest-AttachVolumeTestJSON-1671569397 tempest-AttachVolumeTestJSON-1671569397-project] Using url versioning {{(pid=115450) process_request /opt/stack/glance/glance/api/middleware/version_negotiation.py:57}}
Aug 31 11:28:54.813782 dv-cinder-855350-1-smb devstack@g-api.service[115450]: DEBUG glance.api.middleware.version_negotiation [None req-0d7323e6-4b59-4f2c-a9cd-ec29ec2f0089 tempest-AttachVolumeTestJSON-1671569397 tempest-AttachVolumeTestJSON-1671569397-project] Matched version: v2 {{(pid=115450) process_request /opt/stack/glance/glance/api/middleware/version_negotiation.py:69}}
Aug 31 11:28:54.814262 dv-cinder-855350-1-smb devstack@g-api.service[115450]: DEBUG glance.api.middleware.version_negotiation [None req-0d7323e6-4b59-4f2c-a9cd-ec29ec2f0089 tempest-AttachVolumeTestJSON-1671569397 tempest-AttachVolumeTestJSON-1671569397-project] new path /v2/images/da356fe7-4a17-4b2f-ab62-a7716610cf2b {{(pid=115450) process_request /opt/stack/glance/glance/api/middleware/version_negotiation.py:70}}
Aug 31 11:28:54.828113 dv-cinder-855350-1-smb devstack@g-api.service[115451]: DEBUG swiftclient [None req-fe30d55a-3f85-4378-870a-1a95a3b32dad tempest-AttachVolumeShelveTestJSON-321469787 tempest-AttachVolumeShelveTestJSON-321469787-project] REQ: curl -i http://10.222.0.13:8080/v1/AUTH_88e59bcfd667410fbeb00ffdce6a8bca/glance/1ef56fbc-aa46-4219-a66e-a39b2b7e2bf2-00002 DELETE -H "X-Auth-Token: gAAAAABjD0X2Z7fm..." {{(pid=115451) http_log /usr/local/lib/python3.8/dist-packages/swiftclient/client.py:157}}
Aug 31 11:28:54.828559 dv-cinder-855350-1-smb devstack@g-api.service[115451]: DEBUG swiftclient [None req-fe30d55a-3f85-4378-870a-1a95a3b32dad tempest-AttachVolumeShelveTestJSON-321469787 tempest-AttachVolumeShelveTestJSON-321469787-project] RESP STATUS: 204 No Content {{(pid=115451) http_log /usr/local/lib/python3.8/dist-packages/swiftclient/client.py:158}}
Aug 31 11:28:54.828559 dv-cinder-855350-1-smb devstack@g-api.service[115451]: DEBUG swiftclient [None req-fe30d55a-3f85-4378-870a-1a95a3b32dad tempest-AttachVolumeShelveTestJSON-321469787 tempest-AttachVolumeShelveTestJSON-321469787-project] RESP HEADERS: {'Content-Type': 'text/html; charset=UTF-8', 'Content-Length': '0', 'X-Trans-Id': 'tx00bbc19dbbb04e1281605-00630f45f6', 'X-Openstack-Request-Id': 'tx00bbc19dbbb04e1281605-00630f45f6', 'Date': 'Wed, 31 Aug 2022 11:28:54 GMT'} {{(pid=115451) http_log /usr/local/lib/python3.8/dist-packages/swiftclient/client.py:159}}
Aug 31 11:28:54.839562 dv-cinder-855350-1-smb devstack@g-api.service[115450]: [pid: 115450|app: 0|req: 125/260] 127.0.0.1 () {40 vars in 854 bytes} [Wed Aug 31 11:28:54 2022] GET /v2/images/da356fe7-4a17-4b2f-ab62-a7716610cf2b => generated 946 bytes in 27 msecs (HTTP/1.1 200) 4 headers in 157 bytes (1 switches on core 0)
Aug 31 11:28:54.847000 dv-cinder-855350-1-smb devstack@g-api.service[115450]: DEBUG glance.api.middleware.version_negotiation [None req-0d7323e6-4b59-4f2c-a9cd-ec29ec2f0089 tempest-AttachVolumeTestJSON-1671569397 tempest-AttachVolumeTestJSON-1671569397-project] Determining version of request: GET /v2/schemas/image Accept: */* {{(pid=115450) process_request /opt/stack/glance/glance/api/middleware/version_negotiation.py:44}}
Aug 31 11:28:54.847350 dv-cinder-855350-1-smb devstack@g-api.service[115450]: DEBUG glance.api.middleware.version_negotiation [None req-0d7323e6-4b59-4f2c-a9cd-ec29ec2f0089 tempest-AttachVolumeTestJSON-1671569397 tempest-AttachVolumeTestJSON-1671569397-project] Using url versioning {{(pid=115450) process_request /opt/stack/glance/glance/api/middleware/version_negotiation.py:57}}
Aug 31 11:28:54.847668 dv-cinder-855350-1-smb devstack@g-api.service[115450]: DEBUG glance.api.middleware.version_negotiation [None req-0d7323e6-4b59-4f2c-a9cd-ec29ec2f0089 tempest-AttachVolumeTestJSON-1671569397 tempest-AttachVolumeTestJSON-1671569397-project] Matched version: v2 {{(pid=115450) process_request /opt/stack/glance/glance/api/middleware/version_negotiation.py:69}}
Aug 31 11:28:54.847997 dv-cinder-855350-1-smb devstack@g-api.service[115450]: DEBUG glance.api.middleware.version_negotiation [None req-0d7323e6-4b59-4f2c-a9cd-ec29ec2f0089 tempest-AttachVolumeTestJSON-1671569397 tempest-AttachVolumeTestJSON-1671569397-project] new path /v2/schemas/image {{(pid=115450) process_request /opt/stack/glance/glance/api/middleware/version_negotiation.py:70}}
Aug 31 11:28:54.851861 dv-cinder-855350-1-smb devstack@g-api.service[115450]: [pid: 115450|app: 0|req: 126/261] 127.0.0.1 () {40 vars in 794 bytes} [Wed Aug 31 11:28:54 2022] GET /v2/schemas/image => generated 6083 bytes in 5 msecs (HTTP/1.1 200) 4 headers in 158 bytes (1 switches on core 0)
Aug 31 11:28:54.913103 dv-cinder-855350-1-smb devstack@g-api.service[115451]: DEBUG swiftclient [None req-fe30d55a-3f85-4378-870a-1a95a3b32dad tempest-AttachVolumeShelveTestJSON-321469787 tempest-AttachVolumeShelveTestJSON-321469787-project] REQ: curl -i http://10.222.0.13:8080/v1/AUTH_88e59bcfd667410fbeb00ffdce6a8bca/glance/1ef56fbc-aa46-4219-a66e-a39b2b7e2bf2-00003 DELETE -H "X-Auth-Token: gAAAAABjD0X2Z7fm..." {{(pid=115451) http_log /usr/local/lib/python3.8/dist-packages/swiftclient/client.py:157}}
Aug 31 11:28:54.913433 dv-cinder-855350-1-smb devstack@g-api.service[115451]: DEBUG swiftclient [None req-fe30d55a-3f85-4378-870a-1a95a3b32dad tempest-AttachVolumeShelveTestJSON-321469787 tempest-AttachVolumeShelveTestJSON-321469787-project] RESP STATUS: 204 No Content {{(pid=115451) http_log /usr/local/lib/python3.8/dist-packages/swiftclient/client.py:158}}
Aug 31 11:28:54.913771 dv-cinder-855350-1-smb devstack@g-api.service[115451]: DEBUG swiftclient [None req-fe30d55a-3f85-4378-870a-1a95a3b32dad tempest-AttachVolumeShelveTestJSON-321469787 tempest-AttachVolumeShelveTestJSON-321469787-project] RESP HEADERS: {'Content-Type': 'text/html; charset=UTF-8', 'Content-Length': '0', 'X-Trans-Id': 'txbd841b41726848b392bab-00630f45f6', 'X-Openstack-Request-Id': 'txbd841b41726848b392bab-00630f45f6', 'Date': 'Wed, 31 Aug 2022 11:28:54 GMT'} {{(pid=115451) http_log /usr/local/lib/python3.8/dist-packages/swiftclient/client.py:159}}
Aug 31 11:28:54.986931 dv-cinder-855350-1-smb devstack@g-api.service[115451]: DEBUG swiftclient [None req-fe30d55a-3f85-4378-870a-1a95a3b32dad tempest-AttachVolumeShelveTestJSON-321469787 tempest-AttachVolumeShelveTestJSON-321469787-project] REQ: curl -i http://10.222.0.13:8080/v1/AUTH_88e59bcfd667410fbeb00ffdce6a8bca/glance/1ef56fbc-aa46-4219-a66e-a39b2b7e2bf2-00004 DELETE -H "X-Auth-Token: gAAAAABjD0X2Z7fm..." {{(pid=115451) http_log /usr/local/lib/python3.8/dist-packages/swiftclient/client.py:157}}
Aug 31 11:28:54.987213 dv-cinder-855350-1-smb devstack@g-api.service[115451]: DEBUG swiftclient [None req-fe30d55a-3f85-4378-870a-1a95a3b32dad tempest-AttachVolumeShelveTestJSON-321469787 tempest-AttachVolumeShelveTestJSON-321469787-project] RESP STATUS: 204 No Content {{(pid=115451) http_log /usr/local/lib/python3.8/dist-packages/swiftclient/client.py:158}}
Aug 31 11:28:54.987570 dv-cinder-855350-1-smb devstack@g-api.service[115451]: DEBUG swiftclient [None req-fe30d55a-3f85-4378-870a-1a95a3b32dad tempest-AttachVolumeShelveTestJSON-321469787 tempest-AttachVolumeShelveTestJSON-321469787-project] RESP HEADERS: {'Content-Type': 'text/html; charset=UTF-8', 'Content-Length': '0', 'X-Trans-Id': 'tx59847ec089ea45d191c35-00630f45f6', 'X-Openstack-Request-Id': 'tx59847ec089ea45d191c35-00630f45f6', 'Date': 'Wed, 31 Aug 2022 11:28:54 GMT'} {{(pid=115451) http_log /usr/local/lib/python3.8/dist-packages/swiftclient/client.py:159}}
Aug 31 11:28:55.055782 dv-cinder-855350-1-smb devstack@g-api.service[115451]: DEBUG swiftclient [None req-fe30d55a-3f85-4378-870a-1a95a3b32dad tempest-AttachVolumeShelveTestJSON-321469787 tempest-AttachVolumeShelveTestJSON-321469787-project] REQ: curl -i http://10.222.0.13:8080/v1/AUTH_88e59bcfd667410fbeb00ffdce6a8bca/glance/1ef56fbc-aa46-4219-a66e-a39b2b7e2bf2 DELETE -H "X-Auth-Token: gAAAAABjD0X2Z7fm..." {{(pid=115451) http_log /usr/local/lib/python3.8/dist-packages/swiftclient/client.py:157}}
Aug 31 11:28:55.056343 dv-cinder-855350-1-smb devstack@g-api.service[115451]: DEBUG swiftclient [None req-fe30d55a-3f85-4378-870a-1a95a3b32dad tempest-AttachVolumeShelveTestJSON-321469787 tempest-AttachVolumeShelveTestJSON-321469787-project] RESP STATUS: 204 No Content {{(pid=115451) http_log /usr/local/lib/python3.8/dist-packages/swiftclient/client.py:158}}
Aug 31 11:28:55.056677 dv-cinder-855350-1-smb devstack@g-api.service[115451]: DEBUG swiftclient [None req-fe30d55a-3f85-4378-870a-1a95a3b32dad tempest-AttachVolumeShelveTestJSON-321469787 tempest-AttachVolumeShelveTestJSON-321469787-project] RESP HEADERS: {'Content-Type': 'text/html; charset=UTF-8', 'Content-Length': '0', 'X-Trans-Id': 'tx15dd7385e0554f1aafd47-00630f45f6', 'X-Openstack-Request-Id': 'tx15dd7385e0554f1aafd47-00630f45f6', 'Date': 'Wed, 31 Aug 2022 11:28:55 GMT'} {{(pid=115451) http_log /usr/local/lib/python3.8/dist-packages/swiftclient/client.py:159}}
Aug 31 11:28:55.371654 dv-cinder-855350-1-smb devstack@g-api.service[115451]: DEBUG glance.api.middleware.cache [None req-fe30d55a-3f85-4378-870a-1a95a3b32dad tempest-AttachVolumeShelveTestJSON-321469787 tempest-AttachVolumeShelveTestJSON-321469787-project] Removing image 1ef56fbc-aa46-4219-a66e-a39b2b7e2bf2 from cache {{(pid=115451) _process_DELETE_response /opt/stack/glance/glance/api/middleware/cache.py:264}}
Aug 31 11:28:55.372549 dv-cinder-855350-1-smb devstack@g-api.service[115451]: DEBUG glance.image_cache.drivers.sqlite [None req-fe30d55a-3f85-4378-870a-1a95a3b32dad tempest-AttachVolumeShelveTestJSON-321469787 tempest-AttachVolumeShelveTestJSON-321469787-project] Deleting image cache file '/opt/stack/data/glance/cache/1ef56fbc-aa46-4219-a66e-a39b2b7e2bf2' {{(pid=115451) delete_cached_file /opt/stack/glance/glance/image_cache/drivers/sqlite.py:506}}
Aug 31 11:28:55.567484 dv-cinder-855350-1-smb devstack@g-api.service[115451]: [pid: 115451|app: 0|req: 136/262] 127.0.0.1 () {42 vars in 876 bytes} [Wed Aug 31 11:28:54 2022] DELETE /v2/images/1ef56fbc-aa46-4219-a66e-a39b2b7e2bf2 => generated 0 bytes in 1215 msecs (HTTP/1.1 204) 4 headers in 171 bytes (1 switches on core 0)
Aug 31 11:29:04.834971 dv-cinder-855350-1-smb devstack@g-api.service[115450]: DEBUG dbcounter [-] [115450] Writing DB stats glance:SELECT=4 {{(pid=115450) stat_writer /usr/local/lib/python3.8/dist-packages/dbcounter.py:114}}
Aug 31 11:29:05.291797 dv-cinder-855350-1-smb devstack@g-api.service[115451]: DEBUG dbcounter [-] [115451] Writing DB stats glance:SELECT=31,glance:UPDATE=17 {{(pid=115451) stat_writer /usr/local/lib/python3.8/dist-packages/dbcounter.py:114}}
Aug 31 11:30:14.410304 dv-cinder-855350-1-smb devstack@g-api.service[115450]: DEBUG glance.api.middleware.version_negotiation [None req-0d7323e6-4b59-4f2c-a9cd-ec29ec2f0089 tempest-AttachVolumeTestJSON-1671569397 tempest-AttachVolumeTestJSON-1671569397-project] Determining version of request: GET /v2/images/da356fe7-4a17-4b2f-ab62-a7716610cf2b Accept: */* {{(pid=115450) process_request /opt/stack/glance/glance/api/middleware/version_negotiation.py:44}}
Aug 31 11:30:14.412892 dv-cinder-855350-1-smb devstack@g-api.service[115450]: DEBUG glance.api.middleware.version_negotiation [None req-0d7323e6-4b59-4f2c-a9cd-ec29ec2f0089 tempest-AttachVolumeTestJSON-1671569397 tempest-AttachVolumeTestJSON-1671569397-project] Using url versioning {{(pid=115450) process_request /opt/stack/glance/glance/api/middleware/version_negotiation.py:57}}
Aug 31 11:30:14.413442 dv-cinder-855350-1-smb devstack@g-api.service[115450]: DEBUG glance.api.middleware.version_negotiation [None req-0d7323e6-4b59-4f2c-a9cd-ec29ec2f0089 tempest-AttachVolumeTestJSON-1671569397 tempest-AttachVolumeTestJSON-1671569397-project] Matched version: v2 {{(pid=115450) process_request /opt/stack/glance/glance/api/middleware/version_negotiation.py:69}}
Aug 31 11:30:14.414099 dv-cinder-855350-1-smb devstack@g-api.service[115450]: DEBUG glance.api.middleware.version_negotiation [None req-0d7323e6-4b59-4f2c-a9cd-ec29ec2f0089 tempest-AttachVolumeTestJSON-1671569397 tempest-AttachVolumeTestJSON-1671569397-project] new path /v2/images/da356fe7-4a17-4b2f-ab62-a7716610cf2b {{(pid=115450) process_request /opt/stack/glance/glance/api/middleware/version_negotiation.py:70}}
Aug 31 11:30:14.439639 dv-cinder-855350-1-smb devstack@g-api.service[115450]: [pid: 115450|app: 0|req: 127/263] 127.0.0.1 () {42 vars in 1061 bytes} [Wed Aug 31 11:30:14 2022] GET /v2/images/da356fe7-4a17-4b2f-ab62-a7716610cf2b => generated 946 bytes in 30 msecs (HTTP/1.1 200) 4 headers in 157 bytes (1 switches on core 0)
Aug 31 11:30:14.446305 dv-cinder-855350-1-smb devstack@g-api.service[115451]: DEBUG glance.api.middleware.version_negotiation [None req-fe30d55a-3f85-4378-870a-1a95a3b32dad tempest-AttachVolumeShelveTestJSON-321469787 tempest-AttachVolumeShelveTestJSON-321469787-project] Determining version of request: GET /v2/schemas/image Accept: */* {{(pid=115451) process_request /opt/stack/glance/glance/api/middleware/version_negotiation.py:44}}
Aug 31 11:30:14.449129 dv-cinder-855350-1-smb devstack@g-api.service[115451]: DEBUG glance.api.middleware.version_negotiation [None req-fe30d55a-3f85-4378-870a-1a95a3b32dad tempest-AttachVolumeShelveTestJSON-321469787 tempest-AttachVolumeShelveTestJSON-321469787-project] Using url versioning {{(pid=115451) process_request /opt/stack/glance/glance/api/middleware/version_negotiation.py:57}}
Aug 31 11:30:14.449129 dv-cinder-855350-1-smb devstack@g-api.service[115451]: DEBUG glance.api.middleware.version_negotiation [None req-fe30d55a-3f85-4378-870a-1a95a3b32dad tempest-AttachVolumeShelveTestJSON-321469787 tempest-AttachVolumeShelveTestJSON-321469787-project] Matched version: v2 {{(pid=115451) process_request /opt/stack/glance/glance/api/middleware/version_negotiation.py:69}}
Aug 31 11:30:14.449129 dv-cinder-855350-1-smb devstack@g-api.service[115451]: DEBUG glance.api.middleware.version_negotiation [None req-fe30d55a-3f85-4378-870a-1a95a3b32dad tempest-AttachVolumeShelveTestJSON-321469787 tempest-AttachVolumeShelveTestJSON-321469787-project] new path /v2/schemas/image {{(pid=115451) process_request /opt/stack/glance/glance/api/middleware/version_negotiation.py:70}}
Aug 31 11:30:14.454707 dv-cinder-855350-1-smb devstack@g-api.service[115451]: [pid: 115451|app: 0|req: 137/264] 127.0.0.1 () {42 vars in 1001 bytes} [Wed Aug 31 11:30:14 2022] GET /v2/schemas/image => generated 6083 bytes in 9 msecs (HTTP/1.1 200) 4 headers in 158 bytes (1 switches on core 0)
Aug 31 11:30:18.265182 dv-cinder-855350-1-smb devstack@g-api.service[115450]: DEBUG glance.api.middleware.version_negotiation [None req-fcf22ebf-6051-4d47-97c2-8c6ca6a85f05 tempest-AttachVolumeNegativeTest-539588336 tempest-AttachVolumeNegativeTest-539588336-project] Determining version of request: GET /v2/images/da356fe7-4a17-4b2f-ab62-a7716610cf2b Accept: */* {{(pid=115450) process_request /opt/stack/glance/glance/api/middleware/version_negotiation.py:44}}
Aug 31 11:30:18.265698 dv-cinder-855350-1-smb devstack@g-api.service[115450]: DEBUG glance.api.middleware.version_negotiation [None req-fcf22ebf-6051-4d47-97c2-8c6ca6a85f05 tempest-AttachVolumeNegativeTest-539588336 tempest-AttachVolumeNegativeTest-539588336-project] Using url versioning {{(pid=115450) process_request /opt/stack/glance/glance/api/middleware/version_negotiation.py:57}}
Aug 31 11:30:18.265909 dv-cinder-855350-1-smb devstack@g-api.service[115450]: DEBUG glance.api.middleware.version_negotiation [None req-fcf22ebf-6051-4d47-97c2-8c6ca6a85f05 tempest-AttachVolumeNegativeTest-539588336 tempest-AttachVolumeNegativeTest-539588336-project] Matched version: v2 {{(pid=115450) process_request /opt/stack/glance/glance/api/middleware/version_negotiation.py:69}}
Aug 31 11:30:18.266259 dv-cinder-855350-1-smb devstack@g-api.service[115450]: DEBUG glance.api.middleware.version_negotiation [None req-fcf22ebf-6051-4d47-97c2-8c6ca6a85f05 tempest-AttachVolumeNegativeTest-539588336 tempest-AttachVolumeNegativeTest-539588336-project] new path /v2/images/da356fe7-4a17-4b2f-ab62-a7716610cf2b {{(pid=115450) process_request /opt/stack/glance/glance/api/middleware/version_negotiation.py:70}}
Aug 31 11:30:18.288924 dv-cinder-855350-1-smb devstack@g-api.service[115450]: [pid: 115450|app: 0|req: 128/265] 127.0.0.1 () {40 vars in 854 bytes} [Wed Aug 31 11:30:18 2022] GET /v2/images/da356fe7-4a17-4b2f-ab62-a7716610cf2b => generated 946 bytes in 24 msecs (HTTP/1.1 200) 4 headers in 157 bytes (1 switches on core 0)
Aug 31 11:30:18.294786 dv-cinder-855350-1-smb devstack@g-api.service[115451]: DEBUG glance.api.middleware.version_negotiation [None req-fcf22ebf-6051-4d47-97c2-8c6ca6a85f05 tempest-AttachVolumeNegativeTest-539588336 tempest-AttachVolumeNegativeTest-539588336-project] Determining version of request: GET /v2/schemas/image Accept: */* {{(pid=115451) process_request /opt/stack/glance/glance/api/middleware/version_negotiation.py:44}}
Aug 31 11:30:18.295305 dv-cinder-855350-1-smb devstack@g-api.service[115451]: DEBUG glance.api.middleware.version_negotiation [None req-fcf22ebf-6051-4d47-97c2-8c6ca6a85f05 tempest-AttachVolumeNegativeTest-539588336 tempest-AttachVolumeNegativeTest-539588336-project] Using url versioning {{(pid=115451) process_request /opt/stack/glance/glance/api/middleware/version_negotiation.py:57}}
Aug 31 11:30:18.295592 dv-cinder-855350-1-smb devstack@g-api.service[115451]: DEBUG glance.api.middleware.version_negotiation [None req-fcf22ebf-6051-4d47-97c2-8c6ca6a85f05 tempest-AttachVolumeNegativeTest-539588336 tempest-AttachVolumeNegativeTest-539588336-project] Matched version: v2 {{(pid=115451) process_request /opt/stack/glance/glance/api/middleware/version_negotiation.py:69}}
Aug 31 11:30:18.296521 dv-cinder-855350-1-smb devstack@g-api.service[115451]: DEBUG glance.api.middleware.version_negotiation [None req-fcf22ebf-6051-4d47-97c2-8c6ca6a85f05 tempest-AttachVolumeNegativeTest-539588336 tempest-AttachVolumeNegativeTest-539588336-project] new path /v2/schemas/image {{(pid=115451) process_request /opt/stack/glance/glance/api/middleware/version_negotiation.py:70}}
Aug 31 11:30:18.300688 dv-cinder-855350-1-smb devstack@g-api.service[115451]: [pid: 115451|app: 0|req: 138/266] 127.0.0.1 () {40 vars in 794 bytes} [Wed Aug 31 11:30:18 2022] GET /v2/schemas/image => generated 6083 bytes in 6 msecs (HTTP/1.1 200) 4 headers in 158 bytes (1 switches on core 0)
Aug 31 11:30:28.285539 dv-cinder-855350-1-smb devstack@g-api.service[115450]: DEBUG dbcounter [-] [115450] Writing DB stats glance:SELECT=8 {{(pid=115450) stat_writer /usr/local/lib/python3.8/dist-packages/dbcounter.py:114}}
Aug 31 11:31:57.061082 dv-cinder-855350-1-smb devstack@g-api.service[115450]: DEBUG glance.api.middleware.version_negotiation [None req-fcf22ebf-6051-4d47-97c2-8c6ca6a85f05 tempest-AttachVolumeNegativeTest-539588336 tempest-AttachVolumeNegativeTest-539588336-project] Determining version of request: GET /v2/images/da356fe7-4a17-4b2f-ab62-a7716610cf2b Accept: */* {{(pid=115450) process_request /opt/stack/glance/glance/api/middleware/version_negotiation.py:44}}
Aug 31 11:31:57.061734 dv-cinder-855350-1-smb devstack@g-api.service[115450]: DEBUG glance.api.middleware.version_negotiation [None req-fcf22ebf-6051-4d47-97c2-8c6ca6a85f05 tempest-AttachVolumeNegativeTest-539588336 tempest-AttachVolumeNegativeTest-539588336-project] Using url versioning {{(pid=115450) process_request /opt/stack/glance/glance/api/middleware/version_negotiation.py:57}}
Aug 31 11:31:57.061835 dv-cinder-855350-1-smb devstack@g-api.service[115450]: DEBUG glance.api.middleware.version_negotiation [None req-fcf22ebf-6051-4d47-97c2-8c6ca6a85f05 tempest-AttachVolumeNegativeTest-539588336 tempest-AttachVolumeNegativeTest-539588336-project] Matched version: v2 {{(pid=115450) process_request /opt/stack/glance/glance/api/middleware/version_negotiation.py:69}}
Aug 31 11:31:57.062046 dv-cinder-855350-1-smb devstack@g-api.service[115450]: DEBUG glance.api.middleware.version_negotiation [None req-fcf22ebf-6051-4d47-97c2-8c6ca6a85f05 tempest-AttachVolumeNegativeTest-539588336 tempest-AttachVolumeNegativeTest-539588336-project] new path /v2/images/da356fe7-4a17-4b2f-ab62-a7716610cf2b {{(pid=115450) process_request /opt/stack/glance/glance/api/middleware/version_negotiation.py:70}}
Aug 31 11:31:57.078897 dv-cinder-855350-1-smb devstack@g-api.service[115450]: [pid: 115450|app: 0|req: 129/267] 127.0.0.1 () {42 vars in 1061 bytes} [Wed Aug 31 11:31:57 2022] GET /v2/images/da356fe7-4a17-4b2f-ab62-a7716610cf2b => generated 946 bytes in 18 msecs (HTTP/1.1 200) 4 headers in 157 bytes (1 switches on core 0)
Aug 31 11:31:57.084155 dv-cinder-855350-1-smb devstack@g-api.service[115451]: DEBUG glance.api.middleware.version_negotiation [None req-fcf22ebf-6051-4d47-97c2-8c6ca6a85f05 tempest-AttachVolumeNegativeTest-539588336 tempest-AttachVolumeNegativeTest-539588336-project] Determining version of request: GET /v2/schemas/image Accept: */* {{(pid=115451) process_request /opt/stack/glance/glance/api/middleware/version_negotiation.py:44}}
Aug 31 11:31:57.084632 dv-cinder-855350-1-smb devstack@g-api.service[115451]: DEBUG glance.api.middleware.version_negotiation [None req-fcf22ebf-6051-4d47-97c2-8c6ca6a85f05 tempest-AttachVolumeNegativeTest-539588336 tempest-AttachVolumeNegativeTest-539588336-project] Using url versioning {{(pid=115451) process_request /opt/stack/glance/glance/api/middleware/version_negotiation.py:57}}
Aug 31 11:31:57.084808 dv-cinder-855350-1-smb devstack@g-api.service[115451]: DEBUG glance.api.middleware.version_negotiation [None req-fcf22ebf-6051-4d47-97c2-8c6ca6a85f05 tempest-AttachVolumeNegativeTest-539588336 tempest-AttachVolumeNegativeTest-539588336-project] Matched version: v2 {{(pid=115451) process_request /opt/stack/glance/glance/api/middleware/version_negotiation.py:69}}
Aug 31 11:31:57.085093 dv-cinder-855350-1-smb devstack@g-api.service[115451]: DEBUG glance.api.middleware.version_negotiation [None req-fcf22ebf-6051-4d47-97c2-8c6ca6a85f05 tempest-AttachVolumeNegativeTest-539588336 tempest-AttachVolumeNegativeTest-539588336-project] new path /v2/schemas/image {{(pid=115451) process_request /opt/stack/glance/glance/api/middleware/version_negotiation.py:70}}
Aug 31 11:31:57.090195 dv-cinder-855350-1-smb devstack@g-api.service[115451]: [pid: 115451|app: 0|req: 139/268] 127.0.0.1 () {42 vars in 1001 bytes} [Wed Aug 31 11:31:57 2022] GET /v2/schemas/image => generated 6083 bytes in 6 msecs (HTTP/1.1 200) 4 headers in 158 bytes (1 switches on core 0)
Aug 31 11:32:01.336554 dv-cinder-855350-1-smb devstack@g-api.service[115450]: DEBUG glance.api.middleware.version_negotiation [None req-2f37a1c5-7c5d-45f2-a080-2677f5e82b7a tempest-AttachVolumeNegativeTest-539588336 tempest-AttachVolumeNegativeTest-539588336-project] Determining version of request: GET /v2/images/da356fe7-4a17-4b2f-ab62-a7716610cf2b Accept: */* {{(pid=115450) process_request /opt/stack/glance/glance/api/middleware/version_negotiation.py:44}}
Aug 31 11:32:01.337050 dv-cinder-855350-1-smb devstack@g-api.service[115450]: DEBUG glance.api.middleware.version_negotiation [None req-2f37a1c5-7c5d-45f2-a080-2677f5e82b7a tempest-AttachVolumeNegativeTest-539588336 tempest-AttachVolumeNegativeTest-539588336-project] Using url versioning {{(pid=115450) process_request /opt/stack/glance/glance/api/middleware/version_negotiation.py:57}}
Aug 31 11:32:01.337227 dv-cinder-855350-1-smb devstack@g-api.service[115450]: DEBUG glance.api.middleware.version_negotiation [None req-2f37a1c5-7c5d-45f2-a080-2677f5e82b7a tempest-AttachVolumeNegativeTest-539588336 tempest-AttachVolumeNegativeTest-539588336-project] Matched version: v2 {{(pid=115450) process_request /opt/stack/glance/glance/api/middleware/version_negotiation.py:69}}
Aug 31 11:32:01.337627 dv-cinder-855350-1-smb devstack@g-api.service[115450]: DEBUG glance.api.middleware.version_negotiation [None req-2f37a1c5-7c5d-45f2-a080-2677f5e82b7a tempest-AttachVolumeNegativeTest-539588336 tempest-AttachVolumeNegativeTest-539588336-project] new path /v2/images/da356fe7-4a17-4b2f-ab62-a7716610cf2b {{(pid=115450) process_request /opt/stack/glance/glance/api/middleware/version_negotiation.py:70}}
Aug 31 11:32:01.354311 dv-cinder-855350-1-smb devstack@g-api.service[115450]: [pid: 115450|app: 0|req: 130/269] 127.0.0.1 () {40 vars in 854 bytes} [Wed Aug 31 11:32:01 2022] GET /v2/images/da356fe7-4a17-4b2f-ab62-a7716610cf2b => generated 946 bytes in 18 msecs (HTTP/1.1 200) 4 headers in 157 bytes (1 switches on core 0)
Aug 31 11:32:01.360236 dv-cinder-855350-1-smb devstack@g-api.service[115451]: DEBUG glance.api.middleware.version_negotiation [None req-2f37a1c5-7c5d-45f2-a080-2677f5e82b7a tempest-AttachVolumeNegativeTest-539588336 tempest-AttachVolumeNegativeTest-539588336-project] Determining version of request: GET /v2/schemas/image Accept: */* {{(pid=115451) process_request /opt/stack/glance/glance/api/middleware/version_negotiation.py:44}}
Aug 31 11:32:01.360718 dv-cinder-855350-1-smb devstack@g-api.service[115451]: DEBUG glance.api.middleware.version_negotiation [None req-2f37a1c5-7c5d-45f2-a080-2677f5e82b7a tempest-AttachVolumeNegativeTest-539588336 tempest-AttachVolumeNegativeTest-539588336-project] Using url versioning {{(pid=115451) process_request /opt/stack/glance/glance/api/middleware/version_negotiation.py:57}}
Aug 31 11:32:01.360904 dv-cinder-855350-1-smb devstack@g-api.service[115451]: DEBUG glance.api.middleware.version_negotiation [None req-2f37a1c5-7c5d-45f2-a080-2677f5e82b7a tempest-AttachVolumeNegativeTest-539588336 tempest-AttachVolumeNegativeTest-539588336-project] Matched version: v2 {{(pid=115451) process_request /opt/stack/glance/glance/api/middleware/version_negotiation.py:69}}
Aug 31 11:32:01.361188 dv-cinder-855350-1-smb devstack@g-api.service[115451]: DEBUG glance.api.middleware.version_negotiation [None req-2f37a1c5-7c5d-45f2-a080-2677f5e82b7a tempest-AttachVolumeNegativeTest-539588336 tempest-AttachVolumeNegativeTest-539588336-project] new path /v2/schemas/image {{(pid=115451) process_request /opt/stack/glance/glance/api/middleware/version_negotiation.py:70}}
Aug 31 11:32:01.365322 dv-cinder-855350-1-smb devstack@g-api.service[115451]: [pid: 115451|app: 0|req: 140/270] 127.0.0.1 () {40 vars in 794 bytes} [Wed Aug 31 11:32:01 2022] GET /v2/schemas/image => generated 6083 bytes in 5 msecs (HTTP/1.1 200) 4 headers in 158 bytes (1 switches on core 0)
Aug 31 11:32:11.350765 dv-cinder-855350-1-smb devstack@g-api.service[115450]: DEBUG dbcounter [-] [115450] Writing DB stats glance:SELECT=8 {{(pid=115450) stat_writer /usr/local/lib/python3.8/dist-packages/dbcounter.py:114}}
Aug 31 11:33:12.985950 dv-cinder-855350-1-smb devstack@g-api.service[115450]: DEBUG glance.api.middleware.version_negotiation [None req-2f37a1c5-7c5d-45f2-a080-2677f5e82b7a tempest-AttachVolumeNegativeTest-539588336 tempest-AttachVolumeNegativeTest-539588336-project] Determining version of request: GET /v2/images/da356fe7-4a17-4b2f-ab62-a7716610cf2b Accept: */* {{(pid=115450) process_request /opt/stack/glance/glance/api/middleware/version_negotiation.py:44}}
Aug 31 11:33:12.986572 dv-cinder-855350-1-smb devstack@g-api.service[115450]: DEBUG glance.api.middleware.version_negotiation [None req-2f37a1c5-7c5d-45f2-a080-2677f5e82b7a tempest-AttachVolumeNegativeTest-539588336 tempest-AttachVolumeNegativeTest-539588336-project] Using url versioning {{(pid=115450) process_request /opt/stack/glance/glance/api/middleware/version_negotiation.py:57}}
Aug 31 11:33:12.986674 dv-cinder-855350-1-smb devstack@g-api.service[115450]: DEBUG glance.api.middleware.version_negotiation [None req-2f37a1c5-7c5d-45f2-a080-2677f5e82b7a tempest-AttachVolumeNegativeTest-539588336 tempest-AttachVolumeNegativeTest-539588336-project] Matched version: v2 {{(pid=115450) process_request /opt/stack/glance/glance/api/middleware/version_negotiation.py:69}}
Aug 31 11:33:12.986907 dv-cinder-855350-1-smb devstack@g-api.service[115450]: DEBUG glance.api.middleware.version_negotiation [None req-2f37a1c5-7c5d-45f2-a080-2677f5e82b7a tempest-AttachVolumeNegativeTest-539588336 tempest-AttachVolumeNegativeTest-539588336-project] new path /v2/images/da356fe7-4a17-4b2f-ab62-a7716610cf2b {{(pid=115450) process_request /opt/stack/glance/glance/api/middleware/version_negotiation.py:70}}
Aug 31 11:33:13.004000 dv-cinder-855350-1-smb devstack@g-api.service[115450]: [pid: 115450|app: 0|req: 131/271] 127.0.0.1 () {42 vars in 1061 bytes} [Wed Aug 31 11:33:12 2022] GET /v2/images/da356fe7-4a17-4b2f-ab62-a7716610cf2b => generated 946 bytes in 18 msecs (HTTP/1.1 200) 4 headers in 157 bytes (1 switches on core 0)
Aug 31 11:33:13.010020 dv-cinder-855350-1-smb devstack@g-api.service[115451]: DEBUG glance.api.middleware.version_negotiation [None req-2f37a1c5-7c5d-45f2-a080-2677f5e82b7a tempest-AttachVolumeNegativeTest-539588336 tempest-AttachVolumeNegativeTest-539588336-project] Determining version of request: GET /v2/schemas/image Accept: */* {{(pid=115451) process_request /opt/stack/glance/glance/api/middleware/version_negotiation.py:44}}
Aug 31 11:33:13.010515 dv-cinder-855350-1-smb devstack@g-api.service[115451]: DEBUG glance.api.middleware.version_negotiation [None req-2f37a1c5-7c5d-45f2-a080-2677f5e82b7a tempest-AttachVolumeNegativeTest-539588336 tempest-AttachVolumeNegativeTest-539588336-project] Using url versioning {{(pid=115451) process_request /opt/stack/glance/glance/api/middleware/version_negotiation.py:57}}
Aug 31 11:33:13.010725 dv-cinder-855350-1-smb devstack@g-api.service[115451]: DEBUG glance.api.middleware.version_negotiation [None req-2f37a1c5-7c5d-45f2-a080-2677f5e82b7a tempest-AttachVolumeNegativeTest-539588336 tempest-AttachVolumeNegativeTest-539588336-project] Matched version: v2 {{(pid=115451) process_request /opt/stack/glance/glance/api/middleware/version_negotiation.py:69}}
Aug 31 11:33:13.011006 dv-cinder-855350-1-smb devstack@g-api.service[115451]: DEBUG glance.api.middleware.version_negotiation [None req-2f37a1c5-7c5d-45f2-a080-2677f5e82b7a tempest-AttachVolumeNegativeTest-539588336 tempest-AttachVolumeNegativeTest-539588336-project] new path /v2/schemas/image {{(pid=115451) process_request /opt/stack/glance/glance/api/middleware/version_negotiation.py:70}}
Aug 31 11:33:13.015960 dv-cinder-855350-1-smb devstack@g-api.service[115451]: [pid: 115451|app: 0|req: 141/272] 127.0.0.1 () {42 vars in 1001 bytes} [Wed Aug 31 11:33:13 2022] GET /v2/schemas/image => generated 6083 bytes in 6 msecs (HTTP/1.1 200) 4 headers in 158 bytes (1 switches on core 0)
Aug 31 11:33:16.924131 dv-cinder-855350-1-smb devstack@g-api.service[115450]: DEBUG glance.api.middleware.version_negotiation [None req-c42098ca-a3de-421f-a223-7c0db2fbf3c8 tempest-AttachVolumeTestJSON-1671569397 tempest-AttachVolumeTestJSON-1671569397-project] Determining version of request: GET /v2/images/da356fe7-4a17-4b2f-ab62-a7716610cf2b Accept: */* {{(pid=115450) process_request /opt/stack/glance/glance/api/middleware/version_negotiation.py:44}}
Aug 31 11:33:16.924730 dv-cinder-855350-1-smb devstack@g-api.service[115450]: DEBUG glance.api.middleware.version_negotiation [None req-c42098ca-a3de-421f-a223-7c0db2fbf3c8 tempest-AttachVolumeTestJSON-1671569397 tempest-AttachVolumeTestJSON-1671569397-project] Using url versioning {{(pid=115450) process_request /opt/stack/glance/glance/api/middleware/version_negotiation.py:57}}
Aug 31 11:33:16.924838 dv-cinder-855350-1-smb devstack@g-api.service[115450]: DEBUG glance.api.middleware.version_negotiation [None req-c42098ca-a3de-421f-a223-7c0db2fbf3c8 tempest-AttachVolumeTestJSON-1671569397 tempest-AttachVolumeTestJSON-1671569397-project] Matched version: v2 {{(pid=115450) process_request /opt/stack/glance/glance/api/middleware/version_negotiation.py:69}}
Aug 31 11:33:16.925075 dv-cinder-855350-1-smb devstack@g-api.service[115450]: DEBUG glance.api.middleware.version_negotiation [None req-c42098ca-a3de-421f-a223-7c0db2fbf3c8 tempest-AttachVolumeTestJSON-1671569397 tempest-AttachVolumeTestJSON-1671569397-project] new path /v2/images/da356fe7-4a17-4b2f-ab62-a7716610cf2b {{(pid=115450) process_request /opt/stack/glance/glance/api/middleware/version_negotiation.py:70}}
Aug 31 11:33:16.941939 dv-cinder-855350-1-smb devstack@g-api.service[115450]: [pid: 115450|app: 0|req: 132/273] 127.0.0.1 () {40 vars in 854 bytes} [Wed Aug 31 11:33:16 2022] GET /v2/images/da356fe7-4a17-4b2f-ab62-a7716610cf2b => generated 946 bytes in 18 msecs (HTTP/1.1 200) 4 headers in 157 bytes (1 switches on core 0)
Aug 31 11:33:16.953541 dv-cinder-855350-1-smb devstack@g-api.service[115451]: DEBUG glance.api.middleware.version_negotiation [None req-c42098ca-a3de-421f-a223-7c0db2fbf3c8 tempest-AttachVolumeTestJSON-1671569397 tempest-AttachVolumeTestJSON-1671569397-project] Determining version of request: GET /v2/schemas/image Accept: */* {{(pid=115451) process_request /opt/stack/glance/glance/api/middleware/version_negotiation.py:44}}
Aug 31 11:33:16.954017 dv-cinder-855350-1-smb devstack@g-api.service[115451]: DEBUG glance.api.middleware.version_negotiation [None req-c42098ca-a3de-421f-a223-7c0db2fbf3c8 tempest-AttachVolumeTestJSON-1671569397 tempest-AttachVolumeTestJSON-1671569397-project] Using url versioning {{(pid=115451) process_request /opt/stack/glance/glance/api/middleware/version_negotiation.py:57}}
Aug 31 11:33:16.954488 dv-cinder-855350-1-smb devstack@g-api.service[115451]: DEBUG glance.api.middleware.version_negotiation [None req-c42098ca-a3de-421f-a223-7c0db2fbf3c8 tempest-AttachVolumeTestJSON-1671569397 tempest-AttachVolumeTestJSON-1671569397-project] Matched version: v2 {{(pid=115451) process_request /opt/stack/glance/glance/api/middleware/version_negotiation.py:69}}
Aug 31 11:33:16.954893 dv-cinder-855350-1-smb devstack@g-api.service[115451]: DEBUG glance.api.middleware.version_negotiation [None req-c42098ca-a3de-421f-a223-7c0db2fbf3c8 tempest-AttachVolumeTestJSON-1671569397 tempest-AttachVolumeTestJSON-1671569397-project] new path /v2/schemas/image {{(pid=115451) process_request /opt/stack/glance/glance/api/middleware/version_negotiation.py:70}}
Aug 31 11:33:16.959153 dv-cinder-855350-1-smb devstack@g-api.service[115451]: [pid: 115451|app: 0|req: 142/274] 127.0.0.1 () {40 vars in 794 bytes} [Wed Aug 31 11:33:16 2022] GET /v2/schemas/image => generated 6083 bytes in 6 msecs (HTTP/1.1 200) 4 headers in 158 bytes (1 switches on core 0)
Aug 31 11:33:26.937603 dv-cinder-855350-1-smb devstack@g-api.service[115450]: DEBUG dbcounter [-] [115450] Writing DB stats glance:SELECT=8 {{(pid=115450) stat_writer /usr/local/lib/python3.8/dist-packages/dbcounter.py:114}}
Aug 31 11:33:47.115702 dv-cinder-855350-1-smb devstack@g-api.service[115450]: DEBUG glance.api.middleware.version_negotiation [None req-c42098ca-a3de-421f-a223-7c0db2fbf3c8 tempest-AttachVolumeTestJSON-1671569397 tempest-AttachVolumeTestJSON-1671569397-project] Determining version of request: GET /v2/images/da356fe7-4a17-4b2f-ab62-a7716610cf2b Accept: */* {{(pid=115450) process_request /opt/stack/glance/glance/api/middleware/version_negotiation.py:44}}
Aug 31 11:33:47.116334 dv-cinder-855350-1-smb devstack@g-api.service[115450]: DEBUG glance.api.middleware.version_negotiation [None req-c42098ca-a3de-421f-a223-7c0db2fbf3c8 tempest-AttachVolumeTestJSON-1671569397 tempest-AttachVolumeTestJSON-1671569397-project] Using url versioning {{(pid=115450) process_request /opt/stack/glance/glance/api/middleware/version_negotiation.py:57}}
Aug 31 11:33:47.116452 dv-cinder-855350-1-smb devstack@g-api.service[115450]: DEBUG glance.api.middleware.version_negotiation [None req-c42098ca-a3de-421f-a223-7c0db2fbf3c8 tempest-AttachVolumeTestJSON-1671569397 tempest-AttachVolumeTestJSON-1671569397-project] Matched version: v2 {{(pid=115450) process_request /opt/stack/glance/glance/api/middleware/version_negotiation.py:69}}
Aug 31 11:33:47.117243 dv-cinder-855350-1-smb devstack@g-api.service[115450]: DEBUG glance.api.middleware.version_negotiation [None req-c42098ca-a3de-421f-a223-7c0db2fbf3c8 tempest-AttachVolumeTestJSON-1671569397 tempest-AttachVolumeTestJSON-1671569397-project] new path /v2/images/da356fe7-4a17-4b2f-ab62-a7716610cf2b {{(pid=115450) process_request /opt/stack/glance/glance/api/middleware/version_negotiation.py:70}}
Aug 31 11:33:47.133175 dv-cinder-855350-1-smb devstack@g-api.service[115450]: [pid: 115450|app: 0|req: 133/275] 127.0.0.1 () {42 vars in 1061 bytes} [Wed Aug 31 11:33:47 2022] GET /v2/images/da356fe7-4a17-4b2f-ab62-a7716610cf2b => generated 946 bytes in 18 msecs (HTTP/1.1 200) 4 headers in 157 bytes (1 switches on core 0)
Aug 31 11:33:47.138318 dv-cinder-855350-1-smb devstack@g-api.service[115451]: DEBUG glance.api.middleware.version_negotiation [None req-c42098ca-a3de-421f-a223-7c0db2fbf3c8 tempest-AttachVolumeTestJSON-1671569397 tempest-AttachVolumeTestJSON-1671569397-project] Determining version of request: GET /v2/schemas/image Accept: */* {{(pid=115451) process_request /opt/stack/glance/glance/api/middleware/version_negotiation.py:44}}
Aug 31 11:33:47.138791 dv-cinder-855350-1-smb devstack@g-api.service[115451]: DEBUG glance.api.middleware.version_negotiation [None req-c42098ca-a3de-421f-a223-7c0db2fbf3c8 tempest-AttachVolumeTestJSON-1671569397 tempest-AttachVolumeTestJSON-1671569397-project] Using url versioning {{(pid=115451) process_request /opt/stack/glance/glance/api/middleware/version_negotiation.py:57}}
Aug 31 11:33:47.138976 dv-cinder-855350-1-smb devstack@g-api.service[115451]: DEBUG glance.api.middleware.version_negotiation [None req-c42098ca-a3de-421f-a223-7c0db2fbf3c8 tempest-AttachVolumeTestJSON-1671569397 tempest-AttachVolumeTestJSON-1671569397-project] Matched version: v2 {{(pid=115451) process_request /opt/stack/glance/glance/api/middleware/version_negotiation.py:69}}
Aug 31 11:33:47.139261 dv-cinder-855350-1-smb devstack@g-api.service[115451]: DEBUG glance.api.middleware.version_negotiation [None req-c42098ca-a3de-421f-a223-7c0db2fbf3c8 tempest-AttachVolumeTestJSON-1671569397 tempest-AttachVolumeTestJSON-1671569397-project] new path /v2/schemas/image {{(pid=115451) process_request /opt/stack/glance/glance/api/middleware/version_negotiation.py:70}}
Aug 31 11:33:47.143678 dv-cinder-855350-1-smb devstack@g-api.service[115451]: [pid: 115451|app: 0|req: 143/276] 127.0.0.1 () {42 vars in 1001 bytes} [Wed Aug 31 11:33:47 2022] GET /v2/schemas/image => generated 6083 bytes in 6 msecs (HTTP/1.1 200) 4 headers in 158 bytes (1 switches on core 0)
