Aug 31 11:05:54.316333 dv-cinder-855350-1-iscsi devstack@c-api.service[113482]: /usr/local/lib/python3.8/dist-packages/oslo_context/context.py:100: DeprecationWarning: Policy enforcement is depending on the value of is_admin. This key is deprecated. Please update your policy file to use the standard policy values.
Aug 31 11:05:54.316333 dv-cinder-855350-1-iscsi devstack@c-api.service[113482]: warnings.warn('Policy enforcement is depending on the value of '
Aug 31 11:05:54.319460 dv-cinder-855350-1-iscsi devstack@c-api.service[113480]: DEBUG cinder.api.middleware.request_id [None req-90895800-7949-41f9-a782-0f68ee14e425 None None] RequestId filter calling following filter/app {{(pid=113480) _context_setter /opt/stack/cinder/cinder/api/middleware/request_id.py:62}}
Aug 31 11:05:54.332537 dv-cinder-855350-1-iscsi devstack@c-api.service[113480]: INFO cinder.api.openstack.wsgi [None req-90895800-7949-41f9-a782-0f68ee14e425 tempest-SnapshotMetadataTestJSON-1752486656 tempest-SnapshotMetadataTestJSON-1752486656-project] PUT http://10.222.0.20/volume/v3/cd08c3763d1f4a1c8f045d0cee00f604/snapshots/5e5d3c05-be1c-4438-b782-c23ba9fb1cb1/metadata
Aug 31 11:05:54.340304 dv-cinder-855350-1-iscsi devstack@c-api.service[113480]: DEBUG cinder.api.openstack.wsgi [None req-90895800-7949-41f9-a782-0f68ee14e425 tempest-SnapshotMetadataTestJSON-1752486656 tempest-SnapshotMetadataTestJSON-1752486656-project] Action: 'update_all', calling method: update_all, body: {"metadata": {"key3": "value3_update", "key4": "value4"}} {{(pid=113480) _process_stack /opt/stack/cinder/cinder/api/openstack/wsgi.py:866}}
Aug 31 11:05:54.345822 dv-cinder-855350-1-iscsi devstack@c-api.service[113482]: INFO cinder.volume.api [None req-41450d5c-4647-4b2e-9577-b9dd1f60a355 tempest-VolumeRetypeWithoutMigrationTest-716383154 tempest-VolumeRetypeWithoutMigrationTest-716383154-project] Volume info retrieved successfully.
Aug 31 11:05:54.391611 dv-cinder-855350-1-iscsi devstack@c-api.service[113482]: INFO cinder.api.openstack.wsgi [None req-41450d5c-4647-4b2e-9577-b9dd1f60a355 tempest-VolumeRetypeWithoutMigrationTest-716383154 tempest-VolumeRetypeWithoutMigrationTest-716383154-project] http://10.222.0.20/volume/v3/8e609628bade4e388ae76a865dddf570/volumes/2d8755b5-9185-430c-a593-f3d56862f415 returned with HTTP 200
Aug 31 11:05:54.392739 dv-cinder-855350-1-iscsi devstack@c-api.service[113480]: /usr/local/lib/python3.8/dist-packages/oslo_context/context.py:100: DeprecationWarning: Policy enforcement is depending on the value of is_admin. This key is deprecated. Please update your policy file to use the standard policy values.
Aug 31 11:05:54.392739 dv-cinder-855350-1-iscsi devstack@c-api.service[113480]: warnings.warn('Policy enforcement is depending on the value of '
Aug 31 11:05:54.394605 dv-cinder-855350-1-iscsi devstack@c-api.service[113480]: INFO cinder.volume.api [None req-90895800-7949-41f9-a782-0f68ee14e425 tempest-SnapshotMetadataTestJSON-1752486656 tempest-SnapshotMetadataTestJSON-1752486656-project] Snapshot retrieved successfully.
Aug 31 11:05:54.408845 dv-cinder-855350-1-iscsi devstack@c-api.service[113482]: [pid: 113482|app: 0|req: 92/160] 10.222.0.20 () {58 vars in 1325 bytes} [Wed Aug 31 11:05:54 2022] GET /volume/v3/8e609628bade4e388ae76a865dddf570/volumes/2d8755b5-9185-430c-a593-f3d56862f415 => generated 927 bytes in 187 msecs (HTTP/1.1 200) 7 headers in 285 bytes (1 switches on core 0)
Aug 31 11:05:54.427677 dv-cinder-855350-1-iscsi devstack@c-api.service[113482]: DEBUG cinder.api.middleware.request_id [None req-e961e8ee-35e6-4b32-a206-ad8dfc435900 None None] RequestId filter calling following filter/app {{(pid=113482) _context_setter /opt/stack/cinder/cinder/api/middleware/request_id.py:62}}
Aug 31 11:05:54.434877 dv-cinder-855350-1-iscsi devstack@c-api.service[113482]: INFO cinder.api.openstack.wsgi [None req-e961e8ee-35e6-4b32-a206-ad8dfc435900 tempest-VolumeRetypeWithoutMigrationTest-1054889552 tempest-VolumeRetypeWithoutMigrationTest-1054889552-project-admin] GET http://10.222.0.20/volume/v3/75d28216713146cd9a92d7d10b1c19b4/volumes/2d8755b5-9185-430c-a593-f3d56862f415
Aug 31 11:05:54.435686 dv-cinder-855350-1-iscsi devstack@c-api.service[113482]: DEBUG cinder.api.openstack.wsgi [None req-e961e8ee-35e6-4b32-a206-ad8dfc435900 tempest-VolumeRetypeWithoutMigrationTest-1054889552 tempest-VolumeRetypeWithoutMigrationTest-1054889552-project-admin] Empty body provided in request {{(pid=113482) get_body /opt/stack/cinder/cinder/api/openstack/wsgi.py:715}}
Aug 31 11:05:54.437136 dv-cinder-855350-1-iscsi devstack@c-api.service[113482]: DEBUG cinder.api.openstack.wsgi [None req-e961e8ee-35e6-4b32-a206-ad8dfc435900 tempest-VolumeRetypeWithoutMigrationTest-1054889552 tempest-VolumeRetypeWithoutMigrationTest-1054889552-project-admin] Calling method 'show' {{(pid=113482) _process_stack /opt/stack/cinder/cinder/api/openstack/wsgi.py:868}}
Aug 31 11:05:54.546602 dv-cinder-855350-1-iscsi devstack@c-api.service[113480]: INFO cinder.volume.api [None req-90895800-7949-41f9-a782-0f68ee14e425 tempest-SnapshotMetadataTestJSON-1752486656 tempest-SnapshotMetadataTestJSON-1752486656-project] Update snapshot metadata completed successfully.
Aug 31 11:05:54.547651 dv-cinder-855350-1-iscsi devstack@c-api.service[113480]: INFO cinder.api.openstack.wsgi [None req-90895800-7949-41f9-a782-0f68ee14e425 tempest-SnapshotMetadataTestJSON-1752486656 tempest-SnapshotMetadataTestJSON-1752486656-project] http://10.222.0.20/volume/v3/cd08c3763d1f4a1c8f045d0cee00f604/snapshots/5e5d3c05-be1c-4438-b782-c23ba9fb1cb1/metadata returned with HTTP 200
Aug 31 11:05:54.556159 dv-cinder-855350-1-iscsi devstack@c-api.service[113480]: [pid: 113480|app: 0|req: 69/161] 10.222.0.20 () {60 vars in 1378 bytes} [Wed Aug 31 11:05:54 2022] PUT /volume/v3/cd08c3763d1f4a1c8f045d0cee00f604/snapshots/5e5d3c05-be1c-4438-b782-c23ba9fb1cb1/metadata => generated 57 bytes in 241 msecs (HTTP/1.1 200) 7 headers in 284 bytes (1 switches on core 0)
Aug 31 11:05:54.558161 dv-cinder-855350-1-iscsi devstack@c-api.service[113480]: DEBUG cinder.api.middleware.request_id [None req-ab507956-0703-4632-894f-efb9ab849c22 None None] RequestId filter calling following filter/app {{(pid=113480) _context_setter /opt/stack/cinder/cinder/api/middleware/request_id.py:62}}
Aug 31 11:05:54.563731 dv-cinder-855350-1-iscsi devstack@c-api.service[113480]: INFO cinder.api.openstack.wsgi [None req-ab507956-0703-4632-894f-efb9ab849c22 tempest-SnapshotMetadataTestJSON-1752486656 tempest-SnapshotMetadataTestJSON-1752486656-project] GET http://10.222.0.20/volume/v3/cd08c3763d1f4a1c8f045d0cee00f604/snapshots/5e5d3c05-be1c-4438-b782-c23ba9fb1cb1/metadata
Aug 31 11:05:54.564225 dv-cinder-855350-1-iscsi devstack@c-api.service[113480]: DEBUG cinder.api.openstack.wsgi [None req-ab507956-0703-4632-894f-efb9ab849c22 tempest-SnapshotMetadataTestJSON-1752486656 tempest-SnapshotMetadataTestJSON-1752486656-project] Empty body provided in request {{(pid=113480) get_body /opt/stack/cinder/cinder/api/openstack/wsgi.py:715}}
Aug 31 11:05:54.565214 dv-cinder-855350-1-iscsi devstack@c-api.service[113480]: DEBUG cinder.api.openstack.wsgi [None req-ab507956-0703-4632-894f-efb9ab849c22 tempest-SnapshotMetadataTestJSON-1752486656 tempest-SnapshotMetadataTestJSON-1752486656-project] Calling method 'index' {{(pid=113480) _process_stack /opt/stack/cinder/cinder/api/openstack/wsgi.py:868}}
Aug 31 11:05:54.576831 dv-cinder-855350-1-iscsi devstack@c-api.service[113480]: /usr/local/lib/python3.8/dist-packages/oslo_context/context.py:100: DeprecationWarning: Policy enforcement is depending on the value of is_admin. This key is deprecated. Please update your policy file to use the standard policy values.
Aug 31 11:05:54.576831 dv-cinder-855350-1-iscsi devstack@c-api.service[113480]: warnings.warn('Policy enforcement is depending on the value of '
Aug 31 11:05:54.578237 dv-cinder-855350-1-iscsi devstack@c-api.service[113480]: INFO cinder.volume.api [None req-ab507956-0703-4632-894f-efb9ab849c22 tempest-SnapshotMetadataTestJSON-1752486656 tempest-SnapshotMetadataTestJSON-1752486656-project] Snapshot retrieved successfully.
Aug 31 11:05:54.580358 dv-cinder-855350-1-iscsi devstack@c-api.service[113480]: INFO cinder.volume.api [None req-ab507956-0703-4632-894f-efb9ab849c22 tempest-SnapshotMetadataTestJSON-1752486656 tempest-SnapshotMetadataTestJSON-1752486656-project] Get snapshot metadata completed successfully.
Aug 31 11:05:54.581129 dv-cinder-855350-1-iscsi devstack@c-api.service[113480]: INFO cinder.api.openstack.wsgi [None req-ab507956-0703-4632-894f-efb9ab849c22 tempest-SnapshotMetadataTestJSON-1752486656 tempest-SnapshotMetadataTestJSON-1752486656-project] http://10.222.0.20/volume/v3/cd08c3763d1f4a1c8f045d0cee00f604/snapshots/5e5d3c05-be1c-4438-b782-c23ba9fb1cb1/metadata returned with HTTP 200
Aug 31 11:05:54.582063 dv-cinder-855350-1-iscsi devstack@c-api.service[113480]: [pid: 113480|app: 0|req: 70/162] 10.222.0.20 () {58 vars in 1358 bytes} [Wed Aug 31 11:05:54 2022] GET /volume/v3/cd08c3763d1f4a1c8f045d0cee00f604/snapshots/5e5d3c05-be1c-4438-b782-c23ba9fb1cb1/metadata => generated 57 bytes in 25 msecs (HTTP/1.1 200) 7 headers in 284 bytes (1 switches on core 0)
Aug 31 11:05:54.589313 dv-cinder-855350-1-iscsi devstack@c-api.service[113480]: DEBUG cinder.api.middleware.request_id [None req-27c75e64-10ab-4604-b5c2-816eb14ffbcb None None] RequestId filter calling following filter/app {{(pid=113480) _context_setter /opt/stack/cinder/cinder/api/middleware/request_id.py:62}}
Aug 31 11:05:54.592144 dv-cinder-855350-1-iscsi devstack@c-api.service[113482]: /usr/local/lib/python3.8/dist-packages/oslo_context/context.py:100: DeprecationWarning: Policy enforcement is depending on the value of is_admin. This key is deprecated. Please update your policy file to use the standard policy values.
Aug 31 11:05:54.592144 dv-cinder-855350-1-iscsi devstack@c-api.service[113482]: warnings.warn('Policy enforcement is depending on the value of '
Aug 31 11:05:54.594786 dv-cinder-855350-1-iscsi devstack@c-api.service[113480]: INFO cinder.api.openstack.wsgi [None req-27c75e64-10ab-4604-b5c2-816eb14ffbcb tempest-SnapshotMetadataTestJSON-1752486656 tempest-SnapshotMetadataTestJSON-1752486656-project] DELETE http://10.222.0.20/volume/v3/cd08c3763d1f4a1c8f045d0cee00f604/snapshots/5e5d3c05-be1c-4438-b782-c23ba9fb1cb1/metadata/key3
Aug 31 11:05:54.595454 dv-cinder-855350-1-iscsi devstack@c-api.service[113480]: DEBUG cinder.api.openstack.wsgi [None req-27c75e64-10ab-4604-b5c2-816eb14ffbcb tempest-SnapshotMetadataTestJSON-1752486656 tempest-SnapshotMetadataTestJSON-1752486656-project] Empty body provided in request {{(pid=113480) get_body /opt/stack/cinder/cinder/api/openstack/wsgi.py:715}}
Aug 31 11:05:54.596170 dv-cinder-855350-1-iscsi devstack@c-api.service[113480]: DEBUG cinder.api.openstack.wsgi [None req-27c75e64-10ab-4604-b5c2-816eb14ffbcb tempest-SnapshotMetadataTestJSON-1752486656 tempest-SnapshotMetadataTestJSON-1752486656-project] Calling method 'delete' {{(pid=113480) _process_stack /opt/stack/cinder/cinder/api/openstack/wsgi.py:868}}
Aug 31 11:05:54.609851 dv-cinder-855350-1-iscsi devstack@c-api.service[113480]: /usr/local/lib/python3.8/dist-packages/oslo_context/context.py:100: DeprecationWarning: Policy enforcement is depending on the value of is_admin. This key is deprecated. Please update your policy file to use the standard policy values.
Aug 31 11:05:54.609851 dv-cinder-855350-1-iscsi devstack@c-api.service[113480]: warnings.warn('Policy enforcement is depending on the value of '
Aug 31 11:05:54.611208 dv-cinder-855350-1-iscsi devstack@c-api.service[113480]: INFO cinder.volume.api [None req-27c75e64-10ab-4604-b5c2-816eb14ffbcb tempest-SnapshotMetadataTestJSON-1752486656 tempest-SnapshotMetadataTestJSON-1752486656-project] Snapshot retrieved successfully.
Aug 31 11:05:54.613346 dv-cinder-855350-1-iscsi devstack@c-api.service[113480]: INFO cinder.volume.api [None req-27c75e64-10ab-4604-b5c2-816eb14ffbcb tempest-SnapshotMetadataTestJSON-1752486656 tempest-SnapshotMetadataTestJSON-1752486656-project] Get snapshot metadata completed successfully.
Aug 31 11:05:54.613630 dv-cinder-855350-1-iscsi devstack@c-api.service[113482]: INFO cinder.volume.api [None req-e961e8ee-35e6-4b32-a206-ad8dfc435900 tempest-VolumeRetypeWithoutMigrationTest-1054889552 tempest-VolumeRetypeWithoutMigrationTest-1054889552-project-admin] Volume info retrieved successfully.
Aug 31 11:05:54.621333 dv-cinder-855350-1-iscsi devstack@c-api.service[113482]: DEBUG dbcounter [-] [113482] Writing DB stats cinder:SELECT=83,cinder:UPDATE=14,cinder:INSERT=3 {{(pid=113482) stat_writer /usr/local/lib/python3.8/dist-packages/dbcounter.py:114}}
Aug 31 11:05:54.632440 dv-cinder-855350-1-iscsi devstack@c-api.service[113480]: INFO cinder.volume.api [None req-27c75e64-10ab-4604-b5c2-816eb14ffbcb tempest-SnapshotMetadataTestJSON-1752486656 tempest-SnapshotMetadataTestJSON-1752486656-project] Delete snapshot metadata completed successfully.
Aug 31 11:05:54.633100 dv-cinder-855350-1-iscsi devstack@c-api.service[113480]: INFO cinder.api.openstack.wsgi [None req-27c75e64-10ab-4604-b5c2-816eb14ffbcb tempest-SnapshotMetadataTestJSON-1752486656 tempest-SnapshotMetadataTestJSON-1752486656-project] http://10.222.0.20/volume/v3/cd08c3763d1f4a1c8f045d0cee00f604/snapshots/5e5d3c05-be1c-4438-b782-c23ba9fb1cb1/metadata/key3 returned with HTTP 200
Aug 31 11:05:54.633292 dv-cinder-855350-1-iscsi devstack@c-api.service[113482]: INFO cinder.api.openstack.wsgi [None req-e961e8ee-35e6-4b32-a206-ad8dfc435900 tempest-VolumeRetypeWithoutMigrationTest-1054889552 tempest-VolumeRetypeWithoutMigrationTest-1054889552-project-admin] http://10.222.0.20/volume/v3/75d28216713146cd9a92d7d10b1c19b4/volumes/2d8755b5-9185-430c-a593-f3d56862f415 returned with HTTP 200
Aug 31 11:05:54.637610 dv-cinder-855350-1-iscsi devstack@c-api.service[113480]: [pid: 113480|app: 0|req: 71/163] 10.222.0.20 () {58 vars in 1376 bytes} [Wed Aug 31 11:05:54 2022] DELETE /volume/v3/cd08c3763d1f4a1c8f045d0cee00f604/snapshots/5e5d3c05-be1c-4438-b782-c23ba9fb1cb1/metadata/key3 => generated 0 bytes in 49 msecs (HTTP/1.1 200) 6 headers in 227 bytes (1 switches on core 0)
Aug 31 11:05:54.644301 dv-cinder-855350-1-iscsi devstack@c-api.service[113482]: [pid: 113482|app: 0|req: 93/164] 10.222.0.20 () {58 vars in 1325 bytes} [Wed Aug 31 11:05:54 2022] GET /volume/v3/75d28216713146cd9a92d7d10b1c19b4/volumes/2d8755b5-9185-430c-a593-f3d56862f415 => generated 1103 bytes in 219 msecs (HTTP/1.1 200) 7 headers in 286 bytes (1 switches on core 0)
Aug 31 11:05:54.645925 dv-cinder-855350-1-iscsi devstack@c-api.service[113480]: DEBUG cinder.api.middleware.request_id [None req-51156a38-3e88-4aab-8205-27a6f79b2931 None None] RequestId filter calling following filter/app {{(pid=113480) _context_setter /opt/stack/cinder/cinder/api/middleware/request_id.py:62}}
Aug 31 11:05:54.659221 dv-cinder-855350-1-iscsi devstack@c-api.service[113480]: INFO cinder.api.openstack.wsgi [None req-51156a38-3e88-4aab-8205-27a6f79b2931 tempest-SnapshotMetadataTestJSON-1752486656 tempest-SnapshotMetadataTestJSON-1752486656-project] GET http://10.222.0.20/volume/v3/cd08c3763d1f4a1c8f045d0cee00f604/snapshots/5e5d3c05-be1c-4438-b782-c23ba9fb1cb1/metadata
Aug 31 11:05:54.659693 dv-cinder-855350-1-iscsi devstack@c-api.service[113480]: DEBUG cinder.api.openstack.wsgi [None req-51156a38-3e88-4aab-8205-27a6f79b2931 tempest-SnapshotMetadataTestJSON-1752486656 tempest-SnapshotMetadataTestJSON-1752486656-project] Empty body provided in request {{(pid=113480) get_body /opt/stack/cinder/cinder/api/openstack/wsgi.py:715}}
Aug 31 11:05:54.660206 dv-cinder-855350-1-iscsi devstack@c-api.service[113480]: DEBUG cinder.api.openstack.wsgi [None req-51156a38-3e88-4aab-8205-27a6f79b2931 tempest-SnapshotMetadataTestJSON-1752486656 tempest-SnapshotMetadataTestJSON-1752486656-project] Calling method 'index' {{(pid=113480) _process_stack /opt/stack/cinder/cinder/api/openstack/wsgi.py:868}}
Aug 31 11:05:54.660740 dv-cinder-855350-1-iscsi devstack@c-api.service[113482]: DEBUG cinder.api.middleware.request_id [None req-08e790ba-08fd-4c95-acf2-72f4f7cfb904 None None] RequestId filter calling following filter/app {{(pid=113482) _context_setter /opt/stack/cinder/cinder/api/middleware/request_id.py:62}}
Aug 31 11:05:54.666088 dv-cinder-855350-1-iscsi devstack@c-api.service[113482]: INFO cinder.api.openstack.wsgi [None req-08e790ba-08fd-4c95-acf2-72f4f7cfb904 tempest-VolumeRetypeWithoutMigrationTest-716383154 tempest-VolumeRetypeWithoutMigrationTest-716383154-project] POST http://10.222.0.20/volume/v3/8e609628bade4e388ae76a865dddf570/volumes/2d8755b5-9185-430c-a593-f3d56862f415/action
Aug 31 11:05:54.668155 dv-cinder-855350-1-iscsi devstack@c-api.service[113482]: DEBUG cinder.api.openstack.wsgi [None req-08e790ba-08fd-4c95-acf2-72f4f7cfb904 tempest-VolumeRetypeWithoutMigrationTest-716383154 tempest-VolumeRetypeWithoutMigrationTest-716383154-project] Action body: b'{"os-retype": {"new_type": "volume-type-2", "migration_policy": "never"}}' {{(pid=113482) get_method /opt/stack/cinder/cinder/api/openstack/wsgi.py:983}}
Aug 31 11:05:54.668690 dv-cinder-855350-1-iscsi devstack@c-api.service[113482]: DEBUG cinder.api.openstack.wsgi [None req-08e790ba-08fd-4c95-acf2-72f4f7cfb904 tempest-VolumeRetypeWithoutMigrationTest-716383154 tempest-VolumeRetypeWithoutMigrationTest-716383154-project] Action: 'action', calling method: _retype, body: {"os-retype": {"new_type": "volume-type-2", "migration_policy": "never"}} {{(pid=113482) _process_stack /opt/stack/cinder/cinder/api/openstack/wsgi.py:866}}
Aug 31 11:05:54.688389 dv-cinder-855350-1-iscsi devstack@c-api.service[113480]: /usr/local/lib/python3.8/dist-packages/oslo_context/context.py:100: DeprecationWarning: Policy enforcement is depending on the value of is_admin. This key is deprecated. Please update your policy file to use the standard policy values.
Aug 31 11:05:54.688389 dv-cinder-855350-1-iscsi devstack@c-api.service[113480]: warnings.warn('Policy enforcement is depending on the value of '
Aug 31 11:05:54.690187 dv-cinder-855350-1-iscsi devstack@c-api.service[113480]: INFO cinder.volume.api [None req-51156a38-3e88-4aab-8205-27a6f79b2931 tempest-SnapshotMetadataTestJSON-1752486656 tempest-SnapshotMetadataTestJSON-1752486656-project] Snapshot retrieved successfully.
Aug 31 11:05:54.690529 dv-cinder-855350-1-iscsi devstack@c-api.service[113482]: /usr/local/lib/python3.8/dist-packages/oslo_context/context.py:100: DeprecationWarning: Policy enforcement is depending on the value of is_admin. This key is deprecated. Please update your policy file to use the standard policy values.
Aug 31 11:05:54.690529 dv-cinder-855350-1-iscsi devstack@c-api.service[113482]: warnings.warn('Policy enforcement is depending on the value of '
Aug 31 11:05:54.691747 dv-cinder-855350-1-iscsi devstack@c-api.service[113482]: INFO cinder.volume.api [None req-08e790ba-08fd-4c95-acf2-72f4f7cfb904 tempest-VolumeRetypeWithoutMigrationTest-716383154 tempest-VolumeRetypeWithoutMigrationTest-716383154-project] Volume info retrieved successfully.
Aug 31 11:05:54.692265 dv-cinder-855350-1-iscsi devstack@c-api.service[113480]: INFO cinder.volume.api [None req-51156a38-3e88-4aab-8205-27a6f79b2931 tempest-SnapshotMetadataTestJSON-1752486656 tempest-SnapshotMetadataTestJSON-1752486656-project] Get snapshot metadata completed successfully.
Aug 31 11:05:54.692862 dv-cinder-855350-1-iscsi devstack@c-api.service[113480]: INFO cinder.api.openstack.wsgi [None req-51156a38-3e88-4aab-8205-27a6f79b2931 tempest-SnapshotMetadataTestJSON-1752486656 tempest-SnapshotMetadataTestJSON-1752486656-project] http://10.222.0.20/volume/v3/cd08c3763d1f4a1c8f045d0cee00f604/snapshots/5e5d3c05-be1c-4438-b782-c23ba9fb1cb1/metadata returned with HTTP 200
Aug 31 11:05:54.695465 dv-cinder-855350-1-iscsi devstack@c-api.service[113480]: [pid: 113480|app: 0|req: 72/165] 10.222.0.20 () {58 vars in 1358 bytes} [Wed Aug 31 11:05:54 2022] GET /volume/v3/cd08c3763d1f4a1c8f045d0cee00f604/snapshots/5e5d3c05-be1c-4438-b782-c23ba9fb1cb1/metadata => generated 32 bytes in 51 msecs (HTTP/1.1 200) 7 headers in 284 bytes (1 switches on core 0)
Aug 31 11:05:54.702286 dv-cinder-855350-1-iscsi devstack@c-api.service[113480]: DEBUG cinder.api.middleware.request_id [None req-0b5605f6-fa86-4f52-9c5f-4cd31b0cd5f9 None None] RequestId filter calling following filter/app {{(pid=113480) _context_setter /opt/stack/cinder/cinder/api/middleware/request_id.py:62}}
Aug 31 11:05:54.716780 dv-cinder-855350-1-iscsi devstack@c-api.service[113480]: INFO cinder.api.openstack.wsgi [None req-0b5605f6-fa86-4f52-9c5f-4cd31b0cd5f9 tempest-SnapshotMetadataTestJSON-1752486656 tempest-SnapshotMetadataTestJSON-1752486656-project] PUT http://10.222.0.20/volume/v3/cd08c3763d1f4a1c8f045d0cee00f604/snapshots/5e5d3c05-be1c-4438-b782-c23ba9fb1cb1/metadata
Aug 31 11:05:54.718226 dv-cinder-855350-1-iscsi devstack@c-api.service[113480]: DEBUG cinder.api.openstack.wsgi [None req-0b5605f6-fa86-4f52-9c5f-4cd31b0cd5f9 tempest-SnapshotMetadataTestJSON-1752486656 tempest-SnapshotMetadataTestJSON-1752486656-project] Action: 'update_all', calling method: update_all, body: {"metadata": {}} {{(pid=113480) _process_stack /opt/stack/cinder/cinder/api/openstack/wsgi.py:866}}
Aug 31 11:05:54.742478 dv-cinder-855350-1-iscsi devstack@c-api.service[113480]: /usr/local/lib/python3.8/dist-packages/oslo_context/context.py:100: DeprecationWarning: Policy enforcement is depending on the value of is_admin. This key is deprecated. Please update your policy file to use the standard policy values.
Aug 31 11:05:54.742478 dv-cinder-855350-1-iscsi devstack@c-api.service[113480]: warnings.warn('Policy enforcement is depending on the value of '
Aug 31 11:05:54.743628 dv-cinder-855350-1-iscsi devstack@c-api.service[113480]: INFO cinder.volume.api [None req-0b5605f6-fa86-4f52-9c5f-4cd31b0cd5f9 tempest-SnapshotMetadataTestJSON-1752486656 tempest-SnapshotMetadataTestJSON-1752486656-project] Snapshot retrieved successfully.
Aug 31 11:05:54.803684 dv-cinder-855350-1-iscsi devstack@c-api.service[113480]: INFO cinder.volume.api [None req-0b5605f6-fa86-4f52-9c5f-4cd31b0cd5f9 tempest-SnapshotMetadataTestJSON-1752486656 tempest-SnapshotMetadataTestJSON-1752486656-project] Update snapshot metadata completed successfully.
Aug 31 11:05:54.804618 dv-cinder-855350-1-iscsi devstack@c-api.service[113480]: INFO cinder.api.openstack.wsgi [None req-0b5605f6-fa86-4f52-9c5f-4cd31b0cd5f9 tempest-SnapshotMetadataTestJSON-1752486656 tempest-SnapshotMetadataTestJSON-1752486656-project] http://10.222.0.20/volume/v3/cd08c3763d1f4a1c8f045d0cee00f604/snapshots/5e5d3c05-be1c-4438-b782-c23ba9fb1cb1/metadata returned with HTTP 200
Aug 31 11:05:54.806019 dv-cinder-855350-1-iscsi devstack@c-api.service[113480]: [pid: 113480|app: 0|req: 73/166] 10.222.0.20 () {60 vars in 1378 bytes} [Wed Aug 31 11:05:54 2022] PUT /volume/v3/cd08c3763d1f4a1c8f045d0cee00f604/snapshots/5e5d3c05-be1c-4438-b782-c23ba9fb1cb1/metadata => generated 16 bytes in 105 msecs (HTTP/1.1 200) 7 headers in 284 bytes (1 switches on core 0)
Aug 31 11:05:54.813996 dv-cinder-855350-1-iscsi devstack@c-api.service[113480]: DEBUG cinder.api.middleware.request_id [None req-f5195f43-5080-4df2-baa6-cc724cccead5 None None] RequestId filter calling following filter/app {{(pid=113480) _context_setter /opt/stack/cinder/cinder/api/middleware/request_id.py:62}}
Aug 31 11:05:54.826795 dv-cinder-855350-1-iscsi devstack@c-api.service[113480]: INFO cinder.api.openstack.wsgi [None req-f5195f43-5080-4df2-baa6-cc724cccead5 tempest-SnapshotMetadataTestJSON-1752486656 tempest-SnapshotMetadataTestJSON-1752486656-project] POST http://10.222.0.20/volume/v3/cd08c3763d1f4a1c8f045d0cee00f604/snapshots/5e5d3c05-be1c-4438-b782-c23ba9fb1cb1/metadata
Aug 31 11:05:54.835616 dv-cinder-855350-1-iscsi devstack@c-api.service[113480]: DEBUG cinder.api.openstack.wsgi [None req-f5195f43-5080-4df2-baa6-cc724cccead5 tempest-SnapshotMetadataTestJSON-1752486656 tempest-SnapshotMetadataTestJSON-1752486656-project] Action: 'create', calling method: create, body: {"metadata": {"key1": "value1", "key2": "value2", "key3": "value3"}} {{(pid=113480) _process_stack /opt/stack/cinder/cinder/api/openstack/wsgi.py:866}}
Aug 31 11:05:54.861449 dv-cinder-855350-1-iscsi devstack@c-api.service[113480]: /usr/local/lib/python3.8/dist-packages/oslo_context/context.py:100: DeprecationWarning: Policy enforcement is depending on the value of is_admin. This key is deprecated. Please update your policy file to use the standard policy values.
Aug 31 11:05:54.861449 dv-cinder-855350-1-iscsi devstack@c-api.service[113480]: warnings.warn('Policy enforcement is depending on the value of '
Aug 31 11:05:54.863125 dv-cinder-855350-1-iscsi devstack@c-api.service[113480]: INFO cinder.volume.api [None req-f5195f43-5080-4df2-baa6-cc724cccead5 tempest-SnapshotMetadataTestJSON-1752486656 tempest-SnapshotMetadataTestJSON-1752486656-project] Snapshot retrieved successfully.
Aug 31 11:05:54.911390 dv-cinder-855350-1-iscsi devstack@c-api.service[113482]: DEBUG cinder.quota [None req-08e790ba-08fd-4c95-acf2-72f4f7cfb904 tempest-VolumeRetypeWithoutMigrationTest-716383154 tempest-VolumeRetypeWithoutMigrationTest-716383154-project] Created reservations ['d8d30f62-ef65-41c2-ac1f-f55bf49dda04', 'e53e7107-6f00-4b84-8de2-42811050a3f8'] {{(pid=113482) reserve /opt/stack/cinder/cinder/quota.py:755}}
Aug 31 11:05:54.962235 dv-cinder-855350-1-iscsi devstack@c-api.service[113480]: INFO cinder.volume.api [None req-f5195f43-5080-4df2-baa6-cc724cccead5 tempest-SnapshotMetadataTestJSON-1752486656 tempest-SnapshotMetadataTestJSON-1752486656-project] Update snapshot metadata completed successfully.
Aug 31 11:05:54.964802 dv-cinder-855350-1-iscsi devstack@c-api.service[113480]: INFO cinder.api.openstack.wsgi [None req-f5195f43-5080-4df2-baa6-cc724cccead5 tempest-SnapshotMetadataTestJSON-1752486656 tempest-SnapshotMetadataTestJSON-1752486656-project] http://10.222.0.20/volume/v3/cd08c3763d1f4a1c8f045d0cee00f604/snapshots/5e5d3c05-be1c-4438-b782-c23ba9fb1cb1/metadata returned with HTTP 200
Aug 31 11:05:54.968679 dv-cinder-855350-1-iscsi devstack@c-api.service[113480]: [pid: 113480|app: 0|req: 74/167] 10.222.0.20 () {60 vars in 1379 bytes} [Wed Aug 31 11:05:54 2022] POST /volume/v3/cd08c3763d1f4a1c8f045d0cee00f604/snapshots/5e5d3c05-be1c-4438-b782-c23ba9fb1cb1/metadata => generated 68 bytes in 156 msecs (HTTP/1.1 200) 7 headers in 284 bytes (1 switches on core 0)
Aug 31 11:05:54.974147 dv-cinder-855350-1-iscsi devstack@c-api.service[113480]: DEBUG cinder.api.middleware.request_id [None req-d07d11f5-caf2-4735-883f-21122b0a0a39 None None] RequestId filter calling following filter/app {{(pid=113480) _context_setter /opt/stack/cinder/cinder/api/middleware/request_id.py:62}}
Aug 31 11:05:54.982548 dv-cinder-855350-1-iscsi devstack@c-api.service[113480]: INFO cinder.api.openstack.wsgi [None req-d07d11f5-caf2-4735-883f-21122b0a0a39 tempest-SnapshotMetadataTestJSON-1752486656 tempest-SnapshotMetadataTestJSON-1752486656-project] GET http://10.222.0.20/volume/v3/cd08c3763d1f4a1c8f045d0cee00f604/snapshots/5e5d3c05-be1c-4438-b782-c23ba9fb1cb1/metadata
Aug 31 11:05:54.984775 dv-cinder-855350-1-iscsi devstack@c-api.service[113480]: DEBUG cinder.api.openstack.wsgi [None req-d07d11f5-caf2-4735-883f-21122b0a0a39 tempest-SnapshotMetadataTestJSON-1752486656 tempest-SnapshotMetadataTestJSON-1752486656-project] Empty body provided in request {{(pid=113480) get_body /opt/stack/cinder/cinder/api/openstack/wsgi.py:715}}
Aug 31 11:05:54.991381 dv-cinder-855350-1-iscsi devstack@c-api.service[113482]: DEBUG cinder.quota [None req-08e790ba-08fd-4c95-acf2-72f4f7cfb904 tempest-VolumeRetypeWithoutMigrationTest-716383154 tempest-VolumeRetypeWithoutMigrationTest-716383154-project] Created reservations ['45182c7c-9990-449c-afff-17494ed39052', '68eaee07-b0d9-4bf9-9f6c-2b6ac8ad60e4'] {{(pid=113482) reserve /opt/stack/cinder/cinder/quota.py:755}}
Aug 31 11:05:55.012526 dv-cinder-855350-1-iscsi devstack@c-api.service[113480]: DEBUG cinder.api.openstack.wsgi [None req-d07d11f5-caf2-4735-883f-21122b0a0a39 tempest-SnapshotMetadataTestJSON-1752486656 tempest-SnapshotMetadataTestJSON-1752486656-project] Calling method 'index' {{(pid=113480) _process_stack /opt/stack/cinder/cinder/api/openstack/wsgi.py:868}}
Aug 31 11:05:55.030778 dv-cinder-855350-1-iscsi devstack@c-api.service[113480]: /usr/local/lib/python3.8/dist-packages/oslo_context/context.py:100: DeprecationWarning: Policy enforcement is depending on the value of is_admin. This key is deprecated. Please update your policy file to use the standard policy values.
Aug 31 11:05:55.030778 dv-cinder-855350-1-iscsi devstack@c-api.service[113480]: warnings.warn('Policy enforcement is depending on the value of '
Aug 31 11:05:55.032971 dv-cinder-855350-1-iscsi devstack@c-api.service[113480]: INFO cinder.volume.api [None req-d07d11f5-caf2-4735-883f-21122b0a0a39 tempest-SnapshotMetadataTestJSON-1752486656 tempest-SnapshotMetadataTestJSON-1752486656-project] Snapshot retrieved successfully.
Aug 31 11:05:55.038112 dv-cinder-855350-1-iscsi devstack@c-api.service[113480]: INFO cinder.volume.api [None req-d07d11f5-caf2-4735-883f-21122b0a0a39 tempest-SnapshotMetadataTestJSON-1752486656 tempest-SnapshotMetadataTestJSON-1752486656-project] Get snapshot metadata completed successfully.
Aug 31 11:05:55.038977 dv-cinder-855350-1-iscsi devstack@c-api.service[113480]: INFO cinder.api.openstack.wsgi [None req-d07d11f5-caf2-4735-883f-21122b0a0a39 tempest-SnapshotMetadataTestJSON-1752486656 tempest-SnapshotMetadataTestJSON-1752486656-project] http://10.222.0.20/volume/v3/cd08c3763d1f4a1c8f045d0cee00f604/snapshots/5e5d3c05-be1c-4438-b782-c23ba9fb1cb1/metadata returned with HTTP 200
Aug 31 11:05:55.040492 dv-cinder-855350-1-iscsi devstack@c-api.service[113480]: [pid: 113480|app: 0|req: 75/168] 10.222.0.20 () {58 vars in 1358 bytes} [Wed Aug 31 11:05:54 2022] GET /volume/v3/cd08c3763d1f4a1c8f045d0cee00f604/snapshots/5e5d3c05-be1c-4438-b782-c23ba9fb1cb1/metadata => generated 68 bytes in 67 msecs (HTTP/1.1 200) 7 headers in 284 bytes (1 switches on core 0)
Aug 31 11:05:55.047950 dv-cinder-855350-1-iscsi devstack@c-api.service[113480]: DEBUG cinder.api.middleware.request_id [None req-434c7677-baff-4fcf-bd0c-1f06791564ec None None] RequestId filter calling following filter/app {{(pid=113480) _context_setter /opt/stack/cinder/cinder/api/middleware/request_id.py:62}}
Aug 31 11:05:55.085135 dv-cinder-855350-1-iscsi devstack@c-api.service[113480]: INFO cinder.api.openstack.wsgi [None req-434c7677-baff-4fcf-bd0c-1f06791564ec tempest-SnapshotMetadataTestJSON-1752486656 tempest-SnapshotMetadataTestJSON-1752486656-project] PUT http://10.222.0.20/volume/v3/cd08c3763d1f4a1c8f045d0cee00f604/snapshots/5e5d3c05-be1c-4438-b782-c23ba9fb1cb1/metadata/key3
Aug 31 11:05:55.086243 dv-cinder-855350-1-iscsi devstack@c-api.service[113480]: DEBUG cinder.api.openstack.wsgi [None req-434c7677-baff-4fcf-bd0c-1f06791564ec tempest-SnapshotMetadataTestJSON-1752486656 tempest-SnapshotMetadataTestJSON-1752486656-project] Action: 'update', calling method: update, body: {"meta": {"key3": "value3_update"}} {{(pid=113480) _process_stack /opt/stack/cinder/cinder/api/openstack/wsgi.py:866}}
Aug 31 11:05:55.101021 dv-cinder-855350-1-iscsi devstack@c-api.service[113480]: /usr/local/lib/python3.8/dist-packages/oslo_context/context.py:100: DeprecationWarning: Policy enforcement is depending on the value of is_admin. This key is deprecated. Please update your policy file to use the standard policy values.
Aug 31 11:05:55.101021 dv-cinder-855350-1-iscsi devstack@c-api.service[113480]: warnings.warn('Policy enforcement is depending on the value of '
Aug 31 11:05:55.102796 dv-cinder-855350-1-iscsi devstack@c-api.service[113480]: INFO cinder.volume.api [None req-434c7677-baff-4fcf-bd0c-1f06791564ec tempest-SnapshotMetadataTestJSON-1752486656 tempest-SnapshotMetadataTestJSON-1752486656-project] Snapshot retrieved successfully.
Aug 31 11:05:55.103715 dv-cinder-855350-1-iscsi devstack@c-api.service[113482]: INFO cinder.volume.api [None req-08e790ba-08fd-4c95-acf2-72f4f7cfb904 tempest-VolumeRetypeWithoutMigrationTest-716383154 tempest-VolumeRetypeWithoutMigrationTest-716383154-project] Retype volume request issued successfully.
Aug 31 11:05:55.104233 dv-cinder-855350-1-iscsi devstack@c-api.service[113482]: INFO cinder.api.openstack.wsgi [None req-08e790ba-08fd-4c95-acf2-72f4f7cfb904 tempest-VolumeRetypeWithoutMigrationTest-716383154 tempest-VolumeRetypeWithoutMigrationTest-716383154-project] http://10.222.0.20/volume/v3/8e609628bade4e388ae76a865dddf570/volumes/2d8755b5-9185-430c-a593-f3d56862f415/action returned with HTTP 202
Aug 31 11:05:55.107984 dv-cinder-855350-1-iscsi devstack@c-api.service[113482]: [pid: 113482|app: 0|req: 94/169] 10.222.0.20 () {60 vars in 1367 bytes} [Wed Aug 31 11:05:54 2022] POST /volume/v3/8e609628bade4e388ae76a865dddf570/volumes/2d8755b5-9185-430c-a593-f3d56862f415/action => generated 0 bytes in 446 msecs (HTTP/1.1 202) 7 headers in 289 bytes (1 switches on core 0)
Aug 31 11:05:55.110929 dv-cinder-855350-1-iscsi devstack@c-api.service[113482]: DEBUG cinder.api.middleware.request_id [None req-e28d68f8-07c4-434d-a289-f09a66146f14 None None] RequestId filter calling following filter/app {{(pid=113482) _context_setter /opt/stack/cinder/cinder/api/middleware/request_id.py:62}}
Aug 31 11:05:55.120019 dv-cinder-855350-1-iscsi devstack@c-api.service[113482]: INFO cinder.api.openstack.wsgi [None req-e28d68f8-07c4-434d-a289-f09a66146f14 tempest-VolumeRetypeWithoutMigrationTest-716383154 tempest-VolumeRetypeWithoutMigrationTest-716383154-project] GET http://10.222.0.20/volume/v3/8e609628bade4e388ae76a865dddf570/volumes/2d8755b5-9185-430c-a593-f3d56862f415
Aug 31 11:05:55.120498 dv-cinder-855350-1-iscsi devstack@c-api.service[113482]: DEBUG cinder.api.openstack.wsgi [None req-e28d68f8-07c4-434d-a289-f09a66146f14 tempest-VolumeRetypeWithoutMigrationTest-716383154 tempest-VolumeRetypeWithoutMigrationTest-716383154-project] Empty body provided in request {{(pid=113482) get_body /opt/stack/cinder/cinder/api/openstack/wsgi.py:715}}
Aug 31 11:05:55.120963 dv-cinder-855350-1-iscsi devstack@c-api.service[113482]: DEBUG cinder.api.openstack.wsgi [None req-e28d68f8-07c4-434d-a289-f09a66146f14 tempest-VolumeRetypeWithoutMigrationTest-716383154 tempest-VolumeRetypeWithoutMigrationTest-716383154-project] Calling method 'show' {{(pid=113482) _process_stack /opt/stack/cinder/cinder/api/openstack/wsgi.py:868}}
Aug 31 11:05:55.154617 dv-cinder-855350-1-iscsi devstack@c-api.service[113482]: /usr/local/lib/python3.8/dist-packages/oslo_context/context.py:100: DeprecationWarning: Policy enforcement is depending on the value of is_admin. This key is deprecated. Please update your policy file to use the standard policy values.
Aug 31 11:05:55.154617 dv-cinder-855350-1-iscsi devstack@c-api.service[113482]: warnings.warn('Policy enforcement is depending on the value of '
Aug 31 11:05:55.182242 dv-cinder-855350-1-iscsi devstack@c-api.service[113482]: INFO cinder.volume.api [None req-e28d68f8-07c4-434d-a289-f09a66146f14 tempest-VolumeRetypeWithoutMigrationTest-716383154 tempest-VolumeRetypeWithoutMigrationTest-716383154-project] Volume info retrieved successfully.
Aug 31 11:05:55.223987 dv-cinder-855350-1-iscsi devstack@c-api.service[113480]: INFO cinder.volume.api [None req-434c7677-baff-4fcf-bd0c-1f06791564ec tempest-SnapshotMetadataTestJSON-1752486656 tempest-SnapshotMetadataTestJSON-1752486656-project] Update snapshot metadata completed successfully.
Aug 31 11:05:55.224924 dv-cinder-855350-1-iscsi devstack@c-api.service[113480]: INFO cinder.api.openstack.wsgi [None req-434c7677-baff-4fcf-bd0c-1f06791564ec tempest-SnapshotMetadataTestJSON-1752486656 tempest-SnapshotMetadataTestJSON-1752486656-project] http://10.222.0.20/volume/v3/cd08c3763d1f4a1c8f045d0cee00f604/snapshots/5e5d3c05-be1c-4438-b782-c23ba9fb1cb1/metadata/key3 returned with HTTP 200
Aug 31 11:05:55.226095 dv-cinder-855350-1-iscsi devstack@c-api.service[113480]: [pid: 113480|app: 0|req: 76/170] 10.222.0.20 () {60 vars in 1393 bytes} [Wed Aug 31 11:05:55 2022] PUT /volume/v3/cd08c3763d1f4a1c8f045d0cee00f604/snapshots/5e5d3c05-be1c-4438-b782-c23ba9fb1cb1/metadata/key3 => generated 35 bytes in 181 msecs (HTTP/1.1 200) 7 headers in 284 bytes (1 switches on core 0)
Aug 31 11:05:55.233479 dv-cinder-855350-1-iscsi devstack@c-api.service[113480]: DEBUG cinder.api.middleware.request_id [None req-9373850a-5cf2-4c02-90a0-c2bc7a4f6aed None None] RequestId filter calling following filter/app {{(pid=113480) _context_setter /opt/stack/cinder/cinder/api/middleware/request_id.py:62}}
Aug 31 11:05:55.237285 dv-cinder-855350-1-iscsi devstack@c-api.service[113482]: INFO cinder.api.openstack.wsgi [None req-e28d68f8-07c4-434d-a289-f09a66146f14 tempest-VolumeRetypeWithoutMigrationTest-716383154 tempest-VolumeRetypeWithoutMigrationTest-716383154-project] http://10.222.0.20/volume/v3/8e609628bade4e388ae76a865dddf570/volumes/2d8755b5-9185-430c-a593-f3d56862f415 returned with HTTP 200
Aug 31 11:05:55.239637 dv-cinder-855350-1-iscsi devstack@c-api.service[113480]: INFO cinder.api.openstack.wsgi [None req-9373850a-5cf2-4c02-90a0-c2bc7a4f6aed tempest-SnapshotMetadataTestJSON-1752486656 tempest-SnapshotMetadataTestJSON-1752486656-project] GET http://10.222.0.20/volume/v3/cd08c3763d1f4a1c8f045d0cee00f604/snapshots/5e5d3c05-be1c-4438-b782-c23ba9fb1cb1/metadata/key3
Aug 31 11:05:55.240548 dv-cinder-855350-1-iscsi devstack@c-api.service[113480]: DEBUG cinder.api.openstack.wsgi [None req-9373850a-5cf2-4c02-90a0-c2bc7a4f6aed tempest-SnapshotMetadataTestJSON-1752486656 tempest-SnapshotMetadataTestJSON-1752486656-project] Empty body provided in request {{(pid=113480) get_body /opt/stack/cinder/cinder/api/openstack/wsgi.py:715}}
Aug 31 11:05:55.242194 dv-cinder-855350-1-iscsi devstack@c-api.service[113480]: DEBUG cinder.api.openstack.wsgi [None req-9373850a-5cf2-4c02-90a0-c2bc7a4f6aed tempest-SnapshotMetadataTestJSON-1752486656 tempest-SnapshotMetadataTestJSON-1752486656-project] Calling method 'show' {{(pid=113480) _process_stack /opt/stack/cinder/cinder/api/openstack/wsgi.py:868}}
Aug 31 11:05:55.253784 dv-cinder-855350-1-iscsi devstack@c-api.service[113480]: /usr/local/lib/python3.8/dist-packages/oslo_context/context.py:100: DeprecationWarning: Policy enforcement is depending on the value of is_admin. This key is deprecated. Please update your policy file to use the standard policy values.
Aug 31 11:05:55.253784 dv-cinder-855350-1-iscsi devstack@c-api.service[113480]: warnings.warn('Policy enforcement is depending on the value of '
Aug 31 11:05:55.256228 dv-cinder-855350-1-iscsi devstack@c-api.service[113480]: INFO cinder.volume.api [None req-9373850a-5cf2-4c02-90a0-c2bc7a4f6aed tempest-SnapshotMetadataTestJSON-1752486656 tempest-SnapshotMetadataTestJSON-1752486656-project] Snapshot retrieved successfully.
Aug 31 11:05:55.256333 dv-cinder-855350-1-iscsi devstack@c-api.service[113482]: [pid: 113482|app: 0|req: 95/171] 10.222.0.20 () {58 vars in 1325 bytes} [Wed Aug 31 11:05:55 2022] GET /volume/v3/8e609628bade4e388ae76a865dddf570/volumes/2d8755b5-9185-430c-a593-f3d56862f415 => generated 926 bytes in 146 msecs (HTTP/1.1 200) 7 headers in 285 bytes (1 switches on core 0)
Aug 31 11:05:55.266173 dv-cinder-855350-1-iscsi devstack@c-api.service[113480]: INFO cinder.volume.api [None req-9373850a-5cf2-4c02-90a0-c2bc7a4f6aed tempest-SnapshotMetadataTestJSON-1752486656 tempest-SnapshotMetadataTestJSON-1752486656-project] Get snapshot metadata completed successfully.
Aug 31 11:05:55.267776 dv-cinder-855350-1-iscsi devstack@c-api.service[113480]: INFO cinder.api.openstack.wsgi [None req-9373850a-5cf2-4c02-90a0-c2bc7a4f6aed tempest-SnapshotMetadataTestJSON-1752486656 tempest-SnapshotMetadataTestJSON-1752486656-project] http://10.222.0.20/volume/v3/cd08c3763d1f4a1c8f045d0cee00f604/snapshots/5e5d3c05-be1c-4438-b782-c23ba9fb1cb1/metadata/key3 returned with HTTP 200
Aug 31 11:05:55.269273 dv-cinder-855350-1-iscsi devstack@c-api.service[113480]: [pid: 113480|app: 0|req: 77/172] 10.222.0.20 () {58 vars in 1373 bytes} [Wed Aug 31 11:05:55 2022] GET /volume/v3/cd08c3763d1f4a1c8f045d0cee00f604/snapshots/5e5d3c05-be1c-4438-b782-c23ba9fb1cb1/metadata/key3 => generated 35 bytes in 37 msecs (HTTP/1.1 200) 7 headers in 284 bytes (1 switches on core 0)
Aug 31 11:05:55.278742 dv-cinder-855350-1-iscsi devstack@c-api.service[113482]: DEBUG cinder.api.middleware.request_id [None req-1795c37f-5b33-42e3-a186-5559a6f13f2a None None] RequestId filter calling following filter/app {{(pid=113482) _context_setter /opt/stack/cinder/cinder/api/middleware/request_id.py:62}}
Aug 31 11:05:55.344280 dv-cinder-855350-1-iscsi devstack@c-api.service[113482]: INFO cinder.api.openstack.wsgi [None req-1795c37f-5b33-42e3-a186-5559a6f13f2a tempest-SnapshotMetadataTestJSON-1752486656 tempest-SnapshotMetadataTestJSON-1752486656-project] GET http://10.222.0.20/volume/v3/cd08c3763d1f4a1c8f045d0cee00f604/snapshots/5e5d3c05-be1c-4438-b782-c23ba9fb1cb1/metadata
Aug 31 11:05:55.344758 dv-cinder-855350-1-iscsi devstack@c-api.service[113482]: DEBUG cinder.api.openstack.wsgi [None req-1795c37f-5b33-42e3-a186-5559a6f13f2a tempest-SnapshotMetadataTestJSON-1752486656 tempest-SnapshotMetadataTestJSON-1752486656-project] Empty body provided in request {{(pid=113482) get_body /opt/stack/cinder/cinder/api/openstack/wsgi.py:715}}
Aug 31 11:05:55.347725 dv-cinder-855350-1-iscsi devstack@c-api.service[113482]: DEBUG cinder.api.openstack.wsgi [None req-1795c37f-5b33-42e3-a186-5559a6f13f2a tempest-SnapshotMetadataTestJSON-1752486656 tempest-SnapshotMetadataTestJSON-1752486656-project] Calling method 'index' {{(pid=113482) _process_stack /opt/stack/cinder/cinder/api/openstack/wsgi.py:868}}
Aug 31 11:05:55.375884 dv-cinder-855350-1-iscsi devstack@c-api.service[113482]: /usr/local/lib/python3.8/dist-packages/oslo_context/context.py:100: DeprecationWarning: Policy enforcement is depending on the value of is_admin. This key is deprecated. Please update your policy file to use the standard policy values.
Aug 31 11:05:55.375884 dv-cinder-855350-1-iscsi devstack@c-api.service[113482]: warnings.warn('Policy enforcement is depending on the value of '
Aug 31 11:05:55.379836 dv-cinder-855350-1-iscsi devstack@c-api.service[113482]: INFO cinder.volume.api [None req-1795c37f-5b33-42e3-a186-5559a6f13f2a tempest-SnapshotMetadataTestJSON-1752486656 tempest-SnapshotMetadataTestJSON-1752486656-project] Snapshot retrieved successfully.
Aug 31 11:05:55.384403 dv-cinder-855350-1-iscsi devstack@c-api.service[113482]: INFO cinder.volume.api [None req-1795c37f-5b33-42e3-a186-5559a6f13f2a tempest-SnapshotMetadataTestJSON-1752486656 tempest-SnapshotMetadataTestJSON-1752486656-project] Get snapshot metadata completed successfully.
Aug 31 11:05:55.384987 dv-cinder-855350-1-iscsi devstack@c-api.service[113482]: INFO cinder.api.openstack.wsgi [None req-1795c37f-5b33-42e3-a186-5559a6f13f2a tempest-SnapshotMetadataTestJSON-1752486656 tempest-SnapshotMetadataTestJSON-1752486656-project] http://10.222.0.20/volume/v3/cd08c3763d1f4a1c8f045d0cee00f604/snapshots/5e5d3c05-be1c-4438-b782-c23ba9fb1cb1/metadata returned with HTTP 200
Aug 31 11:05:55.391342 dv-cinder-855350-1-iscsi devstack@c-api.service[113482]: [pid: 113482|app: 0|req: 96/173] 10.222.0.20 () {58 vars in 1358 bytes} [Wed Aug 31 11:05:55 2022] GET /volume/v3/cd08c3763d1f4a1c8f045d0cee00f604/snapshots/5e5d3c05-be1c-4438-b782-c23ba9fb1cb1/metadata => generated 75 bytes in 114 msecs (HTTP/1.1 200) 7 headers in 284 bytes (1 switches on core 0)
Aug 31 11:05:55.395923 dv-cinder-855350-1-iscsi devstack@c-api.service[113480]: DEBUG cinder.api.middleware.request_id [None req-6fa258e4-d96e-4fad-a557-e6a38b2ec982 None None] RequestId filter calling following filter/app {{(pid=113480) _context_setter /opt/stack/cinder/cinder/api/middleware/request_id.py:62}}
Aug 31 11:05:55.400515 dv-cinder-855350-1-iscsi devstack@c-api.service[113480]: INFO cinder.api.openstack.wsgi [None req-6fa258e4-d96e-4fad-a557-e6a38b2ec982 tempest-SnapshotMetadataTestJSON-1752486656 tempest-SnapshotMetadataTestJSON-1752486656-project] PUT http://10.222.0.20/volume/v3/cd08c3763d1f4a1c8f045d0cee00f604/snapshots/5e5d3c05-be1c-4438-b782-c23ba9fb1cb1/metadata
Aug 31 11:05:55.401428 dv-cinder-855350-1-iscsi devstack@c-api.service[113480]: DEBUG cinder.api.openstack.wsgi [None req-6fa258e4-d96e-4fad-a557-e6a38b2ec982 tempest-SnapshotMetadataTestJSON-1752486656 tempest-SnapshotMetadataTestJSON-1752486656-project] Action: 'update_all', calling method: update_all, body: {"metadata": {}} {{(pid=113480) _process_stack /opt/stack/cinder/cinder/api/openstack/wsgi.py:866}}
Aug 31 11:05:55.435910 dv-cinder-855350-1-iscsi devstack@c-api.service[113480]: /usr/local/lib/python3.8/dist-packages/oslo_context/context.py:100: DeprecationWarning: Policy enforcement is depending on the value of is_admin. This key is deprecated. Please update your policy file to use the standard policy values.
Aug 31 11:05:55.435910 dv-cinder-855350-1-iscsi devstack@c-api.service[113480]: warnings.warn('Policy enforcement is depending on the value of '
Aug 31 11:05:55.437849 dv-cinder-855350-1-iscsi devstack@c-api.service[113480]: INFO cinder.volume.api [None req-6fa258e4-d96e-4fad-a557-e6a38b2ec982 tempest-SnapshotMetadataTestJSON-1752486656 tempest-SnapshotMetadataTestJSON-1752486656-project] Snapshot retrieved successfully.
Aug 31 11:05:55.484824 dv-cinder-855350-1-iscsi devstack@c-api.service[113480]: DEBUG dbcounter [-] [113480] Writing DB stats cinder:SELECT=81,cinder:UPDATE=15,cinder:INSERT=4 {{(pid=113480) stat_writer /usr/local/lib/python3.8/dist-packages/dbcounter.py:114}}
Aug 31 11:05:55.539351 dv-cinder-855350-1-iscsi devstack@c-api.service[113480]: INFO cinder.volume.api [None req-6fa258e4-d96e-4fad-a557-e6a38b2ec982 tempest-SnapshotMetadataTestJSON-1752486656 tempest-SnapshotMetadataTestJSON-1752486656-project] Update snapshot metadata completed successfully.
Aug 31 11:05:55.540157 dv-cinder-855350-1-iscsi devstack@c-api.service[113480]: INFO cinder.api.openstack.wsgi [None req-6fa258e4-d96e-4fad-a557-e6a38b2ec982 tempest-SnapshotMetadataTestJSON-1752486656 tempest-SnapshotMetadataTestJSON-1752486656-project] http://10.222.0.20/volume/v3/cd08c3763d1f4a1c8f045d0cee00f604/snapshots/5e5d3c05-be1c-4438-b782-c23ba9fb1cb1/metadata returned with HTTP 200
Aug 31 11:05:55.541083 dv-cinder-855350-1-iscsi devstack@c-api.service[113480]: [pid: 113480|app: 0|req: 78/174] 10.222.0.20 () {60 vars in 1378 bytes} [Wed Aug 31 11:05:55 2022] PUT /volume/v3/cd08c3763d1f4a1c8f045d0cee00f604/snapshots/5e5d3c05-be1c-4438-b782-c23ba9fb1cb1/metadata => generated 16 bytes in 146 msecs (HTTP/1.1 200) 7 headers in 284 bytes (1 switches on core 0)
Aug 31 11:05:55.551884 dv-cinder-855350-1-iscsi devstack@c-api.service[113482]: DEBUG cinder.api.middleware.request_id [None req-9ad38713-1f16-4965-9a13-cb3daec2a75f None None] RequestId filter calling following filter/app {{(pid=113482) _context_setter /opt/stack/cinder/cinder/api/middleware/request_id.py:62}}
Aug 31 11:05:55.556375 dv-cinder-855350-1-iscsi devstack@c-api.service[113482]: INFO cinder.api.openstack.wsgi [None req-9ad38713-1f16-4965-9a13-cb3daec2a75f tempest-SnapshotMetadataTestJSON-1752486656 tempest-SnapshotMetadataTestJSON-1752486656-project] DELETE http://10.222.0.20/volume/v3/cd08c3763d1f4a1c8f045d0cee00f604/snapshots/5e5d3c05-be1c-4438-b782-c23ba9fb1cb1
Aug 31 11:05:55.556987 dv-cinder-855350-1-iscsi devstack@c-api.service[113482]: DEBUG cinder.api.openstack.wsgi [None req-9ad38713-1f16-4965-9a13-cb3daec2a75f tempest-SnapshotMetadataTestJSON-1752486656 tempest-SnapshotMetadataTestJSON-1752486656-project] Empty body provided in request {{(pid=113482) get_body /opt/stack/cinder/cinder/api/openstack/wsgi.py:715}}
Aug 31 11:05:55.557596 dv-cinder-855350-1-iscsi devstack@c-api.service[113482]: DEBUG cinder.api.openstack.wsgi [None req-9ad38713-1f16-4965-9a13-cb3daec2a75f tempest-SnapshotMetadataTestJSON-1752486656 tempest-SnapshotMetadataTestJSON-1752486656-project] Calling method 'delete' {{(pid=113482) _process_stack /opt/stack/cinder/cinder/api/openstack/wsgi.py:868}}
Aug 31 11:05:55.558022 dv-cinder-855350-1-iscsi devstack@c-api.service[113482]: INFO cinder.api.v2.snapshots [None req-9ad38713-1f16-4965-9a13-cb3daec2a75f tempest-SnapshotMetadataTestJSON-1752486656 tempest-SnapshotMetadataTestJSON-1752486656-project] Delete snapshot with id: 5e5d3c05-be1c-4438-b782-c23ba9fb1cb1
Aug 31 11:05:55.587207 dv-cinder-855350-1-iscsi devstack@c-api.service[113482]: /usr/local/lib/python3.8/dist-packages/oslo_context/context.py:100: DeprecationWarning: Policy enforcement is depending on the value of is_admin. This key is deprecated. Please update your policy file to use the standard policy values.
Aug 31 11:05:55.587207 dv-cinder-855350-1-iscsi devstack@c-api.service[113482]: warnings.warn('Policy enforcement is depending on the value of '
Aug 31 11:05:55.594362 dv-cinder-855350-1-iscsi devstack@c-api.service[113482]: INFO cinder.volume.api [None req-9ad38713-1f16-4965-9a13-cb3daec2a75f tempest-SnapshotMetadataTestJSON-1752486656 tempest-SnapshotMetadataTestJSON-1752486656-project] Snapshot retrieved successfully.
Aug 31 11:05:55.731678 dv-cinder-855350-1-iscsi devstack@c-api.service[113482]: INFO cinder.volume.api [None req-9ad38713-1f16-4965-9a13-cb3daec2a75f tempest-SnapshotMetadataTestJSON-1752486656 tempest-SnapshotMetadataTestJSON-1752486656-project] Snapshot delete request issued successfully.
Aug 31 11:05:55.732868 dv-cinder-855350-1-iscsi devstack@c-api.service[113482]: INFO cinder.api.openstack.wsgi [None req-9ad38713-1f16-4965-9a13-cb3daec2a75f tempest-SnapshotMetadataTestJSON-1752486656 tempest-SnapshotMetadataTestJSON-1752486656-project] http://10.222.0.20/volume/v3/cd08c3763d1f4a1c8f045d0cee00f604/snapshots/5e5d3c05-be1c-4438-b782-c23ba9fb1cb1 returned with HTTP 202
