Sep 23 14:59:02.346456 dv-cinder-855307-2-smb devstack@c-api.service[113296]: /usr/local/lib/python3.8/dist-packages/oslo_context/context.py:100: DeprecationWarning: Policy enforcement is depending on the value of is_admin. This key is deprecated. Please update your policy file to use the standard policy values.
Sep 23 14:59:02.346456 dv-cinder-855307-2-smb devstack@c-api.service[113296]: warnings.warn('Policy enforcement is depending on the value of '
Sep 23 14:59:02.424994 dv-cinder-855307-2-smb devstack@c-api.service[113296]: INFO cinder.api.openstack.wsgi [None req-f800b02e-4425-4a0f-aea9-ba1f9d969aeb tempest-GroupSnapshotsV319Test-524740428 tempest-GroupSnapshotsV319Test-524740428-project-admin] http://10.222.0.61/volume/v3/2fc39465f9a443ed936eb06efc907015/types returned with HTTP 200
Sep 23 14:59:02.438374 dv-cinder-855307-2-smb devstack@c-api.service[113296]: [pid: 113296|app: 0|req: 5/13] 10.222.0.61 () {60 vars in 1229 bytes} [Fri Sep 23 14:59:02 2022] POST /volume/v3/2fc39465f9a443ed936eb06efc907015/types => generated 228 bytes in 369 msecs (HTTP/1.1 200) 7 headers in 285 bytes (1 switches on core 0)
Sep 23 14:59:02.439115 dv-cinder-855307-2-smb devstack@c-api.service[113295]: DEBUG cinder.volume.api [None req-c246c93f-aa41-4320-b285-f5f60c36a0c6 tempest-VolumesServicesTestJSON-673587230 tempest-VolumesServicesTestJSON-673587230-project] Task 'cinder.volume.flows.api.create_volume.VolumeCastTask;volume:create' (491e1b51-80f2-48ae-9f3a-602e9e3bb641) transitioned into state 'SUCCESS' from state 'RUNNING' with result 'None' {{(pid=113295) _task_receiver /usr/local/lib/python3.8/dist-packages/taskflow/listeners/logging.py:178}}
Sep 23 14:59:02.440957 dv-cinder-855307-2-smb devstack@c-api.service[113296]: DEBUG cinder.api.middleware.request_id [None req-cae70a2e-3216-4d01-9b70-80afa2beccac None None] RequestId filter calling following filter/app {{(pid=113296) _context_setter /opt/stack/cinder/cinder/api/middleware/request_id.py:62}}
Sep 23 14:59:02.441410 dv-cinder-855307-2-smb devstack@c-api.service[113295]: DEBUG cinder.volume.api [None req-c246c93f-aa41-4320-b285-f5f60c36a0c6 tempest-VolumesServicesTestJSON-673587230 tempest-VolumesServicesTestJSON-673587230-project] Flow 'volume_create_api' (0869b0b5-4d82-4cfa-bfb4-b9215e0cf467) transitioned into state 'SUCCESS' from state 'RUNNING' {{(pid=113295) _flow_receiver /usr/local/lib/python3.8/dist-packages/taskflow/listeners/logging.py:141}}
Sep 23 14:59:02.442115 dv-cinder-855307-2-smb devstack@c-api.service[113295]: INFO cinder.volume.api [None req-c246c93f-aa41-4320-b285-f5f60c36a0c6 tempest-VolumesServicesTestJSON-673587230 tempest-VolumesServicesTestJSON-673587230-project] Create volume request issued successfully.
Sep 23 14:59:02.444115 dv-cinder-855307-2-smb devstack@c-api.service[113295]: INFO cinder.api.openstack.wsgi [None req-c246c93f-aa41-4320-b285-f5f60c36a0c6 tempest-VolumesServicesTestJSON-673587230 tempest-VolumesServicesTestJSON-673587230-project] http://10.222.0.61/volume/v3/6a7b79b517e5408a8baaf1ea7a741b9f/volumes returned with HTTP 202
Sep 23 14:59:02.444892 dv-cinder-855307-2-smb devstack@c-api.service[113295]: [pid: 113295|app: 0|req: 9/14] 10.222.0.61 () {60 vars in 1235 bytes} [Fri Sep 23 14:59:01 2022] POST /volume/v3/6a7b79b517e5408a8baaf1ea7a741b9f/volumes => generated 822 bytes in 1201 msecs (HTTP/1.1 202) 7 headers in 291 bytes (1 switches on core 0)
Sep 23 14:59:02.446610 dv-cinder-855307-2-smb devstack@c-api.service[113295]: DEBUG cinder.api.middleware.request_id [None req-b3511306-ec3c-4b76-ae77-4de0978581fc None None] RequestId filter calling following filter/app {{(pid=113295) _context_setter /opt/stack/cinder/cinder/api/middleware/request_id.py:62}}
Sep 23 14:59:02.449760 dv-cinder-855307-2-smb devstack@c-api.service[113296]: INFO cinder.api.openstack.wsgi [None req-cae70a2e-3216-4d01-9b70-80afa2beccac tempest-VolumesTestJSON-1577576905 tempest-VolumesTestJSON-1577576905-project] GET http://10.222.0.61/volume/v3/ab259de4a4e74dd183b21f0efcb87ed2/volumes/07c73811-afc8-400e-9abc-02bcd675370a
Sep 23 14:59:02.457262 dv-cinder-855307-2-smb devstack@c-api.service[113296]: DEBUG cinder.api.openstack.wsgi [None req-cae70a2e-3216-4d01-9b70-80afa2beccac tempest-VolumesTestJSON-1577576905 tempest-VolumesTestJSON-1577576905-project] Empty body provided in request {{(pid=113296) get_body /opt/stack/cinder/cinder/api/openstack/wsgi.py:715}}
Sep 23 14:59:02.458039 dv-cinder-855307-2-smb devstack@c-api.service[113296]: DEBUG cinder.api.openstack.wsgi [None req-cae70a2e-3216-4d01-9b70-80afa2beccac tempest-VolumesTestJSON-1577576905 tempest-VolumesTestJSON-1577576905-project] Calling method 'show' {{(pid=113296) _process_stack /opt/stack/cinder/cinder/api/openstack/wsgi.py:868}}
Sep 23 14:59:02.458539 dv-cinder-855307-2-smb devstack@c-api.service[113295]: INFO cinder.api.openstack.wsgi [None req-b3511306-ec3c-4b76-ae77-4de0978581fc tempest-GroupSnapshotsV319Test-524740428 tempest-GroupSnapshotsV319Test-524740428-project-admin] POST http://10.222.0.61/volume/v3/2fc39465f9a443ed936eb06efc907015/group_types
Sep 23 14:59:02.463981 dv-cinder-855307-2-smb devstack@c-api.service[113295]: DEBUG cinder.api.openstack.wsgi [None req-b3511306-ec3c-4b76-ae77-4de0978581fc tempest-GroupSnapshotsV319Test-524740428 tempest-GroupSnapshotsV319Test-524740428-project-admin] Action: 'create', calling method: version_select, body: {"group_type": {"name": "tempest-GroupSnapshotsV319Test-group-type-648301937"}} {{(pid=113295) _process_stack /opt/stack/cinder/cinder/api/openstack/wsgi.py:866}}
Sep 23 14:59:02.467349 dv-cinder-855307-2-smb devstack@c-api.service[113295]: /usr/local/lib/python3.8/dist-packages/oslo_context/context.py:100: DeprecationWarning: Policy enforcement is depending on the value of is_admin. This key is deprecated. Please update your policy file to use the standard policy values.
Sep 23 14:59:02.467349 dv-cinder-855307-2-smb devstack@c-api.service[113295]: warnings.warn('Policy enforcement is depending on the value of '
Sep 23 14:59:02.485330 dv-cinder-855307-2-smb devstack@c-api.service[113296]: /usr/local/lib/python3.8/dist-packages/oslo_context/context.py:100: DeprecationWarning: Policy enforcement is depending on the value of is_admin. This key is deprecated. Please update your policy file to use the standard policy values.
Sep 23 14:59:02.485330 dv-cinder-855307-2-smb devstack@c-api.service[113296]: warnings.warn('Policy enforcement is depending on the value of '
Sep 23 14:59:02.511957 dv-cinder-855307-2-smb devstack@c-api.service[113296]: INFO cinder.volume.api [None req-cae70a2e-3216-4d01-9b70-80afa2beccac tempest-VolumesTestJSON-1577576905 tempest-VolumesTestJSON-1577576905-project] Volume info retrieved successfully.
Sep 23 14:59:02.524927 dv-cinder-855307-2-smb devstack@c-api.service[113295]: INFO cinder.api.openstack.wsgi [None req-b3511306-ec3c-4b76-ae77-4de0978581fc tempest-GroupSnapshotsV319Test-524740428 tempest-GroupSnapshotsV319Test-524740428-project-admin] http://10.222.0.61/volume/v3/2fc39465f9a443ed936eb06efc907015/group_types returned with HTTP 202
Sep 23 14:59:02.526069 dv-cinder-855307-2-smb devstack@c-api.service[113295]: [pid: 113295|app: 0|req: 10/15] 10.222.0.61 () {62 vars in 1288 bytes} [Fri Sep 23 14:59:02 2022] POST /volume/v3/2fc39465f9a443ed936eb06efc907015/group_types => generated 184 bytes in 80 msecs (HTTP/1.1 202) 7 headers in 292 bytes (1 switches on core 0)
Sep 23 14:59:02.527398 dv-cinder-855307-2-smb devstack@c-api.service[113295]: DEBUG cinder.api.middleware.request_id [None req-57b416f0-24ab-4d11-9c4e-c5d23d1418b8 None None] RequestId filter calling following filter/app {{(pid=113295) _context_setter /opt/stack/cinder/cinder/api/middleware/request_id.py:62}}
Sep 23 14:59:02.531167 dv-cinder-855307-2-smb devstack@c-api.service[113295]: INFO cinder.api.openstack.wsgi [None req-57b416f0-24ab-4d11-9c4e-c5d23d1418b8 tempest-VolumesServicesTestJSON-673587230 tempest-VolumesServicesTestJSON-673587230-project] GET http://10.222.0.61/volume/v3/6a7b79b517e5408a8baaf1ea7a741b9f/volumes/6a8cd4fa-34b0-418f-a318-b7aa8d715ebb
Sep 23 14:59:02.531874 dv-cinder-855307-2-smb devstack@c-api.service[113295]: DEBUG cinder.api.openstack.wsgi [None req-57b416f0-24ab-4d11-9c4e-c5d23d1418b8 tempest-VolumesServicesTestJSON-673587230 tempest-VolumesServicesTestJSON-673587230-project] Empty body provided in request {{(pid=113295) get_body /opt/stack/cinder/cinder/api/openstack/wsgi.py:715}}
Sep 23 14:59:02.532342 dv-cinder-855307-2-smb devstack@c-api.service[113295]: DEBUG cinder.api.openstack.wsgi [None req-57b416f0-24ab-4d11-9c4e-c5d23d1418b8 tempest-VolumesServicesTestJSON-673587230 tempest-VolumesServicesTestJSON-673587230-project] Calling method 'show' {{(pid=113295) _process_stack /opt/stack/cinder/cinder/api/openstack/wsgi.py:868}}
Sep 23 14:59:02.547174 dv-cinder-855307-2-smb devstack@c-api.service[113296]: INFO cinder.api.openstack.wsgi [None req-cae70a2e-3216-4d01-9b70-80afa2beccac tempest-VolumesTestJSON-1577576905 tempest-VolumesTestJSON-1577576905-project] http://10.222.0.61/volume/v3/ab259de4a4e74dd183b21f0efcb87ed2/volumes/07c73811-afc8-400e-9abc-02bcd675370a returned with HTTP 200
Sep 23 14:59:02.550237 dv-cinder-855307-2-smb devstack@c-api.service[113295]: /usr/local/lib/python3.8/dist-packages/oslo_context/context.py:100: DeprecationWarning: Policy enforcement is depending on the value of is_admin. This key is deprecated. Please update your policy file to use the standard policy values.
Sep 23 14:59:02.550237 dv-cinder-855307-2-smb devstack@c-api.service[113295]: warnings.warn('Policy enforcement is depending on the value of '
Sep 23 14:59:02.551518 dv-cinder-855307-2-smb devstack@c-api.service[113296]: [pid: 113296|app: 0|req: 6/16] 10.222.0.61 () {58 vars in 1325 bytes} [Fri Sep 23 14:59:02 2022] GET /volume/v3/ab259de4a4e74dd183b21f0efcb87ed2/volumes/07c73811-afc8-400e-9abc-02bcd675370a => generated 895 bytes in 111 msecs (HTTP/1.1 200) 7 headers in 285 bytes (1 switches on core 0)
Sep 23 14:59:02.560374 dv-cinder-855307-2-smb devstack@c-api.service[113296]: DEBUG cinder.api.middleware.request_id [None req-b4c9e1f1-63f4-4a92-b738-9b5799adab3a None None] RequestId filter calling following filter/app {{(pid=113296) _context_setter /opt/stack/cinder/cinder/api/middleware/request_id.py:62}}
Sep 23 14:59:02.562811 dv-cinder-855307-2-smb devstack@c-api.service[113295]: INFO cinder.volume.api [None req-57b416f0-24ab-4d11-9c4e-c5d23d1418b8 tempest-VolumesServicesTestJSON-673587230 tempest-VolumesServicesTestJSON-673587230-project] Volume info retrieved successfully.
Sep 23 14:59:02.592861 dv-cinder-855307-2-smb devstack@c-api.service[113295]: INFO cinder.api.openstack.wsgi [None req-57b416f0-24ab-4d11-9c4e-c5d23d1418b8 tempest-VolumesServicesTestJSON-673587230 tempest-VolumesServicesTestJSON-673587230-project] http://10.222.0.61/volume/v3/6a7b79b517e5408a8baaf1ea7a741b9f/volumes/6a8cd4fa-34b0-418f-a318-b7aa8d715ebb returned with HTTP 200
Sep 23 14:59:02.593887 dv-cinder-855307-2-smb devstack@c-api.service[113295]: [pid: 113295|app: 0|req: 11/17] 10.222.0.61 () {58 vars in 1325 bytes} [Fri Sep 23 14:59:02 2022] GET /volume/v3/6a7b79b517e5408a8baaf1ea7a741b9f/volumes/6a8cd4fa-34b0-418f-a318-b7aa8d715ebb => generated 890 bytes in 67 msecs (HTTP/1.1 200) 7 headers in 285 bytes (1 switches on core 0)
Sep 23 14:59:02.736550 dv-cinder-855307-2-smb devstack@c-api.service[113295]: DEBUG cinder.api.middleware.request_id [req-a07e1d10-406d-4924-a447-4f806d43df9c req-b8f51d55-56a9-4da9-a07a-e42160fff5b9 None None] RequestId filter calling following filter/app {{(pid=113295) _context_setter /opt/stack/cinder/cinder/api/middleware/request_id.py:62}}
Sep 23 14:59:02.763227 dv-cinder-855307-2-smb devstack@c-api.service[113296]: INFO cinder.api.openstack.wsgi [None req-b4c9e1f1-63f4-4a92-b738-9b5799adab3a tempest-GroupSnapshotsV319Test-126371232 tempest-GroupSnapshotsV319Test-126371232-project] POST http://10.222.0.61/volume/v3/5e5e8c3012034ec4bcd841f635f29c1b/groups
Sep 23 14:59:02.764342 dv-cinder-855307-2-smb devstack@c-api.service[113296]: DEBUG cinder.api.openstack.wsgi [None req-b4c9e1f1-63f4-4a92-b738-9b5799adab3a tempest-GroupSnapshotsV319Test-126371232 tempest-GroupSnapshotsV319Test-126371232-project] Action: 'create', calling method: version_select, body: {"group": {"group_type": "d62838f6-12a0-42f7-82d2-0e3233f37348", "volume_types": ["fbec7690-fedb-4b5a-8812-59bf5b51ec2f"], "name": "tempest-GroupSnapshotsV319Test-Group-458840494"}} {{(pid=113296) _process_stack /opt/stack/cinder/cinder/api/openstack/wsgi.py:866}}
Sep 23 14:59:02.767211 dv-cinder-855307-2-smb devstack@c-api.service[113296]: DEBUG cinder.api.v3.groups [None req-b4c9e1f1-63f4-4a92-b738-9b5799adab3a tempest-GroupSnapshotsV319Test-126371232 tempest-GroupSnapshotsV319Test-126371232-project] Creating new group {'group': {'group_type': 'd62838f6-12a0-42f7-82d2-0e3233f37348', 'volume_types': ['fbec7690-fedb-4b5a-8812-59bf5b51ec2f'], 'name': 'tempest-GroupSnapshotsV319Test-Group-458840494'}} {{(pid=113296) create /opt/stack/cinder/cinder/api/v3/groups.py:190}}
Sep 23 14:59:02.809409 dv-cinder-855307-2-smb devstack@c-api.service[113295]: WARNING keystonemiddleware.auth_token [req-a07e1d10-406d-4924-a447-4f806d43df9c req-b8f51d55-56a9-4da9-a07a-e42160fff5b9 None None] A valid token was submitted as a service token, but it was not a valid service token. This is incorrect but backwards compatible behaviour. This will be removed in future releases.
Sep 23 14:59:02.814361 dv-cinder-855307-2-smb devstack@c-api.service[113295]: INFO cinder.api.openstack.wsgi [req-a07e1d10-406d-4924-a447-4f806d43df9c req-b8f51d55-56a9-4da9-a07a-e42160fff5b9 tempest-VolumesNegativeTest-203526276 tempest-VolumesNegativeTest-203526276-project] DELETE http://10.222.0.61/volume/v3/ab5f408127ba463fa9a1e33e0585d97f/volumes/tempest-invalid-1470138392
Sep 23 14:59:02.815042 dv-cinder-855307-2-smb devstack@c-api.service[113295]: DEBUG cinder.api.openstack.wsgi [req-a07e1d10-406d-4924-a447-4f806d43df9c req-b8f51d55-56a9-4da9-a07a-e42160fff5b9 tempest-VolumesNegativeTest-203526276 tempest-VolumesNegativeTest-203526276-project] Empty body provided in request {{(pid=113295) get_body /opt/stack/cinder/cinder/api/openstack/wsgi.py:715}}
Sep 23 14:59:02.815819 dv-cinder-855307-2-smb devstack@c-api.service[113295]: DEBUG cinder.api.openstack.wsgi [req-a07e1d10-406d-4924-a447-4f806d43df9c req-b8f51d55-56a9-4da9-a07a-e42160fff5b9 tempest-VolumesNegativeTest-203526276 tempest-VolumesNegativeTest-203526276-project] Calling method 'delete' {{(pid=113295) _process_stack /opt/stack/cinder/cinder/api/openstack/wsgi.py:868}}
Sep 23 14:59:02.816129 dv-cinder-855307-2-smb devstack@c-api.service[113296]: INFO cinder.api.v3.groups [None req-b4c9e1f1-63f4-4a92-b738-9b5799adab3a tempest-GroupSnapshotsV319Test-126371232 tempest-GroupSnapshotsV319Test-126371232-project] Creating group tempest-GroupSnapshotsV319Test-Group-458840494.
Sep 23 14:59:02.816742 dv-cinder-855307-2-smb devstack@c-api.service[113295]: INFO cinder.api.v3.volumes [req-a07e1d10-406d-4924-a447-4f806d43df9c req-b8f51d55-56a9-4da9-a07a-e42160fff5b9 tempest-VolumesNegativeTest-203526276 tempest-VolumesNegativeTest-203526276-project] Delete volume with id: tempest-invalid-1470138392
Sep 23 14:59:02.832951 dv-cinder-855307-2-smb devstack@c-api.service[113295]: INFO cinder.api.openstack.wsgi [req-a07e1d10-406d-4924-a447-4f806d43df9c req-b8f51d55-56a9-4da9-a07a-e42160fff5b9 tempest-VolumesNegativeTest-203526276 tempest-VolumesNegativeTest-203526276-project] http://10.222.0.61/volume/v3/ab5f408127ba463fa9a1e33e0585d97f/volumes/tempest-invalid-1470138392 returned with HTTP 404
Sep 23 14:59:02.850452 dv-cinder-855307-2-smb devstack@c-api.service[113295]: [pid: 113295|app: 0|req: 12/18] 10.222.0.61 () {62 vars in 1570 bytes} [Fri Sep 23 14:59:02 2022] DELETE /volume/v3/ab5f408127ba463fa9a1e33e0585d97f/volumes/tempest-invalid-1470138392 => generated 99 bytes in 114 msecs (HTTP/1.1 404) 7 headers in 291 bytes (2 switches on core 0)
Sep 23 14:59:02.905546 dv-cinder-855307-2-smb devstack@c-api.service[113296]: DEBUG cinder.volume.api [None req-b4c9e1f1-63f4-4a92-b738-9b5799adab3a tempest-GroupSnapshotsV319Test-126371232 tempest-GroupSnapshotsV319Test-126371232-project] Availability zone cache updated, next update will occur around 2022-09-23 15:59:02.904983. {{(pid=113296) list_availability_zones /opt/stack/cinder/cinder/volume/api.py:153}}
Sep 23 14:59:02.906086 dv-cinder-855307-2-smb devstack@c-api.service[113296]: INFO cinder.volume.api [None req-b4c9e1f1-63f4-4a92-b738-9b5799adab3a tempest-GroupSnapshotsV319Test-126371232 tempest-GroupSnapshotsV319Test-126371232-project] Availability Zones retrieved successfully.
Sep 23 14:59:02.976762 dv-cinder-855307-2-smb devstack@c-api.service[113296]: DEBUG dbcounter [-] [113296] Writing DB stats cinder:SELECT=75,cinder:INSERT=13,cinder:UPDATE=12 {{(pid=113296) stat_writer /usr/local/lib/python3.8/dist-packages/dbcounter.py:114}}
Sep 23 14:59:03.002626 dv-cinder-855307-2-smb devstack@c-api.service[113296]: DEBUG cinder.quota [None req-b4c9e1f1-63f4-4a92-b738-9b5799adab3a tempest-GroupSnapshotsV319Test-126371232 tempest-GroupSnapshotsV319Test-126371232-project] Created reservations ['a1f036b6-1290-41fc-a4df-f94c203f38f9'] {{(pid=113296) reserve /opt/stack/cinder/cinder/quota.py:755}}
Sep 23 14:59:03.076772 dv-cinder-855307-2-smb devstack@c-api.service[113295]: DEBUG cinder.api.middleware.request_id [req-c443c94b-e59b-42b6-8f86-aa251bd79450 req-9784205c-c230-4175-b56d-409a1cc1702c None None] RequestId filter calling following filter/app {{(pid=113295) _context_setter /opt/stack/cinder/cinder/api/middleware/request_id.py:62}}
Sep 23 14:59:03.104651 dv-cinder-855307-2-smb devstack@c-api.service[113296]: INFO cinder.api.openstack.wsgi [None req-b4c9e1f1-63f4-4a92-b738-9b5799adab3a tempest-GroupSnapshotsV319Test-126371232 tempest-GroupSnapshotsV319Test-126371232-project] http://10.222.0.61/volume/v3/5e5e8c3012034ec4bcd841f635f29c1b/groups returned with HTTP 202
Sep 23 14:59:03.106126 dv-cinder-855307-2-smb devstack@c-api.service[113296]: [pid: 113296|app: 0|req: 7/19] 10.222.0.61 () {62 vars in 1274 bytes} [Fri Sep 23 14:59:02 2022] POST /volume/v3/5e5e8c3012034ec4bcd841f635f29c1b/groups => generated 115 bytes in 554 msecs (HTTP/1.1 202) 7 headers in 292 bytes (1 switches on core 0)
Sep 23 14:59:03.122636 dv-cinder-855307-2-smb devstack@c-api.service[113296]: DEBUG cinder.api.middleware.request_id [None req-00612a8a-866d-4627-9c33-b08fffcc4225 None None] RequestId filter calling following filter/app {{(pid=113296) _context_setter /opt/stack/cinder/cinder/api/middleware/request_id.py:62}}
Sep 23 14:59:03.140974 dv-cinder-855307-2-smb devstack@c-api.service[113296]: INFO cinder.api.openstack.wsgi [None req-00612a8a-866d-4627-9c33-b08fffcc4225 tempest-GroupSnapshotsV319Test-126371232 tempest-GroupSnapshotsV319Test-126371232-project] GET http://10.222.0.61/volume/v3/5e5e8c3012034ec4bcd841f635f29c1b/groups/8ddce917-75cc-4113-a0aa-7be2f8ac3b61
Sep 23 14:59:03.141613 dv-cinder-855307-2-smb devstack@c-api.service[113296]: DEBUG cinder.api.openstack.wsgi [None req-00612a8a-866d-4627-9c33-b08fffcc4225 tempest-GroupSnapshotsV319Test-126371232 tempest-GroupSnapshotsV319Test-126371232-project] Empty body provided in request {{(pid=113296) get_body /opt/stack/cinder/cinder/api/openstack/wsgi.py:715}}
Sep 23 14:59:03.144207 dv-cinder-855307-2-smb devstack@c-api.service[113296]: DEBUG cinder.api.openstack.wsgi [None req-00612a8a-866d-4627-9c33-b08fffcc4225 tempest-GroupSnapshotsV319Test-126371232 tempest-GroupSnapshotsV319Test-126371232-project] Calling method 'version_select' {{(pid=113296) _process_stack /opt/stack/cinder/cinder/api/openstack/wsgi.py:868}}
Sep 23 14:59:03.145098 dv-cinder-855307-2-smb devstack@c-api.service[113296]: DEBUG cinder.api.v3.groups [None req-00612a8a-866d-4627-9c33-b08fffcc4225 tempest-GroupSnapshotsV319Test-126371232 tempest-GroupSnapshotsV319Test-126371232-project] show called for member 8ddce917-75cc-4113-a0aa-7be2f8ac3b61 {{(pid=113296) show /opt/stack/cinder/cinder/api/v3/groups.py:58}}
Sep 23 14:59:03.165130 dv-cinder-855307-2-smb devstack@c-api.service[113296]: /usr/local/lib/python3.8/dist-packages/oslo_context/context.py:100: DeprecationWarning: Policy enforcement is depending on the value of is_admin. This key is deprecated. Please update your policy file to use the standard policy values.
Sep 23 14:59:03.165130 dv-cinder-855307-2-smb devstack@c-api.service[113296]: warnings.warn('Policy enforcement is depending on the value of '
Sep 23 14:59:03.218741 dv-cinder-855307-2-smb devstack@c-api.service[113295]: INFO cinder.api.openstack.wsgi [req-c443c94b-e59b-42b6-8f86-aa251bd79450 req-9784205c-c230-4175-b56d-409a1cc1702c tempest-VolumesNegativeTest-203526276 tempest-VolumesNegativeTest-203526276-project] DELETE http://10.222.0.61/volume/v3/ab5f408127ba463fa9a1e33e0585d97f/volumes/907593bc-a07a-4fb3-8869-5d996c0098d4
Sep 23 14:59:03.219375 dv-cinder-855307-2-smb devstack@c-api.service[113295]: DEBUG cinder.api.openstack.wsgi [req-c443c94b-e59b-42b6-8f86-aa251bd79450 req-9784205c-c230-4175-b56d-409a1cc1702c tempest-VolumesNegativeTest-203526276 tempest-VolumesNegativeTest-203526276-project] Empty body provided in request {{(pid=113295) get_body /opt/stack/cinder/cinder/api/openstack/wsgi.py:715}}
Sep 23 14:59:03.219688 dv-cinder-855307-2-smb devstack@c-api.service[113295]: DEBUG cinder.api.openstack.wsgi [req-c443c94b-e59b-42b6-8f86-aa251bd79450 req-9784205c-c230-4175-b56d-409a1cc1702c tempest-VolumesNegativeTest-203526276 tempest-VolumesNegativeTest-203526276-project] Calling method 'delete' {{(pid=113295) _process_stack /opt/stack/cinder/cinder/api/openstack/wsgi.py:868}}
Sep 23 14:59:03.220313 dv-cinder-855307-2-smb devstack@c-api.service[113295]: INFO cinder.api.v3.volumes [req-c443c94b-e59b-42b6-8f86-aa251bd79450 req-9784205c-c230-4175-b56d-409a1cc1702c tempest-VolumesNegativeTest-203526276 tempest-VolumesNegativeTest-203526276-project] Delete volume with id: 907593bc-a07a-4fb3-8869-5d996c0098d4
Sep 23 14:59:03.248056 dv-cinder-855307-2-smb devstack@c-api.service[113296]: INFO cinder.api.openstack.wsgi [None req-00612a8a-866d-4627-9c33-b08fffcc4225 tempest-GroupSnapshotsV319Test-126371232 tempest-GroupSnapshotsV319Test-126371232-project] http://10.222.0.61/volume/v3/5e5e8c3012034ec4bcd841f635f29c1b/groups/8ddce917-75cc-4113-a0aa-7be2f8ac3b61 returned with HTTP 200
Sep 23 14:59:03.255938 dv-cinder-855307-2-smb devstack@c-api.service[113296]: [pid: 113296|app: 0|req: 8/20] 10.222.0.61 () {60 vars in 1363 bytes} [Fri Sep 23 14:59:03 2022] GET /volume/v3/5e5e8c3012034ec4bcd841f635f29c1b/groups/8ddce917-75cc-4113-a0aa-7be2f8ac3b61 => generated 395 bytes in 130 msecs (HTTP/1.1 200) 7 headers in 286 bytes (1 switches on core 0)
Sep 23 14:59:03.256199 dv-cinder-855307-2-smb devstack@c-api.service[113295]: INFO cinder.api.openstack.wsgi [req-c443c94b-e59b-42b6-8f86-aa251bd79450 req-9784205c-c230-4175-b56d-409a1cc1702c tempest-VolumesNegativeTest-203526276 tempest-VolumesNegativeTest-203526276-project] http://10.222.0.61/volume/v3/ab5f408127ba463fa9a1e33e0585d97f/volumes/907593bc-a07a-4fb3-8869-5d996c0098d4 returned with HTTP 404
Sep 23 14:59:03.256199 dv-cinder-855307-2-smb devstack@c-api.service[113295]: [pid: 113295|app: 0|req: 13/21] 10.222.0.61 () {62 vars in 1600 bytes} [Fri Sep 23 14:59:03 2022] DELETE /volume/v3/ab5f408127ba463fa9a1e33e0585d97f/volumes/907593bc-a07a-4fb3-8869-5d996c0098d4 => generated 109 bytes in 176 msecs (HTTP/1.1 404) 7 headers in 292 bytes (2 switches on core 0)
Sep 23 14:59:03.287073 dv-cinder-855307-2-smb devstack@c-api.service[113296]: DEBUG cinder.api.middleware.request_id [req-0969a09a-7e0b-4221-a78e-c3a7781521eb req-b6b890e1-7834-4dfb-9d60-3c01a92d3458 None None] RequestId filter calling following filter/app {{(pid=113296) _context_setter /opt/stack/cinder/cinder/api/middleware/request_id.py:62}}
Sep 23 14:59:03.288626 dv-cinder-855307-2-smb devstack@c-api.service[113296]: WARNING keystonemiddleware.auth_token [req-0969a09a-7e0b-4221-a78e-c3a7781521eb req-b6b890e1-7834-4dfb-9d60-3c01a92d3458 None None] A valid token was submitted as a service token, but it was not a valid service token. This is incorrect but backwards compatible behaviour. This will be removed in future releases.
Sep 23 14:59:03.291628 dv-cinder-855307-2-smb devstack@c-api.service[113296]: INFO cinder.api.openstack.wsgi [req-0969a09a-7e0b-4221-a78e-c3a7781521eb req-b6b890e1-7834-4dfb-9d60-3c01a92d3458 tempest-VolumesNegativeTest-203526276 tempest-VolumesNegativeTest-203526276-project] GET http://10.222.0.61/volume/v3/ab5f408127ba463fa9a1e33e0585d97f/volumes/86979c13-fcf4-4af2-8cd0-b6d1c632194c
Sep 23 14:59:03.292071 dv-cinder-855307-2-smb devstack@c-api.service[113296]: DEBUG cinder.api.openstack.wsgi [req-0969a09a-7e0b-4221-a78e-c3a7781521eb req-b6b890e1-7834-4dfb-9d60-3c01a92d3458 tempest-VolumesNegativeTest-203526276 tempest-VolumesNegativeTest-203526276-project] Empty body provided in request {{(pid=113296) get_body /opt/stack/cinder/cinder/api/openstack/wsgi.py:715}}
Sep 23 14:59:03.292656 dv-cinder-855307-2-smb devstack@c-api.service[113296]: DEBUG cinder.api.openstack.wsgi [req-0969a09a-7e0b-4221-a78e-c3a7781521eb req-b6b890e1-7834-4dfb-9d60-3c01a92d3458 tempest-VolumesNegativeTest-203526276 tempest-VolumesNegativeTest-203526276-project] Calling method 'show' {{(pid=113296) _process_stack /opt/stack/cinder/cinder/api/openstack/wsgi.py:868}}
Sep 23 14:59:03.305095 dv-cinder-855307-2-smb devstack@c-api.service[113296]: INFO cinder.api.openstack.wsgi [req-0969a09a-7e0b-4221-a78e-c3a7781521eb req-b6b890e1-7834-4dfb-9d60-3c01a92d3458 tempest-VolumesNegativeTest-203526276 tempest-VolumesNegativeTest-203526276-project] http://10.222.0.61/volume/v3/ab5f408127ba463fa9a1e33e0585d97f/volumes/86979c13-fcf4-4af2-8cd0-b6d1c632194c returned with HTTP 404
Sep 23 14:59:03.324073 dv-cinder-855307-2-smb devstack@c-api.service[113296]: [pid: 113296|app: 0|req: 9/22] 10.222.0.61 () {60 vars in 1578 bytes} [Fri Sep 23 14:59:03 2022] GET /volume/v3/ab5f408127ba463fa9a1e33e0585d97f/volumes/86979c13-fcf4-4af2-8cd0-b6d1c632194c => generated 109 bytes in 39 msecs (HTTP/1.1 404) 7 headers in 292 bytes (1 switches on core 0)
Sep 23 14:59:03.568799 dv-cinder-855307-2-smb devstack@c-api.service[113295]: DEBUG cinder.api.middleware.request_id [None req-3b5427ba-34ee-4a14-9cbe-6b8abd66a619 None None] RequestId filter calling following filter/app {{(pid=113295) _context_setter /opt/stack/cinder/cinder/api/middleware/request_id.py:62}}
Sep 23 14:59:03.572500 dv-cinder-855307-2-smb devstack@c-api.service[113295]: INFO cinder.api.openstack.wsgi [None req-3b5427ba-34ee-4a14-9cbe-6b8abd66a619 tempest-VolumesTestJSON-1577576905 tempest-VolumesTestJSON-1577576905-project] GET http://10.222.0.61/volume/v3/ab259de4a4e74dd183b21f0efcb87ed2/volumes/07c73811-afc8-400e-9abc-02bcd675370a
Sep 23 14:59:03.573154 dv-cinder-855307-2-smb devstack@c-api.service[113295]: DEBUG cinder.api.openstack.wsgi [None req-3b5427ba-34ee-4a14-9cbe-6b8abd66a619 tempest-VolumesTestJSON-1577576905 tempest-VolumesTestJSON-1577576905-project] Empty body provided in request {{(pid=113295) get_body /opt/stack/cinder/cinder/api/openstack/wsgi.py:715}}
Sep 23 14:59:03.573745 dv-cinder-855307-2-smb devstack@c-api.service[113295]: DEBUG cinder.api.openstack.wsgi [None req-3b5427ba-34ee-4a14-9cbe-6b8abd66a619 tempest-VolumesTestJSON-1577576905 tempest-VolumesTestJSON-1577576905-project] Calling method 'show' {{(pid=113295) _process_stack /opt/stack/cinder/cinder/api/openstack/wsgi.py:868}}
Sep 23 14:59:03.614485 dv-cinder-855307-2-smb devstack@c-api.service[113296]: DEBUG cinder.api.middleware.request_id [None req-551d3d83-995f-44ec-b9fa-dfdd2efc0cb3 None None] RequestId filter calling following filter/app {{(pid=113296) _context_setter /opt/stack/cinder/cinder/api/middleware/request_id.py:62}}
Sep 23 14:59:03.618522 dv-cinder-855307-2-smb devstack@c-api.service[113296]: INFO cinder.api.openstack.wsgi [None req-551d3d83-995f-44ec-b9fa-dfdd2efc0cb3 tempest-VolumesServicesTestJSON-673587230 tempest-VolumesServicesTestJSON-673587230-project] GET http://10.222.0.61/volume/v3/6a7b79b517e5408a8baaf1ea7a741b9f/volumes/6a8cd4fa-34b0-418f-a318-b7aa8d715ebb
Sep 23 14:59:03.619054 dv-cinder-855307-2-smb devstack@c-api.service[113296]: DEBUG cinder.api.openstack.wsgi [None req-551d3d83-995f-44ec-b9fa-dfdd2efc0cb3 tempest-VolumesServicesTestJSON-673587230 tempest-VolumesServicesTestJSON-673587230-project] Empty body provided in request {{(pid=113296) get_body /opt/stack/cinder/cinder/api/openstack/wsgi.py:715}}
Sep 23 14:59:03.619516 dv-cinder-855307-2-smb devstack@c-api.service[113296]: DEBUG cinder.api.openstack.wsgi [None req-551d3d83-995f-44ec-b9fa-dfdd2efc0cb3 tempest-VolumesServicesTestJSON-673587230 tempest-VolumesServicesTestJSON-673587230-project] Calling method 'show' {{(pid=113296) _process_stack /opt/stack/cinder/cinder/api/openstack/wsgi.py:868}}
Sep 23 14:59:03.662917 dv-cinder-855307-2-smb devstack@c-api.service[113296]: /usr/local/lib/python3.8/dist-packages/oslo_context/context.py:100: DeprecationWarning: Policy enforcement is depending on the value of is_admin. This key is deprecated. Please update your policy file to use the standard policy values.
Sep 23 14:59:03.662917 dv-cinder-855307-2-smb devstack@c-api.service[113296]: warnings.warn('Policy enforcement is depending on the value of '
Sep 23 14:59:03.688829 dv-cinder-855307-2-smb devstack@c-api.service[113296]: INFO cinder.volume.api [None req-551d3d83-995f-44ec-b9fa-dfdd2efc0cb3 tempest-VolumesServicesTestJSON-673587230 tempest-VolumesServicesTestJSON-673587230-project] Volume info retrieved successfully.
Sep 23 14:59:03.731252 dv-cinder-855307-2-smb devstack@c-api.service[113296]: INFO cinder.api.openstack.wsgi [None req-551d3d83-995f-44ec-b9fa-dfdd2efc0cb3 tempest-VolumesServicesTestJSON-673587230 tempest-VolumesServicesTestJSON-673587230-project] http://10.222.0.61/volume/v3/6a7b79b517e5408a8baaf1ea7a741b9f/volumes/6a8cd4fa-34b0-418f-a318-b7aa8d715ebb returned with HTTP 200
Sep 23 14:59:03.735794 dv-cinder-855307-2-smb devstack@c-api.service[113296]: [pid: 113296|app: 0|req: 10/23] 10.222.0.61 () {58 vars in 1325 bytes} [Fri Sep 23 14:59:03 2022] GET /volume/v3/6a7b79b517e5408a8baaf1ea7a741b9f/volumes/6a8cd4fa-34b0-418f-a318-b7aa8d715ebb => generated 915 bytes in 122 msecs (HTTP/1.1 200) 7 headers in 285 bytes (2 switches on core 0)
Sep 23 14:59:03.766059 dv-cinder-855307-2-smb devstack@c-api.service[113296]: DEBUG cinder.api.middleware.request_id [None req-8d791efa-9778-480c-8937-63446289e725 None None] RequestId filter calling following filter/app {{(pid=113296) _context_setter /opt/stack/cinder/cinder/api/middleware/request_id.py:62}}
Sep 23 14:59:03.770033 dv-cinder-855307-2-smb devstack@c-api.service[113296]: INFO cinder.api.openstack.wsgi [None req-8d791efa-9778-480c-8937-63446289e725 tempest-VolumesServicesTestJSON-35012984 tempest-VolumesServicesTestJSON-35012984-project-admin] GET http://10.222.0.61/volume/v3/e5a5469350d541168c3b0c6ace9dd47c/volumes/6a8cd4fa-34b0-418f-a318-b7aa8d715ebb
Sep 23 14:59:03.770345 dv-cinder-855307-2-smb devstack@c-api.service[113296]: DEBUG cinder.api.openstack.wsgi [None req-8d791efa-9778-480c-8937-63446289e725 tempest-VolumesServicesTestJSON-35012984 tempest-VolumesServicesTestJSON-35012984-project-admin] Empty body provided in request {{(pid=113296) get_body /opt/stack/cinder/cinder/api/openstack/wsgi.py:715}}
Sep 23 14:59:03.770940 dv-cinder-855307-2-smb devstack@c-api.service[113296]: DEBUG cinder.api.openstack.wsgi [None req-8d791efa-9778-480c-8937-63446289e725 tempest-VolumesServicesTestJSON-35012984 tempest-VolumesServicesTestJSON-35012984-project-admin] Calling method 'show' {{(pid=113296) _process_stack /opt/stack/cinder/cinder/api/openstack/wsgi.py:868}}
Sep 23 14:59:03.961251 dv-cinder-855307-2-smb devstack@c-api.service[113295]: /usr/local/lib/python3.8/dist-packages/oslo_context/context.py:100: DeprecationWarning: Policy enforcement is depending on the value of is_admin. This key is deprecated. Please update your policy file to use the standard policy values.
Sep 23 14:59:03.961251 dv-cinder-855307-2-smb devstack@c-api.service[113295]: warnings.warn('Policy enforcement is depending on the value of '
Sep 23 14:59:03.970800 dv-cinder-855307-2-smb devstack@c-api.service[113295]: DEBUG dbcounter [-] [113295] Writing DB stats cinder:SELECT=77,cinder:INSERT=11,cinder:UPDATE=12 {{(pid=113295) stat_writer /usr/local/lib/python3.8/dist-packages/dbcounter.py:114}}
Sep 23 14:59:03.974866 dv-cinder-855307-2-smb devstack@c-api.service[113295]: INFO cinder.volume.api [None req-3b5427ba-34ee-4a14-9cbe-6b8abd66a619 tempest-VolumesTestJSON-1577576905 tempest-VolumesTestJSON-1577576905-project] Volume info retrieved successfully.
Sep 23 14:59:03.987775 dv-cinder-855307-2-smb devstack@c-api.service[113295]: INFO cinder.api.openstack.wsgi [None req-3b5427ba-34ee-4a14-9cbe-6b8abd66a619 tempest-VolumesTestJSON-1577576905 tempest-VolumesTestJSON-1577576905-project] http://10.222.0.61/volume/v3/ab259de4a4e74dd183b21f0efcb87ed2/volumes/07c73811-afc8-400e-9abc-02bcd675370a returned with HTTP 200
Sep 23 14:59:03.989732 dv-cinder-855307-2-smb devstack@c-api.service[113295]: [pid: 113295|app: 0|req: 14/24] 10.222.0.61 () {58 vars in 1325 bytes} [Fri Sep 23 14:59:03 2022] GET /volume/v3/ab259de4a4e74dd183b21f0efcb87ed2/volumes/07c73811-afc8-400e-9abc-02bcd675370a => generated 920 bytes in 422 msecs (HTTP/1.1 200) 7 headers in 285 bytes (1 switches on core 0)
Sep 23 14:59:03.991010 dv-cinder-855307-2-smb devstack@c-api.service[113296]: /usr/local/lib/python3.8/dist-packages/oslo_context/context.py:100: DeprecationWarning: Policy enforcement is depending on the value of is_admin. This key is deprecated. Please update your policy file to use the standard policy values.
Sep 23 14:59:03.991010 dv-cinder-855307-2-smb devstack@c-api.service[113296]: warnings.warn('Policy enforcement is depending on the value of '
Sep 23 14:59:04.012984 dv-cinder-855307-2-smb devstack@c-api.service[113296]: INFO cinder.volume.api [None req-8d791efa-9778-480c-8937-63446289e725 tempest-VolumesServicesTestJSON-35012984 tempest-VolumesServicesTestJSON-35012984-project-admin] Volume info retrieved successfully.
Sep 23 14:59:04.021850 dv-cinder-855307-2-smb devstack@c-api.service[113295]: DEBUG cinder.api.middleware.request_id [req-a4d2a4a1-1c6a-49e0-8688-fd1b9c8f2912 req-2eb47382-c900-4bd1-ae24-2c0045e91351 None None] RequestId filter calling following filter/app {{(pid=113295) _context_setter /opt/stack/cinder/cinder/api/middleware/request_id.py:62}}
Sep 23 14:59:04.026110 dv-cinder-855307-2-smb devstack@c-api.service[113295]: INFO cinder.api.openstack.wsgi [req-a4d2a4a1-1c6a-49e0-8688-fd1b9c8f2912 req-2eb47382-c900-4bd1-ae24-2c0045e91351 tempest-VolumesTestJSON-1577576905 tempest-VolumesTestJSON-1577576905-project] GET http://10.222.0.61/volume/v3/ab259de4a4e74dd183b21f0efcb87ed2/volumes/07c73811-afc8-400e-9abc-02bcd675370a
Sep 23 14:59:04.026558 dv-cinder-855307-2-smb devstack@c-api.service[113295]: DEBUG cinder.api.openstack.wsgi [req-a4d2a4a1-1c6a-49e0-8688-fd1b9c8f2912 req-2eb47382-c900-4bd1-ae24-2c0045e91351 tempest-VolumesTestJSON-1577576905 tempest-VolumesTestJSON-1577576905-project] Empty body provided in request {{(pid=113295) get_body /opt/stack/cinder/cinder/api/openstack/wsgi.py:715}}
Sep 23 14:59:04.027128 dv-cinder-855307-2-smb devstack@c-api.service[113295]: DEBUG cinder.api.openstack.wsgi [req-a4d2a4a1-1c6a-49e0-8688-fd1b9c8f2912 req-2eb47382-c900-4bd1-ae24-2c0045e91351 tempest-VolumesTestJSON-1577576905 tempest-VolumesTestJSON-1577576905-project] Calling method 'show' {{(pid=113295) _process_stack /opt/stack/cinder/cinder/api/openstack/wsgi.py:868}}
Sep 23 14:59:04.028676 dv-cinder-855307-2-smb devstack@c-api.service[113296]: INFO cinder.api.openstack.wsgi [None req-8d791efa-9778-480c-8937-63446289e725 tempest-VolumesServicesTestJSON-35012984 tempest-VolumesServicesTestJSON-35012984-project-admin] http://10.222.0.61/volume/v3/e5a5469350d541168c3b0c6ace9dd47c/volumes/6a8cd4fa-34b0-418f-a318-b7aa8d715ebb returned with HTTP 200
Sep 23 14:59:04.029429 dv-cinder-855307-2-smb devstack@c-api.service[113296]: [pid: 113296|app: 0|req: 11/25] 10.222.0.61 () {58 vars in 1325 bytes} [Fri Sep 23 14:59:03 2022] GET /volume/v3/e5a5469350d541168c3b0c6ace9dd47c/volumes/6a8cd4fa-34b0-418f-a318-b7aa8d715ebb => generated 1081 bytes in 264 msecs (HTTP/1.1 200) 7 headers in 286 bytes (1 switches on core 0)
Sep 23 14:59:04.052177 dv-cinder-855307-2-smb devstack@c-api.service[113296]: DEBUG cinder.api.middleware.request_id [None req-4a08099e-ee36-44dd-abf8-74b5cb6ee06a None None] RequestId filter calling following filter/app {{(pid=113296) _context_setter /opt/stack/cinder/cinder/api/middleware/request_id.py:62}}
Sep 23 14:59:04.057269 dv-cinder-855307-2-smb devstack@c-api.service[113296]: INFO cinder.api.openstack.wsgi [None req-4a08099e-ee36-44dd-abf8-74b5cb6ee06a tempest-VolumesServicesTestJSON-35012984 tempest-VolumesServicesTestJSON-35012984-project-admin] GET http://10.222.0.61/volume/v3/e5a5469350d541168c3b0c6ace9dd47c/os-services?host=hv-cinder-85530&binary=cinder-volume
Sep 23 14:59:04.058636 dv-cinder-855307-2-smb devstack@c-api.service[113296]: DEBUG cinder.api.openstack.wsgi [None req-4a08099e-ee36-44dd-abf8-74b5cb6ee06a tempest-VolumesServicesTestJSON-35012984 tempest-VolumesServicesTestJSON-35012984-project-admin] Empty body provided in request {{(pid=113296) get_body /opt/stack/cinder/cinder/api/openstack/wsgi.py:715}}
Sep 23 14:59:04.059149 dv-cinder-855307-2-smb devstack@c-api.service[113296]: DEBUG cinder.api.openstack.wsgi [None req-4a08099e-ee36-44dd-abf8-74b5cb6ee06a tempest-VolumesServicesTestJSON-35012984 tempest-VolumesServicesTestJSON-35012984-project-admin] Calling method 'index' {{(pid=113296) _process_stack /opt/stack/cinder/cinder/api/openstack/wsgi.py:868}}
Sep 23 14:59:04.077175 dv-cinder-855307-2-smb devstack@c-api.service[113295]: /usr/local/lib/python3.8/dist-packages/oslo_context/context.py:100: DeprecationWarning: Policy enforcement is depending on the value of is_admin. This key is deprecated. Please update your policy file to use the standard policy values.
Sep 23 14:59:04.077175 dv-cinder-855307-2-smb devstack@c-api.service[113295]: warnings.warn('Policy enforcement is depending on the value of '
Sep 23 14:59:04.095391 dv-cinder-855307-2-smb devstack@c-api.service[113296]: INFO cinder.api.openstack.wsgi [None req-4a08099e-ee36-44dd-abf8-74b5cb6ee06a tempest-VolumesServicesTestJSON-35012984 tempest-VolumesServicesTestJSON-35012984-project-admin] http://10.222.0.61/volume/v3/e5a5469350d541168c3b0c6ace9dd47c/os-services?host=hv-cinder-85530&binary=cinder-volume returned with HTTP 200
Sep 23 14:59:04.108272 dv-cinder-855307-2-smb devstack@c-api.service[113296]: [pid: 113296|app: 0|req: 12/26] 10.222.0.61 () {58 vars in 1309 bytes} [Fri Sep 23 14:59:04 2022] GET /volume/v3/e5a5469350d541168c3b0c6ace9dd47c/os-services?host=hv-cinder-85530&binary=cinder-volume => generated 276 bytes in 56 msecs (HTTP/1.1 200) 7 headers in 285 bytes (1 switches on core 0)
Sep 23 14:59:04.109211 dv-cinder-855307-2-smb devstack@c-api.service[113295]: INFO cinder.volume.api [req-a4d2a4a1-1c6a-49e0-8688-fd1b9c8f2912 req-2eb47382-c900-4bd1-ae24-2c0045e91351 tempest-VolumesTestJSON-1577576905 tempest-VolumesTestJSON-1577576905-project] Volume info retrieved successfully.
Sep 23 14:59:04.110035 dv-cinder-855307-2-smb devstack@c-api.service[113296]: DEBUG cinder.api.middleware.request_id [None req-5bcec35d-37fb-4a47-8862-3663a265991b None None] RequestId filter calling following filter/app {{(pid=113296) _context_setter /opt/stack/cinder/cinder/api/middleware/request_id.py:62}}
Sep 23 14:59:04.125564 dv-cinder-855307-2-smb devstack@c-api.service[113296]: INFO cinder.api.openstack.wsgi [None req-5bcec35d-37fb-4a47-8862-3663a265991b tempest-VolumesServicesTestJSON-35012984 tempest-VolumesServicesTestJSON-35012984-project-admin] GET http://10.222.0.61/volume/v3/e5a5469350d541168c3b0c6ace9dd47c/os-services
Sep 23 14:59:04.126042 dv-cinder-855307-2-smb devstack@c-api.service[113296]: DEBUG cinder.api.openstack.wsgi [None req-5bcec35d-37fb-4a47-8862-3663a265991b tempest-VolumesServicesTestJSON-35012984 tempest-VolumesServicesTestJSON-35012984-project-admin] Empty body provided in request {{(pid=113296) get_body /opt/stack/cinder/cinder/api/openstack/wsgi.py:715}}
Sep 23 14:59:04.127119 dv-cinder-855307-2-smb devstack@c-api.service[113296]: DEBUG cinder.api.openstack.wsgi [None req-5bcec35d-37fb-4a47-8862-3663a265991b tempest-VolumesServicesTestJSON-35012984 tempest-VolumesServicesTestJSON-35012984-project-admin] Calling method 'index' {{(pid=113296) _process_stack /opt/stack/cinder/cinder/api/openstack/wsgi.py:868}}
Sep 23 14:59:04.131051 dv-cinder-855307-2-smb devstack@c-api.service[113295]: INFO cinder.api.openstack.wsgi [req-a4d2a4a1-1c6a-49e0-8688-fd1b9c8f2912 req-2eb47382-c900-4bd1-ae24-2c0045e91351 tempest-VolumesTestJSON-1577576905 tempest-VolumesTestJSON-1577576905-project] http://10.222.0.61/volume/v3/ab259de4a4e74dd183b21f0efcb87ed2/volumes/07c73811-afc8-400e-9abc-02bcd675370a returned with HTTP 200
Sep 23 14:59:04.135716 dv-cinder-855307-2-smb devstack@c-api.service[113295]: [pid: 113295|app: 0|req: 15/27] 10.222.0.61 () {60 vars in 1578 bytes} [Fri Sep 23 14:59:04 2022] GET /volume/v3/ab259de4a4e74dd183b21f0efcb87ed2/volumes/07c73811-afc8-400e-9abc-02bcd675370a => generated 920 bytes in 113 msecs (HTTP/1.1 200) 7 headers in 285 bytes (2 switches on core 0)
Sep 23 14:59:04.147993 dv-cinder-855307-2-smb devstack@c-api.service[113295]: DEBUG cinder.api.middleware.request_id [None req-f860fb91-73ec-4370-ba67-307f8fe43a25 None None] RequestId filter calling following filter/app {{(pid=113295) _context_setter /opt/stack/cinder/cinder/api/middleware/request_id.py:62}}
Sep 23 14:59:04.150280 dv-cinder-855307-2-smb devstack@c-api.service[113296]: INFO cinder.api.openstack.wsgi [None req-5bcec35d-37fb-4a47-8862-3663a265991b tempest-VolumesServicesTestJSON-35012984 tempest-VolumesServicesTestJSON-35012984-project-admin] http://10.222.0.61/volume/v3/e5a5469350d541168c3b0c6ace9dd47c/os-services returned with HTTP 200
Sep 23 14:59:04.151230 dv-cinder-855307-2-smb devstack@c-api.service[113296]: [pid: 113296|app: 0|req: 13/28] 10.222.0.61 () {58 vars in 1226 bytes} [Fri Sep 23 14:59:04 2022] GET /volume/v3/e5a5469350d541168c3b0c6ace9dd47c/os-services => generated 640 bytes in 42 msecs (HTTP/1.1 200) 7 headers in 285 bytes (1 switches on core 0)
Sep 23 14:59:04.151775 dv-cinder-855307-2-smb devstack@c-api.service[113295]: INFO cinder.api.openstack.wsgi [None req-f860fb91-73ec-4370-ba67-307f8fe43a25 tempest-VolumesTestJSON-1577576905 tempest-VolumesTestJSON-1577576905-project] POST http://10.222.0.61/volume/v3/ab259de4a4e74dd183b21f0efcb87ed2/volumes
Sep 23 14:59:04.153490 dv-cinder-855307-2-smb devstack@c-api.service[113295]: DEBUG cinder.api.openstack.wsgi [None req-f860fb91-73ec-4370-ba67-307f8fe43a25 tempest-VolumesTestJSON-1577576905 tempest-VolumesTestJSON-1577576905-project] Action: 'create', calling method: create, body: {"volume": {"metadata": {"Type": "work"}, "size": 1, "display_name": "tempest-VolumesTestJSON-volume-2063597701"}} {{(pid=113295) _process_stack /opt/stack/cinder/cinder/api/openstack/wsgi.py:866}}
Sep 23 14:59:04.156360 dv-cinder-855307-2-smb devstack@c-api.service[113295]: DEBUG cinder.api.v3.volumes [None req-f860fb91-73ec-4370-ba67-307f8fe43a25 tempest-VolumesTestJSON-1577576905 tempest-VolumesTestJSON-1577576905-project] Create volume request body: {'volume': {'metadata': {'Type': 'work'}, 'size': 1, 'display_name': 'tempest-VolumesTestJSON-volume-2063597701'}} {{(pid=113295) create /opt/stack/cinder/cinder/api/v3/volumes.py:298}}
Sep 23 14:59:04.156658 dv-cinder-855307-2-smb devstack@c-api.service[113295]: INFO cinder.api.v3.volumes [None req-f860fb91-73ec-4370-ba67-307f8fe43a25 tempest-VolumesTestJSON-1577576905 tempest-VolumesTestJSON-1577576905-project] Create volume of 1 GB
Sep 23 14:59:04.161615 dv-cinder-855307-2-smb devstack@c-api.service[113296]: DEBUG cinder.api.middleware.request_id [None req-8e39a3ee-8fa3-4855-9b99-c14c479d2dec None None] RequestId filter calling following filter/app {{(pid=113296) _context_setter /opt/stack/cinder/cinder/api/middleware/request_id.py:62}}
Sep 23 14:59:04.166217 dv-cinder-855307-2-smb devstack@c-api.service[113296]: INFO cinder.api.openstack.wsgi [None req-8e39a3ee-8fa3-4855-9b99-c14c479d2dec tempest-VolumesServicesTestJSON-673587230 tempest-VolumesServicesTestJSON-673587230-project] DELETE http://10.222.0.61/volume/v3/6a7b79b517e5408a8baaf1ea7a741b9f/volumes/6a8cd4fa-34b0-418f-a318-b7aa8d715ebb
Sep 23 14:59:04.166889 dv-cinder-855307-2-smb devstack@c-api.service[113296]: DEBUG cinder.api.openstack.wsgi [None req-8e39a3ee-8fa3-4855-9b99-c14c479d2dec tempest-VolumesServicesTestJSON-673587230 tempest-VolumesServicesTestJSON-673587230-project] Empty body provided in request {{(pid=113296) get_body /opt/stack/cinder/cinder/api/openstack/wsgi.py:715}}
Sep 23 14:59:04.167309 dv-cinder-855307-2-smb devstack@c-api.service[113296]: DEBUG cinder.api.openstack.wsgi [None req-8e39a3ee-8fa3-4855-9b99-c14c479d2dec tempest-VolumesServicesTestJSON-673587230 tempest-VolumesServicesTestJSON-673587230-project] Calling method 'delete' {{(pid=113296) _process_stack /opt/stack/cinder/cinder/api/openstack/wsgi.py:868}}
Sep 23 14:59:04.167720 dv-cinder-855307-2-smb devstack@c-api.service[113296]: INFO cinder.api.v3.volumes [None req-8e39a3ee-8fa3-4855-9b99-c14c479d2dec tempest-VolumesServicesTestJSON-673587230 tempest-VolumesServicesTestJSON-673587230-project] Delete volume with id: 6a8cd4fa-34b0-418f-a318-b7aa8d715ebb
Sep 23 14:59:04.174610 dv-cinder-855307-2-smb devstack@c-api.service[113295]: INFO cinder.volume.api [None req-f860fb91-73ec-4370-ba67-307f8fe43a25 tempest-VolumesTestJSON-1577576905 tempest-VolumesTestJSON-1577576905-project] Availability Zones retrieved successfully.
Sep 23 14:59:04.196210 dv-cinder-855307-2-smb devstack@c-api.service[113296]: /usr/local/lib/python3.8/dist-packages/oslo_context/context.py:100: DeprecationWarning: Policy enforcement is depending on the value of is_admin. This key is deprecated. Please update your policy file to use the standard policy values.
Sep 23 14:59:04.196210 dv-cinder-855307-2-smb devstack@c-api.service[113296]: warnings.warn('Policy enforcement is depending on the value of '
Sep 23 14:59:04.199067 dv-cinder-855307-2-smb devstack@c-api.service[113296]: INFO cinder.volume.api [None req-8e39a3ee-8fa3-4855-9b99-c14c479d2dec tempest-VolumesServicesTestJSON-673587230 tempest-VolumesServicesTestJSON-673587230-project] Volume info retrieved successfully.
Sep 23 14:59:04.213299 dv-cinder-855307-2-smb devstack@c-api.service[113295]: DEBUG cinder.volume.api [None req-f860fb91-73ec-4370-ba67-307f8fe43a25 tempest-VolumesTestJSON-1577576905 tempest-VolumesTestJSON-1577576905-project] Flow 'volume_create_api' (3ac78b2b-7f02-403e-8808-efc4b691ca46) transitioned into state 'RUNNING' from state 'PENDING' {{(pid=113295) _flow_receiver /usr/local/lib/python3.8/dist-packages/taskflow/listeners/logging.py:141}}
Sep 23 14:59:04.218598 dv-cinder-855307-2-smb devstack@c-api.service[113295]: DEBUG cinder.volume.api [None req-f860fb91-73ec-4370-ba67-307f8fe43a25 tempest-VolumesTestJSON-1577576905 tempest-VolumesTestJSON-1577576905-project] Task 'cinder.volume.flows.api.create_volume.ExtractVolumeRequestTask;volume:create' (10babed8-8aff-4121-8c0b-3cf086562949) transitioned into state 'RUNNING' from state 'PENDING' {{(pid=113295) _task_receiver /usr/local/lib/python3.8/dist-packages/taskflow/listeners/logging.py:190}}
Sep 23 14:59:04.227741 dv-cinder-855307-2-smb devstack@c-api.service[113295]: DEBUG cinder.volume.flows.api.create_volume [None req-f860fb91-73ec-4370-ba67-307f8fe43a25 tempest-VolumesTestJSON-1577576905 tempest-VolumesTestJSON-1577576905-project] Validating volume size '1' using validate_int {{(pid=113295) _extract_size /opt/stack/cinder/cinder/volume/flows/api/create_volume.py:228}}
Sep 23 14:59:04.272797 dv-cinder-855307-2-smb devstack@c-api.service[113296]: INFO cinder.volume.api [None req-8e39a3ee-8fa3-4855-9b99-c14c479d2dec tempest-VolumesServicesTestJSON-673587230 tempest-VolumesServicesTestJSON-673587230-project] Delete volume request issued successfully.
Sep 23 14:59:04.273585 dv-cinder-855307-2-smb devstack@c-api.service[113296]: INFO cinder.api.openstack.wsgi [None req-8e39a3ee-8fa3-4855-9b99-c14c479d2dec tempest-VolumesServicesTestJSON-673587230 tempest-VolumesServicesTestJSON-673587230-project] http://10.222.0.61/volume/v3/6a7b79b517e5408a8baaf1ea7a741b9f/volumes/6a8cd4fa-34b0-418f-a318-b7aa8d715ebb returned with HTTP 202
Sep 23 14:59:04.274377 dv-cinder-855307-2-smb devstack@c-api.service[113296]: [pid: 113296|app: 0|req: 14/29] 10.222.0.61 () {58 vars in 1328 bytes} [Fri Sep 23 14:59:04 2022] DELETE /volume/v3/6a7b79b517e5408a8baaf1ea7a741b9f/volumes/6a8cd4fa-34b0-418f-a318-b7aa8d715ebb => generated 0 bytes in 115 msecs (HTTP/1.1 202) 6 headers in 233 bytes (1 switches on core 0)
Sep 23 14:59:04.276096 dv-cinder-855307-2-smb devstack@c-api.service[113296]: DEBUG cinder.api.middleware.request_id [None req-4c5c3ba4-6bc3-4fc7-885a-cb599d38af73 None None] RequestId filter calling following filter/app {{(pid=113296) _context_setter /opt/stack/cinder/cinder/api/middleware/request_id.py:62}}
Sep 23 14:59:04.285942 dv-cinder-855307-2-smb devstack@c-api.service[113296]: INFO cinder.api.openstack.wsgi [None req-4c5c3ba4-6bc3-4fc7-885a-cb599d38af73 tempest-GroupSnapshotsV319Test-126371232 tempest-GroupSnapshotsV319Test-126371232-project] GET http://10.222.0.61/volume/v3/5e5e8c3012034ec4bcd841f635f29c1b/groups/8ddce917-75cc-4113-a0aa-7be2f8ac3b61
