Aug 31 04:21:37.129131 dv-cinder-855307-1-iscsi devstack@keystone.service[81570]: DEBUG dbcounter [-] [81570] Writing DB stats keystone:SELECT=100 {{(pid=81570) stat_writer /usr/local/lib/python3.8/dist-packages/dbcounter.py:114}}
Aug 31 04:21:37.250099 dv-cinder-855307-1-iscsi devstack@keystone.service[81569]: DEBUG keystone.server.flask.request_processing.middleware.auth_context [None req-d1e92134-b6c9-4e18-896e-5308eb730f81 None admin] Validating token access rules against request {{(pid=81569) validate_allowed_request /usr/local/lib/python3.8/dist-packages/keystonemiddleware/auth_token/__init__.py:545}}
Aug 31 04:21:37.327436 dv-cinder-855307-1-iscsi devstack@keystone.service[81569]: DEBUG keystone.server.flask.request_processing.middleware.auth_context [None req-1c406fce-ac1d-4c54-9aa2-f203bce429f3 None admin] RBAC: auth_context: {'token': , 'domain_id': None, 'trust_id': None, 'trustor_id': None, 'trustee_id': None, 'domain_name': None, 'group_ids': [], 'user_id': '13d95fead9ed4b918730e2198000e5e5', 'user_domain_id': 'default', 'system_scope': 'all', 'project_id': None, 'project_domain_id': None, 'roles': ['admin', 'member', 'reader'], 'is_admin_project': True, 'service_user_id': None, 'service_user_domain_id': None, 'service_project_id': None, 'service_project_domain_id': None, 'service_roles': []} {{(pid=81569) fill_context /opt/stack/keystone/keystone/server/flask/request_processing/middleware/auth_context.py:478}}
Aug 31 04:21:37.328309 dv-cinder-855307-1-iscsi devstack@keystone.service[81569]: DEBUG keystone.server.flask.request_processing.req_logging [None req-1c406fce-ac1d-4c54-9aa2-f203bce429f3 None admin] REQUEST_METHOD: `GET` {{(pid=81569) log_request_info /opt/stack/keystone/keystone/server/flask/request_processing/req_logging.py:27}}
Aug 31 04:21:37.328725 dv-cinder-855307-1-iscsi devstack@keystone.service[81569]: DEBUG keystone.server.flask.request_processing.req_logging [None req-1c406fce-ac1d-4c54-9aa2-f203bce429f3 None admin] SCRIPT_NAME: `/identity` {{(pid=81569) log_request_info /opt/stack/keystone/keystone/server/flask/request_processing/req_logging.py:28}}
Aug 31 04:21:37.329227 dv-cinder-855307-1-iscsi devstack@keystone.service[81569]: DEBUG keystone.server.flask.request_processing.req_logging [None req-1c406fce-ac1d-4c54-9aa2-f203bce429f3 None admin] PATH_INFO: `/v3/auth/tokens` {{(pid=81569) log_request_info /opt/stack/keystone/keystone/server/flask/request_processing/req_logging.py:29}}
Aug 31 04:21:37.336853 dv-cinder-855307-1-iscsi devstack@keystone.service[81570]: DEBUG keystone.server.flask.request_processing.middleware.auth_context [None req-2148f7c9-f8df-496a-832b-524548309af7 None admin] Validating token access rules against request {{(pid=81570) validate_allowed_request /usr/local/lib/python3.8/dist-packages/keystonemiddleware/auth_token/__init__.py:545}}
Aug 31 04:21:37.395868 dv-cinder-855307-1-iscsi devstack@keystone.service[81570]: DEBUG keystone.server.flask.request_processing.middleware.auth_context [None req-42714e82-4dc4-4eb0-8ec5-792f4839c0ad None admin] RBAC: auth_context: {'token': , 'domain_id': None, 'trust_id': None, 'trustor_id': None, 'trustee_id': None, 'domain_name': None, 'group_ids': [], 'user_id': '13d95fead9ed4b918730e2198000e5e5', 'user_domain_id': 'default', 'system_scope': 'all', 'project_id': None, 'project_domain_id': None, 'roles': ['admin', 'member', 'reader'], 'is_admin_project': True, 'service_user_id': None, 'service_user_domain_id': None, 'service_project_id': None, 'service_project_domain_id': None, 'service_roles': []} {{(pid=81570) fill_context /opt/stack/keystone/keystone/server/flask/request_processing/middleware/auth_context.py:478}}
Aug 31 04:21:37.396876 dv-cinder-855307-1-iscsi devstack@keystone.service[81570]: DEBUG keystone.server.flask.request_processing.req_logging [None req-42714e82-4dc4-4eb0-8ec5-792f4839c0ad None admin] REQUEST_METHOD: `GET` {{(pid=81570) log_request_info /opt/stack/keystone/keystone/server/flask/request_processing/req_logging.py:27}}
Aug 31 04:21:37.397369 dv-cinder-855307-1-iscsi devstack@keystone.service[81570]: DEBUG keystone.server.flask.request_processing.req_logging [None req-42714e82-4dc4-4eb0-8ec5-792f4839c0ad None admin] SCRIPT_NAME: `/identity` {{(pid=81570) log_request_info /opt/stack/keystone/keystone/server/flask/request_processing/req_logging.py:28}}
Aug 31 04:21:37.397824 dv-cinder-855307-1-iscsi devstack@keystone.service[81570]: DEBUG keystone.server.flask.request_processing.req_logging [None req-42714e82-4dc4-4eb0-8ec5-792f4839c0ad None admin] PATH_INFO: `/v3/roles/admin` {{(pid=81570) log_request_info /opt/stack/keystone/keystone/server/flask/request_processing/req_logging.py:29}}
Aug 31 04:21:37.415672 dv-cinder-855307-1-iscsi devstack@keystone.service[81570]: DEBUG keystone.common.rbac_enforcer.enforcer [None req-42714e82-4dc4-4eb0-8ec5-792f4839c0ad None admin] Extracting inferred target data resulted in "NOT FOUND (404)". {{(pid=81570) enforce_call /opt/stack/keystone/keystone/common/rbac_enforcer/enforcer.py:409}}
Aug 31 04:21:37.416383 dv-cinder-855307-1-iscsi devstack@keystone.service[81569]: DEBUG dbcounter [-] [81569] Writing DB stats keystone:SELECT=100 {{(pid=81569) stat_writer /usr/local/lib/python3.8/dist-packages/dbcounter.py:114}}
Aug 31 04:21:37.421225 dv-cinder-855307-1-iscsi devstack@keystone.service[81570]: ERROR keystone.server.flask.application [None req-42714e82-4dc4-4eb0-8ec5-792f4839c0ad None admin] Could not find role: admin.: keystone.exception.RoleNotFound: Could not find role: admin.
Aug 31 04:21:37.421225 dv-cinder-855307-1-iscsi devstack@keystone.service[81570]: ERROR keystone.server.flask.application
Traceback (most recent call last):
Aug 31 04:21:37.421225 dv-cinder-855307-1-iscsi devstack@keystone.service[81570]: ERROR keystone.server.flask.application
File "/usr/local/lib/python3.8/dist-packages/flask/app.py", line 1820, in full_dispatch_request
Aug 31 04:21:37.421225 dv-cinder-855307-1-iscsi devstack@keystone.service[81570]: ERROR keystone.server.flask.application rv = self.dispatch_request()
Aug 31 04:21:37.421225 dv-cinder-855307-1-iscsi devstack@keystone.service[81570]: ERROR keystone.server.flask.application
File "/usr/local/lib/python3.8/dist-packages/flask/app.py", line 1796, in dispatch_request
Aug 31 04:21:37.421225 dv-cinder-855307-1-iscsi devstack@keystone.service[81570]: ERROR keystone.server.flask.application return self.ensure_sync(self.view_functions[rule.endpoint])(**view_args)
Aug 31 04:21:37.421225 dv-cinder-855307-1-iscsi devstack@keystone.service[81570]: ERROR keystone.server.flask.application
File "/usr/local/lib/python3.8/dist-packages/flask_restful/__init__.py", line 467, in wrapper
Aug 31 04:21:37.421225 dv-cinder-855307-1-iscsi devstack@keystone.service[81570]: ERROR keystone.server.flask.application resp = resource(*args, **kwargs)
Aug 31 04:21:37.421225 dv-cinder-855307-1-iscsi devstack@keystone.service[81570]: ERROR keystone.server.flask.application
File "/usr/local/lib/python3.8/dist-packages/flask/views.py", line 107, in view
Aug 31 04:21:37.421225 dv-cinder-855307-1-iscsi devstack@keystone.service[81570]: ERROR keystone.server.flask.application return current_app.ensure_sync(self.dispatch_request)(**kwargs)
Aug 31 04:21:37.421225 dv-cinder-855307-1-iscsi devstack@keystone.service[81570]: ERROR keystone.server.flask.application
File "/usr/local/lib/python3.8/dist-packages/flask_restful/__init__.py", line 582, in dispatch_request
Aug 31 04:21:37.421225 dv-cinder-855307-1-iscsi devstack@keystone.service[81570]: ERROR keystone.server.flask.application resp = meth(*args, **kwargs)
Aug 31 04:21:37.421225 dv-cinder-855307-1-iscsi devstack@keystone.service[81570]: ERROR keystone.server.flask.application
File "/opt/stack/keystone/keystone/api/roles.py", line 50, in get
Aug 31 04:21:37.421225 dv-cinder-855307-1-iscsi devstack@keystone.service[81570]: ERROR keystone.server.flask.application return self._get_role(role_id)
Aug 31 04:21:37.421225 dv-cinder-855307-1-iscsi devstack@keystone.service[81570]: ERROR keystone.server.flask.application
File "/opt/stack/keystone/keystone/api/roles.py", line 70, in _get_role
Aug 31 04:21:37.421225 dv-cinder-855307-1-iscsi devstack@keystone.service[81570]: ERROR keystone.server.flask.application ENFORCER.enforce_call(action='identity:get_role')
Aug 31 04:21:37.422086 dv-cinder-855307-1-iscsi devstack@keystone.service[81570]: ERROR keystone.server.flask.application
File "/opt/stack/keystone/keystone/common/rbac_enforcer/enforcer.py", line 402, in enforce_call
Aug 31 04:21:37.422086 dv-cinder-855307-1-iscsi devstack@keystone.service[81570]: ERROR keystone.server.flask.application policy_dict.update(cls._extract_member_target_data(
Aug 31 04:21:37.422086 dv-cinder-855307-1-iscsi devstack@keystone.service[81570]: ERROR keystone.server.flask.application
File "/opt/stack/keystone/keystone/common/rbac_enforcer/enforcer.py", line 234, in _extract_member_target_data
Aug 31 04:21:37.422086 dv-cinder-855307-1-iscsi devstack@keystone.service[81570]: ERROR keystone.server.flask.application member_name: func(flask.request.view_args[key])
Aug 31 04:21:37.422086 dv-cinder-855307-1-iscsi devstack@keystone.service[81570]: ERROR keystone.server.flask.application
File "/opt/stack/keystone/keystone/common/manager.py", line 115, in wrapped
Aug 31 04:21:37.422086 dv-cinder-855307-1-iscsi devstack@keystone.service[81570]: ERROR keystone.server.flask.application __ret_val = __f(*args, **kwargs)
Aug 31 04:21:37.422086 dv-cinder-855307-1-iscsi devstack@keystone.service[81570]: ERROR keystone.server.flask.application
File "/usr/local/lib/python3.8/dist-packages/decorator.py", line 232, in fun
Aug 31 04:21:37.422086 dv-cinder-855307-1-iscsi devstack@keystone.service[81570]: ERROR keystone.server.flask.application return caller(func, *(extras + args), **kw)
Aug 31 04:21:37.422086 dv-cinder-855307-1-iscsi devstack@keystone.service[81570]: ERROR keystone.server.flask.application
File "/usr/local/lib/python3.8/dist-packages/dogpile/cache/region.py", line 1577, in get_or_create_for_user_func
Aug 31 04:21:37.422086 dv-cinder-855307-1-iscsi devstack@keystone.service[81570]: ERROR keystone.server.flask.application return self.get_or_create(
Aug 31 04:21:37.422086 dv-cinder-855307-1-iscsi devstack@keystone.service[81570]: ERROR keystone.server.flask.application
File "/usr/local/lib/python3.8/dist-packages/dogpile/cache/region.py", line 1042, in get_or_create
Aug 31 04:21:37.422086 dv-cinder-855307-1-iscsi devstack@keystone.service[81570]: ERROR keystone.server.flask.application with Lock(
Aug 31 04:21:37.422086 dv-cinder-855307-1-iscsi devstack@keystone.service[81570]: ERROR keystone.server.flask.application
File "/usr/local/lib/python3.8/dist-packages/dogpile/lock.py", line 185, in __enter__
Aug 31 04:21:37.422086 dv-cinder-855307-1-iscsi devstack@keystone.service[81570]: ERROR keystone.server.flask.application return self._enter()
Aug 31 04:21:37.422086 dv-cinder-855307-1-iscsi devstack@keystone.service[81570]: ERROR keystone.server.flask.application
File "/usr/local/lib/python3.8/dist-packages/dogpile/lock.py", line 94, in _enter
Aug 31 04:21:37.422086 dv-cinder-855307-1-iscsi devstack@keystone.service[81570]: ERROR keystone.server.flask.application generated = self._enter_create(value, createdtime)
Aug 31 04:21:37.423329 dv-cinder-855307-1-iscsi devstack@keystone.service[81570]: ERROR keystone.server.flask.application
File "/usr/local/lib/python3.8/dist-packages/dogpile/lock.py", line 178, in _enter_create
Aug 31 04:21:37.423329 dv-cinder-855307-1-iscsi devstack@keystone.service[81570]: ERROR keystone.server.flask.application return self.creator()
Aug 31 04:21:37.423329 dv-cinder-855307-1-iscsi devstack@keystone.service[81570]: ERROR keystone.server.flask.application
File "/usr/local/lib/python3.8/dist-packages/dogpile/cache/region.py", line 995, in gen_value
Aug 31 04:21:37.423329 dv-cinder-855307-1-iscsi devstack@keystone.service[81570]: ERROR keystone.server.flask.application created_value = creator(
Aug 31 04:21:37.423329 dv-cinder-855307-1-iscsi devstack@keystone.service[81570]: ERROR keystone.server.flask.application
File "/opt/stack/keystone/keystone/assignment/core.py", line 1276, in get_role
Aug 31 04:21:37.423329 dv-cinder-855307-1-iscsi devstack@keystone.service[81570]: ERROR keystone.server.flask.application return self.driver.get_role(role_id)
Aug 31 04:21:37.423329 dv-cinder-855307-1-iscsi devstack@keystone.service[81570]: ERROR keystone.server.flask.application
File "/opt/stack/keystone/keystone/assignment/role_backends/sql.py", line 70, in get_role
Aug 31 04:21:37.423329 dv-cinder-855307-1-iscsi devstack@keystone.service[81570]: ERROR keystone.server.flask.application return self._get_role(session, role_id).to_dict()
Aug 31 04:21:37.423329 dv-cinder-855307-1-iscsi devstack@keystone.service[81570]: ERROR keystone.server.flask.application
File "/opt/stack/keystone/keystone/assignment/role_backends/sql.py", line 65, in _get_role
Aug 31 04:21:37.423329 dv-cinder-855307-1-iscsi devstack@keystone.service[81570]: ERROR keystone.server.flask.application raise exception.RoleNotFound(role_id=role_id)
Aug 31 04:21:37.423329 dv-cinder-855307-1-iscsi devstack@keystone.service[81570]: ERROR keystone.server.flask.application keystone.exception.RoleNotFound: Could not find role: admin.
Aug 31 04:21:37.423329 dv-cinder-855307-1-iscsi devstack@keystone.service[81570]: ERROR keystone.server.flask.application
Aug 31 04:21:37.423329 dv-cinder-855307-1-iscsi devstack@keystone.service[81570]: [pid: 81570|app: 0|req: 130/261] 10.222.0.42 () {56 vars in 1096 bytes} [Wed Aug 31 04:21:37 2022] GET /identity/v3/roles/admin => generated 83 bytes in 328 msecs (HTTP/1.1 404) 5 headers in 183 bytes (1 switches on core 0)
Aug 31 04:21:37.427310 dv-cinder-855307-1-iscsi devstack@keystone.service[81569]: DEBUG keystone.common.rbac_enforcer.enforcer [None req-1c406fce-ac1d-4c54-9aa2-f203bce429f3 None admin] RBAC: Authorizing `identity:validate_token()` {{(pid=81569) enforce_call /opt/stack/keystone/keystone/common/rbac_enforcer/enforcer.py:449}}
Aug 31 04:21:37.431183 dv-cinder-855307-1-iscsi devstack@keystone.service[81569]: DEBUG keystone.common.rbac_enforcer.enforcer [None req-1c406fce-ac1d-4c54-9aa2-f203bce429f3 None admin] RBAC: Authorization granted {{(pid=81569) enforce_call /opt/stack/keystone/keystone/common/rbac_enforcer/enforcer.py:457}}
Aug 31 04:21:37.431822 dv-cinder-855307-1-iscsi devstack@keystone.service[81570]: DEBUG keystone.server.flask.request_processing.middleware.auth_context [None req-42714e82-4dc4-4eb0-8ec5-792f4839c0ad None admin] Authenticating user token {{(pid=81570) process_request /usr/local/lib/python3.8/dist-packages/keystonemiddleware/auth_token/__init__.py:407}}
Aug 31 04:21:37.561260 dv-cinder-855307-1-iscsi devstack@keystone.service[81570]: DEBUG dbcounter [-] [81570] Writing DB stats keystone:SELECT=100 {{(pid=81570) stat_writer /usr/local/lib/python3.8/dist-packages/dbcounter.py:114}}
Aug 31 04:21:37.599072 dv-cinder-855307-1-iscsi devstack@keystone.service[81569]: [pid: 81569|app: 0|req: 132/262] 10.222.0.42 () {58 vars in 1282 bytes} [Wed Aug 31 04:21:37 2022] GET /identity/v3/auth/tokens => generated 799 bytes in 591 msecs (HTTP/1.1 200) 6 headers in 358 bytes (1 switches on core 0)
Aug 31 04:21:37.603373 dv-cinder-855307-1-iscsi devstack@keystone.service[81569]: DEBUG keystone.server.flask.request_processing.middleware.auth_context [None req-1c406fce-ac1d-4c54-9aa2-f203bce429f3 None admin] Authenticating user token {{(pid=81569) process_request /usr/local/lib/python3.8/dist-packages/keystonemiddleware/auth_token/__init__.py:407}}
Aug 31 04:21:37.631871 dv-cinder-855307-1-iscsi devstack@keystone.service[81570]: DEBUG keystone.server.flask.request_processing.middleware.auth_context [None req-42714e82-4dc4-4eb0-8ec5-792f4839c0ad None admin] Validating token access rules against request {{(pid=81570) validate_allowed_request /usr/local/lib/python3.8/dist-packages/keystonemiddleware/auth_token/__init__.py:545}}
Aug 31 04:21:37.669997 dv-cinder-855307-1-iscsi devstack@keystone.service[81570]: DEBUG keystone.server.flask.request_processing.middleware.auth_context [None req-0917f5b4-c0ba-471a-82f6-84937607775a None admin] RBAC: auth_context: {'token': , 'domain_id': None, 'trust_id': None, 'trustor_id': None, 'trustee_id': None, 'domain_name': None, 'group_ids': [], 'user_id': '13d95fead9ed4b918730e2198000e5e5', 'user_domain_id': 'default', 'system_scope': 'all', 'project_id': None, 'project_domain_id': None, 'roles': ['admin', 'member', 'reader'], 'is_admin_project': True, 'service_user_id': None, 'service_user_domain_id': None, 'service_project_id': None, 'service_project_domain_id': None, 'service_roles': []} {{(pid=81570) fill_context /opt/stack/keystone/keystone/server/flask/request_processing/middleware/auth_context.py:478}}
Aug 31 04:21:37.671001 dv-cinder-855307-1-iscsi devstack@keystone.service[81570]: DEBUG keystone.server.flask.request_processing.req_logging [None req-0917f5b4-c0ba-471a-82f6-84937607775a None admin] REQUEST_METHOD: `GET` {{(pid=81570) log_request_info /opt/stack/keystone/keystone/server/flask/request_processing/req_logging.py:27}}
Aug 31 04:21:37.671492 dv-cinder-855307-1-iscsi devstack@keystone.service[81570]: DEBUG keystone.server.flask.request_processing.req_logging [None req-0917f5b4-c0ba-471a-82f6-84937607775a None admin] SCRIPT_NAME: `/identity` {{(pid=81570) log_request_info /opt/stack/keystone/keystone/server/flask/request_processing/req_logging.py:28}}
Aug 31 04:21:37.671970 dv-cinder-855307-1-iscsi devstack@keystone.service[81570]: DEBUG keystone.server.flask.request_processing.req_logging [None req-0917f5b4-c0ba-471a-82f6-84937607775a None admin] PATH_INFO: `/v3/roles` {{(pid=81570) log_request_info /opt/stack/keystone/keystone/server/flask/request_processing/req_logging.py:29}}
Aug 31 04:21:37.672828 dv-cinder-855307-1-iscsi devstack@keystone.service[81570]: DEBUG keystone.common.rbac_enforcer.enforcer [None req-0917f5b4-c0ba-471a-82f6-84937607775a None admin] RBAC: Adding query filter params (name=admin) {{(pid=81570) _extract_filter_values /opt/stack/keystone/keystone/common/rbac_enforcer/enforcer.py:167}}
Aug 31 04:21:37.673716 dv-cinder-855307-1-iscsi devstack@keystone.service[81570]: DEBUG keystone.common.rbac_enforcer.enforcer [None req-0917f5b4-c0ba-471a-82f6-84937607775a None admin] RBAC: Authorizing `identity:list_roles()` {{(pid=81570) enforce_call /opt/stack/keystone/keystone/common/rbac_enforcer/enforcer.py:449}}
Aug 31 04:21:37.675410 dv-cinder-855307-1-iscsi devstack@keystone.service[81570]: DEBUG keystone.common.rbac_enforcer.enforcer [None req-0917f5b4-c0ba-471a-82f6-84937607775a None admin] RBAC: Authorization granted {{(pid=81570) enforce_call /opt/stack/keystone/keystone/common/rbac_enforcer/enforcer.py:457}}
Aug 31 04:21:37.685614 dv-cinder-855307-1-iscsi devstack@keystone.service[81570]: [pid: 81570|app: 0|req: 131/263] 10.222.0.42 () {56 vars in 1099 bytes} [Wed Aug 31 04:21:37 2022] GET /identity/v3/roles?name=admin => generated 339 bytes in 254 msecs (HTTP/1.1 200) 5 headers in 177 bytes (1 switches on core 0)
Aug 31 04:21:37.695806 dv-cinder-855307-1-iscsi devstack@keystone.service[81570]: DEBUG keystone.server.flask.request_processing.middleware.auth_context [None req-0917f5b4-c0ba-471a-82f6-84937607775a None admin] Authenticating user token {{(pid=81570) process_request /usr/local/lib/python3.8/dist-packages/keystonemiddleware/auth_token/__init__.py:407}}
Aug 31 04:21:37.831810 dv-cinder-855307-1-iscsi devstack@keystone.service[81569]: DEBUG dbcounter [-] [81569] Writing DB stats keystone:SELECT=100 {{(pid=81569) stat_writer /usr/local/lib/python3.8/dist-packages/dbcounter.py:114}}
Aug 31 04:21:37.848805 dv-cinder-855307-1-iscsi devstack@keystone.service[81569]: DEBUG keystone.server.flask.request_processing.middleware.auth_context [None req-1c406fce-ac1d-4c54-9aa2-f203bce429f3 None admin] Validating token access rules against request {{(pid=81569) validate_allowed_request /usr/local/lib/python3.8/dist-packages/keystonemiddleware/auth_token/__init__.py:545}}
Aug 31 04:21:37.901027 dv-cinder-855307-1-iscsi devstack@keystone.service[81570]: DEBUG keystone.server.flask.request_processing.middleware.auth_context [None req-0917f5b4-c0ba-471a-82f6-84937607775a None admin] Validating token access rules against request {{(pid=81570) validate_allowed_request /usr/local/lib/python3.8/dist-packages/keystonemiddleware/auth_token/__init__.py:545}}
Aug 31 04:21:37.926814 dv-cinder-855307-1-iscsi devstack@keystone.service[81569]: DEBUG keystone.server.flask.request_processing.middleware.auth_context [None req-f2ed4016-9bc9-4da9-9c0f-b0ceda2b7cbe None admin] RBAC: auth_context: {'token': , 'domain_id': None, 'trust_id': None, 'trustor_id': None, 'trustee_id': None, 'domain_name': None, 'group_ids': [], 'user_id': '13d95fead9ed4b918730e2198000e5e5', 'user_domain_id': 'default', 'system_scope': 'all', 'project_id': None, 'project_domain_id': None, 'roles': ['admin', 'member', 'reader'], 'is_admin_project': True, 'service_user_id': None, 'service_user_domain_id': None, 'service_project_id': None, 'service_project_domain_id': None, 'service_roles': []} {{(pid=81569) fill_context /opt/stack/keystone/keystone/server/flask/request_processing/middleware/auth_context.py:478}}
Aug 31 04:21:37.927420 dv-cinder-855307-1-iscsi devstack@keystone.service[81569]: DEBUG keystone.server.flask.request_processing.req_logging [None req-f2ed4016-9bc9-4da9-9c0f-b0ceda2b7cbe None admin] REQUEST_METHOD: `GET` {{(pid=81569) log_request_info /opt/stack/keystone/keystone/server/flask/request_processing/req_logging.py:27}}
Aug 31 04:21:37.927700 dv-cinder-855307-1-iscsi devstack@keystone.service[81569]: DEBUG keystone.server.flask.request_processing.req_logging [None req-f2ed4016-9bc9-4da9-9c0f-b0ceda2b7cbe None admin] SCRIPT_NAME: `/identity` {{(pid=81569) log_request_info /opt/stack/keystone/keystone/server/flask/request_processing/req_logging.py:28}}
Aug 31 04:21:37.927964 dv-cinder-855307-1-iscsi devstack@keystone.service[81569]: DEBUG keystone.server.flask.request_processing.req_logging [None req-f2ed4016-9bc9-4da9-9c0f-b0ceda2b7cbe None admin] PATH_INFO: `/v3/projects/a33c93942a544564b55765288214ed83` {{(pid=81569) log_request_info /opt/stack/keystone/keystone/server/flask/request_processing/req_logging.py:29}}
Aug 31 04:21:37.929087 dv-cinder-855307-1-iscsi devstack@keystone.service[81569]: DEBUG keystone.common.rbac_enforcer.enforcer [None req-f2ed4016-9bc9-4da9-9c0f-b0ceda2b7cbe None admin] RBAC: Authorizing `identity:get_project(project_id=a33c93942a544564b55765288214ed83)` {{(pid=81569) enforce_call /opt/stack/keystone/keystone/common/rbac_enforcer/enforcer.py:449}}
Aug 31 04:21:37.930544 dv-cinder-855307-1-iscsi devstack@keystone.service[81569]: DEBUG keystone.common.rbac_enforcer.enforcer [None req-f2ed4016-9bc9-4da9-9c0f-b0ceda2b7cbe None admin] RBAC: Authorization granted {{(pid=81569) enforce_call /opt/stack/keystone/keystone/common/rbac_enforcer/enforcer.py:457}}
Aug 31 04:21:37.941111 dv-cinder-855307-1-iscsi devstack@keystone.service[81569]: [pid: 81569|app: 0|req: 133/264] 10.222.0.42 () {56 vars in 1186 bytes} [Wed Aug 31 04:21:37 2022] GET /identity/v3/projects/a33c93942a544564b55765288214ed83 => generated 302 bytes in 338 msecs (HTTP/1.1 200) 5 headers in 177 bytes (2 switches on core 0)
Aug 31 04:21:37.953182 dv-cinder-855307-1-iscsi devstack@keystone.service[81569]: DEBUG keystone.server.flask.request_processing.middleware.auth_context [None req-f2ed4016-9bc9-4da9-9c0f-b0ceda2b7cbe None admin] Authenticating user token {{(pid=81569) process_request /usr/local/lib/python3.8/dist-packages/keystonemiddleware/auth_token/__init__.py:407}}
Aug 31 04:21:37.984332 dv-cinder-855307-1-iscsi devstack@keystone.service[81570]: DEBUG keystone.server.flask.request_processing.middleware.auth_context [None req-545db160-c825-4f39-a1a0-d36729317fa9 None admin] RBAC: auth_context: {'token': , 'domain_id': None, 'trust_id': None, 'trustor_id': None, 'trustee_id': None, 'domain_name': None, 'group_ids': [], 'user_id': '13d95fead9ed4b918730e2198000e5e5', 'user_domain_id': 'default', 'system_scope': 'all', 'project_id': None, 'project_domain_id': None, 'roles': ['admin', 'member', 'reader'], 'is_admin_project': True, 'service_user_id': None, 'service_user_domain_id': None, 'service_project_id': None, 'service_project_domain_id': None, 'service_roles': []} {{(pid=81570) fill_context /opt/stack/keystone/keystone/server/flask/request_processing/middleware/auth_context.py:478}}
Aug 31 04:21:37.984981 dv-cinder-855307-1-iscsi devstack@keystone.service[81570]: DEBUG keystone.server.flask.request_processing.req_logging [None req-545db160-c825-4f39-a1a0-d36729317fa9 None admin] REQUEST_METHOD: `GET` {{(pid=81570) log_request_info /opt/stack/keystone/keystone/server/flask/request_processing/req_logging.py:27}}
Aug 31 04:21:37.985260 dv-cinder-855307-1-iscsi devstack@keystone.service[81570]: DEBUG keystone.server.flask.request_processing.req_logging [None req-545db160-c825-4f39-a1a0-d36729317fa9 None admin] SCRIPT_NAME: `/identity` {{(pid=81570) log_request_info /opt/stack/keystone/keystone/server/flask/request_processing/req_logging.py:28}}
Aug 31 04:21:37.985528 dv-cinder-855307-1-iscsi devstack@keystone.service[81570]: DEBUG keystone.server.flask.request_processing.req_logging [None req-545db160-c825-4f39-a1a0-d36729317fa9 None admin] PATH_INFO: `/v3/users/5556de0aed2b4bbb95048e86a39f24fd` {{(pid=81570) log_request_info /opt/stack/keystone/keystone/server/flask/request_processing/req_logging.py:29}}
Aug 31 04:21:37.991476 dv-cinder-855307-1-iscsi devstack@keystone.service[81570]: DEBUG keystone.common.rbac_enforcer.enforcer [None req-545db160-c825-4f39-a1a0-d36729317fa9 None admin] RBAC: Authorizing `identity:get_user(user_id=5556de0aed2b4bbb95048e86a39f24fd)` {{(pid=81570) enforce_call /opt/stack/keystone/keystone/common/rbac_enforcer/enforcer.py:449}}
Aug 31 04:21:37.992992 dv-cinder-855307-1-iscsi devstack@keystone.service[81570]: DEBUG keystone.common.rbac_enforcer.enforcer [None req-545db160-c825-4f39-a1a0-d36729317fa9 None admin] RBAC: Authorization granted {{(pid=81570) enforce_call /opt/stack/keystone/keystone/common/rbac_enforcer/enforcer.py:457}}
Aug 31 04:21:37.994595 dv-cinder-855307-1-iscsi devstack@keystone.service[81570]: [pid: 81570|app: 0|req: 132/265] 10.222.0.42 () {56 vars in 1177 bytes} [Wed Aug 31 04:21:37 2022] GET /identity/v3/users/5556de0aed2b4bbb95048e86a39f24fd => generated 283 bytes in 299 msecs (HTTP/1.1 200) 5 headers in 177 bytes (1 switches on core 0)
Aug 31 04:21:38.000109 dv-cinder-855307-1-iscsi devstack@keystone.service[81570]: DEBUG keystone.server.flask.request_processing.middleware.auth_context [None req-545db160-c825-4f39-a1a0-d36729317fa9 None admin] Authenticating user token {{(pid=81570) process_request /usr/local/lib/python3.8/dist-packages/keystonemiddleware/auth_token/__init__.py:407}}
Aug 31 04:21:38.006128 dv-cinder-855307-1-iscsi devstack@keystone.service[81570]: DEBUG dbcounter [-] [81570] Writing DB stats keystone:SELECT=100 {{(pid=81570) stat_writer /usr/local/lib/python3.8/dist-packages/dbcounter.py:114}}
Aug 31 04:21:38.150760 dv-cinder-855307-1-iscsi devstack@keystone.service[81569]: DEBUG keystone.server.flask.request_processing.middleware.auth_context [None req-f2ed4016-9bc9-4da9-9c0f-b0ceda2b7cbe None admin] Validating token access rules against request {{(pid=81569) validate_allowed_request /usr/local/lib/python3.8/dist-packages/keystonemiddleware/auth_token/__init__.py:545}}
Aug 31 04:21:38.218689 dv-cinder-855307-1-iscsi devstack@keystone.service[81569]: DEBUG keystone.server.flask.request_processing.middleware.auth_context [None req-a7714dcc-a10f-49ca-87d2-36e0c11edeb5 None admin] RBAC: auth_context: {'token': , 'domain_id': None, 'trust_id': None, 'trustor_id': None, 'trustee_id': None, 'domain_name': None, 'group_ids': [], 'user_id': '13d95fead9ed4b918730e2198000e5e5', 'user_domain_id': 'default', 'system_scope': 'all', 'project_id': None, 'project_domain_id': None, 'roles': ['admin', 'member', 'reader'], 'is_admin_project': True, 'service_user_id': None, 'service_user_domain_id': None, 'service_project_id': None, 'service_project_domain_id': None, 'service_roles': []} {{(pid=81569) fill_context /opt/stack/keystone/keystone/server/flask/request_processing/middleware/auth_context.py:478}}
Aug 31 04:21:38.219565 dv-cinder-855307-1-iscsi devstack@keystone.service[81569]: DEBUG keystone.server.flask.request_processing.req_logging [None req-a7714dcc-a10f-49ca-87d2-36e0c11edeb5 None admin] REQUEST_METHOD: `GET` {{(pid=81569) log_request_info /opt/stack/keystone/keystone/server/flask/request_processing/req_logging.py:27}}
Aug 31 04:21:38.221471 dv-cinder-855307-1-iscsi devstack@keystone.service[81569]: DEBUG keystone.server.flask.request_processing.req_logging [None req-a7714dcc-a10f-49ca-87d2-36e0c11edeb5 None admin] SCRIPT_NAME: `/identity` {{(pid=81569) log_request_info /opt/stack/keystone/keystone/server/flask/request_processing/req_logging.py:28}}
Aug 31 04:21:38.221877 dv-cinder-855307-1-iscsi devstack@keystone.service[81569]: DEBUG keystone.server.flask.request_processing.req_logging [None req-a7714dcc-a10f-49ca-87d2-36e0c11edeb5 None admin] PATH_INFO: `/v3/role_assignments` {{(pid=81569) log_request_info /opt/stack/keystone/keystone/server/flask/request_processing/req_logging.py:29}}
Aug 31 04:21:38.222764 dv-cinder-855307-1-iscsi devstack@keystone.service[81569]: DEBUG keystone.common.rbac_enforcer.enforcer [None req-a7714dcc-a10f-49ca-87d2-36e0c11edeb5 None admin] RBAC: Adding query filter params (role.id=d06115dbab78488182bcb432bf9bec11, scope.project.id=a33c93942a544564b55765288214ed83, user.id=5556de0aed2b4bbb95048e86a39f24fd) {{(pid=81569) _extract_filter_values /opt/stack/keystone/keystone/common/rbac_enforcer/enforcer.py:167}}
Aug 31 04:21:38.223398 dv-cinder-855307-1-iscsi devstack@keystone.service[81569]: DEBUG keystone.common.rbac_enforcer.enforcer [None req-a7714dcc-a10f-49ca-87d2-36e0c11edeb5 None admin] RBAC: Authorizing `identity:list_role_assignments()` {{(pid=81569) enforce_call /opt/stack/keystone/keystone/common/rbac_enforcer/enforcer.py:449}}
Aug 31 04:21:38.226029 dv-cinder-855307-1-iscsi devstack@keystone.service[81569]: DEBUG keystone.common.rbac_enforcer.enforcer [None req-a7714dcc-a10f-49ca-87d2-36e0c11edeb5 None admin] RBAC: Authorization granted {{(pid=81569) enforce_call /opt/stack/keystone/keystone/common/rbac_enforcer/enforcer.py:457}}
Aug 31 04:21:38.238512 dv-cinder-855307-1-iscsi devstack@keystone.service[81569]: [pid: 81569|app: 0|req: 134/266] 10.222.0.42 () {56 vars in 1374 bytes} [Wed Aug 31 04:21:37 2022] GET /identity/v3/role_assignments?user.id=5556de0aed2b4bbb95048e86a39f24fd&scope.project.id=a33c93942a544564b55765288214ed83&role.id=d06115dbab78488182bcb432bf9bec11 => generated 608 bytes in 285 msecs (HTTP/1.1 200) 5 headers in 177 bytes (1 switches on core 0)
Aug 31 04:21:38.255141 dv-cinder-855307-1-iscsi devstack@keystone.service[81570]: DEBUG keystone.server.flask.request_processing.middleware.auth_context [None req-545db160-c825-4f39-a1a0-d36729317fa9 None admin] Validating token access rules against request {{(pid=81570) validate_allowed_request /usr/local/lib/python3.8/dist-packages/keystonemiddleware/auth_token/__init__.py:545}}
Aug 31 04:21:38.294578 dv-cinder-855307-1-iscsi devstack@keystone.service[81569]: DEBUG keystone.server.flask.request_processing.req_logging [None req-83d44d40-2f5e-4b43-9ed8-aa84ec6e9dfd None None] REQUEST_METHOD: `GET` {{(pid=81569) log_request_info /opt/stack/keystone/keystone/server/flask/request_processing/req_logging.py:27}}
Aug 31 04:21:38.295258 dv-cinder-855307-1-iscsi devstack@keystone.service[81569]: DEBUG keystone.server.flask.request_processing.req_logging [None req-83d44d40-2f5e-4b43-9ed8-aa84ec6e9dfd None None] SCRIPT_NAME: `/identity` {{(pid=81569) log_request_info /opt/stack/keystone/keystone/server/flask/request_processing/req_logging.py:28}}
Aug 31 04:21:38.295747 dv-cinder-855307-1-iscsi devstack@keystone.service[81569]: DEBUG keystone.server.flask.request_processing.req_logging [None req-83d44d40-2f5e-4b43-9ed8-aa84ec6e9dfd None None] PATH_INFO: `/` {{(pid=81569) log_request_info /opt/stack/keystone/keystone/server/flask/request_processing/req_logging.py:29}}
Aug 31 04:21:38.297440 dv-cinder-855307-1-iscsi devstack@keystone.service[81569]: [pid: 81569|app: 0|req: 135/267] 10.222.0.42 () {54 vars in 927 bytes} [Wed Aug 31 04:21:38 2022] GET /identity => generated 270 bytes in 4 msecs (HTTP/1.1 300) 6 headers in 234 bytes (2 switches on core 0)
Aug 31 04:21:38.304433 dv-cinder-855307-1-iscsi devstack@keystone.service[81569]: DEBUG keystone.server.flask.request_processing.req_logging [None req-7f2f7b90-9ed6-4eab-b195-f8ca8c7f76cb None None] REQUEST_METHOD: `POST` {{(pid=81569) log_request_info /opt/stack/keystone/keystone/server/flask/request_processing/req_logging.py:27}}
Aug 31 04:21:38.305113 dv-cinder-855307-1-iscsi devstack@keystone.service[81569]: DEBUG keystone.server.flask.request_processing.req_logging [None req-7f2f7b90-9ed6-4eab-b195-f8ca8c7f76cb None None] SCRIPT_NAME: `/identity` {{(pid=81569) log_request_info /opt/stack/keystone/keystone/server/flask/request_processing/req_logging.py:28}}
Aug 31 04:21:38.305903 dv-cinder-855307-1-iscsi devstack@keystone.service[81569]: DEBUG keystone.server.flask.request_processing.req_logging [None req-7f2f7b90-9ed6-4eab-b195-f8ca8c7f76cb None None] PATH_INFO: `/v3/auth/tokens` {{(pid=81569) log_request_info /opt/stack/keystone/keystone/server/flask/request_processing/req_logging.py:29}}
Aug 31 04:21:38.315524 dv-cinder-855307-1-iscsi devstack@keystone.service[81570]: DEBUG keystone.server.flask.request_processing.middleware.auth_context [None req-33b216f0-be69-439b-977f-9fab86247ae5 None admin] RBAC: auth_context: {'token': , 'domain_id': None, 'trust_id': None, 'trustor_id': None, 'trustee_id': None, 'domain_name': None, 'group_ids': [], 'user_id': '13d95fead9ed4b918730e2198000e5e5', 'user_domain_id': 'default', 'system_scope': 'all', 'project_id': None, 'project_domain_id': None, 'roles': ['admin', 'member', 'reader'], 'is_admin_project': True, 'service_user_id': None, 'service_user_domain_id': None, 'service_project_id': None, 'service_project_domain_id': None, 'service_roles': []} {{(pid=81570) fill_context /opt/stack/keystone/keystone/server/flask/request_processing/middleware/auth_context.py:478}}
Aug 31 04:21:38.316514 dv-cinder-855307-1-iscsi devstack@keystone.service[81570]: DEBUG keystone.server.flask.request_processing.req_logging [None req-33b216f0-be69-439b-977f-9fab86247ae5 None admin] REQUEST_METHOD: `GET` {{(pid=81570) log_request_info /opt/stack/keystone/keystone/server/flask/request_processing/req_logging.py:27}}
Aug 31 04:21:38.316788 dv-cinder-855307-1-iscsi devstack@keystone.service[81570]: DEBUG keystone.server.flask.request_processing.req_logging [None req-33b216f0-be69-439b-977f-9fab86247ae5 None admin] SCRIPT_NAME: `/identity` {{(pid=81570) log_request_info /opt/stack/keystone/keystone/server/flask/request_processing/req_logging.py:28}}
Aug 31 04:21:38.317054 dv-cinder-855307-1-iscsi devstack@keystone.service[81570]: DEBUG keystone.server.flask.request_processing.req_logging [None req-33b216f0-be69-439b-977f-9fab86247ae5 None admin] PATH_INFO: `/v3/auth/tokens` {{(pid=81570) log_request_info /opt/stack/keystone/keystone/server/flask/request_processing/req_logging.py:29}}
Aug 31 04:21:38.330977 dv-cinder-855307-1-iscsi devstack@keystone.service[81569]: DEBUG keystone.auth.core [None req-7f2f7b90-9ed6-4eab-b195-f8ca8c7f76cb None None] MFA Rules not processed for user `13d95fead9ed4b918730e2198000e5e5`. Rule list: `[]` (Enabled: `True`). {{(pid=81569) check_auth_methods_against_rules /opt/stack/keystone/keystone/auth/core.py:438}}
Aug 31 04:21:38.333512 dv-cinder-855307-1-iscsi devstack@keystone.service[81569]: DEBUG keystone.common.fernet_utils [None req-7f2f7b90-9ed6-4eab-b195-f8ca8c7f76cb None None] Loaded 2 Fernet keys from /etc/keystone/fernet-keys/, but `[fernet_tokens] max_active_keys = 3`; perhaps there have not been enough key rotations to reach `max_active_keys` yet? {{(pid=81569) load_keys /opt/stack/keystone/keystone/common/fernet_utils.py:286}}
Aug 31 04:21:38.367090 dv-cinder-855307-1-iscsi devstack@keystone.service[81569]: DEBUG dbcounter [-] [81569] Writing DB stats keystone:SELECT=100 {{(pid=81569) stat_writer /usr/local/lib/python3.8/dist-packages/dbcounter.py:114}}
Aug 31 04:21:38.418624 dv-cinder-855307-1-iscsi devstack@keystone.service[81569]: [pid: 81569|app: 0|req: 136/268] 10.222.0.42 () {58 vars in 1024 bytes} [Wed Aug 31 04:21:38 2022] POST /identity/v3/auth/tokens => generated 799 bytes in 115 msecs (HTTP/1.1 201) 6 headers in 363 bytes (2 switches on core 0)
Aug 31 04:21:38.460170 dv-cinder-855307-1-iscsi devstack@keystone.service[81569]: DEBUG keystone.server.flask.request_processing.req_logging [None req-7e7387c8-d4d6-4c2d-b1e0-aecddecb19b7 None None] REQUEST_METHOD: `GET` {{(pid=81569) log_request_info /opt/stack/keystone/keystone/server/flask/request_processing/req_logging.py:27}}
Aug 31 04:21:38.461272 dv-cinder-855307-1-iscsi devstack@keystone.service[81569]: DEBUG keystone.server.flask.request_processing.req_logging [None req-7e7387c8-d4d6-4c2d-b1e0-aecddecb19b7 None None] SCRIPT_NAME: `/identity` {{(pid=81569) log_request_info /opt/stack/keystone/keystone/server/flask/request_processing/req_logging.py:28}}
Aug 31 04:21:38.461816 dv-cinder-855307-1-iscsi devstack@keystone.service[81569]: DEBUG keystone.server.flask.request_processing.req_logging [None req-7e7387c8-d4d6-4c2d-b1e0-aecddecb19b7 None None] PATH_INFO: `/` {{(pid=81569) log_request_info /opt/stack/keystone/keystone/server/flask/request_processing/req_logging.py:29}}
Aug 31 04:21:38.463018 dv-cinder-855307-1-iscsi devstack@keystone.service[81570]: DEBUG keystone.common.rbac_enforcer.enforcer [None req-33b216f0-be69-439b-977f-9fab86247ae5 None admin] RBAC: Authorizing `identity:validate_token()` {{(pid=81570) enforce_call /opt/stack/keystone/keystone/common/rbac_enforcer/enforcer.py:449}}
Aug 31 04:21:38.464058 dv-cinder-855307-1-iscsi devstack@keystone.service[81569]: [pid: 81569|app: 0|req: 137/269] 10.222.0.42 () {54 vars in 927 bytes} [Wed Aug 31 04:21:38 2022] GET /identity => generated 270 bytes in 5 msecs (HTTP/1.1 300) 6 headers in 234 bytes (2 switches on core 0)
Aug 31 04:21:38.465109 dv-cinder-855307-1-iscsi devstack@keystone.service[81570]: DEBUG keystone.common.rbac_enforcer.enforcer [None req-33b216f0-be69-439b-977f-9fab86247ae5 None admin] RBAC: Authorization granted {{(pid=81570) enforce_call /opt/stack/keystone/keystone/common/rbac_enforcer/enforcer.py:457}}
Aug 31 04:21:38.469652 dv-cinder-855307-1-iscsi devstack@keystone.service[81569]: DEBUG keystone.server.flask.request_processing.req_logging [None req-e251e89e-47b9-404b-bcec-b40a04f494d7 None None] REQUEST_METHOD: `POST` {{(pid=81569) log_request_info /opt/stack/keystone/keystone/server/flask/request_processing/req_logging.py:27}}
Aug 31 04:21:38.470289 dv-cinder-855307-1-iscsi devstack@keystone.service[81569]: DEBUG keystone.server.flask.request_processing.req_logging [None req-e251e89e-47b9-404b-bcec-b40a04f494d7 None None] SCRIPT_NAME: `/identity` {{(pid=81569) log_request_info /opt/stack/keystone/keystone/server/flask/request_processing/req_logging.py:28}}
Aug 31 04:21:38.470810 dv-cinder-855307-1-iscsi devstack@keystone.service[81569]: DEBUG keystone.server.flask.request_processing.req_logging [None req-e251e89e-47b9-404b-bcec-b40a04f494d7 None None] PATH_INFO: `/v3/auth/tokens` {{(pid=81569) log_request_info /opt/stack/keystone/keystone/server/flask/request_processing/req_logging.py:29}}
Aug 31 04:21:38.471896 dv-cinder-855307-1-iscsi devstack@keystone.service[81570]: DEBUG dbcounter [-] [81570] Writing DB stats keystone:SELECT=100 {{(pid=81570) stat_writer /usr/local/lib/python3.8/dist-packages/dbcounter.py:114}}
Aug 31 04:21:38.504322 dv-cinder-855307-1-iscsi devstack@keystone.service[81569]: DEBUG keystone.auth.core [None req-e251e89e-47b9-404b-bcec-b40a04f494d7 None None] MFA Rules not processed for user `13d95fead9ed4b918730e2198000e5e5`. Rule list: `[]` (Enabled: `True`). {{(pid=81569) check_auth_methods_against_rules /opt/stack/keystone/keystone/auth/core.py:438}}
Aug 31 04:21:38.505536 dv-cinder-855307-1-iscsi devstack@keystone.service[81569]: DEBUG keystone.common.fernet_utils [None req-e251e89e-47b9-404b-bcec-b40a04f494d7 None None] Loaded 2 Fernet keys from /etc/keystone/fernet-keys/, but `[fernet_tokens] max_active_keys = 3`; perhaps there have not been enough key rotations to reach `max_active_keys` yet? {{(pid=81569) load_keys /opt/stack/keystone/keystone/common/fernet_utils.py:286}}
Aug 31 04:21:38.594287 dv-cinder-855307-1-iscsi devstack@keystone.service[81569]: [pid: 81569|app: 0|req: 138/270] 10.222.0.42 () {58 vars in 1024 bytes} [Wed Aug 31 04:21:38 2022] POST /identity/v3/auth/tokens => generated 799 bytes in 125 msecs (HTTP/1.1 201) 6 headers in 363 bytes (1 switches on core 0)
Aug 31 04:21:38.595723 dv-cinder-855307-1-iscsi devstack@keystone.service[81569]: DEBUG keystone.server.flask.request_processing.req_logging [None req-504010c2-6721-4e52-b6ca-1aca5ed12300 None None] REQUEST_METHOD: `GET` {{(pid=81569) log_request_info /opt/stack/keystone/keystone/server/flask/request_processing/req_logging.py:27}}
Aug 31 04:21:38.596008 dv-cinder-855307-1-iscsi devstack@keystone.service[81569]: DEBUG keystone.server.flask.request_processing.req_logging [None req-504010c2-6721-4e52-b6ca-1aca5ed12300 None None] SCRIPT_NAME: `/identity` {{(pid=81569) log_request_info /opt/stack/keystone/keystone/server/flask/request_processing/req_logging.py:28}}
Aug 31 04:21:38.596386 dv-cinder-855307-1-iscsi devstack@keystone.service[81569]: DEBUG keystone.server.flask.request_processing.req_logging [None req-504010c2-6721-4e52-b6ca-1aca5ed12300 None None] PATH_INFO: `/` {{(pid=81569) log_request_info /opt/stack/keystone/keystone/server/flask/request_processing/req_logging.py:29}}
Aug 31 04:21:38.597875 dv-cinder-855307-1-iscsi devstack@keystone.service[81569]: [pid: 81569|app: 0|req: 139/271] 10.222.0.42 () {54 vars in 927 bytes} [Wed Aug 31 04:21:38 2022] GET /identity => generated 270 bytes in 3 msecs (HTTP/1.1 300) 6 headers in 234 bytes (1 switches on core 0)
Aug 31 04:21:38.603059 dv-cinder-855307-1-iscsi devstack@keystone.service[81569]: DEBUG keystone.server.flask.request_processing.req_logging [None req-92f2143e-7e39-46aa-9dc2-56e277721be6 None None] REQUEST_METHOD: `POST` {{(pid=81569) log_request_info /opt/stack/keystone/keystone/server/flask/request_processing/req_logging.py:27}}
Aug 31 04:21:38.603357 dv-cinder-855307-1-iscsi devstack@keystone.service[81569]: DEBUG keystone.server.flask.request_processing.req_logging [None req-92f2143e-7e39-46aa-9dc2-56e277721be6 None None] SCRIPT_NAME: `/identity` {{(pid=81569) log_request_info /opt/stack/keystone/keystone/server/flask/request_processing/req_logging.py:28}}
Aug 31 04:21:38.603623 dv-cinder-855307-1-iscsi devstack@keystone.service[81569]: DEBUG keystone.server.flask.request_processing.req_logging [None req-92f2143e-7e39-46aa-9dc2-56e277721be6 None None] PATH_INFO: `/v3/auth/tokens` {{(pid=81569) log_request_info /opt/stack/keystone/keystone/server/flask/request_processing/req_logging.py:29}}
Aug 31 04:21:38.608753 dv-cinder-855307-1-iscsi devstack@keystone.service[81570]: [pid: 81570|app: 0|req: 133/272] 10.222.0.42 () {58 vars in 1282 bytes} [Wed Aug 31 04:21:37 2022] GET /identity/v3/auth/tokens => generated 799 bytes in 609 msecs (HTTP/1.1 200) 6 headers in 358 bytes (2 switches on core 0)
Aug 31 04:21:38.614184 dv-cinder-855307-1-iscsi devstack@keystone.service[81570]: DEBUG keystone.server.flask.request_processing.middleware.auth_context [None req-33b216f0-be69-439b-977f-9fab86247ae5 None admin] Authenticating user token {{(pid=81570) process_request /usr/local/lib/python3.8/dist-packages/keystonemiddleware/auth_token/__init__.py:407}}
Aug 31 04:21:38.644221 dv-cinder-855307-1-iscsi devstack@keystone.service[81569]: DEBUG keystone.auth.core [None req-92f2143e-7e39-46aa-9dc2-56e277721be6 None None] MFA Rules not processed for user `13d95fead9ed4b918730e2198000e5e5`. Rule list: `[]` (Enabled: `True`). {{(pid=81569) check_auth_methods_against_rules /opt/stack/keystone/keystone/auth/core.py:438}}
Aug 31 04:21:38.645411 dv-cinder-855307-1-iscsi devstack@keystone.service[81569]: DEBUG keystone.common.fernet_utils [None req-92f2143e-7e39-46aa-9dc2-56e277721be6 None None] Loaded 2 Fernet keys from /etc/keystone/fernet-keys/, but `[fernet_tokens] max_active_keys = 3`; perhaps there have not been enough key rotations to reach `max_active_keys` yet? {{(pid=81569) load_keys /opt/stack/keystone/keystone/common/fernet_utils.py:286}}
Aug 31 04:21:38.763421 dv-cinder-855307-1-iscsi devstack@keystone.service[81569]: [pid: 81569|app: 0|req: 140/273] 10.222.0.42 () {58 vars in 1024 bytes} [Wed Aug 31 04:21:38 2022] POST /identity/v3/auth/tokens => generated 799 bytes in 161 msecs (HTTP/1.1 201) 6 headers in 363 bytes (3 switches on core 0)
Aug 31 04:21:38.774745 dv-cinder-855307-1-iscsi devstack@keystone.service[81570]: DEBUG keystone.server.flask.request_processing.middleware.auth_context [None req-33b216f0-be69-439b-977f-9fab86247ae5 None admin] Validating token access rules against request {{(pid=81570) validate_allowed_request /usr/local/lib/python3.8/dist-packages/keystonemiddleware/auth_token/__init__.py:545}}
Aug 31 04:21:38.785192 dv-cinder-855307-1-iscsi devstack@keystone.service[81570]: DEBUG dbcounter [-] [81570] Writing DB stats keystone:SELECT=100 {{(pid=81570) stat_writer /usr/local/lib/python3.8/dist-packages/dbcounter.py:114}}
Aug 31 04:21:38.787703 dv-cinder-855307-1-iscsi devstack@keystone.service[81569]: DEBUG keystone.server.flask.request_processing.middleware.auth_context [None req-92f2143e-7e39-46aa-9dc2-56e277721be6 None None] Authenticating user token {{(pid=81569) process_request /usr/local/lib/python3.8/dist-packages/keystonemiddleware/auth_token/__init__.py:407}}
Aug 31 04:21:38.814491 dv-cinder-855307-1-iscsi devstack@keystone.service[81569]: DEBUG dbcounter [-] [81569] Writing DB stats keystone:SELECT=100 {{(pid=81569) stat_writer /usr/local/lib/python3.8/dist-packages/dbcounter.py:114}}
Aug 31 04:21:38.840594 dv-cinder-855307-1-iscsi devstack@keystone.service[81570]: DEBUG keystone.server.flask.request_processing.middleware.auth_context [None req-83659358-fa62-4522-8431-8c2b62ff8e7b None admin] RBAC: auth_context: {'token': , 'domain_id': None, 'trust_id': None, 'trustor_id': None, 'trustee_id': None, 'domain_name': None, 'group_ids': [], 'user_id': '13d95fead9ed4b918730e2198000e5e5', 'user_domain_id': 'default', 'system_scope': 'all', 'project_id': None, 'project_domain_id': None, 'roles': ['admin', 'member', 'reader'], 'is_admin_project': True, 'service_user_id': None, 'service_user_domain_id': None, 'service_project_id': None, 'service_project_domain_id': None, 'service_roles': []} {{(pid=81570) fill_context /opt/stack/keystone/keystone/server/flask/request_processing/middleware/auth_context.py:478}}
Aug 31 04:21:38.841234 dv-cinder-855307-1-iscsi devstack@keystone.service[81570]: DEBUG keystone.server.flask.request_processing.req_logging [None req-83659358-fa62-4522-8431-8c2b62ff8e7b None admin] REQUEST_METHOD: `GET` {{(pid=81570) log_request_info /opt/stack/keystone/keystone/server/flask/request_processing/req_logging.py:27}}
Aug 31 04:21:38.841506 dv-cinder-855307-1-iscsi devstack@keystone.service[81570]: DEBUG keystone.server.flask.request_processing.req_logging [None req-83659358-fa62-4522-8431-8c2b62ff8e7b None admin] SCRIPT_NAME: `/identity` {{(pid=81570) log_request_info /opt/stack/keystone/keystone/server/flask/request_processing/req_logging.py:28}}
Aug 31 04:21:38.841770 dv-cinder-855307-1-iscsi devstack@keystone.service[81570]: DEBUG keystone.server.flask.request_processing.req_logging [None req-83659358-fa62-4522-8431-8c2b62ff8e7b None admin] PATH_INFO: `/v3/projects/a33c93942a544564b55765288214ed83` {{(pid=81570) log_request_info /opt/stack/keystone/keystone/server/flask/request_processing/req_logging.py:29}}
Aug 31 04:21:38.844007 dv-cinder-855307-1-iscsi devstack@keystone.service[81570]: DEBUG keystone.common.rbac_enforcer.enforcer [None req-83659358-fa62-4522-8431-8c2b62ff8e7b None admin] RBAC: Authorizing `identity:get_project(project_id=a33c93942a544564b55765288214ed83)` {{(pid=81570) enforce_call /opt/stack/keystone/keystone/common/rbac_enforcer/enforcer.py:449}}
Aug 31 04:21:38.845465 dv-cinder-855307-1-iscsi devstack@keystone.service[81570]: DEBUG keystone.common.rbac_enforcer.enforcer [None req-83659358-fa62-4522-8431-8c2b62ff8e7b None admin] RBAC: Authorization granted {{(pid=81570) enforce_call /opt/stack/keystone/keystone/common/rbac_enforcer/enforcer.py:457}}
Aug 31 04:21:38.847127 dv-cinder-855307-1-iscsi devstack@keystone.service[81570]: [pid: 81570|app: 0|req: 134/274] 10.222.0.42 () {56 vars in 1186 bytes} [Wed Aug 31 04:21:38 2022] GET /identity/v3/projects/a33c93942a544564b55765288214ed83 => generated 302 bytes in 233 msecs (HTTP/1.1 200) 5 headers in 177 bytes (2 switches on core 0)
Aug 31 04:21:38.855029 dv-cinder-855307-1-iscsi devstack@keystone.service[81570]: DEBUG keystone.server.flask.request_processing.middleware.auth_context [None req-83659358-fa62-4522-8431-8c2b62ff8e7b None admin] Authenticating user token {{(pid=81570) process_request /usr/local/lib/python3.8/dist-packages/keystonemiddleware/auth_token/__init__.py:407}}
Aug 31 04:21:38.966845 dv-cinder-855307-1-iscsi devstack@keystone.service[81570]: DEBUG keystone.server.flask.request_processing.middleware.auth_context [None req-83659358-fa62-4522-8431-8c2b62ff8e7b None admin] Validating token access rules against request {{(pid=81570) validate_allowed_request /usr/local/lib/python3.8/dist-packages/keystonemiddleware/auth_token/__init__.py:545}}
