Aug 31 01:03:49.334100 dv-cinder-855288-2-iscsi devstack@keystone.service[81750]: [pid: 81750|app: 0|req: 157/296] 10.222.0.20 () {58 vars in 1024 bytes} [Wed Aug 31 01:03:49 2022] POST /identity/v3/auth/tokens => generated 799 bytes in 101 msecs (HTTP/1.1 201) 6 headers in 363 bytes (1 switches on core 0)
Aug 31 01:03:49.534807 dv-cinder-855288-2-iscsi devstack@keystone.service[81749]: DEBUG keystone.server.flask.request_processing.req_logging [None req-59504485-7ec4-4629-a770-4523c55d4d02 None None] REQUEST_METHOD: `GET` {{(pid=81749) log_request_info /opt/stack/keystone/keystone/server/flask/request_processing/req_logging.py:27}}
Aug 31 01:03:49.535134 dv-cinder-855288-2-iscsi devstack@keystone.service[81749]: DEBUG keystone.server.flask.request_processing.req_logging [None req-59504485-7ec4-4629-a770-4523c55d4d02 None None] SCRIPT_NAME: `/identity` {{(pid=81749) log_request_info /opt/stack/keystone/keystone/server/flask/request_processing/req_logging.py:28}}
Aug 31 01:03:49.535312 dv-cinder-855288-2-iscsi devstack@keystone.service[81749]: DEBUG keystone.server.flask.request_processing.req_logging [None req-59504485-7ec4-4629-a770-4523c55d4d02 None None] PATH_INFO: `/` {{(pid=81749) log_request_info /opt/stack/keystone/keystone/server/flask/request_processing/req_logging.py:29}}
Aug 31 01:03:49.536868 dv-cinder-855288-2-iscsi devstack@keystone.service[81749]: [pid: 81749|app: 0|req: 140/297] 10.222.0.20 () {54 vars in 927 bytes} [Wed Aug 31 01:03:49 2022] GET /identity => generated 270 bytes in 3 msecs (HTTP/1.1 300) 6 headers in 234 bytes (1 switches on core 0)
Aug 31 01:03:49.542195 dv-cinder-855288-2-iscsi devstack@keystone.service[81750]: DEBUG keystone.server.flask.request_processing.req_logging [None req-1306049a-3c3e-47c1-82e6-275fea5537bd None None] REQUEST_METHOD: `POST` {{(pid=81750) log_request_info /opt/stack/keystone/keystone/server/flask/request_processing/req_logging.py:27}}
Aug 31 01:03:49.542484 dv-cinder-855288-2-iscsi devstack@keystone.service[81750]: DEBUG keystone.server.flask.request_processing.req_logging [None req-1306049a-3c3e-47c1-82e6-275fea5537bd None None] SCRIPT_NAME: `/identity` {{(pid=81750) log_request_info /opt/stack/keystone/keystone/server/flask/request_processing/req_logging.py:28}}
Aug 31 01:03:49.542756 dv-cinder-855288-2-iscsi devstack@keystone.service[81750]: DEBUG keystone.server.flask.request_processing.req_logging [None req-1306049a-3c3e-47c1-82e6-275fea5537bd None None] PATH_INFO: `/v3/auth/tokens` {{(pid=81750) log_request_info /opt/stack/keystone/keystone/server/flask/request_processing/req_logging.py:29}}
Aug 31 01:03:49.561364 dv-cinder-855288-2-iscsi devstack@keystone.service[81750]: DEBUG keystone.auth.core [None req-1306049a-3c3e-47c1-82e6-275fea5537bd None None] MFA Rules not processed for user `7772468996d2491aa2e6bc53000efa74`. Rule list: `[]` (Enabled: `True`). {{(pid=81750) check_auth_methods_against_rules /opt/stack/keystone/keystone/auth/core.py:438}}
Aug 31 01:03:49.562547 dv-cinder-855288-2-iscsi devstack@keystone.service[81750]: DEBUG keystone.common.fernet_utils [None req-1306049a-3c3e-47c1-82e6-275fea5537bd None None] Loaded 2 Fernet keys from /etc/keystone/fernet-keys/, but `[fernet_tokens] max_active_keys = 3`; perhaps there have not been enough key rotations to reach `max_active_keys` yet? {{(pid=81750) load_keys /opt/stack/keystone/keystone/common/fernet_utils.py:286}}
Aug 31 01:03:49.613000 dv-cinder-855288-2-iscsi devstack@keystone.service[81749]: DEBUG keystone.server.flask.request_processing.middleware.auth_context [None req-59504485-7ec4-4629-a770-4523c55d4d02 None None] Authenticating user token {{(pid=81749) process_request /usr/local/lib/python3.8/dist-packages/keystonemiddleware/auth_token/__init__.py:407}}
Aug 31 01:03:49.629684 dv-cinder-855288-2-iscsi devstack@keystone.service[81750]: [pid: 81750|app: 0|req: 158/298] 10.222.0.20 () {58 vars in 1024 bytes} [Wed Aug 31 01:03:49 2022] POST /identity/v3/auth/tokens => generated 799 bytes in 88 msecs (HTTP/1.1 201) 6 headers in 363 bytes (1 switches on core 0)
Aug 31 01:03:49.636667 dv-cinder-855288-2-iscsi devstack@keystone.service[81750]: DEBUG keystone.server.flask.request_processing.req_logging [None req-46a15155-6b1e-4a34-8230-806d32c5342e None None] REQUEST_METHOD: `GET` {{(pid=81750) log_request_info /opt/stack/keystone/keystone/server/flask/request_processing/req_logging.py:27}}
Aug 31 01:03:49.637151 dv-cinder-855288-2-iscsi devstack@keystone.service[81750]: DEBUG keystone.server.flask.request_processing.req_logging [None req-46a15155-6b1e-4a34-8230-806d32c5342e None None] SCRIPT_NAME: `/identity` {{(pid=81750) log_request_info /opt/stack/keystone/keystone/server/flask/request_processing/req_logging.py:28}}
Aug 31 01:03:49.637603 dv-cinder-855288-2-iscsi devstack@keystone.service[81750]: DEBUG keystone.server.flask.request_processing.req_logging [None req-46a15155-6b1e-4a34-8230-806d32c5342e None None] PATH_INFO: `/` {{(pid=81750) log_request_info /opt/stack/keystone/keystone/server/flask/request_processing/req_logging.py:29}}
Aug 31 01:03:49.639357 dv-cinder-855288-2-iscsi devstack@keystone.service[81750]: [pid: 81750|app: 0|req: 159/299] 10.222.0.20 () {54 vars in 927 bytes} [Wed Aug 31 01:03:49 2022] GET /identity => generated 270 bytes in 4 msecs (HTTP/1.1 300) 6 headers in 234 bytes (2 switches on core 0)
Aug 31 01:03:49.644397 dv-cinder-855288-2-iscsi devstack@keystone.service[81750]: DEBUG keystone.server.flask.request_processing.req_logging [None req-3acdf7f3-2ac3-4d4c-855d-d5fbc3543fe4 None None] REQUEST_METHOD: `POST` {{(pid=81750) log_request_info /opt/stack/keystone/keystone/server/flask/request_processing/req_logging.py:27}}
Aug 31 01:03:49.644987 dv-cinder-855288-2-iscsi devstack@keystone.service[81749]: DEBUG dbcounter [-] [81749] Writing DB stats keystone:SELECT=100 {{(pid=81749) stat_writer /usr/local/lib/python3.8/dist-packages/dbcounter.py:114}}
Aug 31 01:03:49.645371 dv-cinder-855288-2-iscsi devstack@keystone.service[81750]: DEBUG keystone.server.flask.request_processing.req_logging [None req-3acdf7f3-2ac3-4d4c-855d-d5fbc3543fe4 None None] SCRIPT_NAME: `/identity` {{(pid=81750) log_request_info /opt/stack/keystone/keystone/server/flask/request_processing/req_logging.py:28}}
Aug 31 01:03:49.645660 dv-cinder-855288-2-iscsi devstack@keystone.service[81750]: DEBUG keystone.server.flask.request_processing.req_logging [None req-3acdf7f3-2ac3-4d4c-855d-d5fbc3543fe4 None None] PATH_INFO: `/v3/auth/tokens` {{(pid=81750) log_request_info /opt/stack/keystone/keystone/server/flask/request_processing/req_logging.py:29}}
Aug 31 01:03:49.664155 dv-cinder-855288-2-iscsi devstack@keystone.service[81750]: DEBUG keystone.auth.core [None req-3acdf7f3-2ac3-4d4c-855d-d5fbc3543fe4 None None] MFA Rules not processed for user `7772468996d2491aa2e6bc53000efa74`. Rule list: `[]` (Enabled: `True`). {{(pid=81750) check_auth_methods_against_rules /opt/stack/keystone/keystone/auth/core.py:438}}
Aug 31 01:03:49.665484 dv-cinder-855288-2-iscsi devstack@keystone.service[81750]: DEBUG keystone.common.fernet_utils [None req-3acdf7f3-2ac3-4d4c-855d-d5fbc3543fe4 None None] Loaded 2 Fernet keys from /etc/keystone/fernet-keys/, but `[fernet_tokens] max_active_keys = 3`; perhaps there have not been enough key rotations to reach `max_active_keys` yet? {{(pid=81750) load_keys /opt/stack/keystone/keystone/common/fernet_utils.py:286}}
Aug 31 01:03:49.725499 dv-cinder-855288-2-iscsi devstack@keystone.service[81749]: DEBUG keystone.server.flask.request_processing.middleware.auth_context [None req-59504485-7ec4-4629-a770-4523c55d4d02 None None] Validating token access rules against request {{(pid=81749) validate_allowed_request /usr/local/lib/python3.8/dist-packages/keystonemiddleware/auth_token/__init__.py:545}}
Aug 31 01:03:49.748548 dv-cinder-855288-2-iscsi devstack@keystone.service[81750]: [pid: 81750|app: 0|req: 160/300] 10.222.0.20 () {58 vars in 1024 bytes} [Wed Aug 31 01:03:49 2022] POST /identity/v3/auth/tokens => generated 799 bytes in 105 msecs (HTTP/1.1 201) 6 headers in 363 bytes (1 switches on core 0)
Aug 31 01:03:49.767596 dv-cinder-855288-2-iscsi devstack@keystone.service[81749]: DEBUG keystone.server.flask.request_processing.middleware.auth_context [None req-072036cc-cfbc-4a46-967f-ada9d235bd52 None admin] RBAC: auth_context: {'token': , 'domain_id': None, 'trust_id': None, 'trustor_id': None, 'trustee_id': None, 'domain_name': None, 'group_ids': [], 'user_id': '7772468996d2491aa2e6bc53000efa74', 'user_domain_id': 'default', 'system_scope': 'all', 'project_id': None, 'project_domain_id': None, 'roles': ['admin', 'member', 'reader'], 'is_admin_project': True, 'service_user_id': None, 'service_user_domain_id': None, 'service_project_id': None, 'service_project_domain_id': None, 'service_roles': []} {{(pid=81749) fill_context /opt/stack/keystone/keystone/server/flask/request_processing/middleware/auth_context.py:478}}
Aug 31 01:03:49.768382 dv-cinder-855288-2-iscsi devstack@keystone.service[81749]: DEBUG keystone.server.flask.request_processing.req_logging [None req-072036cc-cfbc-4a46-967f-ada9d235bd52 None admin] REQUEST_METHOD: `GET` {{(pid=81749) log_request_info /opt/stack/keystone/keystone/server/flask/request_processing/req_logging.py:27}}
Aug 31 01:03:49.768673 dv-cinder-855288-2-iscsi devstack@keystone.service[81749]: DEBUG keystone.server.flask.request_processing.req_logging [None req-072036cc-cfbc-4a46-967f-ada9d235bd52 None admin] SCRIPT_NAME: `/identity` {{(pid=81749) log_request_info /opt/stack/keystone/keystone/server/flask/request_processing/req_logging.py:28}}
Aug 31 01:03:49.768994 dv-cinder-855288-2-iscsi devstack@keystone.service[81749]: DEBUG keystone.server.flask.request_processing.req_logging [None req-072036cc-cfbc-4a46-967f-ada9d235bd52 None admin] PATH_INFO: `/v3/roles/member` {{(pid=81749) log_request_info /opt/stack/keystone/keystone/server/flask/request_processing/req_logging.py:29}}
Aug 31 01:03:49.780241 dv-cinder-855288-2-iscsi devstack@keystone.service[81749]: DEBUG keystone.common.rbac_enforcer.enforcer [None req-072036cc-cfbc-4a46-967f-ada9d235bd52 None admin] Extracting inferred target data resulted in "NOT FOUND (404)". {{(pid=81749) enforce_call /opt/stack/keystone/keystone/common/rbac_enforcer/enforcer.py:409}}
Aug 31 01:03:49.785313 dv-cinder-855288-2-iscsi devstack@keystone.service[81749]: ERROR keystone.server.flask.application [None req-072036cc-cfbc-4a46-967f-ada9d235bd52 None admin] Could not find role: member.: keystone.exception.RoleNotFound: Could not find role: member.
Aug 31 01:03:49.785313 dv-cinder-855288-2-iscsi devstack@keystone.service[81749]: ERROR keystone.server.flask.application
Traceback (most recent call last):
Aug 31 01:03:49.785313 dv-cinder-855288-2-iscsi devstack@keystone.service[81749]: ERROR keystone.server.flask.application
File "/usr/local/lib/python3.8/dist-packages/flask/app.py", line 1820, in full_dispatch_request
Aug 31 01:03:49.785313 dv-cinder-855288-2-iscsi devstack@keystone.service[81749]: ERROR keystone.server.flask.application rv = self.dispatch_request()
Aug 31 01:03:49.785313 dv-cinder-855288-2-iscsi devstack@keystone.service[81749]: ERROR keystone.server.flask.application
File "/usr/local/lib/python3.8/dist-packages/flask/app.py", line 1796, in dispatch_request
Aug 31 01:03:49.785313 dv-cinder-855288-2-iscsi devstack@keystone.service[81749]: ERROR keystone.server.flask.application return self.ensure_sync(self.view_functions[rule.endpoint])(**view_args)
Aug 31 01:03:49.785313 dv-cinder-855288-2-iscsi devstack@keystone.service[81749]: ERROR keystone.server.flask.application
File "/usr/local/lib/python3.8/dist-packages/flask_restful/__init__.py", line 467, in wrapper
Aug 31 01:03:49.785313 dv-cinder-855288-2-iscsi devstack@keystone.service[81749]: ERROR keystone.server.flask.application resp = resource(*args, **kwargs)
Aug 31 01:03:49.785313 dv-cinder-855288-2-iscsi devstack@keystone.service[81749]: ERROR keystone.server.flask.application
File "/usr/local/lib/python3.8/dist-packages/flask/views.py", line 107, in view
Aug 31 01:03:49.785313 dv-cinder-855288-2-iscsi devstack@keystone.service[81749]: ERROR keystone.server.flask.application return current_app.ensure_sync(self.dispatch_request)(**kwargs)
Aug 31 01:03:49.785313 dv-cinder-855288-2-iscsi devstack@keystone.service[81749]: ERROR keystone.server.flask.application
File "/usr/local/lib/python3.8/dist-packages/flask_restful/__init__.py", line 582, in dispatch_request
Aug 31 01:03:49.785313 dv-cinder-855288-2-iscsi devstack@keystone.service[81749]: ERROR keystone.server.flask.application resp = meth(*args, **kwargs)
Aug 31 01:03:49.785313 dv-cinder-855288-2-iscsi devstack@keystone.service[81749]: ERROR keystone.server.flask.application
File "/opt/stack/keystone/keystone/api/roles.py", line 50, in get
Aug 31 01:03:49.785313 dv-cinder-855288-2-iscsi devstack@keystone.service[81749]: ERROR keystone.server.flask.application return self._get_role(role_id)
Aug 31 01:03:49.785313 dv-cinder-855288-2-iscsi devstack@keystone.service[81749]: ERROR keystone.server.flask.application
File "/opt/stack/keystone/keystone/api/roles.py", line 70, in _get_role
Aug 31 01:03:49.785313 dv-cinder-855288-2-iscsi devstack@keystone.service[81749]: ERROR keystone.server.flask.application ENFORCER.enforce_call(action='identity:get_role')
Aug 31 01:03:49.786191 dv-cinder-855288-2-iscsi devstack@keystone.service[81749]: ERROR keystone.server.flask.application
File "/opt/stack/keystone/keystone/common/rbac_enforcer/enforcer.py", line 402, in enforce_call
Aug 31 01:03:49.786191 dv-cinder-855288-2-iscsi devstack@keystone.service[81749]: ERROR keystone.server.flask.application policy_dict.update(cls._extract_member_target_data(
Aug 31 01:03:49.786191 dv-cinder-855288-2-iscsi devstack@keystone.service[81749]: ERROR keystone.server.flask.application
File "/opt/stack/keystone/keystone/common/rbac_enforcer/enforcer.py", line 234, in _extract_member_target_data
Aug 31 01:03:49.786191 dv-cinder-855288-2-iscsi devstack@keystone.service[81749]: ERROR keystone.server.flask.application member_name: func(flask.request.view_args[key])
Aug 31 01:03:49.786191 dv-cinder-855288-2-iscsi devstack@keystone.service[81749]: ERROR keystone.server.flask.application
File "/opt/stack/keystone/keystone/common/manager.py", line 115, in wrapped
Aug 31 01:03:49.786191 dv-cinder-855288-2-iscsi devstack@keystone.service[81749]: ERROR keystone.server.flask.application __ret_val = __f(*args, **kwargs)
Aug 31 01:03:49.786191 dv-cinder-855288-2-iscsi devstack@keystone.service[81749]: ERROR keystone.server.flask.application
File "/usr/local/lib/python3.8/dist-packages/decorator.py", line 232, in fun
Aug 31 01:03:49.786191 dv-cinder-855288-2-iscsi devstack@keystone.service[81749]: ERROR keystone.server.flask.application return caller(func, *(extras + args), **kw)
Aug 31 01:03:49.786191 dv-cinder-855288-2-iscsi devstack@keystone.service[81749]: ERROR keystone.server.flask.application
File "/usr/local/lib/python3.8/dist-packages/dogpile/cache/region.py", line 1577, in get_or_create_for_user_func
Aug 31 01:03:49.786191 dv-cinder-855288-2-iscsi devstack@keystone.service[81749]: ERROR keystone.server.flask.application return self.get_or_create(
Aug 31 01:03:49.786191 dv-cinder-855288-2-iscsi devstack@keystone.service[81749]: ERROR keystone.server.flask.application
File "/usr/local/lib/python3.8/dist-packages/dogpile/cache/region.py", line 1042, in get_or_create
Aug 31 01:03:49.786191 dv-cinder-855288-2-iscsi devstack@keystone.service[81749]: ERROR keystone.server.flask.application with Lock(
Aug 31 01:03:49.786191 dv-cinder-855288-2-iscsi devstack@keystone.service[81749]: ERROR keystone.server.flask.application
File "/usr/local/lib/python3.8/dist-packages/dogpile/lock.py", line 185, in __enter__
Aug 31 01:03:49.786191 dv-cinder-855288-2-iscsi devstack@keystone.service[81749]: ERROR keystone.server.flask.application return self._enter()
Aug 31 01:03:49.786191 dv-cinder-855288-2-iscsi devstack@keystone.service[81749]: ERROR keystone.server.flask.application
File "/usr/local/lib/python3.8/dist-packages/dogpile/lock.py", line 94, in _enter
Aug 31 01:03:49.786191 dv-cinder-855288-2-iscsi devstack@keystone.service[81749]: ERROR keystone.server.flask.application generated = self._enter_create(value, createdtime)
Aug 31 01:03:49.786975 dv-cinder-855288-2-iscsi devstack@keystone.service[81749]: ERROR keystone.server.flask.application
File "/usr/local/lib/python3.8/dist-packages/dogpile/lock.py", line 178, in _enter_create
Aug 31 01:03:49.786975 dv-cinder-855288-2-iscsi devstack@keystone.service[81749]: ERROR keystone.server.flask.application return self.creator()
Aug 31 01:03:49.786975 dv-cinder-855288-2-iscsi devstack@keystone.service[81749]: ERROR keystone.server.flask.application
File "/usr/local/lib/python3.8/dist-packages/dogpile/cache/region.py", line 995, in gen_value
Aug 31 01:03:49.786975 dv-cinder-855288-2-iscsi devstack@keystone.service[81749]: ERROR keystone.server.flask.application created_value = creator(
Aug 31 01:03:49.786975 dv-cinder-855288-2-iscsi devstack@keystone.service[81749]: ERROR keystone.server.flask.application
File "/opt/stack/keystone/keystone/assignment/core.py", line 1276, in get_role
Aug 31 01:03:49.786975 dv-cinder-855288-2-iscsi devstack@keystone.service[81749]: ERROR keystone.server.flask.application return self.driver.get_role(role_id)
Aug 31 01:03:49.786975 dv-cinder-855288-2-iscsi devstack@keystone.service[81749]: ERROR keystone.server.flask.application
File "/opt/stack/keystone/keystone/assignment/role_backends/sql.py", line 70, in get_role
Aug 31 01:03:49.786975 dv-cinder-855288-2-iscsi devstack@keystone.service[81749]: ERROR keystone.server.flask.application return self._get_role(session, role_id).to_dict()
Aug 31 01:03:49.786975 dv-cinder-855288-2-iscsi devstack@keystone.service[81749]: ERROR keystone.server.flask.application
File "/opt/stack/keystone/keystone/assignment/role_backends/sql.py", line 65, in _get_role
Aug 31 01:03:49.786975 dv-cinder-855288-2-iscsi devstack@keystone.service[81749]: ERROR keystone.server.flask.application raise exception.RoleNotFound(role_id=role_id)
Aug 31 01:03:49.786975 dv-cinder-855288-2-iscsi devstack@keystone.service[81749]: ERROR keystone.server.flask.application keystone.exception.RoleNotFound: Could not find role: member.
Aug 31 01:03:49.786975 dv-cinder-855288-2-iscsi devstack@keystone.service[81749]: ERROR keystone.server.flask.application
Aug 31 01:03:49.786975 dv-cinder-855288-2-iscsi devstack@keystone.service[81749]: [pid: 81749|app: 0|req: 141/301] 10.222.0.20 () {56 vars in 1099 bytes} [Wed Aug 31 01:03:49 2022] GET /identity/v3/roles/member => generated 84 bytes in 174 msecs (HTTP/1.1 404) 5 headers in 183 bytes (1 switches on core 0)
Aug 31 01:03:49.792801 dv-cinder-855288-2-iscsi devstack@keystone.service[81750]: DEBUG keystone.server.flask.request_processing.middleware.auth_context [None req-3acdf7f3-2ac3-4d4c-855d-d5fbc3543fe4 None None] Authenticating user token {{(pid=81750) process_request /usr/local/lib/python3.8/dist-packages/keystonemiddleware/auth_token/__init__.py:407}}
Aug 31 01:03:49.848552 dv-cinder-855288-2-iscsi devstack@keystone.service[81750]: DEBUG dbcounter [-] [81750] Writing DB stats keystone:SELECT=100 {{(pid=81750) stat_writer /usr/local/lib/python3.8/dist-packages/dbcounter.py:114}}
Aug 31 01:03:49.907542 dv-cinder-855288-2-iscsi devstack@keystone.service[81750]: DEBUG keystone.server.flask.request_processing.middleware.auth_context [None req-3acdf7f3-2ac3-4d4c-855d-d5fbc3543fe4 None None] Validating token access rules against request {{(pid=81750) validate_allowed_request /usr/local/lib/python3.8/dist-packages/keystonemiddleware/auth_token/__init__.py:545}}
Aug 31 01:03:49.938189 dv-cinder-855288-2-iscsi devstack@keystone.service[81749]: DEBUG keystone.server.flask.request_processing.middleware.auth_context [None req-072036cc-cfbc-4a46-967f-ada9d235bd52 None admin] Authenticating user token {{(pid=81749) process_request /usr/local/lib/python3.8/dist-packages/keystonemiddleware/auth_token/__init__.py:407}}
Aug 31 01:03:49.944673 dv-cinder-855288-2-iscsi devstack@keystone.service[81750]: DEBUG keystone.server.flask.request_processing.middleware.auth_context [None req-65822f00-0bd1-48e9-8dbe-db4fde9b56e8 None admin] RBAC: auth_context: {'token': , 'domain_id': None, 'trust_id': None, 'trustor_id': None, 'trustee_id': None, 'domain_name': None, 'group_ids': [], 'user_id': '7772468996d2491aa2e6bc53000efa74', 'user_domain_id': 'default', 'system_scope': 'all', 'project_id': None, 'project_domain_id': None, 'roles': ['admin', 'member', 'reader'], 'is_admin_project': True, 'service_user_id': None, 'service_user_domain_id': None, 'service_project_id': None, 'service_project_domain_id': None, 'service_roles': []} {{(pid=81750) fill_context /opt/stack/keystone/keystone/server/flask/request_processing/middleware/auth_context.py:478}}
Aug 31 01:03:49.945323 dv-cinder-855288-2-iscsi devstack@keystone.service[81750]: DEBUG keystone.server.flask.request_processing.req_logging [None req-65822f00-0bd1-48e9-8dbe-db4fde9b56e8 None admin] REQUEST_METHOD: `GET` {{(pid=81750) log_request_info /opt/stack/keystone/keystone/server/flask/request_processing/req_logging.py:27}}
Aug 31 01:03:49.945608 dv-cinder-855288-2-iscsi devstack@keystone.service[81750]: DEBUG keystone.server.flask.request_processing.req_logging [None req-65822f00-0bd1-48e9-8dbe-db4fde9b56e8 None admin] SCRIPT_NAME: `/identity` {{(pid=81750) log_request_info /opt/stack/keystone/keystone/server/flask/request_processing/req_logging.py:28}}
Aug 31 01:03:49.945882 dv-cinder-855288-2-iscsi devstack@keystone.service[81750]: DEBUG keystone.server.flask.request_processing.req_logging [None req-65822f00-0bd1-48e9-8dbe-db4fde9b56e8 None admin] PATH_INFO: `/v3/roles` {{(pid=81750) log_request_info /opt/stack/keystone/keystone/server/flask/request_processing/req_logging.py:29}}
Aug 31 01:03:49.947071 dv-cinder-855288-2-iscsi devstack@keystone.service[81750]: DEBUG keystone.common.rbac_enforcer.enforcer [None req-65822f00-0bd1-48e9-8dbe-db4fde9b56e8 None admin] RBAC: Adding query filter params (name=member) {{(pid=81750) _extract_filter_values /opt/stack/keystone/keystone/common/rbac_enforcer/enforcer.py:167}}
Aug 31 01:03:49.947379 dv-cinder-855288-2-iscsi devstack@keystone.service[81750]: DEBUG keystone.common.rbac_enforcer.enforcer [None req-65822f00-0bd1-48e9-8dbe-db4fde9b56e8 None admin] RBAC: Authorizing `identity:list_roles()` {{(pid=81750) enforce_call /opt/stack/keystone/keystone/common/rbac_enforcer/enforcer.py:449}}
Aug 31 01:03:49.949600 dv-cinder-855288-2-iscsi devstack@keystone.service[81750]: DEBUG keystone.common.rbac_enforcer.enforcer [None req-65822f00-0bd1-48e9-8dbe-db4fde9b56e8 None admin] RBAC: Authorization granted {{(pid=81750) enforce_call /opt/stack/keystone/keystone/common/rbac_enforcer/enforcer.py:457}}
Aug 31 01:03:49.961349 dv-cinder-855288-2-iscsi devstack@keystone.service[81750]: [pid: 81750|app: 0|req: 161/302] 10.222.0.20 () {56 vars in 1101 bytes} [Wed Aug 31 01:03:49 2022] GET /identity/v3/roles?name=member => generated 341 bytes in 169 msecs (HTTP/1.1 200) 5 headers in 177 bytes (1 switches on core 0)
Aug 31 01:03:49.967334 dv-cinder-855288-2-iscsi devstack@keystone.service[81750]: DEBUG keystone.server.flask.request_processing.middleware.auth_context [None req-65822f00-0bd1-48e9-8dbe-db4fde9b56e8 None admin] Authenticating user token {{(pid=81750) process_request /usr/local/lib/python3.8/dist-packages/keystonemiddleware/auth_token/__init__.py:407}}
Aug 31 01:03:50.038634 dv-cinder-855288-2-iscsi devstack@keystone.service[81749]: DEBUG dbcounter [-] [81749] Writing DB stats keystone:SELECT=100 {{(pid=81749) stat_writer /usr/local/lib/python3.8/dist-packages/dbcounter.py:114}}
Aug 31 01:03:50.047798 dv-cinder-855288-2-iscsi devstack@keystone.service[81749]: DEBUG keystone.server.flask.request_processing.middleware.auth_context [None req-072036cc-cfbc-4a46-967f-ada9d235bd52 None admin] Validating token access rules against request {{(pid=81749) validate_allowed_request /usr/local/lib/python3.8/dist-packages/keystonemiddleware/auth_token/__init__.py:545}}
Aug 31 01:03:50.067375 dv-cinder-855288-2-iscsi devstack@keystone.service[81750]: DEBUG keystone.server.flask.request_processing.middleware.auth_context [None req-65822f00-0bd1-48e9-8dbe-db4fde9b56e8 None admin] Validating token access rules against request {{(pid=81750) validate_allowed_request /usr/local/lib/python3.8/dist-packages/keystonemiddleware/auth_token/__init__.py:545}}
Aug 31 01:03:50.081535 dv-cinder-855288-2-iscsi devstack@keystone.service[81750]: DEBUG dbcounter [-] [81750] Writing DB stats keystone:SELECT=100 {{(pid=81750) stat_writer /usr/local/lib/python3.8/dist-packages/dbcounter.py:114}}
Aug 31 01:03:50.082294 dv-cinder-855288-2-iscsi devstack@keystone.service[81749]: DEBUG keystone.server.flask.request_processing.middleware.auth_context [None req-d489e555-b349-4876-b62b-9453ccc8b49d None admin] RBAC: auth_context: {'token': , 'domain_id': None, 'trust_id': None, 'trustor_id': None, 'trustee_id': None, 'domain_name': None, 'group_ids': [], 'user_id': '7772468996d2491aa2e6bc53000efa74', 'user_domain_id': 'default', 'system_scope': 'all', 'project_id': None, 'project_domain_id': None, 'roles': ['admin', 'member', 'reader'], 'is_admin_project': True, 'service_user_id': None, 'service_user_domain_id': None, 'service_project_id': None, 'service_project_domain_id': None, 'service_roles': []} {{(pid=81749) fill_context /opt/stack/keystone/keystone/server/flask/request_processing/middleware/auth_context.py:478}}
Aug 31 01:03:50.082921 dv-cinder-855288-2-iscsi devstack@keystone.service[81749]: DEBUG keystone.server.flask.request_processing.req_logging [None req-d489e555-b349-4876-b62b-9453ccc8b49d None admin] REQUEST_METHOD: `GET` {{(pid=81749) log_request_info /opt/stack/keystone/keystone/server/flask/request_processing/req_logging.py:27}}
Aug 31 01:03:50.083202 dv-cinder-855288-2-iscsi devstack@keystone.service[81749]: DEBUG keystone.server.flask.request_processing.req_logging [None req-d489e555-b349-4876-b62b-9453ccc8b49d None admin] SCRIPT_NAME: `/identity` {{(pid=81749) log_request_info /opt/stack/keystone/keystone/server/flask/request_processing/req_logging.py:28}}
Aug 31 01:03:50.083475 dv-cinder-855288-2-iscsi devstack@keystone.service[81749]: DEBUG keystone.server.flask.request_processing.req_logging [None req-d489e555-b349-4876-b62b-9453ccc8b49d None admin] PATH_INFO: `/v3/roles/reader` {{(pid=81749) log_request_info /opt/stack/keystone/keystone/server/flask/request_processing/req_logging.py:29}}
Aug 31 01:03:50.094192 dv-cinder-855288-2-iscsi devstack@keystone.service[81749]: DEBUG keystone.common.rbac_enforcer.enforcer [None req-d489e555-b349-4876-b62b-9453ccc8b49d None admin] Extracting inferred target data resulted in "NOT FOUND (404)". {{(pid=81749) enforce_call /opt/stack/keystone/keystone/common/rbac_enforcer/enforcer.py:409}}
Aug 31 01:03:50.099096 dv-cinder-855288-2-iscsi devstack@keystone.service[81749]: ERROR keystone.server.flask.application [None req-d489e555-b349-4876-b62b-9453ccc8b49d None admin] Could not find role: reader.: keystone.exception.RoleNotFound: Could not find role: reader.
Aug 31 01:03:50.099096 dv-cinder-855288-2-iscsi devstack@keystone.service[81749]: ERROR keystone.server.flask.application
Traceback (most recent call last):
Aug 31 01:03:50.099096 dv-cinder-855288-2-iscsi devstack@keystone.service[81749]: ERROR keystone.server.flask.application
File "/usr/local/lib/python3.8/dist-packages/flask/app.py", line 1820, in full_dispatch_request
Aug 31 01:03:50.099096 dv-cinder-855288-2-iscsi devstack@keystone.service[81749]: ERROR keystone.server.flask.application rv = self.dispatch_request()
Aug 31 01:03:50.099096 dv-cinder-855288-2-iscsi devstack@keystone.service[81749]: ERROR keystone.server.flask.application
File "/usr/local/lib/python3.8/dist-packages/flask/app.py", line 1796, in dispatch_request
Aug 31 01:03:50.099096 dv-cinder-855288-2-iscsi devstack@keystone.service[81749]: ERROR keystone.server.flask.application return self.ensure_sync(self.view_functions[rule.endpoint])(**view_args)
Aug 31 01:03:50.099096 dv-cinder-855288-2-iscsi devstack@keystone.service[81749]: ERROR keystone.server.flask.application
File "/usr/local/lib/python3.8/dist-packages/flask_restful/__init__.py", line 467, in wrapper
Aug 31 01:03:50.099096 dv-cinder-855288-2-iscsi devstack@keystone.service[81749]: ERROR keystone.server.flask.application resp = resource(*args, **kwargs)
Aug 31 01:03:50.099096 dv-cinder-855288-2-iscsi devstack@keystone.service[81749]: ERROR keystone.server.flask.application
File "/usr/local/lib/python3.8/dist-packages/flask/views.py", line 107, in view
Aug 31 01:03:50.099096 dv-cinder-855288-2-iscsi devstack@keystone.service[81749]: ERROR keystone.server.flask.application return current_app.ensure_sync(self.dispatch_request)(**kwargs)
Aug 31 01:03:50.099096 dv-cinder-855288-2-iscsi devstack@keystone.service[81749]: ERROR keystone.server.flask.application
File "/usr/local/lib/python3.8/dist-packages/flask_restful/__init__.py", line 582, in dispatch_request
Aug 31 01:03:50.099096 dv-cinder-855288-2-iscsi devstack@keystone.service[81749]: ERROR keystone.server.flask.application resp = meth(*args, **kwargs)
Aug 31 01:03:50.099096 dv-cinder-855288-2-iscsi devstack@keystone.service[81749]: ERROR keystone.server.flask.application
File "/opt/stack/keystone/keystone/api/roles.py", line 50, in get
Aug 31 01:03:50.099096 dv-cinder-855288-2-iscsi devstack@keystone.service[81749]: ERROR keystone.server.flask.application return self._get_role(role_id)
Aug 31 01:03:50.099096 dv-cinder-855288-2-iscsi devstack@keystone.service[81749]: ERROR keystone.server.flask.application
File "/opt/stack/keystone/keystone/api/roles.py", line 70, in _get_role
Aug 31 01:03:50.099096 dv-cinder-855288-2-iscsi devstack@keystone.service[81749]: ERROR keystone.server.flask.application ENFORCER.enforce_call(action='identity:get_role')
Aug 31 01:03:50.105735 dv-cinder-855288-2-iscsi devstack@keystone.service[81749]: ERROR keystone.server.flask.application
File "/opt/stack/keystone/keystone/common/rbac_enforcer/enforcer.py", line 402, in enforce_call
Aug 31 01:03:50.105735 dv-cinder-855288-2-iscsi devstack@keystone.service[81749]: ERROR keystone.server.flask.application policy_dict.update(cls._extract_member_target_data(
Aug 31 01:03:50.105735 dv-cinder-855288-2-iscsi devstack@keystone.service[81749]: ERROR keystone.server.flask.application
File "/opt/stack/keystone/keystone/common/rbac_enforcer/enforcer.py", line 234, in _extract_member_target_data
Aug 31 01:03:50.105735 dv-cinder-855288-2-iscsi devstack@keystone.service[81749]: ERROR keystone.server.flask.application member_name: func(flask.request.view_args[key])
Aug 31 01:03:50.105735 dv-cinder-855288-2-iscsi devstack@keystone.service[81749]: ERROR keystone.server.flask.application
File "/opt/stack/keystone/keystone/common/manager.py", line 115, in wrapped
Aug 31 01:03:50.105735 dv-cinder-855288-2-iscsi devstack@keystone.service[81749]: ERROR keystone.server.flask.application __ret_val = __f(*args, **kwargs)
Aug 31 01:03:50.105735 dv-cinder-855288-2-iscsi devstack@keystone.service[81749]: ERROR keystone.server.flask.application
File "/usr/local/lib/python3.8/dist-packages/decorator.py", line 232, in fun
Aug 31 01:03:50.105735 dv-cinder-855288-2-iscsi devstack@keystone.service[81749]: ERROR keystone.server.flask.application return caller(func, *(extras + args), **kw)
Aug 31 01:03:50.105735 dv-cinder-855288-2-iscsi devstack@keystone.service[81749]: ERROR keystone.server.flask.application
File "/usr/local/lib/python3.8/dist-packages/dogpile/cache/region.py", line 1577, in get_or_create_for_user_func
Aug 31 01:03:50.105735 dv-cinder-855288-2-iscsi devstack@keystone.service[81749]: ERROR keystone.server.flask.application return self.get_or_create(
Aug 31 01:03:50.105735 dv-cinder-855288-2-iscsi devstack@keystone.service[81749]: ERROR keystone.server.flask.application
File "/usr/local/lib/python3.8/dist-packages/dogpile/cache/region.py", line 1042, in get_or_create
Aug 31 01:03:50.105735 dv-cinder-855288-2-iscsi devstack@keystone.service[81749]: ERROR keystone.server.flask.application with Lock(
Aug 31 01:03:50.105735 dv-cinder-855288-2-iscsi devstack@keystone.service[81749]: ERROR keystone.server.flask.application
File "/usr/local/lib/python3.8/dist-packages/dogpile/lock.py", line 185, in __enter__
Aug 31 01:03:50.105735 dv-cinder-855288-2-iscsi devstack@keystone.service[81749]: ERROR keystone.server.flask.application return self._enter()
Aug 31 01:03:50.105735 dv-cinder-855288-2-iscsi devstack@keystone.service[81749]: ERROR keystone.server.flask.application
File "/usr/local/lib/python3.8/dist-packages/dogpile/lock.py", line 94, in _enter
Aug 31 01:03:50.105735 dv-cinder-855288-2-iscsi devstack@keystone.service[81749]: ERROR keystone.server.flask.application generated = self._enter_create(value, createdtime)
Aug 31 01:03:50.106646 dv-cinder-855288-2-iscsi devstack@keystone.service[81749]: ERROR keystone.server.flask.application
File "/usr/local/lib/python3.8/dist-packages/dogpile/lock.py", line 178, in _enter_create
Aug 31 01:03:50.106646 dv-cinder-855288-2-iscsi devstack@keystone.service[81749]: ERROR keystone.server.flask.application return self.creator()
Aug 31 01:03:50.106646 dv-cinder-855288-2-iscsi devstack@keystone.service[81749]: ERROR keystone.server.flask.application
File "/usr/local/lib/python3.8/dist-packages/dogpile/cache/region.py", line 995, in gen_value
Aug 31 01:03:50.106646 dv-cinder-855288-2-iscsi devstack@keystone.service[81749]: ERROR keystone.server.flask.application created_value = creator(
Aug 31 01:03:50.106646 dv-cinder-855288-2-iscsi devstack@keystone.service[81749]: ERROR keystone.server.flask.application
File "/opt/stack/keystone/keystone/assignment/core.py", line 1276, in get_role
Aug 31 01:03:50.106646 dv-cinder-855288-2-iscsi devstack@keystone.service[81749]: ERROR keystone.server.flask.application return self.driver.get_role(role_id)
Aug 31 01:03:50.106646 dv-cinder-855288-2-iscsi devstack@keystone.service[81749]: ERROR keystone.server.flask.application
File "/opt/stack/keystone/keystone/assignment/role_backends/sql.py", line 70, in get_role
Aug 31 01:03:50.106646 dv-cinder-855288-2-iscsi devstack@keystone.service[81749]: ERROR keystone.server.flask.application return self._get_role(session, role_id).to_dict()
Aug 31 01:03:50.106646 dv-cinder-855288-2-iscsi devstack@keystone.service[81749]: ERROR keystone.server.flask.application
File "/opt/stack/keystone/keystone/assignment/role_backends/sql.py", line 65, in _get_role
Aug 31 01:03:50.106646 dv-cinder-855288-2-iscsi devstack@keystone.service[81749]: ERROR keystone.server.flask.application raise exception.RoleNotFound(role_id=role_id)
Aug 31 01:03:50.106646 dv-cinder-855288-2-iscsi devstack@keystone.service[81749]: ERROR keystone.server.flask.application keystone.exception.RoleNotFound: Could not find role: reader.
Aug 31 01:03:50.106646 dv-cinder-855288-2-iscsi devstack@keystone.service[81749]: ERROR keystone.server.flask.application
Aug 31 01:03:50.106646 dv-cinder-855288-2-iscsi devstack@keystone.service[81749]: [pid: 81749|app: 0|req: 142/303] 10.222.0.20 () {56 vars in 1099 bytes} [Wed Aug 31 01:03:49 2022] GET /identity/v3/roles/reader => generated 84 bytes in 163 msecs (HTTP/1.1 404) 5 headers in 183 bytes (2 switches on core 0)
Aug 31 01:03:50.107519 dv-cinder-855288-2-iscsi devstack@keystone.service[81750]: DEBUG keystone.server.flask.request_processing.middleware.auth_context [None req-93212f09-d7f8-4a5e-894f-18d2d8946c07 None admin] RBAC: auth_context: {'token': , 'domain_id': None, 'trust_id': None, 'trustor_id': None, 'trustee_id': None, 'domain_name': None, 'group_ids': [], 'user_id': '7772468996d2491aa2e6bc53000efa74', 'user_domain_id': 'default', 'system_scope': 'all', 'project_id': None, 'project_domain_id': None, 'roles': ['admin', 'member', 'reader'], 'is_admin_project': True, 'service_user_id': None, 'service_user_domain_id': None, 'service_project_id': None, 'service_project_domain_id': None, 'service_roles': []} {{(pid=81750) fill_context /opt/stack/keystone/keystone/server/flask/request_processing/middleware/auth_context.py:478}}
Aug 31 01:03:50.107605 dv-cinder-855288-2-iscsi devstack@keystone.service[81749]: DEBUG keystone.server.flask.request_processing.req_logging [None req-972d59e5-7ba0-4177-bec4-1762277e4cbf None None] REQUEST_METHOD: `GET` {{(pid=81749) log_request_info /opt/stack/keystone/keystone/server/flask/request_processing/req_logging.py:27}}
Aug 31 01:03:50.107605 dv-cinder-855288-2-iscsi devstack@keystone.service[81749]: DEBUG keystone.server.flask.request_processing.req_logging [None req-972d59e5-7ba0-4177-bec4-1762277e4cbf None None] SCRIPT_NAME: `/identity` {{(pid=81749) log_request_info /opt/stack/keystone/keystone/server/flask/request_processing/req_logging.py:28}}
Aug 31 01:03:50.107721 dv-cinder-855288-2-iscsi devstack@keystone.service[81750]: DEBUG keystone.server.flask.request_processing.req_logging [None req-93212f09-d7f8-4a5e-894f-18d2d8946c07 None admin] REQUEST_METHOD: `GET` {{(pid=81750) log_request_info /opt/stack/keystone/keystone/server/flask/request_processing/req_logging.py:27}}
Aug 31 01:03:50.107794 dv-cinder-855288-2-iscsi devstack@keystone.service[81749]: DEBUG keystone.server.flask.request_processing.req_logging [None req-972d59e5-7ba0-4177-bec4-1762277e4cbf None None] PATH_INFO: `/` {{(pid=81749) log_request_info /opt/stack/keystone/keystone/server/flask/request_processing/req_logging.py:29}}
Aug 31 01:03:50.107860 dv-cinder-855288-2-iscsi devstack@keystone.service[81750]: DEBUG keystone.server.flask.request_processing.req_logging [None req-93212f09-d7f8-4a5e-894f-18d2d8946c07 None admin] SCRIPT_NAME: `/identity` {{(pid=81750) log_request_info /opt/stack/keystone/keystone/server/flask/request_processing/req_logging.py:28}}
Aug 31 01:03:50.107860 dv-cinder-855288-2-iscsi devstack@keystone.service[81750]: DEBUG keystone.server.flask.request_processing.req_logging [None req-93212f09-d7f8-4a5e-894f-18d2d8946c07 None admin] PATH_INFO: `/v3/users/f0979995b04449ba816ce361cc47a953` {{(pid=81750) log_request_info /opt/stack/keystone/keystone/server/flask/request_processing/req_logging.py:29}}
Aug 31 01:03:50.107985 dv-cinder-855288-2-iscsi devstack@keystone.service[81749]: [pid: 81749|app: 0|req: 143/304] 10.222.0.20 () {54 vars in 927 bytes} [Wed Aug 31 01:03:50 2022] GET /identity => generated 270 bytes in 2 msecs (HTTP/1.1 300) 6 headers in 234 bytes (1 switches on core 0)
Aug 31 01:03:50.107985 dv-cinder-855288-2-iscsi devstack@keystone.service[81749]: DEBUG keystone.server.flask.request_processing.middleware.auth_context [None req-972d59e5-7ba0-4177-bec4-1762277e4cbf None None] Authenticating user token {{(pid=81749) process_request /usr/local/lib/python3.8/dist-packages/keystonemiddleware/auth_token/__init__.py:407}}
Aug 31 01:03:50.108106 dv-cinder-855288-2-iscsi devstack@keystone.service[81750]: DEBUG keystone.common.rbac_enforcer.enforcer [None req-93212f09-d7f8-4a5e-894f-18d2d8946c07 None admin] RBAC: Authorizing `identity:get_user(user_id=f0979995b04449ba816ce361cc47a953)` {{(pid=81750) enforce_call /opt/stack/keystone/keystone/common/rbac_enforcer/enforcer.py:449}}
Aug 31 01:03:50.108106 dv-cinder-855288-2-iscsi devstack@keystone.service[81750]: DEBUG keystone.common.rbac_enforcer.enforcer [None req-93212f09-d7f8-4a5e-894f-18d2d8946c07 None admin] RBAC: Authorization granted {{(pid=81750) enforce_call /opt/stack/keystone/keystone/common/rbac_enforcer/enforcer.py:457}}
Aug 31 01:03:50.109197 dv-cinder-855288-2-iscsi devstack@keystone.service[81750]: [pid: 81750|app: 0|req: 162/305] 10.222.0.20 () {56 vars in 1177 bytes} [Wed Aug 31 01:03:49 2022] GET /identity/v3/users/f0979995b04449ba816ce361cc47a953 => generated 293 bytes in 142 msecs (HTTP/1.1 200) 5 headers in 177 bytes (1 switches on core 0)
Aug 31 01:03:50.110284 dv-cinder-855288-2-iscsi devstack@keystone.service[81750]: DEBUG keystone.server.flask.request_processing.middleware.auth_context [None req-93212f09-d7f8-4a5e-894f-18d2d8946c07 None admin] Authenticating user token {{(pid=81750) process_request /usr/local/lib/python3.8/dist-packages/keystonemiddleware/auth_token/__init__.py:407}}
Aug 31 01:03:50.205956 dv-cinder-855288-2-iscsi devstack@keystone.service[81749]: DEBUG keystone.server.flask.request_processing.middleware.auth_context [None req-972d59e5-7ba0-4177-bec4-1762277e4cbf None None] Validating token access rules against request {{(pid=81749) validate_allowed_request /usr/local/lib/python3.8/dist-packages/keystonemiddleware/auth_token/__init__.py:545}}
Aug 31 01:03:50.209681 dv-cinder-855288-2-iscsi devstack@keystone.service[81750]: DEBUG keystone.server.flask.request_processing.middleware.auth_context [None req-93212f09-d7f8-4a5e-894f-18d2d8946c07 None admin] Validating token access rules against request {{(pid=81750) validate_allowed_request /usr/local/lib/python3.8/dist-packages/keystonemiddleware/auth_token/__init__.py:545}}
Aug 31 01:03:50.241783 dv-cinder-855288-2-iscsi devstack@keystone.service[81750]: DEBUG keystone.server.flask.request_processing.middleware.auth_context [None req-dc1bd05c-c3d0-4b9a-920b-87abf8c39e69 None admin] RBAC: auth_context: {'token': , 'domain_id': None, 'trust_id': None, 'trustor_id': None, 'trustee_id': None, 'domain_name': None, 'group_ids': [], 'user_id': '7772468996d2491aa2e6bc53000efa74', 'user_domain_id': 'default', 'system_scope': 'all', 'project_id': None, 'project_domain_id': None, 'roles': ['admin', 'member', 'reader'], 'is_admin_project': True, 'service_user_id': None, 'service_user_domain_id': None, 'service_project_id': None, 'service_project_domain_id': None, 'service_roles': []} {{(pid=81750) fill_context /opt/stack/keystone/keystone/server/flask/request_processing/middleware/auth_context.py:478}}
Aug 31 01:03:50.242407 dv-cinder-855288-2-iscsi devstack@keystone.service[81749]: DEBUG keystone.server.flask.request_processing.middleware.auth_context [None req-1dec7792-fd29-4622-8ec0-f9e3b720d35f None admin] RBAC: auth_context: {'token': , 'domain_id': None, 'trust_id': None, 'trustor_id': None, 'trustee_id': None, 'domain_name': None, 'group_ids': [], 'user_id': '7772468996d2491aa2e6bc53000efa74', 'user_domain_id': 'default', 'system_scope': 'all', 'project_id': None, 'project_domain_id': None, 'roles': ['admin', 'member', 'reader'], 'is_admin_project': True, 'service_user_id': None, 'service_user_domain_id': None, 'service_project_id': None, 'service_project_domain_id': None, 'service_roles': []} {{(pid=81749) fill_context /opt/stack/keystone/keystone/server/flask/request_processing/middleware/auth_context.py:478}}
Aug 31 01:03:50.242767 dv-cinder-855288-2-iscsi devstack@keystone.service[81750]: DEBUG keystone.server.flask.request_processing.req_logging [None req-dc1bd05c-c3d0-4b9a-920b-87abf8c39e69 None admin] REQUEST_METHOD: `GET` {{(pid=81750) log_request_info /opt/stack/keystone/keystone/server/flask/request_processing/req_logging.py:27}}
Aug 31 01:03:50.242857 dv-cinder-855288-2-iscsi devstack@keystone.service[81749]: DEBUG keystone.server.flask.request_processing.req_logging [None req-1dec7792-fd29-4622-8ec0-f9e3b720d35f None admin] REQUEST_METHOD: `GET` {{(pid=81749) log_request_info /opt/stack/keystone/keystone/server/flask/request_processing/req_logging.py:27}}
Aug 31 01:03:50.242952 dv-cinder-855288-2-iscsi devstack@keystone.service[81750]: DEBUG keystone.server.flask.request_processing.req_logging [None req-dc1bd05c-c3d0-4b9a-920b-87abf8c39e69 None admin] SCRIPT_NAME: `/identity` {{(pid=81750) log_request_info /opt/stack/keystone/keystone/server/flask/request_processing/req_logging.py:28}}
Aug 31 01:03:50.243032 dv-cinder-855288-2-iscsi devstack@keystone.service[81749]: DEBUG keystone.server.flask.request_processing.req_logging [None req-1dec7792-fd29-4622-8ec0-f9e3b720d35f None admin] SCRIPT_NAME: `/identity` {{(pid=81749) log_request_info /opt/stack/keystone/keystone/server/flask/request_processing/req_logging.py:28}}
Aug 31 01:03:50.243110 dv-cinder-855288-2-iscsi devstack@keystone.service[81750]: DEBUG keystone.server.flask.request_processing.req_logging [None req-dc1bd05c-c3d0-4b9a-920b-87abf8c39e69 None admin] PATH_INFO: `/v3/roles` {{(pid=81750) log_request_info /opt/stack/keystone/keystone/server/flask/request_processing/req_logging.py:29}}
Aug 31 01:03:50.243694 dv-cinder-855288-2-iscsi devstack@keystone.service[81749]: DEBUG keystone.server.flask.request_processing.req_logging [None req-1dec7792-fd29-4622-8ec0-f9e3b720d35f None admin] PATH_INFO: `/v3/domains/default` {{(pid=81749) log_request_info /opt/stack/keystone/keystone/server/flask/request_processing/req_logging.py:29}}
Aug 31 01:03:50.244041 dv-cinder-855288-2-iscsi devstack@keystone.service[81750]: DEBUG keystone.common.rbac_enforcer.enforcer [None req-dc1bd05c-c3d0-4b9a-920b-87abf8c39e69 None admin] RBAC: Adding query filter params (name=reader) {{(pid=81750) _extract_filter_values /opt/stack/keystone/keystone/common/rbac_enforcer/enforcer.py:167}}
Aug 31 01:03:50.244343 dv-cinder-855288-2-iscsi devstack@keystone.service[81750]: DEBUG keystone.common.rbac_enforcer.enforcer [None req-dc1bd05c-c3d0-4b9a-920b-87abf8c39e69 None admin] RBAC: Authorizing `identity:list_roles()` {{(pid=81750) enforce_call /opt/stack/keystone/keystone/common/rbac_enforcer/enforcer.py:449}}
Aug 31 01:03:50.244513 dv-cinder-855288-2-iscsi devstack@keystone.service[81749]: DEBUG keystone.common.rbac_enforcer.enforcer [None req-1dec7792-fd29-4622-8ec0-f9e3b720d35f None admin] RBAC: Authorizing `identity:get_domain(domain_id=default)` {{(pid=81749) enforce_call /opt/stack/keystone/keystone/common/rbac_enforcer/enforcer.py:449}}
Aug 31 01:03:50.245741 dv-cinder-855288-2-iscsi devstack@keystone.service[81750]: DEBUG keystone.common.rbac_enforcer.enforcer [None req-dc1bd05c-c3d0-4b9a-920b-87abf8c39e69 None admin] RBAC: Authorization granted {{(pid=81750) enforce_call /opt/stack/keystone/keystone/common/rbac_enforcer/enforcer.py:457}}
Aug 31 01:03:50.245974 dv-cinder-855288-2-iscsi devstack@keystone.service[81749]: DEBUG keystone.common.rbac_enforcer.enforcer [None req-1dec7792-fd29-4622-8ec0-f9e3b720d35f None admin] RBAC: Authorization granted {{(pid=81749) enforce_call /opt/stack/keystone/keystone/common/rbac_enforcer/enforcer.py:457}}
Aug 31 01:03:50.247530 dv-cinder-855288-2-iscsi devstack@keystone.service[81749]: [pid: 81749|app: 0|req: 144/306] 10.222.0.20 () {56 vars in 1108 bytes} [Wed Aug 31 01:03:50 2022] GET /identity/v3/domains/default => generated 199 bytes in 144 msecs (HTTP/1.1 200) 5 headers in 177 bytes (1 switches on core 0)
Aug 31 01:03:50.248630 dv-cinder-855288-2-iscsi devstack@keystone.service[81749]: DEBUG keystone.server.flask.request_processing.req_logging [None req-e337ff82-10ee-4ded-a870-8ae549e6204b None None] REQUEST_METHOD: `POST` {{(pid=81749) log_request_info /opt/stack/keystone/keystone/server/flask/request_processing/req_logging.py:27}}
Aug 31 01:03:50.248945 dv-cinder-855288-2-iscsi devstack@keystone.service[81749]: DEBUG keystone.server.flask.request_processing.req_logging [None req-e337ff82-10ee-4ded-a870-8ae549e6204b None None] SCRIPT_NAME: `/identity` {{(pid=81749) log_request_info /opt/stack/keystone/keystone/server/flask/request_processing/req_logging.py:28}}
Aug 31 01:03:50.249224 dv-cinder-855288-2-iscsi devstack@keystone.service[81749]: DEBUG keystone.server.flask.request_processing.req_logging [None req-e337ff82-10ee-4ded-a870-8ae549e6204b None None] PATH_INFO: `/v3/auth/tokens` {{(pid=81749) log_request_info /opt/stack/keystone/keystone/server/flask/request_processing/req_logging.py:29}}
Aug 31 01:03:50.263426 dv-cinder-855288-2-iscsi devstack@keystone.service[81750]: [pid: 81750|app: 0|req: 163/307] 10.222.0.20 () {56 vars in 1101 bytes} [Wed Aug 31 01:03:50 2022] GET /identity/v3/roles?name=reader => generated 341 bytes in 149 msecs (HTTP/1.1 200) 5 headers in 177 bytes (1 switches on core 0)
Aug 31 01:03:50.263426 dv-cinder-855288-2-iscsi devstack@keystone.service[81750]: DEBUG keystone.server.flask.request_processing.middleware.auth_context [None req-dc1bd05c-c3d0-4b9a-920b-87abf8c39e69 None admin] Authenticating user token {{(pid=81750) process_request /usr/local/lib/python3.8/dist-packages/keystonemiddleware/auth_token/__init__.py:407}}
Aug 31 01:03:50.266937 dv-cinder-855288-2-iscsi devstack@keystone.service[81749]: DEBUG keystone.auth.core [None req-e337ff82-10ee-4ded-a870-8ae549e6204b None None] MFA Rules not processed for user `7772468996d2491aa2e6bc53000efa74`. Rule list: `[]` (Enabled: `True`). {{(pid=81749) check_auth_methods_against_rules /opt/stack/keystone/keystone/auth/core.py:438}}
Aug 31 01:03:50.268126 dv-cinder-855288-2-iscsi devstack@keystone.service[81749]: DEBUG keystone.common.fernet_utils [None req-e337ff82-10ee-4ded-a870-8ae549e6204b None None] Loaded 2 Fernet keys from /etc/keystone/fernet-keys/, but `[fernet_tokens] max_active_keys = 3`; perhaps there have not been enough key rotations to reach `max_active_keys` yet? {{(pid=81749) load_keys /opt/stack/keystone/keystone/common/fernet_utils.py:286}}
Aug 31 01:03:50.281537 dv-cinder-855288-2-iscsi devstack@keystone.service[81749]: DEBUG dbcounter [-] [81749] Writing DB stats keystone:SELECT=100 {{(pid=81749) stat_writer /usr/local/lib/python3.8/dist-packages/dbcounter.py:114}}
Aug 31 01:03:50.308318 dv-cinder-855288-2-iscsi devstack@keystone.service[81750]: DEBUG dbcounter [-] [81750] Writing DB stats keystone:SELECT=100 {{(pid=81750) stat_writer /usr/local/lib/python3.8/dist-packages/dbcounter.py:114}}
Aug 31 01:03:50.335384 dv-cinder-855288-2-iscsi devstack@keystone.service[81749]: [pid: 81749|app: 0|req: 145/308] 10.222.0.20 () {58 vars in 1024 bytes} [Wed Aug 31 01:03:50 2022] POST /identity/v3/auth/tokens => generated 799 bytes in 87 msecs (HTTP/1.1 201) 6 headers in 363 bytes (1 switches on core 0)
