Sep 13 12:33:05.776894 dv-cinder-855189-2-smb neutron-server[106344]: DEBUG neutron.pecan_wsgi.hooks.policy_enforcement [req-3e3c5f0b-67f7-44ef-a389-34dcbaad7972 req-eba5bae1-b82d-4a9b-99ae-d020ad3f1774 tempest-AttachVolumeShelveTestJSON-41795223 tempest-AttachVolumeShelveTestJSON-41795223-project] Attributes excluded by policy engine: ['standard_attr_id', 'binding:profile', 'binding:host_id', 'binding:vif_type', 'binding:vif_details'] {{(pid=106344) _exclude_attributes_by_policy /opt/stack/neutron/neutron/pecan_wsgi/hooks/policy_enforcement.py:259}}
Sep 13 12:33:05.777299 dv-cinder-855189-2-smb neutron-server[106343]: DEBUG neutron.plugins.ml2.db [req-758bc105-780d-40e1-9d19-74539f9e8169 req-01ee5340-d293-4341-888d-40aaab253427 service neutron] For port a916923e-2e97-4166-b7a4-c9a7f0972f0e, host hv-cinder-85518, set binding levels [PortBindingLevel(driver='hyperv',host='hv-cinder-85518',level=0,port_id=a916923e-2e97-4166-b7a4-c9a7f0972f0e,segment=NetworkSegment(9976cdf6-6a51-4685-a2e9-96983c05b4ea),segment_id=9976cdf6-6a51-4685-a2e9-96983c05b4ea)] {{(pid=106343) set_binding_levels /opt/stack/neutron/neutron/plugins/ml2/db.py:59}}
Sep 13 12:33:05.779333 dv-cinder-855189-2-smb neutron-server[106343]: DEBUG neutron.plugins.ml2.db [req-5f388618-8072-4cd9-936c-e8a2cf2a6ba2 req-583a183f-650a-4716-9049-1e5f3344d519 service neutron] For port 2d57018e-1ec4-4570-9034-daf73745c643, host hv-cinder-85518, cleared binding levels {{(pid=106343) clear_binding_levels /opt/stack/neutron/neutron/plugins/ml2/db.py:87}}
Sep 13 12:33:05.784796 dv-cinder-855189-2-smb neutron-server[106344]: INFO neutron.wsgi [req-3e3c5f0b-67f7-44ef-a389-34dcbaad7972 req-eba5bae1-b82d-4a9b-99ae-d020ad3f1774 tempest-AttachVolumeShelveTestJSON-41795223 tempest-AttachVolumeShelveTestJSON-41795223-project] 10.222.0.55 "GET /networking/v2.0/ports?device_id=799d96f4-fc4e-40cd-a2db-e5ac305dc76c HTTP/1.1" status: 200 len: 943 time: 0.2281380
Sep 13 12:33:05.785103 dv-cinder-855189-2-smb neutron-server[106343]: DEBUG neutron.plugins.ml2.db [req-5f388618-8072-4cd9-936c-e8a2cf2a6ba2 req-583a183f-650a-4716-9049-1e5f3344d519 service neutron] For port 2d57018e-1ec4-4570-9034-daf73745c643, host hv-cinder-85518, set binding levels [PortBindingLevel(driver='hyperv',host='hv-cinder-85518',level=0,port_id=2d57018e-1ec4-4570-9034-daf73745c643,segment=NetworkSegment(b335d469-e91a-40c0-a58b-1b3ddb5a9bfa),segment_id=b335d469-e91a-40c0-a58b-1b3ddb5a9bfa)] {{(pid=106343) set_binding_levels /opt/stack/neutron/neutron/plugins/ml2/db.py:59}}
Sep 13 12:33:05.792693 dv-cinder-855189-2-smb neutron-server[106343]: DEBUG neutron_lib.callbacks.manager [req-758bc105-780d-40e1-9d19-74539f9e8169 req-01ee5340-d293-4341-888d-40aaab253427 service neutron] Publish callbacks ['neutron.plugins.ml2.plugin.SecurityGroupServerNotifierRpcMixin._notify_sg_on_port_change-950900', 'neutron.plugins.ml2.ovo_rpc._ObjectChangeHandler.handle_event-2022288', 'neutron.api.rpc.agentnotifiers.dhcp_rpc_agent_api.DhcpAgentNotifyAPI._native_event_send_dhcp_notification-1593131', 'neutron.db.l3_db.L3RpcNotifierMixin._notify_gateway_port_ip_changed-8790524108939', 'neutron.db.l3_dvrscheduler_db._notify_l3_agent_port_update-8790523649500', 'neutron.db.l3_hascheduler_db._notify_l3_agent_ha_port_update-8790523649518'] for port (a916923e-2e97-4166-b7a4-c9a7f0972f0e), after_update {{(pid=106343) _notify_loop /usr/local/lib/python3.8/dist-packages/neutron_lib/callbacks/manager.py:176}}
Sep 13 12:33:05.798044 dv-cinder-855189-2-smb neutron-server[106343]: DEBUG neutron.pecan_wsgi.hooks.policy_enforcement [req-758bc105-780d-40e1-9d19-74539f9e8169 req-01ee5340-d293-4341-888d-40aaab253427 service neutron] Attributes excluded by policy engine: ['standard_attr_id'] {{(pid=106343) _exclude_attributes_by_policy /opt/stack/neutron/neutron/pecan_wsgi/hooks/policy_enforcement.py:259}}
Sep 13 12:33:05.798798 dv-cinder-855189-2-smb neutron-server[106343]: DEBUG neutron_lib.callbacks.manager [req-758bc105-780d-40e1-9d19-74539f9e8169 req-01ee5340-d293-4341-888d-40aaab253427 service neutron] Publish callbacks ['neutron.notifiers.nova.Notifier._send_nova_notification-1904498', 'neutron.api.rpc.agentnotifiers.dhcp_rpc_agent_api.DhcpAgentNotifyAPI._send_dhcp_notification-1593093'] for port (None), before_response {{(pid=106343) _notify_loop /usr/local/lib/python3.8/dist-packages/neutron_lib/callbacks/manager.py:176}}
Sep 13 12:33:05.801087 dv-cinder-855189-2-smb neutron-server[106343]: INFO neutron.wsgi [req-758bc105-780d-40e1-9d19-74539f9e8169 req-01ee5340-d293-4341-888d-40aaab253427 service neutron] 10.222.0.70 "PUT /networking/v2.0/ports/a916923e-2e97-4166-b7a4-c9a7f0972f0e HTTP/1.1" status: 200 len: 1093 time: 4.4851015
Sep 13 12:33:05.805225 dv-cinder-855189-2-smb neutron-server[106343]: DEBUG neutron.notifiers.nova [-] Sending events: [{'name': 'network-changed', 'server_uuid': '799d96f4-fc4e-40cd-a2db-e5ac305dc76c', 'tag': 'a916923e-2e97-4166-b7a4-c9a7f0972f0e'}] {{(pid=106343) send_events /opt/stack/neutron/neutron/notifiers/nova.py:279}}
Sep 13 12:33:05.809190 dv-cinder-855189-2-smb neutron-server[106343]: DEBUG novaclient.v2.client [-] REQ: curl -g -i --cacert "/opt/stack/data/ca-bundle.pem" -X POST http://10.222.0.55/compute/v2.1/os-server-external-events -H "Accept: application/json" -H "Content-Type: application/json" -H "User-Agent: python-novaclient" -H "X-Auth-Token: {SHA256}6e7ef7b4ff0fb24e00a0ff002e60b042cd6d3e6a9f01b90ff72b8fe1609616be" -H "X-OpenStack-Nova-API-Version: 2.1" -H "X-OpenStack-Request-ID: req-4ab85f12-c9cc-4eb2-9317-2f7b1b5405b0" -d '{"events": [{"name": "network-changed", "server_uuid": "799d96f4-fc4e-40cd-a2db-e5ac305dc76c", "tag": "a916923e-2e97-4166-b7a4-c9a7f0972f0e"}]}' {{(pid=106343) _http_log_request /usr/local/lib/python3.8/dist-packages/keystoneauth1/session.py:519}}
Sep 13 12:33:05.816843 dv-cinder-855189-2-smb neutron-server[106343]: DEBUG neutron_lib.callbacks.manager [req-5f388618-8072-4cd9-936c-e8a2cf2a6ba2 req-583a183f-650a-4716-9049-1e5f3344d519 service neutron] Publish callbacks ['neutron.plugins.ml2.plugin.SecurityGroupServerNotifierRpcMixin._notify_sg_on_port_change-950900', 'neutron.plugins.ml2.ovo_rpc._ObjectChangeHandler.handle_event-2022288', 'neutron.api.rpc.agentnotifiers.dhcp_rpc_agent_api.DhcpAgentNotifyAPI._native_event_send_dhcp_notification-1593131', 'neutron.db.l3_db.L3RpcNotifierMixin._notify_gateway_port_ip_changed-8790524108939', 'neutron.db.l3_dvrscheduler_db._notify_l3_agent_port_update-8790523649500', 'neutron.db.l3_hascheduler_db._notify_l3_agent_ha_port_update-8790523649518'] for port (2d57018e-1ec4-4570-9034-daf73745c643), after_update {{(pid=106343) _notify_loop /usr/local/lib/python3.8/dist-packages/neutron_lib/callbacks/manager.py:176}}
Sep 13 12:33:05.823345 dv-cinder-855189-2-smb neutron-server[106343]: DEBUG neutron.pecan_wsgi.hooks.policy_enforcement [req-5f388618-8072-4cd9-936c-e8a2cf2a6ba2 req-583a183f-650a-4716-9049-1e5f3344d519 service neutron] Attributes excluded by policy engine: ['standard_attr_id'] {{(pid=106343) _exclude_attributes_by_policy /opt/stack/neutron/neutron/pecan_wsgi/hooks/policy_enforcement.py:259}}
Sep 13 12:33:05.823345 dv-cinder-855189-2-smb neutron-server[106343]: DEBUG neutron_lib.callbacks.manager [req-5f388618-8072-4cd9-936c-e8a2cf2a6ba2 req-583a183f-650a-4716-9049-1e5f3344d519 service neutron] Publish callbacks ['neutron.notifiers.nova.Notifier._send_nova_notification-1904498', 'neutron.api.rpc.agentnotifiers.dhcp_rpc_agent_api.DhcpAgentNotifyAPI._send_dhcp_notification-1593093'] for port (None), before_response {{(pid=106343) _notify_loop /usr/local/lib/python3.8/dist-packages/neutron_lib/callbacks/manager.py:176}}
Sep 13 12:33:05.823345 dv-cinder-855189-2-smb neutron-server[106343]: INFO neutron.wsgi [req-5f388618-8072-4cd9-936c-e8a2cf2a6ba2 req-583a183f-650a-4716-9049-1e5f3344d519 service neutron] 10.222.0.70 "PUT /networking/v2.0/ports/2d57018e-1ec4-4570-9034-daf73745c643 HTTP/1.1" status: 200 len: 1093 time: 3.6458702
Sep 13 12:33:05.886110 dv-cinder-855189-2-smb neutron-server[106343]: DEBUG neutron.api.rpc.handlers.resources_rpc [None req-01ee5340-d293-4341-888d-40aaab253427 service neutron] Pushing event updated for resources: {'Port': ['ID=a916923e-2e97-4166-b7a4-c9a7f0972f0e,revision_number=3']} {{(pid=106343) push /opt/stack/neutron/neutron/api/rpc/handlers/resources_rpc.py:237}}
Sep 13 12:33:05.891227 dv-cinder-855189-2-smb neutron-server[106344]: DEBUG dbcounter [-] [106344] Writing DB stats neutron:SELECT=93,neutron:UPDATE=3,neutron:INSERT=4 {{(pid=106344) stat_writer /usr/local/lib/python3.8/dist-packages/dbcounter.py:114}}
Sep 13 12:33:05.946145 dv-cinder-855189-2-smb neutron-server[106344]: DEBUG neutron_lib.callbacks.manager [req-42b76b7a-b5f6-40d5-8563-e0317f3d4a68 req-f6b49c83-0b58-4a17-be68-f6af3c9a3060 tempest-ServerRescueNegativeTestJSON-1955499371 tempest-ServerRescueNegativeTestJSON-1955499371-project] Publish callbacks [] for port (b752a7ad-8dee-4ecb-af5e-c99d014dcafc), precommit_create {{(pid=106344) _notify_loop /usr/local/lib/python3.8/dist-packages/neutron_lib/callbacks/manager.py:176}}
Sep 13 12:33:05.947519 dv-cinder-855189-2-smb neutron-server[106343]: DEBUG novaclient.v2.client [-] RESP: [200] Connection: close Content-Length: 179 Content-Type: application/json Date: Tue, 13 Sep 2022 12:33:05 GMT OpenStack-API-Version: compute 2.1 Server: Apache/2.4.41 (Ubuntu) Vary: OpenStack-API-Version,X-OpenStack-Nova-API-Version X-OpenStack-Nova-API-Version: 2.1 x-compute-request-id: req-439ad257-5ac6-43f1-9c8c-03eaca769631 x-openstack-request-id: req-439ad257-5ac6-43f1-9c8c-03eaca769631 {{(pid=106343) _http_log_response /usr/local/lib/python3.8/dist-packages/keystoneauth1/session.py:550}}
Sep 13 12:33:05.947519 dv-cinder-855189-2-smb neutron-server[106343]: DEBUG novaclient.v2.client [-] RESP BODY: {"events": [{"name": "network-changed", "server_uuid": "799d96f4-fc4e-40cd-a2db-e5ac305dc76c", "tag": "a916923e-2e97-4166-b7a4-c9a7f0972f0e", "status": "completed", "code": 200}]} {{(pid=106343) _http_log_response /usr/local/lib/python3.8/dist-packages/keystoneauth1/session.py:582}}
Sep 13 12:33:05.947922 dv-cinder-855189-2-smb neutron-server[106343]: DEBUG novaclient.v2.client [-] POST call to compute for http://10.222.0.55/compute/v2.1/os-server-external-events used request id req-439ad257-5ac6-43f1-9c8c-03eaca769631 {{(pid=106343) request /usr/local/lib/python3.8/dist-packages/keystoneauth1/session.py:954}}
Sep 13 12:33:05.949051 dv-cinder-855189-2-smb neutron-server[106343]: INFO neutron.notifiers.nova [-] Nova event matching ['req-439ad257-5ac6-43f1-9c8c-03eaca769631'] response: {'name': 'network-changed', 'server_uuid': '799d96f4-fc4e-40cd-a2db-e5ac305dc76c', 'tag': 'a916923e-2e97-4166-b7a4-c9a7f0972f0e', 'status': 'completed', 'code': 200}
Sep 13 12:33:05.954506 dv-cinder-855189-2-smb neutron-server[106344]: INFO neutron.wsgi [req-3e3c5f0b-67f7-44ef-a389-34dcbaad7972 req-618078e1-7d04-48d3-872c-8a277008cc12 tempest-AttachVolumeShelveTestJSON-41795223 tempest-AttachVolumeShelveTestJSON-41795223-project] 10.222.0.55 "GET /networking/v2.0/security-groups?id=8085c720-28c3-49b9-9589-ceb491358d7d&fields=id&fields=name HTTP/1.1" status: 200 len: 312 time: 0.1690686
Sep 13 12:33:05.977985 dv-cinder-855189-2-smb neutron-server[106343]: DEBUG neutron.api.rpc.handlers.resources_rpc [None req-583a183f-650a-4716-9049-1e5f3344d519 service neutron] Pushing event updated for resources: {'Port': ['ID=2d57018e-1ec4-4570-9034-daf73745c643,revision_number=3']} {{(pid=106343) push /opt/stack/neutron/neutron/api/rpc/handlers/resources_rpc.py:237}}
Sep 13 12:33:06.006319 dv-cinder-855189-2-smb neutron-server[106344]: DEBUG neutron_lib.callbacks.manager [None req-20df7170-8761-46fe-a09a-c779149f960e admin admin] Publish callbacks [] for security_group (88be3247-193a-448b-aaeb-30fc73f6b043), before_delete {{(pid=106344) _notify_loop /usr/local/lib/python3.8/dist-packages/neutron_lib/callbacks/manager.py:176}}
Sep 13 12:33:06.033342 dv-cinder-855189-2-smb neutron-server[106344]: DEBUG neutron_lib.callbacks.manager [None req-f73b44d0-2f01-44f1-bb5c-fb971698c29f admin admin] Publish callbacks [] for security_group (2e28ccc6-21d4-4503-a1b9-bc2e53f7c9f3), precommit_create {{(pid=106344) _notify_loop /usr/local/lib/python3.8/dist-packages/neutron_lib/callbacks/manager.py:176}}
Sep 13 12:33:06.050993 dv-cinder-855189-2-smb neutron-server[106344]: DEBUG neutron_lib.callbacks.manager [None req-f73b44d0-2f01-44f1-bb5c-fb971698c29f admin admin] Publish callbacks ['neutron.plugins.ml2.ovo_rpc._ObjectChangeHandler.handle_event-1773760'] for security_group (2e28ccc6-21d4-4503-a1b9-bc2e53f7c9f3), after_create {{(pid=106344) _notify_loop /usr/local/lib/python3.8/dist-packages/neutron_lib/callbacks/manager.py:176}}
Sep 13 12:33:06.069163 dv-cinder-855189-2-smb neutron-server[106344]: DEBUG neutron_lib.callbacks.manager [None req-20df7170-8761-46fe-a09a-c779149f960e admin admin] Publish callbacks [] for security_group (88be3247-193a-448b-aaeb-30fc73f6b043), precommit_delete {{(pid=106344) _notify_loop /usr/local/lib/python3.8/dist-packages/neutron_lib/callbacks/manager.py:176}}
Sep 13 12:33:06.143900 dv-cinder-855189-2-smb neutron-server[106344]: INFO neutron.wsgi [None req-f73b44d0-2f01-44f1-bb5c-fb971698c29f admin admin] 10.222.0.55 "GET /networking/v2.0/security-groups?tenant_id=fe1f853421ba46a28c3bcf639f21755b&name=default HTTP/1.1" status: 200 len: 2996 time: 1.4154723
Sep 13 12:33:06.143900 dv-cinder-855189-2-smb neutron-server[106344]: DEBUG neutron_lib.callbacks.manager [req-42b76b7a-b5f6-40d5-8563-e0317f3d4a68 req-f6b49c83-0b58-4a17-be68-f6af3c9a3060 tempest-ServerRescueNegativeTestJSON-1955499371 tempest-ServerRescueNegativeTestJSON-1955499371-project] Publish callbacks ['neutron.plugins.ml2.plugin.SecurityGroupServerNotifierRpcMixin._notify_sg_on_port_change-950900', 'neutron.plugins.ml2.ovo_rpc._ObjectChangeHandler.handle_event-2022288', 'neutron.api.rpc.agentnotifiers.dhcp_rpc_agent_api.DhcpAgentNotifyAPI._native_event_send_dhcp_notification-1593131', 'neutron.db.l3_dvrscheduler_db._notify_l3_agent_new_port-8790523649482'] for port (b752a7ad-8dee-4ecb-af5e-c99d014dcafc), after_create {{(pid=106344) _notify_loop /usr/local/lib/python3.8/dist-packages/neutron_lib/callbacks/manager.py:176}}
Sep 13 12:33:06.147495 dv-cinder-855189-2-smb neutron-server[106343]: DEBUG neutron.wsgi [-] (106343) accepted ('10.222.0.55', 45928) {{(pid=106343) server /usr/local/lib/python3.8/dist-packages/eventlet/wsgi.py:1004}}
Sep 13 12:33:06.175415 dv-cinder-855189-2-smb neutron-server[106344]: DEBUG neutron.api.rpc.handlers.resources_rpc [None req-f73b44d0-2f01-44f1-bb5c-fb971698c29f admin admin] Pushing event updated for resources: {'SecurityGroup': ['ID=2e28ccc6-21d4-4503-a1b9-bc2e53f7c9f3,revision_number=1']} {{(pid=106344) push /opt/stack/neutron/neutron/api/rpc/handlers/resources_rpc.py:237}}
Sep 13 12:33:06.234462 dv-cinder-855189-2-smb neutron-server[106344]: DEBUG neutron.scheduler.dhcp_agent_scheduler [req-42b76b7a-b5f6-40d5-8563-e0317f3d4a68 req-f6b49c83-0b58-4a17-be68-f6af3c9a3060 tempest-ServerRescueNegativeTestJSON-1955499371 tempest-ServerRescueNegativeTestJSON-1955499371-project] Network 5a438982-65c6-41c1-8ca3-c987555cd42b is already hosted by enough agents. {{(pid=106344) _get_dhcp_agents_hosting_network /opt/stack/neutron/neutron/scheduler/dhcp_agent_scheduler.py:275}}
Sep 13 12:33:06.253871 dv-cinder-855189-2-smb neutron-server[106344]: DEBUG neutron.scheduler.base_scheduler [req-42b76b7a-b5f6-40d5-8563-e0317f3d4a68 req-f6b49c83-0b58-4a17-be68-f6af3c9a3060 tempest-ServerRescueNegativeTestJSON-1955499371 tempest-ServerRescueNegativeTestJSON-1955499371-project] Resources bound (agent type, host, resource id): {{(pid=106344) schedule /opt/stack/neutron/neutron/scheduler/base_scheduler.py:57}}
Sep 13 12:33:06.265245 dv-cinder-855189-2-smb neutron-server[106344]: DEBUG neutron.db.l3_dvrscheduler_db [req-42b76b7a-b5f6-40d5-8563-e0317f3d4a68 req-f6b49c83-0b58-4a17-be68-f6af3c9a3060 tempest-ServerRescueNegativeTestJSON-1955499371 tempest-ServerRescueNegativeTestJSON-1955499371-project] Received port after_create {{(pid=106344) _notify_l3_agent_new_port /opt/stack/neutron/neutron/db/l3_dvrscheduler_db.py:538}}
Sep 13 12:33:06.274242 dv-cinder-855189-2-smb neutron-server[106343]: DEBUG neutron_lib.callbacks.manager [None req-149059d2-50eb-4b7f-bcde-8a9937bd3f81 admin admin] Publish callbacks [] for security_group (2e28ccc6-21d4-4503-a1b9-bc2e53f7c9f3), before_delete {{(pid=106343) _notify_loop /usr/local/lib/python3.8/dist-packages/neutron_lib/callbacks/manager.py:176}}
Sep 13 12:33:06.278204 dv-cinder-855189-2-smb neutron-server[106344]: DEBUG neutron.pecan_wsgi.hooks.policy_enforcement [req-42b76b7a-b5f6-40d5-8563-e0317f3d4a68 req-f6b49c83-0b58-4a17-be68-f6af3c9a3060 tempest-ServerRescueNegativeTestJSON-1955499371 tempest-ServerRescueNegativeTestJSON-1955499371-project] Attributes excluded by policy engine: ['standard_attr_id', 'binding:profile', 'binding:host_id', 'binding:vif_type', 'binding:vif_details', 'network'] {{(pid=106344) _exclude_attributes_by_policy /opt/stack/neutron/neutron/pecan_wsgi/hooks/policy_enforcement.py:259}}
Sep 13 12:33:06.278989 dv-cinder-855189-2-smb neutron-server[106344]: DEBUG neutron_lib.callbacks.manager [req-42b76b7a-b5f6-40d5-8563-e0317f3d4a68 req-f6b49c83-0b58-4a17-be68-f6af3c9a3060 tempest-ServerRescueNegativeTestJSON-1955499371 tempest-ServerRescueNegativeTestJSON-1955499371-project] Publish callbacks ['neutron.notifiers.nova.Notifier._send_nova_notification-1904498', 'neutron.api.rpc.agentnotifiers.dhcp_rpc_agent_api.DhcpAgentNotifyAPI._send_dhcp_notification-1593093'] for port (None), before_response {{(pid=106344) _notify_loop /usr/local/lib/python3.8/dist-packages/neutron_lib/callbacks/manager.py:176}}
Sep 13 12:33:06.310360 dv-cinder-855189-2-smb neutron-server[106343]: DEBUG neutron.api.v2.base [req-84f5463c-d348-45a7-902c-df8e93bf3934 req-76cf6bde-5be2-4e27-a482-e73e0a7e6da3 tempest-AttachVolumeNegativeTest-348517621 tempest-AttachVolumeNegativeTest-348517621-project] Request body: {'port': {'device_id': '552c3cd5-f025-44fe-91b5-440cf9a6ccac', 'network_id': '2370209d-f012-485c-b7fc-71e4d79f00cb', 'admin_state_up': True, 'tenant_id': '7646bad963114554a255a03c0a16884a', 'security_groups': ['5b1e162c-2d99-42f7-93de-35ddd011f2df']}} {{(pid=106343) prepare_request_body /opt/stack/neutron/neutron/api/v2/base.py:730}}
Sep 13 12:33:06.376268 dv-cinder-855189-2-smb neutron-server[106344]: DEBUG neutron.api.rpc.handlers.resources_rpc [None req-f6b49c83-0b58-4a17-be68-f6af3c9a3060 tempest-ServerRescueNegativeTestJSON-1955499371 tempest-ServerRescueNegativeTestJSON-1955499371-project] Pushing event updated for resources: {'Port': ['ID=b752a7ad-8dee-4ecb-af5e-c99d014dcafc,revision_number=1']} {{(pid=106344) push /opt/stack/neutron/neutron/api/rpc/handlers/resources_rpc.py:237}}
Sep 13 12:33:06.474213 dv-cinder-855189-2-smb neutron-server[106344]: DEBUG neutron_lib.callbacks.manager [None req-20df7170-8761-46fe-a09a-c779149f960e admin admin] Publish callbacks ['neutron.plugins.ml2.ovo_rpc._ObjectChangeHandler.handle_event-1773760'] for security_group (88be3247-193a-448b-aaeb-30fc73f6b043), after_delete {{(pid=106344) _notify_loop /usr/local/lib/python3.8/dist-packages/neutron_lib/callbacks/manager.py:176}}
Sep 13 12:33:06.478775 dv-cinder-855189-2-smb neutron-server[106344]: DEBUG neutron_lib.callbacks.manager [None req-20df7170-8761-46fe-a09a-c779149f960e admin admin] Publish callbacks [] for security_group (None), before_response {{(pid=106344) _notify_loop /usr/local/lib/python3.8/dist-packages/neutron_lib/callbacks/manager.py:176}}
Sep 13 12:33:06.483237 dv-cinder-855189-2-smb neutron-server[106344]: INFO neutron.wsgi [None req-20df7170-8761-46fe-a09a-c779149f960e admin admin] 10.222.0.55 "DELETE /networking/v2.0/security-groups/88be3247-193a-448b-aaeb-30fc73f6b043 HTTP/1.1" status: 204 len: 168 time: 0.7338948
Sep 13 12:33:06.489831 dv-cinder-855189-2-smb neutron-server[106344]: INFO neutron.wsgi [req-42b76b7a-b5f6-40d5-8563-e0317f3d4a68 req-f6b49c83-0b58-4a17-be68-f6af3c9a3060 tempest-ServerRescueNegativeTestJSON-1955499371 tempest-ServerRescueNegativeTestJSON-1955499371-project] 10.222.0.70 "POST /networking/v2.0/ports HTTP/1.1" status: 201 len: 933 time: 3.7786360
Sep 13 12:33:06.495060 dv-cinder-855189-2-smb neutron-server[106344]: INFO neutron.wsgi [req-33a38dc6-8ec7-49d2-8630-d9b253aac459 req-8f53de73-5946-43e6-aa26-a2fdcaef4b33 tempest-AttachVolumeNegativeTest-348517621 tempest-AttachVolumeNegativeTest-348517621-project] 10.222.0.55 "GET /networking/v2.0/ports?device_id=552c3cd5-f025-44fe-91b5-440cf9a6ccac HTTP/1.1" status: 200 len: 210 time: 0.2000592
Sep 13 12:33:06.496486 dv-cinder-855189-2-smb neutron-server[106344]: INFO neutron.wsgi [req-7bf1783c-2393-42aa-876a-77da83337879 req-72cc2b53-6780-4d50-99ab-10a18a8767d3 service neutron] 10.222.0.70 "GET /networking/v2.0/floatingips?fixed_ip_address=172.20.0.11&port_id=0178eb89-ebd6-413d-a026-dd2e5bb3d5ed HTTP/1.1" status: 200 len: 217 time: 0.1963999
Sep 13 12:33:06.510466 dv-cinder-855189-2-smb neutron-server[106343]: DEBUG neutron_lib.callbacks.manager [None req-149059d2-50eb-4b7f-bcde-8a9937bd3f81 admin admin] Publish callbacks [] for security_group (2e28ccc6-21d4-4503-a1b9-bc2e53f7c9f3), precommit_delete {{(pid=106343) _notify_loop /usr/local/lib/python3.8/dist-packages/neutron_lib/callbacks/manager.py:176}}
Sep 13 12:33:06.518553 dv-cinder-855189-2-smb neutron-server[106344]: DEBUG neutron.api.v2.base [req-42b76b7a-b5f6-40d5-8563-e0317f3d4a68 req-ba1bae4c-a1b3-467b-8be6-93037991600e service neutron] Request body: {'port': {'device_id': 'd7ec26fc-6c47-4ef8-88ff-14de4f29f1a4', 'device_owner': 'compute:nova', 'binding:host_id': 'hv-cinder-85518'}} {{(pid=106344) prepare_request_body /opt/stack/neutron/neutron/api/v2/base.py:730}}
Sep 13 12:33:06.521567 dv-cinder-855189-2-smb neutron-server[106344]: DEBUG neutron.api.rpc.handlers.resources_rpc [None req-20df7170-8761-46fe-a09a-c779149f960e admin admin] Pushing event deleted for resources: {'SecurityGroup': ['ID=88be3247-193a-448b-aaeb-30fc73f6b043,revision_number=None']} {{(pid=106344) push /opt/stack/neutron/neutron/api/rpc/handlers/resources_rpc.py:237}}
Sep 13 12:33:06.636791 dv-cinder-855189-2-smb neutron-server[106343]: DEBUG neutron.pecan_wsgi.hooks.policy_enforcement [req-5f388618-8072-4cd9-936c-e8a2cf2a6ba2 req-232940d8-2318-4e86-9b68-d45c575b843a service neutron] Attributes excluded by policy engine: ['standard_attr_id'] {{(pid=106343) _exclude_attributes_by_policy /opt/stack/neutron/neutron/pecan_wsgi/hooks/policy_enforcement.py:259}}
Sep 13 12:33:06.638630 dv-cinder-855189-2-smb neutron-server[106343]: INFO neutron.wsgi [req-5f388618-8072-4cd9-936c-e8a2cf2a6ba2 req-232940d8-2318-4e86-9b68-d45c575b843a service neutron] 10.222.0.70 "GET /networking/v2.0/ports?tenant_id=19e8216d030f41f2954c0b118a123eec&device_id=cae15ea9-7ba7-4d35-8f02-00081565e35f HTTP/1.1" status: 200 len: 1127 time: 0.2339103
Sep 13 12:33:06.712886 dv-cinder-855189-2-smb neutron-server[106343]: DEBUG neutron.pecan_wsgi.hooks.policy_enforcement [req-4ab85f12-c9cc-4eb2-9317-2f7b1b5405b0 req-76e3a224-9879-4a68-826e-416df8215782 service neutron] Attributes excluded by policy engine: ['standard_attr_id'] {{(pid=106343) _exclude_attributes_by_policy /opt/stack/neutron/neutron/pecan_wsgi/hooks/policy_enforcement.py:259}}
Sep 13 12:33:06.715413 dv-cinder-855189-2-smb neutron-server[106343]: INFO neutron.wsgi [req-4ab85f12-c9cc-4eb2-9317-2f7b1b5405b0 req-76e3a224-9879-4a68-826e-416df8215782 service neutron] 10.222.0.70 "GET /networking/v2.0/ports?tenant_id=4a3e1ffdc05e471ab0daeb978e81e291&device_id=799d96f4-fc4e-40cd-a2db-e5ac305dc76c HTTP/1.1" status: 200 len: 1127 time: 0.3091257
Sep 13 12:33:06.746383 dv-cinder-855189-2-smb neutron-server[106344]: DEBUG neutron.pecan_wsgi.hooks.policy_enforcement [req-7bf1783c-2393-42aa-876a-77da83337879 req-03b79293-e679-4ed3-adf2-740c7711b34f service neutron] Attributes excluded by policy engine: ['standard_attr_id', 'shared'] {{(pid=106344) _exclude_attributes_by_policy /opt/stack/neutron/neutron/pecan_wsgi/hooks/policy_enforcement.py:259}}
Sep 13 12:33:06.748232 dv-cinder-855189-2-smb neutron-server[106344]: INFO neutron.wsgi [req-7bf1783c-2393-42aa-876a-77da83337879 req-03b79293-e679-4ed3-adf2-740c7711b34f service neutron] 10.222.0.70 "GET /networking/v2.0/subnets?id=88568923-0af0-4577-b4c3-84ccb8d09b34 HTTP/1.1" status: 200 len: 851 time: 0.2350409
Sep 13 12:33:06.749044 dv-cinder-855189-2-smb neutron-server[106344]: DEBUG neutron_lib.callbacks.manager [req-42b76b7a-b5f6-40d5-8563-e0317f3d4a68 req-ba1bae4c-a1b3-467b-8be6-93037991600e service neutron] Publish callbacks ['neutron.plugins.ml2.plugin.SecurityGroupDbMixin._ensure_default_security_group_handler-965811'] for port (b752a7ad-8dee-4ecb-af5e-c99d014dcafc), before_update {{(pid=106344) _notify_loop /usr/local/lib/python3.8/dist-packages/neutron_lib/callbacks/manager.py:176}}
Sep 13 12:33:06.757327 dv-cinder-855189-2-smb neutron-server[106344]: DEBUG neutron.pecan_wsgi.hooks.policy_enforcement [req-5c2d4215-89c3-4ba9-a5eb-a04824155c53 req-446ff26c-0274-4804-af2c-c47dfecb0699 tempest-DeleteServersTestJSON-1572218183 tempest-DeleteServersTestJSON-1572218183-project] Attributes excluded by policy engine: ['standard_attr_id', 'binding:profile', 'binding:host_id', 'binding:vif_type', 'binding:vif_details'] {{(pid=106344) _exclude_attributes_by_policy /opt/stack/neutron/neutron/pecan_wsgi/hooks/policy_enforcement.py:259}}
Sep 13 12:33:06.757614 dv-cinder-855189-2-smb neutron-server[106345]: DEBUG neutron.db.provisioning_blocks [None req-641cb320-90e5-4a5e-bc07-7189a4088d7e None None] Provisioning complete for port b752a7ad-8dee-4ecb-af5e-c99d014dcafc triggered by entity DHCP. {{(pid=106345) provisioning_complete /opt/stack/neutron/neutron/db/provisioning_blocks.py:144}}
Sep 13 12:33:06.759704 dv-cinder-855189-2-smb neutron-server[106345]: DEBUG neutron_lib.callbacks.manager [None req-641cb320-90e5-4a5e-bc07-7189a4088d7e None None] Publish callbacks ['neutron.plugins.ml2.plugin.Ml2Plugin._port_provisioned-824643'] for port (b752a7ad-8dee-4ecb-af5e-c99d014dcafc), provisioning_complete {{(pid=106345) _notify_loop /usr/local/lib/python3.8/dist-packages/neutron_lib/callbacks/manager.py:176}}
Sep 13 12:33:06.765046 dv-cinder-855189-2-smb neutron-server[106344]: INFO neutron.wsgi [req-5c2d4215-89c3-4ba9-a5eb-a04824155c53 req-446ff26c-0274-4804-af2c-c47dfecb0699 tempest-DeleteServersTestJSON-1572218183 tempest-DeleteServersTestJSON-1572218183-project] 10.222.0.55 "GET /networking/v2.0/ports?device_id=53e552ec-3e2f-4009-b952-ec315358906a HTTP/1.1" status: 200 len: 944 time: 0.1302505
Sep 13 12:33:06.805869 dv-cinder-855189-2-smb neutron-server[106343]: INFO neutron.wsgi [req-5f388618-8072-4cd9-936c-e8a2cf2a6ba2 req-da5eaad2-25f7-4148-8425-07bf9329f4cf service neutron] 10.222.0.70 "GET /networking/v2.0/floatingips?fixed_ip_address=172.20.0.3&port_id=2d57018e-1ec4-4570-9034-daf73745c643 HTTP/1.1" status: 200 len: 217 time: 0.1111119
Sep 13 12:33:06.866066 dv-cinder-855189-2-smb neutron-server[106344]: DEBUG dbcounter [-] [106344] Writing DB stats neutron:SELECT=87,neutron:INSERT=9,neutron:UPDATE=1,neutron:DELETE=3 {{(pid=106344) stat_writer /usr/local/lib/python3.8/dist-packages/dbcounter.py:114}}
Sep 13 12:33:06.907585 dv-cinder-855189-2-smb neutron-server[106345]: DEBUG neutron.plugins.ml2.plugin [None req-641cb320-90e5-4a5e-bc07-7189a4088d7e None None] Port b752a7ad-8dee-4ecb-af5e-c99d014dcafc cannot update to ACTIVE because it is not bound. {{(pid=106345) _port_provisioned /opt/stack/neutron/neutron/plugins/ml2/plugin.py:348}}
Sep 13 12:33:06.945337 dv-cinder-855189-2-smb neutron-server[106344]: DEBUG neutron.pecan_wsgi.hooks.policy_enforcement [req-7bf1783c-2393-42aa-876a-77da83337879 req-5d606744-b911-4566-b73c-fe92c743b333 service neutron] Attributes excluded by policy engine: ['standard_attr_id'] {{(pid=106344) _exclude_attributes_by_policy /opt/stack/neutron/neutron/pecan_wsgi/hooks/policy_enforcement.py:259}}
Sep 13 12:33:06.947234 dv-cinder-855189-2-smb neutron-server[106344]: INFO neutron.wsgi [req-7bf1783c-2393-42aa-876a-77da83337879 req-5d606744-b911-4566-b73c-fe92c743b333 service neutron] 10.222.0.70 "GET /networking/v2.0/ports?network_id=f0e32b05-418e-4abc-a49d-a8726a634644&device_owner=network%3Adhcp HTTP/1.1" status: 200 len: 1210 time: 0.1798613
Sep 13 12:33:07.010805 dv-cinder-855189-2-smb neutron-server[106344]: INFO neutron.wsgi [req-5c2d4215-89c3-4ba9-a5eb-a04824155c53 req-50ee7887-bf1a-45aa-8fbc-bba4fa65b4f0 tempest-DeleteServersTestJSON-1572218183 tempest-DeleteServersTestJSON-1572218183-project] 10.222.0.55 "GET /networking/v2.0/security-groups?id=73a04014-6a4f-41c2-ad3a-3f27d7b89bc7&fields=id&fields=name HTTP/1.1" status: 200 len: 286 time: 0.2444410
Sep 13 12:33:07.091750 dv-cinder-855189-2-smb neutron-server[106345]: DEBUG neutron_lib.callbacks.manager [None req-b8464981-f364-47fa-b46d-f35113356b0f None None] Publish callbacks ['neutron.services.segments.db._update_segment_host_mapping_for_agent-8790524131750', 'neutron.plugins.ml2.plugin.Ml2Plugin._retry_binding_revived_agents-824813'] for agent (57e72cf6-ec3b-408d-af27-c74cc6dc0f79), after_update {{(pid=106345) _notify_loop /usr/local/lib/python3.8/dist-packages/neutron_lib/callbacks/manager.py:176}}
Sep 13 12:33:07.149368 dv-cinder-855189-2-smb neutron-server[106343]: DEBUG neutron.pecan_wsgi.hooks.policy_enforcement [req-5f388618-8072-4cd9-936c-e8a2cf2a6ba2 req-37fc371f-455c-475a-8f8f-87857f914647 service neutron] Attributes excluded by policy engine: ['standard_attr_id', 'shared'] {{(pid=106343) _exclude_attributes_by_policy /opt/stack/neutron/neutron/pecan_wsgi/hooks/policy_enforcement.py:259}}
Sep 13 12:33:07.152231 dv-cinder-855189-2-smb neutron-server[106343]: INFO neutron.wsgi [req-5f388618-8072-4cd9-936c-e8a2cf2a6ba2 req-37fc371f-455c-475a-8f8f-87857f914647 service neutron] 10.222.0.70 "GET /networking/v2.0/subnets?id=594d328a-5408-4d01-86ed-ed43b56ea9d6 HTTP/1.1" status: 200 len: 857 time: 0.2803957
Sep 13 12:33:07.164922 dv-cinder-855189-2-smb neutron-server[106343]: DEBUG dbcounter [-] [106343] Writing DB stats neutron:SELECT=92,neutron:UPDATE=2,neutron:INSERT=3,neutron:DELETE=3 {{(pid=106343) stat_writer /usr/local/lib/python3.8/dist-packages/dbcounter.py:114}}
Sep 13 12:33:07.167361 dv-cinder-855189-2-smb neutron-server[106343]: DEBUG neutron_lib.callbacks.manager [None req-149059d2-50eb-4b7f-bcde-8a9937bd3f81 admin admin] Publish callbacks ['neutron.plugins.ml2.ovo_rpc._ObjectChangeHandler.handle_event-1773760'] for security_group (2e28ccc6-21d4-4503-a1b9-bc2e53f7c9f3), after_delete {{(pid=106343) _notify_loop /usr/local/lib/python3.8/dist-packages/neutron_lib/callbacks/manager.py:176}}
Sep 13 12:33:07.173568 dv-cinder-855189-2-smb neutron-server[106343]: DEBUG neutron_lib.callbacks.manager [None req-149059d2-50eb-4b7f-bcde-8a9937bd3f81 admin admin] Publish callbacks [] for security_group (None), before_response {{(pid=106343) _notify_loop /usr/local/lib/python3.8/dist-packages/neutron_lib/callbacks/manager.py:176}}
Sep 13 12:33:07.178921 dv-cinder-855189-2-smb neutron-server[106343]: INFO neutron.wsgi [None req-149059d2-50eb-4b7f-bcde-8a9937bd3f81 admin admin] 10.222.0.55 "DELETE /networking/v2.0/security-groups/2e28ccc6-21d4-4503-a1b9-bc2e53f7c9f3 HTTP/1.1" status: 204 len: 168 time: 1.0264432
Sep 13 12:33:07.202799 dv-cinder-855189-2-smb neutron-server[106343]: DEBUG neutron.pecan_wsgi.hooks.quota_enforcement [req-84f5463c-d348-45a7-902c-df8e93bf3934 req-76cf6bde-5be2-4e27-a482-e73e0a7e6da3 tempest-AttachVolumeNegativeTest-348517621 tempest-AttachVolumeNegativeTest-348517621-project] Made reservation on behalf of 7646bad963114554a255a03c0a16884a for: {'port': 1} {{(pid=106343) before /opt/stack/neutron/neutron/pecan_wsgi/hooks/quota_enforcement.py:53}}
Sep 13 12:33:07.209831 dv-cinder-855189-2-smb neutron-server[106343]: DEBUG neutron_lib.callbacks.manager [req-84f5463c-d348-45a7-902c-df8e93bf3934 req-76cf6bde-5be2-4e27-a482-e73e0a7e6da3 tempest-AttachVolumeNegativeTest-348517621 tempest-AttachVolumeNegativeTest-348517621-project] Publish callbacks ['neutron.plugins.ml2.plugin.SecurityGroupDbMixin._ensure_default_security_group_handler-965811'] for port (None), before_create {{(pid=106343) _notify_loop /usr/local/lib/python3.8/dist-packages/neutron_lib/callbacks/manager.py:176}}
Sep 13 12:33:07.218530 dv-cinder-855189-2-smb neutron-server[106344]: DEBUG dbcounter [-] [106344] Writing DB stats neutron:SELECT=95,neutron:DELETE=3,neutron:UPDATE=2 {{(pid=106344) stat_writer /usr/local/lib/python3.8/dist-packages/dbcounter.py:114}}
Sep 13 12:33:07.228804 dv-cinder-855189-2-smb neutron-server[106344]: DEBUG neutron.pecan_wsgi.hooks.policy_enforcement [req-68b05a67-5f75-45cd-a915-68e643119ff1 req-780cf8b2-a6a0-4105-ab9c-5c294fb8e057 tempest-ServerRescueNegativeTestJSON-1955499371 tempest-ServerRescueNegativeTestJSON-1955499371-project] Attributes excluded by policy engine: ['standard_attr_id', 'binding:profile', 'binding:host_id', 'binding:vif_type', 'binding:vif_details'] {{(pid=106344) _exclude_attributes_by_policy /opt/stack/neutron/neutron/pecan_wsgi/hooks/policy_enforcement.py:259}}
Sep 13 12:33:07.236372 dv-cinder-855189-2-smb neutron-server[106344]: INFO neutron.wsgi [req-68b05a67-5f75-45cd-a915-68e643119ff1 req-780cf8b2-a6a0-4105-ab9c-5c294fb8e057 tempest-ServerRescueNegativeTestJSON-1955499371 tempest-ServerRescueNegativeTestJSON-1955499371-project] 10.222.0.55 "GET /networking/v2.0/ports?device_id=d7ec26fc-6c47-4ef8-88ff-14de4f29f1a4 HTTP/1.1" status: 200 len: 931 time: 0.3296740
Sep 13 12:33:07.354146 dv-cinder-855189-2-smb neutron-server[106343]: DEBUG neutron.api.rpc.handlers.resources_rpc [None req-149059d2-50eb-4b7f-bcde-8a9937bd3f81 admin admin] Pushing event deleted for resources: {'SecurityGroup': ['ID=2e28ccc6-21d4-4503-a1b9-bc2e53f7c9f3,revision_number=None']} {{(pid=106343) push /opt/stack/neutron/neutron/api/rpc/handlers/resources_rpc.py:237}}
Sep 13 12:33:07.360979 dv-cinder-855189-2-smb neutron-server[106344]: DEBUG neutron.pecan_wsgi.hooks.policy_enforcement [req-474eae0e-5001-4f7a-825d-2ef95c2175c3 req-3864db9a-a5e4-4aca-a3b5-a74e03f78644 tempest-AttachVolumeShelveTestJSON-41795223 tempest-AttachVolumeShelveTestJSON-41795223-project] Attributes excluded by policy engine: ['standard_attr_id', 'binding:profile', 'binding:host_id', 'binding:vif_type', 'binding:vif_details'] {{(pid=106344) _exclude_attributes_by_policy /opt/stack/neutron/neutron/pecan_wsgi/hooks/policy_enforcement.py:259}}
Sep 13 12:33:07.368615 dv-cinder-855189-2-smb neutron-server[106344]: INFO neutron.wsgi [req-474eae0e-5001-4f7a-825d-2ef95c2175c3 req-3864db9a-a5e4-4aca-a3b5-a74e03f78644 tempest-AttachVolumeShelveTestJSON-41795223 tempest-AttachVolumeShelveTestJSON-41795223-project] 10.222.0.55 "GET /networking/v2.0/ports?device_id=799d96f4-fc4e-40cd-a2db-e5ac305dc76c HTTP/1.1" status: 200 len: 943 time: 0.2172852
Sep 13 12:33:07.457982 dv-cinder-855189-2-smb neutron-server[106343]: DEBUG neutron.pecan_wsgi.hooks.policy_enforcement [req-5f388618-8072-4cd9-936c-e8a2cf2a6ba2 req-b045a1ba-5f49-4bad-9737-fb3e9b5dd562 service neutron] Attributes excluded by policy engine: ['standard_attr_id'] {{(pid=106343) _exclude_attributes_by_policy /opt/stack/neutron/neutron/pecan_wsgi/hooks/policy_enforcement.py:259}}
Sep 13 12:33:07.460525 dv-cinder-855189-2-smb neutron-server[106343]: INFO neutron.wsgi [req-5f388618-8072-4cd9-936c-e8a2cf2a6ba2 req-b045a1ba-5f49-4bad-9737-fb3e9b5dd562 service neutron] 10.222.0.70 "GET /networking/v2.0/ports?network_id=5a438982-65c6-41c1-8ca3-c987555cd42b&device_owner=network%3Adhcp HTTP/1.1" status: 200 len: 1210 time: 0.2715900
Sep 13 12:33:07.538520 dv-cinder-855189-2-smb neutron-server[106344]: INFO neutron.wsgi [req-68b05a67-5f75-45cd-a915-68e643119ff1 req-6b2f0f91-2ded-4fbc-9d00-eeca34ee6e98 tempest-ServerRescueNegativeTestJSON-1955499371 tempest-ServerRescueNegativeTestJSON-1955499371-project] 10.222.0.55 "GET /networking/v2.0/security-groups?id=605bfe1b-291c-41d7-b1e2-6d99d71151ec&fields=id&fields=name HTTP/1.1" status: 200 len: 286 time: 0.3010123
Sep 13 12:33:07.552163 dv-cinder-855189-2-smb neutron-server[106344]: INFO neutron.wsgi [req-7bf1783c-2393-42aa-876a-77da83337879 req-7ed2c9ad-04f2-4d5a-a9af-b1c40a1c0dbc service neutron] 10.222.0.70 "GET /networking/v2.0/networks/f0e32b05-418e-4abc-a49d-a8726a634644?fields=segments HTTP/1.1" status: 200 len: 212 time: 0.5958734
Sep 13 12:33:07.644060 dv-cinder-855189-2-smb neutron-server[106343]: DEBUG dbcounter [-] [106343] Writing DB stats neutron:UPDATE=3,neutron:SELECT=93,neutron:INSERT=3,neutron:DELETE=1 {{(pid=106343) stat_writer /usr/local/lib/python3.8/dist-packages/dbcounter.py:114}}
Sep 13 12:33:07.720372 dv-cinder-855189-2-smb neutron-server[106343]: DEBUG neutron.pecan_wsgi.hooks.policy_enforcement [req-4ab85f12-c9cc-4eb2-9317-2f7b1b5405b0 req-2ae0e945-4d1d-48ec-ba31-6595f7dd79f7 service neutron] Attributes excluded by policy engine: ['standard_attr_id', 'vlan_transparent'] {{(pid=106343) _exclude_attributes_by_policy /opt/stack/neutron/neutron/pecan_wsgi/hooks/policy_enforcement.py:259}}
Sep 13 12:33:07.722041 dv-cinder-855189-2-smb neutron-server[106343]: INFO neutron.wsgi [req-4ab85f12-c9cc-4eb2-9317-2f7b1b5405b0 req-2ae0e945-4d1d-48ec-ba31-6595f7dd79f7 service neutron] 10.222.0.70 "GET /networking/v2.0/networks?tenant_id=4a3e1ffdc05e471ab0daeb978e81e291&shared=False HTTP/1.1" status: 200 len: 917 time: 0.9681950
Sep 13 12:33:07.952424 dv-cinder-855189-2-smb neutron-server[106344]: INFO neutron.wsgi [req-474eae0e-5001-4f7a-825d-2ef95c2175c3 req-2ada9522-d86f-45b9-907f-93d87dea9330 tempest-AttachVolumeShelveTestJSON-41795223 tempest-AttachVolumeShelveTestJSON-41795223-project] 10.222.0.55 "GET /networking/v2.0/security-groups?id=8085c720-28c3-49b9-9589-ceb491358d7d&fields=id&fields=name HTTP/1.1" status: 200 len: 312 time: 0.5807710
Sep 13 12:33:07.953809 dv-cinder-855189-2-smb neutron-server[106343]: DEBUG neutron.notifiers.nova [-] Sending events: [{'name': 'network-changed', 'server_uuid': 'cae15ea9-7ba7-4d35-8f02-00081565e35f', 'tag': '2d57018e-1ec4-4570-9034-daf73745c643'}] {{(pid=106343) send_events /opt/stack/neutron/neutron/notifiers/nova.py:279}}
Sep 13 12:33:07.960580 dv-cinder-855189-2-smb neutron-server[106343]: DEBUG novaclient.v2.client [-] REQ: curl -g -i --cacert "/opt/stack/data/ca-bundle.pem" -X POST http://10.222.0.55/compute/v2.1/os-server-external-events -H "Accept: application/json" -H "Content-Type: application/json" -H "User-Agent: python-novaclient" -H "X-Auth-Token: {SHA256}6e7ef7b4ff0fb24e00a0ff002e60b042cd6d3e6a9f01b90ff72b8fe1609616be" -H "X-OpenStack-Nova-API-Version: 2.1" -H "X-OpenStack-Request-ID: req-83ccafd6-ecc8-4f47-8f06-9edd1d878e61" -d '{"events": [{"name": "network-changed", "server_uuid": "cae15ea9-7ba7-4d35-8f02-00081565e35f", "tag": "2d57018e-1ec4-4570-9034-daf73745c643"}]}' {{(pid=106343) _http_log_request /usr/local/lib/python3.8/dist-packages/keystoneauth1/session.py:519}}
Sep 13 12:33:07.968907 dv-cinder-855189-2-smb neutron-server[106344]: DEBUG neutron.wsgi [-] (106344) accepted ('10.222.0.55', 45996) {{(pid=106344) server /usr/local/lib/python3.8/dist-packages/eventlet/wsgi.py:1004}}
Sep 13 12:33:08.019362 dv-cinder-855189-2-smb neutron-server[106344]: INFO neutron.wsgi [req-117e05cd-1249-4974-9dae-bb9d9000cf87 req-9887ea43-7a8f-4f76-96c1-451e4a67e1db tempest-AttachVolumeNegativeTest-348517621 tempest-AttachVolumeNegativeTest-348517621-project] 10.222.0.55 "GET /networking/v2.0/ports?device_id=552c3cd5-f025-44fe-91b5-440cf9a6ccac HTTP/1.1" status: 200 len: 210 time: 0.3694813
Sep 13 12:33:08.028413 dv-cinder-855189-2-smb neutron-server[106344]: DEBUG neutron_lib.callbacks.manager [None req-6506f612-bb37-4bdf-8857-45eaca848f8d admin admin] Publish callbacks [] for security_group (None), before_create {{(pid=106344) _notify_loop /usr/local/lib/python3.8/dist-packages/neutron_lib/callbacks/manager.py:176}}
Sep 13 12:33:08.050144 dv-cinder-855189-2-smb neutron-server[106343]: DEBUG neutron.db.db_base_plugin_common [req-84f5463c-d348-45a7-902c-df8e93bf3934 req-76cf6bde-5be2-4e27-a482-e73e0a7e6da3 tempest-AttachVolumeNegativeTest-348517621 tempest-AttachVolumeNegativeTest-348517621-project] Allocated IP 172.20.0.5 (2370209d-f012-485c-b7fc-71e4d79f00cb/66644081-0866-4ac2-8933-eb4c930f16e1/187cfb08-bad8-4162-8bce-88ab690f68cc) {{(pid=106343) _store_ip_allocation /opt/stack/neutron/neutron/db/db_base_plugin_common.py:131}}
Sep 13 12:33:08.181146 dv-cinder-855189-2-smb neutron-server[106343]: INFO neutron.wsgi [req-5f388618-8072-4cd9-936c-e8a2cf2a6ba2 req-6741cc9a-56ca-47d7-a443-2992e7d60cb2 service neutron] 10.222.0.70 "GET /networking/v2.0/networks/5a438982-65c6-41c1-8ca3-c987555cd42b?fields=segments HTTP/1.1" status: 200 len: 212 time: 0.6333523
Sep 13 12:33:08.186556 dv-cinder-855189-2-smb neutron-server[106344]: INFO neutron.wsgi [req-7bf1783c-2393-42aa-876a-77da83337879 req-4621384c-38da-4499-9c2a-f6e05d8544f1 service neutron] 10.222.0.70 "GET /networking/v2.0/networks/f0e32b05-418e-4abc-a49d-a8726a634644?fields=provider%3Aphysical_network&fields=provider%3Anetwork_type HTTP/1.1" status: 200 len: 281 time: 0.6235328
Sep 13 12:33:08.246222 dv-cinder-855189-2-smb neutron-server[106344]: DEBUG neutron.pecan_wsgi.hooks.policy_enforcement [req-9ca7f8ee-e110-4919-a47b-66682ed0f005 req-2e6fd219-47a0-45d6-b7bb-8836440d4b2b tempest-DeleteServersTestJSON-1572218183 tempest-DeleteServersTestJSON-1572218183-project] Attributes excluded by policy engine: ['standard_attr_id', 'binding:profile', 'binding:host_id', 'binding:vif_type', 'binding:vif_details'] {{(pid=106344) _exclude_attributes_by_policy /opt/stack/neutron/neutron/pecan_wsgi/hooks/policy_enforcement.py:259}}
Sep 13 12:33:08.247953 dv-cinder-855189-2-smb neutron-server[106344]: INFO neutron.wsgi [req-9ca7f8ee-e110-4919-a47b-66682ed0f005 req-2e6fd219-47a0-45d6-b7bb-8836440d4b2b tempest-DeleteServersTestJSON-1572218183 tempest-DeleteServersTestJSON-1572218183-project] 10.222.0.55 "GET /networking/v2.0/ports?device_id=53e552ec-3e2f-4009-b952-ec315358906a HTTP/1.1" status: 200 len: 944 time: 0.1228929
Sep 13 12:33:08.271514 dv-cinder-855189-2-smb neutron-server[106344]: DEBUG neutron.notifiers.nova [req-42b76b7a-b5f6-40d5-8563-e0317f3d4a68 req-ba1bae4c-a1b3-467b-8be6-93037991600e service neutron] Ignoring state change previous_port_status: DOWN current_port_status: DOWN port_id b752a7ad-8dee-4ecb-af5e-c99d014dcafc {{(pid=106344) record_port_status_changed /opt/stack/neutron/neutron/notifiers/nova.py:235}}
Sep 13 12:33:08.291557 dv-cinder-855189-2-smb neutron-server[106344]: DEBUG neutron_lib.callbacks.manager [req-42b76b7a-b5f6-40d5-8563-e0317f3d4a68 req-ba1bae4c-a1b3-467b-8be6-93037991600e service neutron] Publish callbacks [] for port (b752a7ad-8dee-4ecb-af5e-c99d014dcafc), precommit_update {{(pid=106344) _notify_loop /usr/local/lib/python3.8/dist-packages/neutron_lib/callbacks/manager.py:176}}
Sep 13 12:33:08.339191 dv-cinder-855189-2-smb neutron-server[106344]: DEBUG neutron.db.provisioning_blocks [req-42b76b7a-b5f6-40d5-8563-e0317f3d4a68 req-ba1bae4c-a1b3-467b-8be6-93037991600e service neutron] Transition to ACTIVE for port object b752a7ad-8dee-4ecb-af5e-c99d014dcafc will not be triggered until provisioned by entity L2. {{(pid=106344) add_provisioning_component /opt/stack/neutron/neutron/db/provisioning_blocks.py:74}}
Sep 13 12:33:08.361991 dv-cinder-855189-2-smb neutron-server[106344]: DEBUG neutron_lib.callbacks.manager [req-42b76b7a-b5f6-40d5-8563-e0317f3d4a68 req-ba1bae4c-a1b3-467b-8be6-93037991600e service neutron] Publish callbacks ['neutron.plugins.ml2.plugin.SecurityGroupServerNotifierRpcMixin._notify_sg_on_port_change-950900', 'neutron.plugins.ml2.ovo_rpc._ObjectChangeHandler.handle_event-2022288', 'neutron.api.rpc.agentnotifiers.dhcp_rpc_agent_api.DhcpAgentNotifyAPI._native_event_send_dhcp_notification-1593131', 'neutron.db.l3_db.L3RpcNotifierMixin._notify_gateway_port_ip_changed-8790524108939', 'neutron.db.l3_dvrscheduler_db._notify_l3_agent_port_update-8790523649500', 'neutron.db.l3_hascheduler_db._notify_l3_agent_ha_port_update-8790523649518'] for port (b752a7ad-8dee-4ecb-af5e-c99d014dcafc), after_update {{(pid=106344) _notify_loop /usr/local/lib/python3.8/dist-packages/neutron_lib/callbacks/manager.py:176}}
Sep 13 12:33:08.392115 dv-cinder-855189-2-smb neutron-server[106344]: DEBUG neutron_lib.callbacks.manager [None req-6506f612-bb37-4bdf-8857-45eaca848f8d admin admin] Publish callbacks [] for security_group (f487d879-a6c4-43f0-94e1-f560c0b0ca3e), precommit_create {{(pid=106344) _notify_loop /usr/local/lib/python3.8/dist-packages/neutron_lib/callbacks/manager.py:176}}
Sep 13 12:33:08.420841 dv-cinder-855189-2-smb neutron-server[106344]: DEBUG dbcounter [-] [106344] Writing DB stats neutron:SELECT=91,neutron:UPDATE=2,neutron:INSERT=7 {{(pid=106344) stat_writer /usr/local/lib/python3.8/dist-packages/dbcounter.py:114}}
Sep 13 12:33:08.427925 dv-cinder-855189-2-smb neutron-server[106344]: INFO neutron.wsgi [req-9ca7f8ee-e110-4919-a47b-66682ed0f005 req-e621177d-15ab-42be-a22e-acf73e63e09c tempest-DeleteServersTestJSON-1572218183 tempest-DeleteServersTestJSON-1572218183-project] 10.222.0.55 "GET /networking/v2.0/security-groups?id=73a04014-6a4f-41c2-ad3a-3f27d7b89bc7&fields=id&fields=name HTTP/1.1" status: 200 len: 286 time: 0.1701777
Sep 13 12:33:08.428674 dv-cinder-855189-2-smb neutron-server[106344]: DEBUG neutron_lib.callbacks.manager [None req-6506f612-bb37-4bdf-8857-45eaca848f8d admin admin] Publish callbacks ['neutron.plugins.ml2.ovo_rpc._ObjectChangeHandler.handle_event-1773760'] for security_group (f487d879-a6c4-43f0-94e1-f560c0b0ca3e), after_create {{(pid=106344) _notify_loop /usr/local/lib/python3.8/dist-packages/neutron_lib/callbacks/manager.py:176}}
Sep 13 12:33:08.495150 dv-cinder-855189-2-smb neutron-server[106345]: DEBUG neutron.plugins.ml2.rpc [None req-e14e2341-bc45-49b5-b441-f38b31993286 None None] Device 0178eb89-ebd6-413d-a026-dd2e5bb3d5ed details requested by agent hyperv_hv-cinder-85518 with host hv-cinder-85518 {{(pid=106345) get_device_details /opt/stack/neutron/neutron/plugins/ml2/rpc.py:102}}
Sep 13 12:33:08.541402 dv-cinder-855189-2-smb neutron-server[106344]: DEBUG neutron.api.rpc.handlers.resources_rpc [None req-6506f612-bb37-4bdf-8857-45eaca848f8d admin admin] Pushing event updated for resources: {'SecurityGroup': ['ID=f487d879-a6c4-43f0-94e1-f560c0b0ca3e,revision_number=1']} {{(pid=106344) push /opt/stack/neutron/neutron/api/rpc/handlers/resources_rpc.py:237}}
Sep 13 12:33:08.552915 dv-cinder-855189-2-smb neutron-server[106344]: DEBUG neutron.api.rpc.handlers.resources_rpc [None req-ba1bae4c-a1b3-467b-8be6-93037991600e service neutron] Pushing event updated for resources: {'Port': ['ID=b752a7ad-8dee-4ecb-af5e-c99d014dcafc,revision_number=2']} {{(pid=106344) push /opt/stack/neutron/neutron/api/rpc/handlers/resources_rpc.py:237}}
Sep 13 12:33:08.604206 dv-cinder-855189-2-smb neutron-server[106344]: DEBUG dbcounter [-] [106344] Writing DB stats neutron:SELECT=93,neutron:INSERT=5,neutron:UPDATE=2 {{(pid=106344) stat_writer /usr/local/lib/python3.8/dist-packages/dbcounter.py:114}}
Sep 13 12:33:08.628171 dv-cinder-855189-2-smb neutron-server[106344]: INFO neutron.wsgi [None req-6506f612-bb37-4bdf-8857-45eaca848f8d admin admin] 10.222.0.55 "GET /networking/v2.0/security-groups?tenant_id=40b478aa4c334a4484aefb4ba6f30ff6&name=default HTTP/1.1" status: 200 len: 2996 time: 0.6528754
Sep 13 12:33:08.631077 dv-cinder-855189-2-smb neutron-server[106344]: DEBUG neutron.wsgi [-] (106344) accepted ('10.222.0.55', 46028) {{(pid=106344) server /usr/local/lib/python3.8/dist-packages/eventlet/wsgi.py:1004}}
Sep 13 12:33:08.665473 dv-cinder-855189-2-smb neutron-server[106344]: DEBUG neutron.plugins.ml2.managers [req-42b76b7a-b5f6-40d5-8563-e0317f3d4a68 req-ba1bae4c-a1b3-467b-8be6-93037991600e service neutron] Attempting to bind port b752a7ad-8dee-4ecb-af5e-c99d014dcafc on host hv-cinder-85518 for vnic_type normal with profile {{(pid=106344) bind_port /opt/stack/neutron/neutron/plugins/ml2/managers.py:810}}
Sep 13 12:33:08.666223 dv-cinder-855189-2-smb neutron-server[106344]: DEBUG neutron.plugins.ml2.managers [req-42b76b7a-b5f6-40d5-8563-e0317f3d4a68 req-ba1bae4c-a1b3-467b-8be6-93037991600e service neutron] Attempting to bind port b752a7ad-8dee-4ecb-af5e-c99d014dcafc by drivers openvswitch,hyperv on host hv-cinder-85518 at level 0 using segments [{'id': 'b335d469-e91a-40c0-a58b-1b3ddb5a9bfa', 'network_type': 'vlan', 'physical_network': 'physnet1', 'segmentation_id': 615, 'network_id': '5a438982-65c6-41c1-8ca3-c987555cd42b'}] {{(pid=106344) _bind_port_level /opt/stack/neutron/neutron/plugins/ml2/managers.py:835}}
Sep 13 12:33:08.666790 dv-cinder-855189-2-smb neutron-server[106344]: DEBUG neutron.plugins.ml2.drivers.mech_agent [req-42b76b7a-b5f6-40d5-8563-e0317f3d4a68 req-ba1bae4c-a1b3-467b-8be6-93037991600e service neutron] Attempting to bind port b752a7ad-8dee-4ecb-af5e-c99d014dcafc on network 5a438982-65c6-41c1-8ca3-c987555cd42b {{(pid=106344) bind_port /opt/stack/neutron/neutron/plugins/ml2/drivers/mech_agent.py:91}}
Sep 13 12:33:08.701059 dv-cinder-855189-2-smb neutron-server[106345]: DEBUG dbcounter [-] [106345] Writing DB stats neutron:SELECT=98,neutron:UPDATE=2 {{(pid=106345) stat_writer /usr/local/lib/python3.8/dist-packages/dbcounter.py:114}}
Sep 13 12:33:08.711475 dv-cinder-855189-2-smb neutron-server[106343]: DEBUG novaclient.v2.client [-] RESP: [200] Connection: close Content-Length: 179 Content-Type: application/json Date: Tue, 13 Sep 2022 12:33:07 GMT OpenStack-API-Version: compute 2.1 Server: Apache/2.4.41 (Ubuntu) Vary: OpenStack-API-Version,X-OpenStack-Nova-API-Version X-OpenStack-Nova-API-Version: 2.1 x-compute-request-id: req-9585db3b-5e5c-44e9-bf38-15452911588a x-openstack-request-id: req-9585db3b-5e5c-44e9-bf38-15452911588a {{(pid=106343) _http_log_response /usr/local/lib/python3.8/dist-packages/keystoneauth1/session.py:550}}
