Aug 31 00:23:28.719771 dv-cinder-855060-1-smb devstack@c-api.service[119986]: DEBUG cinder.volume.api [None req-316dc85f-1caf-4a6f-904e-edb0d119c10f tempest-GroupsTest-1394625460 tempest-GroupsTest-1394625460-project] Task 'cinder.volume.flows.api.create_volume.EntryCreateTask;volume:create' (d890f703-6860-4e15-9dd3-b0919d5a82e0) transitioned into state 'SUCCESS' from state 'RUNNING' with result '{'volume_id': '682d8f0e-3591-4173-99e4-a4b946895f20', 'volume_properties': VolumeProperties(attach_status='detached',availability_zone='nova',cgsnapshot_id=None,consistencygroup_id=None,display_description=None,display_name='tempest-volume-491894834',encryption_key_id=None,group_id=3f65651a-4512-4a4e-a2db-ac2a568ef910,group_type_id=,metadata={},multiattach=False,project_id='ee9b810c9d454418a8837dfe49917a42',qos_specs=None,replication_status=,reservations=['8591d6cd-8f8c-4faf-96d9-0943be5f8ce8','6018c393-a288-44d3-bcea-cdbf425dc983','403c0160-1e7f-41f5-90a4-c344658bef4e','89e6aed6-7ac6-43da-8100-91f683de3e45'],size=1,snapshot_id=None,source_replicaid=,source_volid=None,status='creating',user_id='0da650fcee3b4d0a90f68b306a827b15',volume_type_id=65baa260-3db0-40a4-8f42-8ab6858384b8), 'volume': Volume(_name_id=None,admin_metadata=,attach_status='detached',availability_zone='nova',bootable=False,cluster=,cluster_name=None,consistencygroup=,consistencygroup_id=None,created_at=2022-08-31T00:23:28Z,deleted=False,deleted_at=None,display_description=None,display_name='tempest-volume-491894834',ec2_id=None,encryption_key_id=None,glance_metadata=,group=,group_id=3f65651a-4512-4a4e-a2db-ac2a568ef910,host=None,id=682d8f0e-3591-4173-99e4-a4b946895f20,launched_at=None,metadata={},migration_status=None,multiattach=False,previous_status=None,project_id='ee9b810c9d454418a8837dfe49917a42',provider_auth=None,provider_geometry=None,provider_id=None,provider_location=None,replication_driver_data=None,replication_extended_status=None,replication_status=None,scheduled_at=None,service_uuid=None,shared_targets=True,size=1,snapshot_id=None,snapshots=,source_volid=None,status='creating',terminated_at=None,updated_at=None,use_quota=True,user_id='0da650fcee3b4d0a90f68b306a827b15',volume_attachment=VolumeAttachmentList,volume_type=VolumeType(65baa260-3db0-40a4-8f42-8ab6858384b8),volume_type_id=65baa260-3db0-40a4-8f42-8ab6858384b8)}' {{(pid=119986) _task_receiver /usr/local/lib/python3.8/dist-packages/taskflow/listeners/logging.py:178}}
Aug 31 00:23:28.728802 dv-cinder-855060-1-smb devstack@c-api.service[119986]: DEBUG cinder.volume.api [None req-316dc85f-1caf-4a6f-904e-edb0d119c10f tempest-GroupsTest-1394625460 tempest-GroupsTest-1394625460-project] Task 'cinder.volume.flows.api.create_volume.QuotaCommitTask;volume:create' (8a1d281c-269f-4dea-a387-5389cf09d3a8) transitioned into state 'RUNNING' from state 'PENDING' {{(pid=119986) _task_receiver /usr/local/lib/python3.8/dist-packages/taskflow/listeners/logging.py:190}}
Aug 31 00:23:28.878606 dv-cinder-855060-1-smb devstack@c-api.service[119986]: DEBUG cinder.volume.api [None req-316dc85f-1caf-4a6f-904e-edb0d119c10f tempest-GroupsTest-1394625460 tempest-GroupsTest-1394625460-project] Task 'cinder.volume.flows.api.create_volume.QuotaCommitTask;volume:create' (8a1d281c-269f-4dea-a387-5389cf09d3a8) transitioned into state 'SUCCESS' from state 'RUNNING' with result '{'volume_properties': VolumeProperties(attach_status='detached',availability_zone='nova',cgsnapshot_id=None,consistencygroup_id=None,display_description=None,display_name='tempest-volume-491894834',encryption_key_id=None,group_id=3f65651a-4512-4a4e-a2db-ac2a568ef910,group_type_id=,metadata={},multiattach=False,project_id='ee9b810c9d454418a8837dfe49917a42',qos_specs=None,replication_status=,reservations=['8591d6cd-8f8c-4faf-96d9-0943be5f8ce8','6018c393-a288-44d3-bcea-cdbf425dc983','403c0160-1e7f-41f5-90a4-c344658bef4e','89e6aed6-7ac6-43da-8100-91f683de3e45'],size=1,snapshot_id=None,source_replicaid=,source_volid=None,status='creating',user_id='0da650fcee3b4d0a90f68b306a827b15',volume_type_id=65baa260-3db0-40a4-8f42-8ab6858384b8)}' {{(pid=119986) _task_receiver /usr/local/lib/python3.8/dist-packages/taskflow/listeners/logging.py:178}}
Aug 31 00:23:28.884889 dv-cinder-855060-1-smb devstack@c-api.service[119986]: DEBUG cinder.volume.api [None req-316dc85f-1caf-4a6f-904e-edb0d119c10f tempest-GroupsTest-1394625460 tempest-GroupsTest-1394625460-project] Task 'cinder.volume.flows.api.create_volume.VolumeCastTask;volume:create' (8c1c41b4-a494-4e81-8eca-10e557a88fcc) transitioned into state 'RUNNING' from state 'PENDING' {{(pid=119986) _task_receiver /usr/local/lib/python3.8/dist-packages/taskflow/listeners/logging.py:190}}
Aug 31 00:23:28.965443 dv-cinder-855060-1-smb devstack@c-api.service[119986]: DEBUG cinder.volume.api [None req-316dc85f-1caf-4a6f-904e-edb0d119c10f tempest-GroupsTest-1394625460 tempest-GroupsTest-1394625460-project] Task 'cinder.volume.flows.api.create_volume.VolumeCastTask;volume:create' (8c1c41b4-a494-4e81-8eca-10e557a88fcc) transitioned into state 'SUCCESS' from state 'RUNNING' with result 'None' {{(pid=119986) _task_receiver /usr/local/lib/python3.8/dist-packages/taskflow/listeners/logging.py:178}}
Aug 31 00:23:28.975892 dv-cinder-855060-1-smb devstack@c-api.service[119986]: DEBUG cinder.volume.api [None req-316dc85f-1caf-4a6f-904e-edb0d119c10f tempest-GroupsTest-1394625460 tempest-GroupsTest-1394625460-project] Flow 'volume_create_api' (91b663fa-1030-4bcc-a6e9-c6a2d5b1b840) transitioned into state 'SUCCESS' from state 'RUNNING' {{(pid=119986) _flow_receiver /usr/local/lib/python3.8/dist-packages/taskflow/listeners/logging.py:141}}
Aug 31 00:23:28.980201 dv-cinder-855060-1-smb devstack@c-api.service[119986]: INFO cinder.volume.api [None req-316dc85f-1caf-4a6f-904e-edb0d119c10f tempest-GroupsTest-1394625460 tempest-GroupsTest-1394625460-project] Create volume request issued successfully.
Aug 31 00:23:28.985280 dv-cinder-855060-1-smb devstack@c-api.service[119986]: WARNING stevedore.named [None req-316dc85f-1caf-4a6f-904e-edb0d119c10f tempest-GroupsTest-1394625460 tempest-GroupsTest-1394625460-project] Could not load cinder.keymgr.conf_key_mgr.ConfKeyManager
Aug 31 00:23:28.987592 dv-cinder-855060-1-smb devstack@c-api.service[119986]: WARNING castellan.key_manager [None req-316dc85f-1caf-4a6f-904e-edb0d119c10f tempest-GroupsTest-1394625460 tempest-GroupsTest-1394625460-project] Deprecation Warning : cinder.keymgr.conf_key_mgr.ConfKeyManager is not a stevedore based driver, trying to load it as a class: stevedore.exception.NoMatches: No 'castellan.drivers' driver found, looking for 'cinder.keymgr.conf_key_mgr.ConfKeyManager'
Aug 31 00:23:29.015048 dv-cinder-855060-1-smb devstack@c-api.service[119986]: DEBUG oslo_db.sqlalchemy.engines [None req-316dc85f-1caf-4a6f-904e-edb0d119c10f tempest-GroupsTest-1394625460 tempest-GroupsTest-1394625460-project] MySQL server mode set to STRICT_TRANS_TABLES,STRICT_ALL_TABLES,NO_ZERO_IN_DATE,NO_ZERO_DATE,ERROR_FOR_DIVISION_BY_ZERO,TRADITIONAL,NO_ENGINE_SUBSTITUTION {{(pid=119986) _check_effective_sql_mode /usr/local/lib/python3.8/dist-packages/oslo_db/sqlalchemy/engines.py:314}}
Aug 31 00:23:29.056468 dv-cinder-855060-1-smb devstack@c-api.service[119986]: /usr/local/lib/python3.8/dist-packages/oslo_context/context.py:100: DeprecationWarning: Policy enforcement is depending on the value of is_admin. This key is deprecated. Please update your policy file to use the standard policy values.
Aug 31 00:23:29.056468 dv-cinder-855060-1-smb devstack@c-api.service[119986]: warnings.warn('Policy enforcement is depending on the value of '
Aug 31 00:23:29.094249 dv-cinder-855060-1-smb devstack@c-api.service[119986]: INFO cinder.api.openstack.wsgi [None req-316dc85f-1caf-4a6f-904e-edb0d119c10f tempest-GroupsTest-1394625460 tempest-GroupsTest-1394625460-project] http://10.222.0.79/volume/v3/ee9b810c9d454418a8837dfe49917a42/volumes returned with HTTP 202
Aug 31 00:23:29.112068 dv-cinder-855060-1-smb devstack@c-api.service[119986]: [pid: 119986|app: 0|req: 37/69] 10.222.0.79 () {62 vars in 1277 bytes} [Wed Aug 31 00:23:27 2022] POST /volume/v3/ee9b810c9d454418a8837dfe49917a42/volumes => generated 880 bytes in 1600 msecs (HTTP/1.1 202) 7 headers in 292 bytes (2 switches on core 0)
Aug 31 00:23:29.141366 dv-cinder-855060-1-smb devstack@c-api.service[119985]: DEBUG cinder.api.middleware.request_id [None req-21c54292-fbdb-423f-b278-867d6a212812 None None] RequestId filter calling following filter/app {{(pid=119985) _context_setter /opt/stack/cinder/cinder/api/middleware/request_id.py:62}}
Aug 31 00:23:29.144871 dv-cinder-855060-1-smb devstack@c-api.service[119985]: INFO cinder.api.openstack.wsgi [None req-21c54292-fbdb-423f-b278-867d6a212812 tempest-GroupsTest-1394625460 tempest-GroupsTest-1394625460-project] GET http://10.222.0.79/volume/v3/ee9b810c9d454418a8837dfe49917a42/volumes/682d8f0e-3591-4173-99e4-a4b946895f20
Aug 31 00:23:29.146193 dv-cinder-855060-1-smb devstack@c-api.service[119985]: DEBUG cinder.api.openstack.wsgi [None req-21c54292-fbdb-423f-b278-867d6a212812 tempest-GroupsTest-1394625460 tempest-GroupsTest-1394625460-project] Empty body provided in request {{(pid=119985) get_body /opt/stack/cinder/cinder/api/openstack/wsgi.py:715}}
Aug 31 00:23:29.146956 dv-cinder-855060-1-smb devstack@c-api.service[119985]: DEBUG cinder.api.openstack.wsgi [None req-21c54292-fbdb-423f-b278-867d6a212812 tempest-GroupsTest-1394625460 tempest-GroupsTest-1394625460-project] Calling method 'show' {{(pid=119985) _process_stack /opt/stack/cinder/cinder/api/openstack/wsgi.py:868}}
Aug 31 00:23:29.221680 dv-cinder-855060-1-smb devstack@c-api.service[119985]: /usr/local/lib/python3.8/dist-packages/oslo_context/context.py:100: DeprecationWarning: Policy enforcement is depending on the value of is_admin. This key is deprecated. Please update your policy file to use the standard policy values.
Aug 31 00:23:29.221680 dv-cinder-855060-1-smb devstack@c-api.service[119985]: warnings.warn('Policy enforcement is depending on the value of '
Aug 31 00:23:29.231228 dv-cinder-855060-1-smb devstack@c-api.service[119985]: INFO cinder.volume.api [None req-21c54292-fbdb-423f-b278-867d6a212812 tempest-GroupsTest-1394625460 tempest-GroupsTest-1394625460-project] Volume info retrieved successfully.
Aug 31 00:23:29.233104 dv-cinder-855060-1-smb devstack@c-api.service[119985]: WARNING stevedore.named [None req-21c54292-fbdb-423f-b278-867d6a212812 tempest-GroupsTest-1394625460 tempest-GroupsTest-1394625460-project] Could not load cinder.keymgr.conf_key_mgr.ConfKeyManager
Aug 31 00:23:29.233748 dv-cinder-855060-1-smb devstack@c-api.service[119985]: WARNING castellan.key_manager [None req-21c54292-fbdb-423f-b278-867d6a212812 tempest-GroupsTest-1394625460 tempest-GroupsTest-1394625460-project] Deprecation Warning : cinder.keymgr.conf_key_mgr.ConfKeyManager is not a stevedore based driver, trying to load it as a class: stevedore.exception.NoMatches: No 'castellan.drivers' driver found, looking for 'cinder.keymgr.conf_key_mgr.ConfKeyManager'
Aug 31 00:23:29.257303 dv-cinder-855060-1-smb devstack@c-api.service[119985]: DEBUG oslo_db.sqlalchemy.engines [None req-21c54292-fbdb-423f-b278-867d6a212812 tempest-GroupsTest-1394625460 tempest-GroupsTest-1394625460-project] MySQL server mode set to STRICT_TRANS_TABLES,STRICT_ALL_TABLES,NO_ZERO_IN_DATE,NO_ZERO_DATE,ERROR_FOR_DIVISION_BY_ZERO,TRADITIONAL,NO_ENGINE_SUBSTITUTION {{(pid=119985) _check_effective_sql_mode /usr/local/lib/python3.8/dist-packages/oslo_db/sqlalchemy/engines.py:314}}
Aug 31 00:23:29.273301 dv-cinder-855060-1-smb devstack@c-api.service[119985]: /usr/local/lib/python3.8/dist-packages/oslo_context/context.py:100: DeprecationWarning: Policy enforcement is depending on the value of is_admin. This key is deprecated. Please update your policy file to use the standard policy values.
Aug 31 00:23:29.273301 dv-cinder-855060-1-smb devstack@c-api.service[119985]: warnings.warn('Policy enforcement is depending on the value of '
Aug 31 00:23:29.313719 dv-cinder-855060-1-smb devstack@c-api.service[119985]: INFO cinder.api.openstack.wsgi [None req-21c54292-fbdb-423f-b278-867d6a212812 tempest-GroupsTest-1394625460 tempest-GroupsTest-1394625460-project] http://10.222.0.79/volume/v3/ee9b810c9d454418a8837dfe49917a42/volumes/682d8f0e-3591-4173-99e4-a4b946895f20 returned with HTTP 200
Aug 31 00:23:29.319471 dv-cinder-855060-1-smb devstack@c-api.service[119985]: [pid: 119985|app: 0|req: 33/70] 10.222.0.79 () {60 vars in 1366 bytes} [Wed Aug 31 00:23:29 2022] GET /volume/v3/ee9b810c9d454418a8837dfe49917a42/volumes/682d8f0e-3591-4173-99e4-a4b946895f20 => generated 948 bytes in 180 msecs (HTTP/1.1 200) 7 headers in 286 bytes (1 switches on core 0)
Aug 31 00:23:30.343809 dv-cinder-855060-1-smb devstack@c-api.service[119986]: DEBUG cinder.api.middleware.request_id [None req-cbc1c089-253b-4423-b222-05eb1fcab6bc None None] RequestId filter calling following filter/app {{(pid=119986) _context_setter /opt/stack/cinder/cinder/api/middleware/request_id.py:62}}
Aug 31 00:23:30.348258 dv-cinder-855060-1-smb devstack@c-api.service[119986]: INFO cinder.api.openstack.wsgi [None req-cbc1c089-253b-4423-b222-05eb1fcab6bc tempest-GroupsTest-1394625460 tempest-GroupsTest-1394625460-project] GET http://10.222.0.79/volume/v3/ee9b810c9d454418a8837dfe49917a42/volumes/682d8f0e-3591-4173-99e4-a4b946895f20
Aug 31 00:23:30.348810 dv-cinder-855060-1-smb devstack@c-api.service[119986]: DEBUG cinder.api.openstack.wsgi [None req-cbc1c089-253b-4423-b222-05eb1fcab6bc tempest-GroupsTest-1394625460 tempest-GroupsTest-1394625460-project] Empty body provided in request {{(pid=119986) get_body /opt/stack/cinder/cinder/api/openstack/wsgi.py:715}}
Aug 31 00:23:30.349258 dv-cinder-855060-1-smb devstack@c-api.service[119986]: DEBUG cinder.api.openstack.wsgi [None req-cbc1c089-253b-4423-b222-05eb1fcab6bc tempest-GroupsTest-1394625460 tempest-GroupsTest-1394625460-project] Calling method 'show' {{(pid=119986) _process_stack /opt/stack/cinder/cinder/api/openstack/wsgi.py:868}}
Aug 31 00:23:30.397157 dv-cinder-855060-1-smb devstack@c-api.service[119986]: /usr/local/lib/python3.8/dist-packages/oslo_context/context.py:100: DeprecationWarning: Policy enforcement is depending on the value of is_admin. This key is deprecated. Please update your policy file to use the standard policy values.
Aug 31 00:23:30.397157 dv-cinder-855060-1-smb devstack@c-api.service[119986]: warnings.warn('Policy enforcement is depending on the value of '
Aug 31 00:23:30.437838 dv-cinder-855060-1-smb devstack@c-api.service[119986]: INFO cinder.volume.api [None req-cbc1c089-253b-4423-b222-05eb1fcab6bc tempest-GroupsTest-1394625460 tempest-GroupsTest-1394625460-project] Volume info retrieved successfully.
Aug 31 00:23:30.439353 dv-cinder-855060-1-smb devstack@c-api.service[119986]: WARNING stevedore.named [None req-cbc1c089-253b-4423-b222-05eb1fcab6bc tempest-GroupsTest-1394625460 tempest-GroupsTest-1394625460-project] Could not load cinder.keymgr.conf_key_mgr.ConfKeyManager
Aug 31 00:23:30.439755 dv-cinder-855060-1-smb devstack@c-api.service[119986]: WARNING castellan.key_manager [None req-cbc1c089-253b-4423-b222-05eb1fcab6bc tempest-GroupsTest-1394625460 tempest-GroupsTest-1394625460-project] Deprecation Warning : cinder.keymgr.conf_key_mgr.ConfKeyManager is not a stevedore based driver, trying to load it as a class: stevedore.exception.NoMatches: No 'castellan.drivers' driver found, looking for 'cinder.keymgr.conf_key_mgr.ConfKeyManager'
Aug 31 00:23:30.460030 dv-cinder-855060-1-smb devstack@c-api.service[119986]: DEBUG oslo_db.sqlalchemy.engines [None req-cbc1c089-253b-4423-b222-05eb1fcab6bc tempest-GroupsTest-1394625460 tempest-GroupsTest-1394625460-project] MySQL server mode set to STRICT_TRANS_TABLES,STRICT_ALL_TABLES,NO_ZERO_IN_DATE,NO_ZERO_DATE,ERROR_FOR_DIVISION_BY_ZERO,TRADITIONAL,NO_ENGINE_SUBSTITUTION {{(pid=119986) _check_effective_sql_mode /usr/local/lib/python3.8/dist-packages/oslo_db/sqlalchemy/engines.py:314}}
Aug 31 00:23:30.486218 dv-cinder-855060-1-smb devstack@c-api.service[119986]: /usr/local/lib/python3.8/dist-packages/oslo_context/context.py:100: DeprecationWarning: Policy enforcement is depending on the value of is_admin. This key is deprecated. Please update your policy file to use the standard policy values.
Aug 31 00:23:30.486218 dv-cinder-855060-1-smb devstack@c-api.service[119986]: warnings.warn('Policy enforcement is depending on the value of '
Aug 31 00:23:30.522943 dv-cinder-855060-1-smb devstack@c-api.service[119986]: INFO cinder.api.openstack.wsgi [None req-cbc1c089-253b-4423-b222-05eb1fcab6bc tempest-GroupsTest-1394625460 tempest-GroupsTest-1394625460-project] http://10.222.0.79/volume/v3/ee9b810c9d454418a8837dfe49917a42/volumes/682d8f0e-3591-4173-99e4-a4b946895f20 returned with HTTP 200
Aug 31 00:23:30.535680 dv-cinder-855060-1-smb devstack@c-api.service[119986]: [pid: 119986|app: 0|req: 38/71] 10.222.0.79 () {60 vars in 1366 bytes} [Wed Aug 31 00:23:30 2022] GET /volume/v3/ee9b810c9d454418a8837dfe49917a42/volumes/682d8f0e-3591-4173-99e4-a4b946895f20 => generated 973 bytes in 193 msecs (HTTP/1.1 200) 7 headers in 286 bytes (1 switches on core 0)
Aug 31 00:23:30.542286 dv-cinder-855060-1-smb devstack@c-api.service[119985]: DEBUG cinder.api.middleware.request_id [None req-30c4e2b7-344c-4ee6-b5d4-31a3d24390bf None None] RequestId filter calling following filter/app {{(pid=119985) _context_setter /opt/stack/cinder/cinder/api/middleware/request_id.py:62}}
Aug 31 00:23:30.546825 dv-cinder-855060-1-smb devstack@c-api.service[119985]: INFO cinder.api.openstack.wsgi [None req-30c4e2b7-344c-4ee6-b5d4-31a3d24390bf tempest-GroupsTest-1394625460 tempest-GroupsTest-1394625460-project] GET http://10.222.0.79/volume/v3/ee9b810c9d454418a8837dfe49917a42/groups/3f65651a-4512-4a4e-a2db-ac2a568ef910
Aug 31 00:23:30.547339 dv-cinder-855060-1-smb devstack@c-api.service[119985]: DEBUG cinder.api.openstack.wsgi [None req-30c4e2b7-344c-4ee6-b5d4-31a3d24390bf tempest-GroupsTest-1394625460 tempest-GroupsTest-1394625460-project] Empty body provided in request {{(pid=119985) get_body /opt/stack/cinder/cinder/api/openstack/wsgi.py:715}}
Aug 31 00:23:30.547900 dv-cinder-855060-1-smb devstack@c-api.service[119985]: DEBUG cinder.api.openstack.wsgi [None req-30c4e2b7-344c-4ee6-b5d4-31a3d24390bf tempest-GroupsTest-1394625460 tempest-GroupsTest-1394625460-project] Calling method 'version_select' {{(pid=119985) _process_stack /opt/stack/cinder/cinder/api/openstack/wsgi.py:868}}
Aug 31 00:23:30.548271 dv-cinder-855060-1-smb devstack@c-api.service[119985]: DEBUG cinder.api.v3.groups [None req-30c4e2b7-344c-4ee6-b5d4-31a3d24390bf tempest-GroupsTest-1394625460 tempest-GroupsTest-1394625460-project] show called for member 3f65651a-4512-4a4e-a2db-ac2a568ef910 {{(pid=119985) show /opt/stack/cinder/cinder/api/v3/groups.py:58}}
Aug 31 00:23:30.559510 dv-cinder-855060-1-smb devstack@c-api.service[119985]: /usr/local/lib/python3.8/dist-packages/oslo_context/context.py:100: DeprecationWarning: Policy enforcement is depending on the value of is_admin. This key is deprecated. Please update your policy file to use the standard policy values.
Aug 31 00:23:30.559510 dv-cinder-855060-1-smb devstack@c-api.service[119985]: warnings.warn('Policy enforcement is depending on the value of '
Aug 31 00:23:30.624938 dv-cinder-855060-1-smb devstack@c-api.service[119985]: INFO cinder.api.openstack.wsgi [None req-30c4e2b7-344c-4ee6-b5d4-31a3d24390bf tempest-GroupsTest-1394625460 tempest-GroupsTest-1394625460-project] http://10.222.0.79/volume/v3/ee9b810c9d454418a8837dfe49917a42/groups/3f65651a-4512-4a4e-a2db-ac2a568ef910 returned with HTTP 200
Aug 31 00:23:30.625748 dv-cinder-855060-1-smb devstack@c-api.service[119985]: [pid: 119985|app: 0|req: 34/72] 10.222.0.79 () {60 vars in 1363 bytes} [Wed Aug 31 00:23:30 2022] GET /volume/v3/ee9b810c9d454418a8837dfe49917a42/groups/3f65651a-4512-4a4e-a2db-ac2a568ef910 => generated 323 bytes in 84 msecs (HTTP/1.1 200) 7 headers in 286 bytes (2 switches on core 0)
Aug 31 00:23:30.635204 dv-cinder-855060-1-smb devstack@c-api.service[119986]: DEBUG cinder.api.middleware.request_id [None req-dd241a50-7f26-446c-81e1-5b3b2cc17d29 None None] RequestId filter calling following filter/app {{(pid=119986) _context_setter /opt/stack/cinder/cinder/api/middleware/request_id.py:62}}
Aug 31 00:23:30.639723 dv-cinder-855060-1-smb devstack@c-api.service[119986]: INFO cinder.api.openstack.wsgi [None req-dd241a50-7f26-446c-81e1-5b3b2cc17d29 tempest-GroupsTest-1394625460 tempest-GroupsTest-1394625460-project] GET http://10.222.0.79/volume/v3/ee9b810c9d454418a8837dfe49917a42/groups/a78348e9-dddd-4f2e-8fb9-3a57ae17c973
Aug 31 00:23:30.640239 dv-cinder-855060-1-smb devstack@c-api.service[119986]: DEBUG cinder.api.openstack.wsgi [None req-dd241a50-7f26-446c-81e1-5b3b2cc17d29 tempest-GroupsTest-1394625460 tempest-GroupsTest-1394625460-project] Empty body provided in request {{(pid=119986) get_body /opt/stack/cinder/cinder/api/openstack/wsgi.py:715}}
Aug 31 00:23:30.640709 dv-cinder-855060-1-smb devstack@c-api.service[119986]: DEBUG cinder.api.openstack.wsgi [None req-dd241a50-7f26-446c-81e1-5b3b2cc17d29 tempest-GroupsTest-1394625460 tempest-GroupsTest-1394625460-project] Calling method 'version_select' {{(pid=119986) _process_stack /opt/stack/cinder/cinder/api/openstack/wsgi.py:868}}
Aug 31 00:23:30.641075 dv-cinder-855060-1-smb devstack@c-api.service[119986]: DEBUG cinder.api.v3.groups [None req-dd241a50-7f26-446c-81e1-5b3b2cc17d29 tempest-GroupsTest-1394625460 tempest-GroupsTest-1394625460-project] show called for member a78348e9-dddd-4f2e-8fb9-3a57ae17c973 {{(pid=119986) show /opt/stack/cinder/cinder/api/v3/groups.py:58}}
Aug 31 00:23:30.662358 dv-cinder-855060-1-smb devstack@c-api.service[119986]: /usr/local/lib/python3.8/dist-packages/oslo_context/context.py:100: DeprecationWarning: Policy enforcement is depending on the value of is_admin. This key is deprecated. Please update your policy file to use the standard policy values.
Aug 31 00:23:30.662358 dv-cinder-855060-1-smb devstack@c-api.service[119986]: warnings.warn('Policy enforcement is depending on the value of '
Aug 31 00:23:30.713548 dv-cinder-855060-1-smb devstack@c-api.service[119986]: INFO cinder.api.openstack.wsgi [None req-dd241a50-7f26-446c-81e1-5b3b2cc17d29 tempest-GroupsTest-1394625460 tempest-GroupsTest-1394625460-project] http://10.222.0.79/volume/v3/ee9b810c9d454418a8837dfe49917a42/groups/a78348e9-dddd-4f2e-8fb9-3a57ae17c973 returned with HTTP 200
Aug 31 00:23:30.722803 dv-cinder-855060-1-smb devstack@c-api.service[119985]: DEBUG cinder.api.middleware.request_id [None req-95e1b345-5829-4050-956b-f4008d3b82a0 None None] RequestId filter calling following filter/app {{(pid=119985) _context_setter /opt/stack/cinder/cinder/api/middleware/request_id.py:62}}
Aug 31 00:23:30.727151 dv-cinder-855060-1-smb devstack@c-api.service[119985]: INFO cinder.api.openstack.wsgi [None req-95e1b345-5829-4050-956b-f4008d3b82a0 tempest-GroupsTest-1394625460 tempest-GroupsTest-1394625460-project] GET http://10.222.0.79/volume/v3/ee9b810c9d454418a8837dfe49917a42/groups/detail
Aug 31 00:23:30.728725 dv-cinder-855060-1-smb devstack@c-api.service[119985]: DEBUG cinder.api.openstack.wsgi [None req-95e1b345-5829-4050-956b-f4008d3b82a0 tempest-GroupsTest-1394625460 tempest-GroupsTest-1394625460-project] Empty body provided in request {{(pid=119985) get_body /opt/stack/cinder/cinder/api/openstack/wsgi.py:715}}
Aug 31 00:23:30.729196 dv-cinder-855060-1-smb devstack@c-api.service[119985]: DEBUG cinder.api.openstack.wsgi [None req-95e1b345-5829-4050-956b-f4008d3b82a0 tempest-GroupsTest-1394625460 tempest-GroupsTest-1394625460-project] Calling method 'version_select' {{(pid=119985) _process_stack /opt/stack/cinder/cinder/api/openstack/wsgi.py:868}}
Aug 31 00:23:30.730175 dv-cinder-855060-1-smb devstack@c-api.service[119985]: /usr/local/lib/python3.8/dist-packages/oslo_context/context.py:100: DeprecationWarning: Policy enforcement is depending on the value of is_admin. This key is deprecated. Please update your policy file to use the standard policy values.
Aug 31 00:23:30.730175 dv-cinder-855060-1-smb devstack@c-api.service[119985]: warnings.warn('Policy enforcement is depending on the value of '
Aug 31 00:23:30.732606 dv-cinder-855060-1-smb devstack@c-api.service[119986]: [pid: 119986|app: 0|req: 39/73] 10.222.0.79 () {60 vars in 1363 bytes} [Wed Aug 31 00:23:30 2022] GET /volume/v3/ee9b810c9d454418a8837dfe49917a42/groups/a78348e9-dddd-4f2e-8fb9-3a57ae17c973 => generated 323 bytes in 90 msecs (HTTP/1.1 200) 7 headers in 286 bytes (2 switches on core 0)
Aug 31 00:23:30.889497 dv-cinder-855060-1-smb devstack@c-api.service[119985]: INFO cinder.api.openstack.wsgi [None req-95e1b345-5829-4050-956b-f4008d3b82a0 tempest-GroupsTest-1394625460 tempest-GroupsTest-1394625460-project] http://10.222.0.79/volume/v3/ee9b810c9d454418a8837dfe49917a42/groups/detail returned with HTTP 200
Aug 31 00:23:30.890290 dv-cinder-855060-1-smb devstack@c-api.service[119985]: [pid: 119985|app: 0|req: 35/74] 10.222.0.79 () {60 vars in 1273 bytes} [Wed Aug 31 00:23:30 2022] GET /volume/v3/ee9b810c9d454418a8837dfe49917a42/groups/detail => generated 640 bytes in 169 msecs (HTTP/1.1 200) 7 headers in 286 bytes (2 switches on core 0)
Aug 31 00:23:30.902667 dv-cinder-855060-1-smb devstack@c-api.service[119986]: DEBUG cinder.api.middleware.request_id [None req-7813aa06-cad0-48c9-ab5b-f7868802db82 None None] RequestId filter calling following filter/app {{(pid=119986) _context_setter /opt/stack/cinder/cinder/api/middleware/request_id.py:62}}
Aug 31 00:23:30.912427 dv-cinder-855060-1-smb devstack@c-api.service[119986]: INFO cinder.api.openstack.wsgi [None req-7813aa06-cad0-48c9-ab5b-f7868802db82 tempest-GroupsTest-1394625460 tempest-GroupsTest-1394625460-project] GET http://10.222.0.79/volume/v3/ee9b810c9d454418a8837dfe49917a42/volumes/detail
Aug 31 00:23:30.922240 dv-cinder-855060-1-smb devstack@c-api.service[119986]: DEBUG cinder.api.openstack.wsgi [None req-7813aa06-cad0-48c9-ab5b-f7868802db82 tempest-GroupsTest-1394625460 tempest-GroupsTest-1394625460-project] Empty body provided in request {{(pid=119986) get_body /opt/stack/cinder/cinder/api/openstack/wsgi.py:715}}
Aug 31 00:23:30.927220 dv-cinder-855060-1-smb devstack@c-api.service[119986]: DEBUG cinder.api.openstack.wsgi [None req-7813aa06-cad0-48c9-ab5b-f7868802db82 tempest-GroupsTest-1394625460 tempest-GroupsTest-1394625460-project] Calling method 'detail' {{(pid=119986) _process_stack /opt/stack/cinder/cinder/api/openstack/wsgi.py:868}}
Aug 31 00:23:30.929417 dv-cinder-855060-1-smb devstack@c-api.service[119986]: DEBUG cinder.api.api_utils [None req-7813aa06-cad0-48c9-ab5b-f7868802db82 tempest-GroupsTest-1394625460 tempest-GroupsTest-1394625460-project] Removing options '' from query. {{(pid=119986) remove_invalid_filter_options /opt/stack/cinder/cinder/api/api_utils.py:83}}
Aug 31 00:23:30.937179 dv-cinder-855060-1-smb devstack@c-api.service[119986]: /usr/local/lib/python3.8/dist-packages/oslo_context/context.py:100: DeprecationWarning: Policy enforcement is depending on the value of is_admin. This key is deprecated. Please update your policy file to use the standard policy values.
Aug 31 00:23:30.937179 dv-cinder-855060-1-smb devstack@c-api.service[119986]: warnings.warn('Policy enforcement is depending on the value of '
Aug 31 00:23:30.948903 dv-cinder-855060-1-smb devstack@c-api.service[119986]: DEBUG cinder.volume.api [None req-7813aa06-cad0-48c9-ab5b-f7868802db82 tempest-GroupsTest-1394625460 tempest-GroupsTest-1394625460-project] Searching by: MultiDict([('no_migration_targets', True)]). {{(pid=119986) get_all /opt/stack/cinder/cinder/volume/api.py:664}}
Aug 31 00:23:31.189724 dv-cinder-855060-1-smb devstack@c-api.service[119985]: DEBUG cinder.api.middleware.request_id [None req-29c620ef-9333-424b-ab4c-9abdc5c26e35 None None] RequestId filter calling following filter/app {{(pid=119985) _context_setter /opt/stack/cinder/cinder/api/middleware/request_id.py:62}}
Aug 31 00:23:31.294103 dv-cinder-855060-1-smb devstack@c-api.service[119986]: INFO cinder.volume.api [None req-7813aa06-cad0-48c9-ab5b-f7868802db82 tempest-GroupsTest-1394625460 tempest-GroupsTest-1394625460-project] Get all volumes completed successfully.
Aug 31 00:23:31.311700 dv-cinder-855060-1-smb devstack@c-api.service[119986]: WARNING stevedore.named [None req-7813aa06-cad0-48c9-ab5b-f7868802db82 tempest-GroupsTest-1394625460 tempest-GroupsTest-1394625460-project] Could not load cinder.keymgr.conf_key_mgr.ConfKeyManager
Aug 31 00:23:31.312496 dv-cinder-855060-1-smb devstack@c-api.service[119986]: WARNING castellan.key_manager [None req-7813aa06-cad0-48c9-ab5b-f7868802db82 tempest-GroupsTest-1394625460 tempest-GroupsTest-1394625460-project] Deprecation Warning : cinder.keymgr.conf_key_mgr.ConfKeyManager is not a stevedore based driver, trying to load it as a class: stevedore.exception.NoMatches: No 'castellan.drivers' driver found, looking for 'cinder.keymgr.conf_key_mgr.ConfKeyManager'
Aug 31 00:23:31.338809 dv-cinder-855060-1-smb devstack@c-api.service[119986]: DEBUG oslo_db.sqlalchemy.engines [None req-7813aa06-cad0-48c9-ab5b-f7868802db82 tempest-GroupsTest-1394625460 tempest-GroupsTest-1394625460-project] MySQL server mode set to STRICT_TRANS_TABLES,STRICT_ALL_TABLES,NO_ZERO_IN_DATE,NO_ZERO_DATE,ERROR_FOR_DIVISION_BY_ZERO,TRADITIONAL,NO_ENGINE_SUBSTITUTION {{(pid=119986) _check_effective_sql_mode /usr/local/lib/python3.8/dist-packages/oslo_db/sqlalchemy/engines.py:314}}
Aug 31 00:23:31.351696 dv-cinder-855060-1-smb devstack@c-api.service[119986]: /usr/local/lib/python3.8/dist-packages/oslo_context/context.py:100: DeprecationWarning: Policy enforcement is depending on the value of is_admin. This key is deprecated. Please update your policy file to use the standard policy values.
Aug 31 00:23:31.351696 dv-cinder-855060-1-smb devstack@c-api.service[119986]: warnings.warn('Policy enforcement is depending on the value of '
Aug 31 00:23:31.403660 dv-cinder-855060-1-smb devstack@c-api.service[119986]: INFO cinder.api.openstack.wsgi [None req-7813aa06-cad0-48c9-ab5b-f7868802db82 tempest-GroupsTest-1394625460 tempest-GroupsTest-1394625460-project] http://10.222.0.79/volume/v3/ee9b810c9d454418a8837dfe49917a42/volumes/detail returned with HTTP 200
Aug 31 00:23:31.404942 dv-cinder-855060-1-smb devstack@c-api.service[119986]: [pid: 119986|app: 0|req: 40/75] 10.222.0.79 () {60 vars in 1276 bytes} [Wed Aug 31 00:23:30 2022] GET /volume/v3/ee9b810c9d454418a8837dfe49917a42/volumes/detail => generated 976 bytes in 505 msecs (HTTP/1.1 200) 7 headers in 286 bytes (1 switches on core 0)
Aug 31 00:23:31.440759 dv-cinder-855060-1-smb devstack@c-api.service[119986]: DEBUG cinder.api.middleware.request_id [None req-5c95d725-d860-4758-96eb-0b119fbc4a05 None None] RequestId filter calling following filter/app {{(pid=119986) _context_setter /opt/stack/cinder/cinder/api/middleware/request_id.py:62}}
Aug 31 00:23:31.450401 dv-cinder-855060-1-smb devstack@c-api.service[119986]: INFO cinder.api.openstack.wsgi [None req-5c95d725-d860-4758-96eb-0b119fbc4a05 tempest-GroupsTest-1394625460 tempest-GroupsTest-1394625460-project] GET http://10.222.0.79/volume/v3/ee9b810c9d454418a8837dfe49917a42/volumes/detail
Aug 31 00:23:31.450978 dv-cinder-855060-1-smb devstack@c-api.service[119986]: DEBUG cinder.api.openstack.wsgi [None req-5c95d725-d860-4758-96eb-0b119fbc4a05 tempest-GroupsTest-1394625460 tempest-GroupsTest-1394625460-project] Empty body provided in request {{(pid=119986) get_body /opt/stack/cinder/cinder/api/openstack/wsgi.py:715}}
Aug 31 00:23:31.451615 dv-cinder-855060-1-smb devstack@c-api.service[119986]: DEBUG cinder.api.openstack.wsgi [None req-5c95d725-d860-4758-96eb-0b119fbc4a05 tempest-GroupsTest-1394625460 tempest-GroupsTest-1394625460-project] Calling method 'detail' {{(pid=119986) _process_stack /opt/stack/cinder/cinder/api/openstack/wsgi.py:868}}
Aug 31 00:23:31.452253 dv-cinder-855060-1-smb devstack@c-api.service[119986]: DEBUG cinder.api.api_utils [None req-5c95d725-d860-4758-96eb-0b119fbc4a05 tempest-GroupsTest-1394625460 tempest-GroupsTest-1394625460-project] Removing options '' from query. {{(pid=119986) remove_invalid_filter_options /opt/stack/cinder/cinder/api/api_utils.py:83}}
Aug 31 00:23:31.453956 dv-cinder-855060-1-smb devstack@c-api.service[119986]: DEBUG cinder.volume.api [None req-5c95d725-d860-4758-96eb-0b119fbc4a05 tempest-GroupsTest-1394625460 tempest-GroupsTest-1394625460-project] Searching by: MultiDict([('no_migration_targets', True)]). {{(pid=119986) get_all /opt/stack/cinder/cinder/volume/api.py:664}}
Aug 31 00:23:31.750640 dv-cinder-855060-1-smb devstack@c-api.service[119986]: INFO cinder.volume.api [None req-5c95d725-d860-4758-96eb-0b119fbc4a05 tempest-GroupsTest-1394625460 tempest-GroupsTest-1394625460-project] Get all volumes completed successfully.
Aug 31 00:23:31.759073 dv-cinder-855060-1-smb devstack@c-api.service[119986]: WARNING stevedore.named [None req-5c95d725-d860-4758-96eb-0b119fbc4a05 tempest-GroupsTest-1394625460 tempest-GroupsTest-1394625460-project] Could not load cinder.keymgr.conf_key_mgr.ConfKeyManager
Aug 31 00:23:31.772953 dv-cinder-855060-1-smb devstack@c-api.service[119986]: WARNING castellan.key_manager [None req-5c95d725-d860-4758-96eb-0b119fbc4a05 tempest-GroupsTest-1394625460 tempest-GroupsTest-1394625460-project] Deprecation Warning : cinder.keymgr.conf_key_mgr.ConfKeyManager is not a stevedore based driver, trying to load it as a class: stevedore.exception.NoMatches: No 'castellan.drivers' driver found, looking for 'cinder.keymgr.conf_key_mgr.ConfKeyManager'
Aug 31 00:23:31.802684 dv-cinder-855060-1-smb devstack@c-api.service[119986]: DEBUG oslo_db.sqlalchemy.engines [None req-5c95d725-d860-4758-96eb-0b119fbc4a05 tempest-GroupsTest-1394625460 tempest-GroupsTest-1394625460-project] MySQL server mode set to STRICT_TRANS_TABLES,STRICT_ALL_TABLES,NO_ZERO_IN_DATE,NO_ZERO_DATE,ERROR_FOR_DIVISION_BY_ZERO,TRADITIONAL,NO_ENGINE_SUBSTITUTION {{(pid=119986) _check_effective_sql_mode /usr/local/lib/python3.8/dist-packages/oslo_db/sqlalchemy/engines.py:314}}
Aug 31 00:23:31.832217 dv-cinder-855060-1-smb devstack@c-api.service[119986]: /usr/local/lib/python3.8/dist-packages/oslo_context/context.py:100: DeprecationWarning: Policy enforcement is depending on the value of is_admin. This key is deprecated. Please update your policy file to use the standard policy values.
Aug 31 00:23:31.832217 dv-cinder-855060-1-smb devstack@c-api.service[119986]: warnings.warn('Policy enforcement is depending on the value of '
Aug 31 00:23:31.927043 dv-cinder-855060-1-smb devstack@c-api.service[119986]: INFO cinder.api.openstack.wsgi [None req-5c95d725-d860-4758-96eb-0b119fbc4a05 tempest-GroupsTest-1394625460 tempest-GroupsTest-1394625460-project] http://10.222.0.79/volume/v3/ee9b810c9d454418a8837dfe49917a42/volumes/detail returned with HTTP 200
Aug 31 00:23:31.928170 dv-cinder-855060-1-smb devstack@c-api.service[119986]: [pid: 119986|app: 0|req: 41/76] 10.222.0.79 () {60 vars in 1276 bytes} [Wed Aug 31 00:23:31 2022] GET /volume/v3/ee9b810c9d454418a8837dfe49917a42/volumes/detail => generated 976 bytes in 492 msecs (HTTP/1.1 200) 7 headers in 286 bytes (1 switches on core 0)
Aug 31 00:23:31.945862 dv-cinder-855060-1-smb devstack@c-api.service[119986]: DEBUG cinder.api.middleware.request_id [None req-c7e28587-7fc3-4a35-bca7-21eb59e610c1 None None] RequestId filter calling following filter/app {{(pid=119986) _context_setter /opt/stack/cinder/cinder/api/middleware/request_id.py:62}}
Aug 31 00:23:31.971700 dv-cinder-855060-1-smb devstack@c-api.service[119986]: INFO cinder.api.openstack.wsgi [None req-c7e28587-7fc3-4a35-bca7-21eb59e610c1 tempest-GroupsTest-1394625460 tempest-GroupsTest-1394625460-project] POST http://10.222.0.79/volume/v3/ee9b810c9d454418a8837dfe49917a42/groups/3f65651a-4512-4a4e-a2db-ac2a568ef910/action
Aug 31 00:23:31.980804 dv-cinder-855060-1-smb devstack@c-api.service[119986]: DEBUG cinder.api.openstack.wsgi [None req-c7e28587-7fc3-4a35-bca7-21eb59e610c1 tempest-GroupsTest-1394625460 tempest-GroupsTest-1394625460-project] Action body: b'{"delete": {"delete-volumes": true}}' {{(pid=119986) get_method /opt/stack/cinder/cinder/api/openstack/wsgi.py:983}}
Aug 31 00:23:31.982674 dv-cinder-855060-1-smb devstack@c-api.service[119986]: DEBUG cinder.api.openstack.wsgi [None req-c7e28587-7fc3-4a35-bca7-21eb59e610c1 tempest-GroupsTest-1394625460 tempest-GroupsTest-1394625460-project] Action: 'action', calling method: version_select, body: {"delete": {"delete-volumes": true}} {{(pid=119986) _process_stack /opt/stack/cinder/cinder/api/openstack/wsgi.py:866}}
Aug 31 00:23:31.986869 dv-cinder-855060-1-smb devstack@c-api.service[119986]: DEBUG cinder.api.v3.groups [None req-c7e28587-7fc3-4a35-bca7-21eb59e610c1 tempest-GroupsTest-1394625460 tempest-GroupsTest-1394625460-project] delete called for group 3f65651a-4512-4a4e-a2db-ac2a568ef910 {{(pid=119986) _delete /opt/stack/cinder/cinder/api/v3/groups.py:117}}
Aug 31 00:23:31.994393 dv-cinder-855060-1-smb devstack@c-api.service[119986]: INFO cinder.api.v3.groups [None req-c7e28587-7fc3-4a35-bca7-21eb59e610c1 tempest-GroupsTest-1394625460 tempest-GroupsTest-1394625460-project] Delete group with id: 3f65651a-4512-4a4e-a2db-ac2a568ef910
Aug 31 00:23:32.048210 dv-cinder-855060-1-smb devstack@c-api.service[119986]: /usr/local/lib/python3.8/dist-packages/oslo_context/context.py:100: DeprecationWarning: Policy enforcement is depending on the value of is_admin. This key is deprecated. Please update your policy file to use the standard policy values.
Aug 31 00:23:32.048210 dv-cinder-855060-1-smb devstack@c-api.service[119986]: warnings.warn('Policy enforcement is depending on the value of '
Aug 31 00:23:32.082059 dv-cinder-855060-1-smb devstack@c-api.service[119985]: INFO cinder.api.openstack.wsgi [None req-29c620ef-9333-424b-ab4c-9abdc5c26e35 tempest-GroupSnapshotsTest-1775879846 tempest-GroupSnapshotsTest-1775879846-project-admin] POST http://10.222.0.79/volume/v3/0ab64caa7a064c449d1940daff76fe56/types
Aug 31 00:23:32.083125 dv-cinder-855060-1-smb devstack@c-api.service[119985]: DEBUG cinder.api.openstack.wsgi [None req-29c620ef-9333-424b-ab4c-9abdc5c26e35 tempest-GroupSnapshotsTest-1775879846 tempest-GroupSnapshotsTest-1775879846-project-admin] Action: 'create', calling method: _create, body: {"volume_type": {"name": "tempest-GroupSnapshotsTest-volume-type-222869616"}} {{(pid=119985) _process_stack /opt/stack/cinder/cinder/api/openstack/wsgi.py:866}}
Aug 31 00:23:32.085631 dv-cinder-855060-1-smb devstack@c-api.service[119985]: /usr/local/lib/python3.8/dist-packages/oslo_context/context.py:100: DeprecationWarning: Policy enforcement is depending on the value of is_admin. This key is deprecated. Please update your policy file to use the standard policy values.
Aug 31 00:23:32.085631 dv-cinder-855060-1-smb devstack@c-api.service[119985]: warnings.warn('Policy enforcement is depending on the value of '
Aug 31 00:23:32.140883 dv-cinder-855060-1-smb devstack@c-api.service[119985]: INFO cinder.api.openstack.wsgi [None req-29c620ef-9333-424b-ab4c-9abdc5c26e35 tempest-GroupSnapshotsTest-1775879846 tempest-GroupSnapshotsTest-1775879846-project-admin] http://10.222.0.79/volume/v3/0ab64caa7a064c449d1940daff76fe56/types returned with HTTP 200
Aug 31 00:23:32.142210 dv-cinder-855060-1-smb devstack@c-api.service[119985]: [pid: 119985|app: 0|req: 36/77] 10.222.0.79 () {60 vars in 1229 bytes} [Wed Aug 31 00:23:31 2022] POST /volume/v3/0ab64caa7a064c449d1940daff76fe56/types => generated 223 bytes in 953 msecs (HTTP/1.1 200) 7 headers in 285 bytes (2 switches on core 0)
Aug 31 00:23:32.154432 dv-cinder-855060-1-smb devstack@c-api.service[119985]: DEBUG cinder.api.middleware.request_id [None req-57c40d98-9ed3-46dc-9c41-4b5bf229211d None None] RequestId filter calling following filter/app {{(pid=119985) _context_setter /opt/stack/cinder/cinder/api/middleware/request_id.py:62}}
Aug 31 00:23:32.159604 dv-cinder-855060-1-smb devstack@c-api.service[119985]: INFO cinder.api.openstack.wsgi [None req-57c40d98-9ed3-46dc-9c41-4b5bf229211d tempest-GroupSnapshotsTest-1775879846 tempest-GroupSnapshotsTest-1775879846-project-admin] POST http://10.222.0.79/volume/v3/0ab64caa7a064c449d1940daff76fe56/group_types
Aug 31 00:23:32.160680 dv-cinder-855060-1-smb devstack@c-api.service[119985]: DEBUG cinder.api.openstack.wsgi [None req-57c40d98-9ed3-46dc-9c41-4b5bf229211d tempest-GroupSnapshotsTest-1775879846 tempest-GroupSnapshotsTest-1775879846-project-admin] Action: 'create', calling method: version_select, body: {"group_type": {"name": "tempest-GroupSnapshotsTest-group-type-454382078"}} {{(pid=119985) _process_stack /opt/stack/cinder/cinder/api/openstack/wsgi.py:866}}
Aug 31 00:23:32.204149 dv-cinder-855060-1-smb devstack@c-api.service[119985]: INFO cinder.api.openstack.wsgi [None req-57c40d98-9ed3-46dc-9c41-4b5bf229211d tempest-GroupSnapshotsTest-1775879846 tempest-GroupSnapshotsTest-1775879846-project-admin] http://10.222.0.79/volume/v3/0ab64caa7a064c449d1940daff76fe56/group_types returned with HTTP 202
Aug 31 00:23:32.221581 dv-cinder-855060-1-smb devstack@c-api.service[119985]: [pid: 119985|app: 0|req: 37/78] 10.222.0.79 () {62 vars in 1288 bytes} [Wed Aug 31 00:23:32 2022] POST /volume/v3/0ab64caa7a064c449d1940daff76fe56/group_types => generated 180 bytes in 59 msecs (HTTP/1.1 202) 7 headers in 292 bytes (1 switches on core 0)
Aug 31 00:23:32.223728 dv-cinder-855060-1-smb devstack@c-api.service[119985]: DEBUG cinder.api.middleware.request_id [None req-6ae56aaa-487d-444a-bcf6-b00139a943fc None None] RequestId filter calling following filter/app {{(pid=119985) _context_setter /opt/stack/cinder/cinder/api/middleware/request_id.py:62}}
Aug 31 00:23:32.589308 dv-cinder-855060-1-smb devstack@c-api.service[119986]: INFO cinder.api.openstack.wsgi [None req-c7e28587-7fc3-4a35-bca7-21eb59e610c1 tempest-GroupsTest-1394625460 tempest-GroupsTest-1394625460-project] http://10.222.0.79/volume/v3/ee9b810c9d454418a8837dfe49917a42/groups/3f65651a-4512-4a4e-a2db-ac2a568ef910/action returned with HTTP 202
Aug 31 00:23:32.590104 dv-cinder-855060-1-smb devstack@c-api.service[119985]: INFO cinder.api.openstack.wsgi [None req-6ae56aaa-487d-444a-bcf6-b00139a943fc tempest-GroupSnapshotsTest-516589609 tempest-GroupSnapshotsTest-516589609-project] POST http://10.222.0.79/volume/v3/1cbd3f555a974075bc9f68db14da42f0/groups
Aug 31 00:23:32.590719 dv-cinder-855060-1-smb devstack@c-api.service[119985]: DEBUG cinder.api.openstack.wsgi [None req-6ae56aaa-487d-444a-bcf6-b00139a943fc tempest-GroupSnapshotsTest-516589609 tempest-GroupSnapshotsTest-516589609-project] Action: 'create', calling method: version_select, body: {"group": {"group_type": "e5c8ce38-1f12-4833-99a6-78dab8e4d88f", "volume_types": ["d5ef759b-03c5-437d-86b4-5c799cc376a3"], "name": "tempest-GroupSnapshotsTest-Group-268085548"}} {{(pid=119985) _process_stack /opt/stack/cinder/cinder/api/openstack/wsgi.py:866}}
Aug 31 00:23:32.595749 dv-cinder-855060-1-smb devstack@c-api.service[119986]: [pid: 119986|app: 0|req: 42/79] 10.222.0.79 () {62 vars in 1405 bytes} [Wed Aug 31 00:23:31 2022] POST /volume/v3/ee9b810c9d454418a8837dfe49917a42/groups/3f65651a-4512-4a4e-a2db-ac2a568ef910/action => generated 0 bytes in 650 msecs (HTTP/1.1 202) 6 headers in 234 bytes (2 switches on core 0)
Aug 31 00:23:32.596899 dv-cinder-855060-1-smb devstack@c-api.service[119985]: DEBUG cinder.api.v3.groups [None req-6ae56aaa-487d-444a-bcf6-b00139a943fc tempest-GroupSnapshotsTest-516589609 tempest-GroupSnapshotsTest-516589609-project] Creating new group {'group': {'group_type': 'e5c8ce38-1f12-4833-99a6-78dab8e4d88f', 'volume_types': ['d5ef759b-03c5-437d-86b4-5c799cc376a3'], 'name': 'tempest-GroupSnapshotsTest-Group-268085548'}} {{(pid=119985) create /opt/stack/cinder/cinder/api/v3/groups.py:190}}
Aug 31 00:23:32.598520 dv-cinder-855060-1-smb devstack@c-api.service[119986]: DEBUG cinder.api.middleware.request_id [None req-36a6fe48-aab1-4380-9a97-8256f144c708 None None] RequestId filter calling following filter/app {{(pid=119986) _context_setter /opt/stack/cinder/cinder/api/middleware/request_id.py:62}}
Aug 31 00:23:32.617043 dv-cinder-855060-1-smb devstack@c-api.service[119985]: INFO cinder.api.v3.groups [None req-6ae56aaa-487d-444a-bcf6-b00139a943fc tempest-GroupSnapshotsTest-516589609 tempest-GroupSnapshotsTest-516589609-project] Creating group tempest-GroupSnapshotsTest-Group-268085548.
Aug 31 00:23:32.625202 dv-cinder-855060-1-smb devstack@c-api.service[119986]: INFO cinder.api.openstack.wsgi [None req-36a6fe48-aab1-4380-9a97-8256f144c708 tempest-GroupsTest-1394625460 tempest-GroupsTest-1394625460-project] GET http://10.222.0.79/volume/v3/ee9b810c9d454418a8837dfe49917a42/volumes/682d8f0e-3591-4173-99e4-a4b946895f20
Aug 31 00:23:32.626265 dv-cinder-855060-1-smb devstack@c-api.service[119986]: DEBUG cinder.api.openstack.wsgi [None req-36a6fe48-aab1-4380-9a97-8256f144c708 tempest-GroupsTest-1394625460 tempest-GroupsTest-1394625460-project] Empty body provided in request {{(pid=119986) get_body /opt/stack/cinder/cinder/api/openstack/wsgi.py:715}}
Aug 31 00:23:32.628026 dv-cinder-855060-1-smb devstack@c-api.service[119986]: DEBUG cinder.api.openstack.wsgi [None req-36a6fe48-aab1-4380-9a97-8256f144c708 tempest-GroupsTest-1394625460 tempest-GroupsTest-1394625460-project] Calling method 'show' {{(pid=119986) _process_stack /opt/stack/cinder/cinder/api/openstack/wsgi.py:868}}
Aug 31 00:23:32.652726 dv-cinder-855060-1-smb devstack@c-api.service[119986]: DEBUG dbcounter [-] [119986] Writing DB stats cinder:SELECT=76,cinder:INSERT=10,cinder:UPDATE=14 {{(pid=119986) stat_writer /usr/local/lib/python3.8/dist-packages/dbcounter.py:114}}
Aug 31 00:23:32.680970 dv-cinder-855060-1-smb devstack@c-api.service[119985]: DEBUG cinder.volume.api [None req-6ae56aaa-487d-444a-bcf6-b00139a943fc tempest-GroupSnapshotsTest-516589609 tempest-GroupSnapshotsTest-516589609-project] Availability zone cache updated, next update will occur around 2022-08-31 01:23:32.679760. {{(pid=119985) list_availability_zones /opt/stack/cinder/cinder/volume/api.py:153}}
Aug 31 00:23:32.681711 dv-cinder-855060-1-smb devstack@c-api.service[119985]: INFO cinder.volume.api [None req-6ae56aaa-487d-444a-bcf6-b00139a943fc tempest-GroupSnapshotsTest-516589609 tempest-GroupSnapshotsTest-516589609-project] Availability Zones retrieved successfully.
Aug 31 00:23:32.708304 dv-cinder-855060-1-smb devstack@c-api.service[119986]: /usr/local/lib/python3.8/dist-packages/oslo_context/context.py:100: DeprecationWarning: Policy enforcement is depending on the value of is_admin. This key is deprecated. Please update your policy file to use the standard policy values.
Aug 31 00:23:32.708304 dv-cinder-855060-1-smb devstack@c-api.service[119986]: warnings.warn('Policy enforcement is depending on the value of '
Aug 31 00:23:32.745459 dv-cinder-855060-1-smb devstack@c-api.service[119986]: INFO cinder.volume.api [None req-36a6fe48-aab1-4380-9a97-8256f144c708 tempest-GroupsTest-1394625460 tempest-GroupsTest-1394625460-project] Volume info retrieved successfully.
Aug 31 00:23:32.758080 dv-cinder-855060-1-smb devstack@c-api.service[119986]: WARNING stevedore.named [None req-36a6fe48-aab1-4380-9a97-8256f144c708 tempest-GroupsTest-1394625460 tempest-GroupsTest-1394625460-project] Could not load cinder.keymgr.conf_key_mgr.ConfKeyManager
Aug 31 00:23:32.759772 dv-cinder-855060-1-smb devstack@c-api.service[119985]: DEBUG cinder.quota [None req-6ae56aaa-487d-444a-bcf6-b00139a943fc tempest-GroupSnapshotsTest-516589609 tempest-GroupSnapshotsTest-516589609-project] Created reservations ['8cbd569d-a6df-4ba9-ae4d-74a455fde106'] {{(pid=119985) reserve /opt/stack/cinder/cinder/quota.py:755}}
Aug 31 00:23:32.771552 dv-cinder-855060-1-smb devstack@c-api.service[119986]: WARNING castellan.key_manager [None req-36a6fe48-aab1-4380-9a97-8256f144c708 tempest-GroupsTest-1394625460 tempest-GroupsTest-1394625460-project] Deprecation Warning : cinder.keymgr.conf_key_mgr.ConfKeyManager is not a stevedore based driver, trying to load it as a class: stevedore.exception.NoMatches: No 'castellan.drivers' driver found, looking for 'cinder.keymgr.conf_key_mgr.ConfKeyManager'
Aug 31 00:23:32.808955 dv-cinder-855060-1-smb devstack@c-api.service[119986]: DEBUG oslo_db.sqlalchemy.engines [None req-36a6fe48-aab1-4380-9a97-8256f144c708 tempest-GroupsTest-1394625460 tempest-GroupsTest-1394625460-project] MySQL server mode set to STRICT_TRANS_TABLES,STRICT_ALL_TABLES,NO_ZERO_IN_DATE,NO_ZERO_DATE,ERROR_FOR_DIVISION_BY_ZERO,TRADITIONAL,NO_ENGINE_SUBSTITUTION {{(pid=119986) _check_effective_sql_mode /usr/local/lib/python3.8/dist-packages/oslo_db/sqlalchemy/engines.py:314}}
Aug 31 00:23:32.837045 dv-cinder-855060-1-smb devstack@c-api.service[119986]: /usr/local/lib/python3.8/dist-packages/oslo_context/context.py:100: DeprecationWarning: Policy enforcement is depending on the value of is_admin. This key is deprecated. Please update your policy file to use the standard policy values.
Aug 31 00:23:32.837045 dv-cinder-855060-1-smb devstack@c-api.service[119986]: warnings.warn('Policy enforcement is depending on the value of '
Aug 31 00:23:32.869390 dv-cinder-855060-1-smb devstack@c-api.service[119985]: INFO cinder.api.openstack.wsgi [None req-6ae56aaa-487d-444a-bcf6-b00139a943fc tempest-GroupSnapshotsTest-516589609 tempest-GroupSnapshotsTest-516589609-project] http://10.222.0.79/volume/v3/1cbd3f555a974075bc9f68db14da42f0/groups returned with HTTP 202
Aug 31 00:23:32.871889 dv-cinder-855060-1-smb devstack@c-api.service[119985]: [pid: 119985|app: 0|req: 38/80] 10.222.0.79 () {62 vars in 1274 bytes} [Wed Aug 31 00:23:32 2022] POST /volume/v3/1cbd3f555a974075bc9f68db14da42f0/groups => generated 111 bytes in 649 msecs (HTTP/1.1 202) 7 headers in 292 bytes (1 switches on core 0)
