Aug 31 00:20:48.799468 dv-cinder-855060-1-iscsi devstack@c-api.service[119809]: INFO cinder.api.openstack.wsgi [None req-95d53787-7622-4aa9-8144-692276941701 tempest-VolumesTestJSON-739122158 tempest-VolumesTestJSON-739122158-project] GET http://10.222.0.67/volume/v3/bfec858a072145f3a7b7ac593280e7e0/volumes/7a2a658f-4105-4075-8dae-8b3a3cc4aff1
Aug 31 00:20:48.800087 dv-cinder-855060-1-iscsi devstack@c-api.service[119809]: DEBUG cinder.api.openstack.wsgi [None req-95d53787-7622-4aa9-8144-692276941701 tempest-VolumesTestJSON-739122158 tempest-VolumesTestJSON-739122158-project] Empty body provided in request {{(pid=119809) get_body /opt/stack/cinder/cinder/api/openstack/wsgi.py:715}}
Aug 31 00:20:48.800280 dv-cinder-855060-1-iscsi devstack@c-api.service[119809]: DEBUG cinder.api.openstack.wsgi [None req-95d53787-7622-4aa9-8144-692276941701 tempest-VolumesTestJSON-739122158 tempest-VolumesTestJSON-739122158-project] Calling method 'show' {{(pid=119809) _process_stack /opt/stack/cinder/cinder/api/openstack/wsgi.py:868}}
Aug 31 00:20:48.803637 dv-cinder-855060-1-iscsi devstack@c-api.service[119810]: INFO cinder.volume.api [None req-16a2aed0-597c-4407-b05d-1f4d804ffb18 tempest-GroupsV314Test-1818109816 tempest-GroupsV314Test-1818109816-project] Create volume request issued successfully.
Aug 31 00:20:48.805676 dv-cinder-855060-1-iscsi devstack@c-api.service[119810]: WARNING stevedore.named [None req-16a2aed0-597c-4407-b05d-1f4d804ffb18 tempest-GroupsV314Test-1818109816 tempest-GroupsV314Test-1818109816-project] Could not load cinder.keymgr.conf_key_mgr.ConfKeyManager
Aug 31 00:20:48.814506 dv-cinder-855060-1-iscsi devstack@c-api.service[119810]: WARNING castellan.key_manager [None req-16a2aed0-597c-4407-b05d-1f4d804ffb18 tempest-GroupsV314Test-1818109816 tempest-GroupsV314Test-1818109816-project] Deprecation Warning : cinder.keymgr.conf_key_mgr.ConfKeyManager is not a stevedore based driver, trying to load it as a class: stevedore.exception.NoMatches: No 'castellan.drivers' driver found, looking for 'cinder.keymgr.conf_key_mgr.ConfKeyManager'
Aug 31 00:20:48.824936 dv-cinder-855060-1-iscsi devstack@c-api.service[119810]: DEBUG oslo_db.sqlalchemy.engines [None req-16a2aed0-597c-4407-b05d-1f4d804ffb18 tempest-GroupsV314Test-1818109816 tempest-GroupsV314Test-1818109816-project] MySQL server mode set to STRICT_TRANS_TABLES,STRICT_ALL_TABLES,NO_ZERO_IN_DATE,NO_ZERO_DATE,ERROR_FOR_DIVISION_BY_ZERO,TRADITIONAL,NO_ENGINE_SUBSTITUTION {{(pid=119810) _check_effective_sql_mode /usr/local/lib/python3.8/dist-packages/oslo_db/sqlalchemy/engines.py:314}}
Aug 31 00:20:48.826183 dv-cinder-855060-1-iscsi devstack@c-api.service[119809]: /usr/local/lib/python3.8/dist-packages/oslo_context/context.py:100: DeprecationWarning: Policy enforcement is depending on the value of is_admin. This key is deprecated. Please update your policy file to use the standard policy values.
Aug 31 00:20:48.826183 dv-cinder-855060-1-iscsi devstack@c-api.service[119809]: warnings.warn('Policy enforcement is depending on the value of '
Aug 31 00:20:48.837828 dv-cinder-855060-1-iscsi devstack@c-api.service[119809]: INFO cinder.volume.api [None req-95d53787-7622-4aa9-8144-692276941701 tempest-VolumesTestJSON-739122158 tempest-VolumesTestJSON-739122158-project] Volume info retrieved successfully.
Aug 31 00:20:48.838060 dv-cinder-855060-1-iscsi devstack@c-api.service[119810]: /usr/local/lib/python3.8/dist-packages/oslo_context/context.py:100: DeprecationWarning: Policy enforcement is depending on the value of is_admin. This key is deprecated. Please update your policy file to use the standard policy values.
Aug 31 00:20:48.838060 dv-cinder-855060-1-iscsi devstack@c-api.service[119810]: warnings.warn('Policy enforcement is depending on the value of '
Aug 31 00:20:48.850125 dv-cinder-855060-1-iscsi devstack@c-api.service[119809]: INFO cinder.api.openstack.wsgi [None req-95d53787-7622-4aa9-8144-692276941701 tempest-VolumesTestJSON-739122158 tempest-VolumesTestJSON-739122158-project] http://10.222.0.67/volume/v3/bfec858a072145f3a7b7ac593280e7e0/volumes/7a2a658f-4105-4075-8dae-8b3a3cc4aff1 returned with HTTP 200
Aug 31 00:20:48.852032 dv-cinder-855060-1-iscsi devstack@c-api.service[119809]: [pid: 119809|app: 0|req: 54/107] 10.222.0.67 () {58 vars in 1325 bytes} [Wed Aug 31 00:20:48 2022] GET /volume/v3/bfec858a072145f3a7b7ac593280e7e0/volumes/7a2a658f-4105-4075-8dae-8b3a3cc4aff1 => generated 921 bytes in 59 msecs (HTTP/1.1 200) 7 headers in 285 bytes (1 switches on core 0)
Aug 31 00:20:48.855596 dv-cinder-855060-1-iscsi devstack@c-api.service[119809]: DEBUG cinder.api.middleware.request_id [None req-5a56bcdd-379e-4908-b33d-d531255ebdea None None] RequestId filter calling following filter/app {{(pid=119809) _context_setter /opt/stack/cinder/cinder/api/middleware/request_id.py:62}}
Aug 31 00:20:48.860170 dv-cinder-855060-1-iscsi devstack@c-api.service[119809]: INFO cinder.api.openstack.wsgi [None req-5a56bcdd-379e-4908-b33d-d531255ebdea tempest-GroupSnapshotsTest-2033791032 tempest-GroupSnapshotsTest-2033791032-project] GET http://10.222.0.67/volume/v3/5b50fab50ec442f08abb008f401b35f4/volumes/detail
Aug 31 00:20:48.860707 dv-cinder-855060-1-iscsi devstack@c-api.service[119809]: DEBUG cinder.api.openstack.wsgi [None req-5a56bcdd-379e-4908-b33d-d531255ebdea tempest-GroupSnapshotsTest-2033791032 tempest-GroupSnapshotsTest-2033791032-project] Empty body provided in request {{(pid=119809) get_body /opt/stack/cinder/cinder/api/openstack/wsgi.py:715}}
Aug 31 00:20:48.861258 dv-cinder-855060-1-iscsi devstack@c-api.service[119809]: DEBUG cinder.api.openstack.wsgi [None req-5a56bcdd-379e-4908-b33d-d531255ebdea tempest-GroupSnapshotsTest-2033791032 tempest-GroupSnapshotsTest-2033791032-project] Calling method 'detail' {{(pid=119809) _process_stack /opt/stack/cinder/cinder/api/openstack/wsgi.py:868}}
Aug 31 00:20:48.862251 dv-cinder-855060-1-iscsi devstack@c-api.service[119809]: DEBUG cinder.api.api_utils [None req-5a56bcdd-379e-4908-b33d-d531255ebdea tempest-GroupSnapshotsTest-2033791032 tempest-GroupSnapshotsTest-2033791032-project] Removing options '' from query. {{(pid=119809) remove_invalid_filter_options /opt/stack/cinder/cinder/api/api_utils.py:83}}
Aug 31 00:20:48.863104 dv-cinder-855060-1-iscsi devstack@c-api.service[119810]: INFO cinder.api.openstack.wsgi [None req-16a2aed0-597c-4407-b05d-1f4d804ffb18 tempest-GroupsV314Test-1818109816 tempest-GroupsV314Test-1818109816-project] http://10.222.0.67/volume/v3/891c3e6e45d945e59f6b41adfb62b381/volumes returned with HTTP 202
Aug 31 00:20:48.864135 dv-cinder-855060-1-iscsi devstack@c-api.service[119809]: DEBUG cinder.volume.api [None req-5a56bcdd-379e-4908-b33d-d531255ebdea tempest-GroupSnapshotsTest-2033791032 tempest-GroupSnapshotsTest-2033791032-project] Searching by: MultiDict([('no_migration_targets', True)]). {{(pid=119809) get_all /opt/stack/cinder/cinder/volume/api.py:664}}
Aug 31 00:20:48.866497 dv-cinder-855060-1-iscsi devstack@c-api.service[119810]: [pid: 119810|app: 0|req: 54/108] 10.222.0.67 () {62 vars in 1277 bytes} [Wed Aug 31 00:20:48 2022] POST /volume/v3/891c3e6e45d945e59f6b41adfb62b381/volumes => generated 900 bytes in 857 msecs (HTTP/1.1 202) 7 headers in 292 bytes (1 switches on core 0)
Aug 31 00:20:48.882331 dv-cinder-855060-1-iscsi devstack@c-api.service[119810]: DEBUG cinder.api.middleware.request_id [None req-02ce719d-91f3-473d-be9f-1868cad76e2c None None] RequestId filter calling following filter/app {{(pid=119810) _context_setter /opt/stack/cinder/cinder/api/middleware/request_id.py:62}}
Aug 31 00:20:48.886674 dv-cinder-855060-1-iscsi devstack@c-api.service[119810]: INFO cinder.api.openstack.wsgi [None req-02ce719d-91f3-473d-be9f-1868cad76e2c tempest-GroupsV314Test-1818109816 tempest-GroupsV314Test-1818109816-project] GET http://10.222.0.67/volume/v3/891c3e6e45d945e59f6b41adfb62b381/volumes/e03afe7b-5749-4375-abd5-e2d5d6e2fe2c
Aug 31 00:20:48.887215 dv-cinder-855060-1-iscsi devstack@c-api.service[119810]: DEBUG cinder.api.openstack.wsgi [None req-02ce719d-91f3-473d-be9f-1868cad76e2c tempest-GroupsV314Test-1818109816 tempest-GroupsV314Test-1818109816-project] Empty body provided in request {{(pid=119810) get_body /opt/stack/cinder/cinder/api/openstack/wsgi.py:715}}
Aug 31 00:20:48.887678 dv-cinder-855060-1-iscsi devstack@c-api.service[119810]: DEBUG cinder.api.openstack.wsgi [None req-02ce719d-91f3-473d-be9f-1868cad76e2c tempest-GroupsV314Test-1818109816 tempest-GroupsV314Test-1818109816-project] Calling method 'show' {{(pid=119810) _process_stack /opt/stack/cinder/cinder/api/openstack/wsgi.py:868}}
Aug 31 00:20:48.903771 dv-cinder-855060-1-iscsi devstack@c-api.service[119810]: /usr/local/lib/python3.8/dist-packages/oslo_context/context.py:100: DeprecationWarning: Policy enforcement is depending on the value of is_admin. This key is deprecated. Please update your policy file to use the standard policy values.
Aug 31 00:20:48.903771 dv-cinder-855060-1-iscsi devstack@c-api.service[119810]: warnings.warn('Policy enforcement is depending on the value of '
Aug 31 00:20:48.911450 dv-cinder-855060-1-iscsi devstack@c-api.service[119810]: INFO cinder.volume.api [None req-02ce719d-91f3-473d-be9f-1868cad76e2c tempest-GroupsV314Test-1818109816 tempest-GroupsV314Test-1818109816-project] Volume info retrieved successfully.
Aug 31 00:20:48.912871 dv-cinder-855060-1-iscsi devstack@c-api.service[119810]: WARNING stevedore.named [None req-02ce719d-91f3-473d-be9f-1868cad76e2c tempest-GroupsV314Test-1818109816 tempest-GroupsV314Test-1818109816-project] Could not load cinder.keymgr.conf_key_mgr.ConfKeyManager
Aug 31 00:20:48.913937 dv-cinder-855060-1-iscsi devstack@c-api.service[119810]: WARNING castellan.key_manager [None req-02ce719d-91f3-473d-be9f-1868cad76e2c tempest-GroupsV314Test-1818109816 tempest-GroupsV314Test-1818109816-project] Deprecation Warning : cinder.keymgr.conf_key_mgr.ConfKeyManager is not a stevedore based driver, trying to load it as a class: stevedore.exception.NoMatches: No 'castellan.drivers' driver found, looking for 'cinder.keymgr.conf_key_mgr.ConfKeyManager'
Aug 31 00:20:48.922996 dv-cinder-855060-1-iscsi devstack@c-api.service[119810]: DEBUG oslo_db.sqlalchemy.engines [None req-02ce719d-91f3-473d-be9f-1868cad76e2c tempest-GroupsV314Test-1818109816 tempest-GroupsV314Test-1818109816-project] MySQL server mode set to STRICT_TRANS_TABLES,STRICT_ALL_TABLES,NO_ZERO_IN_DATE,NO_ZERO_DATE,ERROR_FOR_DIVISION_BY_ZERO,TRADITIONAL,NO_ENGINE_SUBSTITUTION {{(pid=119810) _check_effective_sql_mode /usr/local/lib/python3.8/dist-packages/oslo_db/sqlalchemy/engines.py:314}}
Aug 31 00:20:48.933327 dv-cinder-855060-1-iscsi devstack@c-api.service[119810]: /usr/local/lib/python3.8/dist-packages/oslo_context/context.py:100: DeprecationWarning: Policy enforcement is depending on the value of is_admin. This key is deprecated. Please update your policy file to use the standard policy values.
Aug 31 00:20:48.933327 dv-cinder-855060-1-iscsi devstack@c-api.service[119810]: warnings.warn('Policy enforcement is depending on the value of '
Aug 31 00:20:48.955805 dv-cinder-855060-1-iscsi devstack@c-api.service[119810]: INFO cinder.api.openstack.wsgi [None req-02ce719d-91f3-473d-be9f-1868cad76e2c tempest-GroupsV314Test-1818109816 tempest-GroupsV314Test-1818109816-project] http://10.222.0.67/volume/v3/891c3e6e45d945e59f6b41adfb62b381/volumes/e03afe7b-5749-4375-abd5-e2d5d6e2fe2c returned with HTTP 200
Aug 31 00:20:48.956571 dv-cinder-855060-1-iscsi devstack@c-api.service[119810]: [pid: 119810|app: 0|req: 55/109] 10.222.0.67 () {60 vars in 1366 bytes} [Wed Aug 31 00:20:48 2022] GET /volume/v3/891c3e6e45d945e59f6b41adfb62b381/volumes/e03afe7b-5749-4375-abd5-e2d5d6e2fe2c => generated 968 bytes in 76 msecs (HTTP/1.1 200) 7 headers in 286 bytes (2 switches on core 0)
Aug 31 00:20:49.016552 dv-cinder-855060-1-iscsi devstack@c-api.service[119810]: DEBUG cinder.api.middleware.request_id [None req-53295851-541c-4d40-9605-89a1fce2b1f8 None None] RequestId filter calling following filter/app {{(pid=119810) _context_setter /opt/stack/cinder/cinder/api/middleware/request_id.py:62}}
Aug 31 00:20:49.021376 dv-cinder-855060-1-iscsi devstack@c-api.service[119810]: INFO cinder.api.openstack.wsgi [None req-53295851-541c-4d40-9605-89a1fce2b1f8 tempest-GroupSnapshotsV319Test-458937398 tempest-GroupSnapshotsV319Test-458937398-project] GET http://10.222.0.67/volume/v3/78407f2ba91a45b2b1573e877aeadbb1/snapshots/3426eb97-f433-41ec-9c65-73678234eda8
Aug 31 00:20:49.022390 dv-cinder-855060-1-iscsi devstack@c-api.service[119810]: DEBUG cinder.api.openstack.wsgi [None req-53295851-541c-4d40-9605-89a1fce2b1f8 tempest-GroupSnapshotsV319Test-458937398 tempest-GroupSnapshotsV319Test-458937398-project] Empty body provided in request {{(pid=119810) get_body /opt/stack/cinder/cinder/api/openstack/wsgi.py:715}}
Aug 31 00:20:49.023675 dv-cinder-855060-1-iscsi devstack@c-api.service[119810]: DEBUG cinder.api.openstack.wsgi [None req-53295851-541c-4d40-9605-89a1fce2b1f8 tempest-GroupSnapshotsV319Test-458937398 tempest-GroupSnapshotsV319Test-458937398-project] Calling method 'show' {{(pid=119810) _process_stack /opt/stack/cinder/cinder/api/openstack/wsgi.py:868}}
Aug 31 00:20:49.029846 dv-cinder-855060-1-iscsi devstack@c-api.service[119809]: INFO cinder.volume.api [None req-5a56bcdd-379e-4908-b33d-d531255ebdea tempest-GroupSnapshotsTest-2033791032 tempest-GroupSnapshotsTest-2033791032-project] Get all volumes completed successfully.
Aug 31 00:20:49.046507 dv-cinder-855060-1-iscsi devstack@c-api.service[119809]: WARNING stevedore.named [None req-5a56bcdd-379e-4908-b33d-d531255ebdea tempest-GroupSnapshotsTest-2033791032 tempest-GroupSnapshotsTest-2033791032-project] Could not load cinder.keymgr.conf_key_mgr.ConfKeyManager
Aug 31 00:20:49.047233 dv-cinder-855060-1-iscsi devstack@c-api.service[119809]: WARNING castellan.key_manager [None req-5a56bcdd-379e-4908-b33d-d531255ebdea tempest-GroupSnapshotsTest-2033791032 tempest-GroupSnapshotsTest-2033791032-project] Deprecation Warning : cinder.keymgr.conf_key_mgr.ConfKeyManager is not a stevedore based driver, trying to load it as a class: stevedore.exception.NoMatches: No 'castellan.drivers' driver found, looking for 'cinder.keymgr.conf_key_mgr.ConfKeyManager'
Aug 31 00:20:49.055532 dv-cinder-855060-1-iscsi devstack@c-api.service[119810]: INFO cinder.api.openstack.wsgi [None req-53295851-541c-4d40-9605-89a1fce2b1f8 tempest-GroupSnapshotsV319Test-458937398 tempest-GroupSnapshotsV319Test-458937398-project] http://10.222.0.67/volume/v3/78407f2ba91a45b2b1573e877aeadbb1/snapshots/3426eb97-f433-41ec-9c65-73678234eda8 returned with HTTP 404
Aug 31 00:20:49.056722 dv-cinder-855060-1-iscsi devstack@c-api.service[119810]: [pid: 119810|app: 0|req: 56/110] 10.222.0.67 () {58 vars in 1331 bytes} [Wed Aug 31 00:20:49 2022] GET /volume/v3/78407f2ba91a45b2b1573e877aeadbb1/snapshots/3426eb97-f433-41ec-9c65-73678234eda8 => generated 111 bytes in 41 msecs (HTTP/1.1 404) 7 headers in 292 bytes (1 switches on core 0)
Aug 31 00:20:49.063793 dv-cinder-855060-1-iscsi devstack@c-api.service[119810]: DEBUG cinder.api.middleware.request_id [None req-33f4c346-2870-4482-804f-67b8c7844f56 None None] RequestId filter calling following filter/app {{(pid=119810) _context_setter /opt/stack/cinder/cinder/api/middleware/request_id.py:62}}
Aug 31 00:20:49.067235 dv-cinder-855060-1-iscsi devstack@c-api.service[119809]: DEBUG oslo_db.sqlalchemy.engines [None req-5a56bcdd-379e-4908-b33d-d531255ebdea tempest-GroupSnapshotsTest-2033791032 tempest-GroupSnapshotsTest-2033791032-project] MySQL server mode set to STRICT_TRANS_TABLES,STRICT_ALL_TABLES,NO_ZERO_IN_DATE,NO_ZERO_DATE,ERROR_FOR_DIVISION_BY_ZERO,TRADITIONAL,NO_ENGINE_SUBSTITUTION {{(pid=119809) _check_effective_sql_mode /usr/local/lib/python3.8/dist-packages/oslo_db/sqlalchemy/engines.py:314}}
Aug 31 00:20:49.074311 dv-cinder-855060-1-iscsi devstack@c-api.service[119810]: INFO cinder.api.openstack.wsgi [None req-33f4c346-2870-4482-804f-67b8c7844f56 tempest-GroupSnapshotsV319Test-458937398 tempest-GroupSnapshotsV319Test-458937398-project] GET http://10.222.0.67/volume/v3/78407f2ba91a45b2b1573e877aeadbb1/group_snapshots/bb46baa2-6589-4136-becc-8097b75eb58d
Aug 31 00:20:49.074820 dv-cinder-855060-1-iscsi devstack@c-api.service[119810]: DEBUG cinder.api.openstack.wsgi [None req-33f4c346-2870-4482-804f-67b8c7844f56 tempest-GroupSnapshotsV319Test-458937398 tempest-GroupSnapshotsV319Test-458937398-project] Empty body provided in request {{(pid=119810) get_body /opt/stack/cinder/cinder/api/openstack/wsgi.py:715}}
Aug 31 00:20:49.075310 dv-cinder-855060-1-iscsi devstack@c-api.service[119810]: DEBUG cinder.api.openstack.wsgi [None req-33f4c346-2870-4482-804f-67b8c7844f56 tempest-GroupSnapshotsV319Test-458937398 tempest-GroupSnapshotsV319Test-458937398-project] Calling method 'version_select' {{(pid=119810) _process_stack /opt/stack/cinder/cinder/api/openstack/wsgi.py:868}}
Aug 31 00:20:49.075663 dv-cinder-855060-1-iscsi devstack@c-api.service[119810]: DEBUG cinder.api.v3.group_snapshots [None req-33f4c346-2870-4482-804f-67b8c7844f56 tempest-GroupSnapshotsV319Test-458937398 tempest-GroupSnapshotsV319Test-458937398-project] show called for member bb46baa2-6589-4136-becc-8097b75eb58d {{(pid=119810) show /opt/stack/cinder/cinder/api/v3/group_snapshots.py:58}}
Aug 31 00:20:49.081789 dv-cinder-855060-1-iscsi devstack@c-api.service[119809]: /usr/local/lib/python3.8/dist-packages/oslo_context/context.py:100: DeprecationWarning: Policy enforcement is depending on the value of is_admin. This key is deprecated. Please update your policy file to use the standard policy values.
Aug 31 00:20:49.081789 dv-cinder-855060-1-iscsi devstack@c-api.service[119809]: warnings.warn('Policy enforcement is depending on the value of '
Aug 31 00:20:49.097188 dv-cinder-855060-1-iscsi devstack@c-api.service[119809]: WARNING stevedore.named [None req-5a56bcdd-379e-4908-b33d-d531255ebdea tempest-GroupSnapshotsTest-2033791032 tempest-GroupSnapshotsTest-2033791032-project] Could not load cinder.keymgr.conf_key_mgr.ConfKeyManager
Aug 31 00:20:49.097839 dv-cinder-855060-1-iscsi devstack@c-api.service[119809]: WARNING castellan.key_manager [None req-5a56bcdd-379e-4908-b33d-d531255ebdea tempest-GroupSnapshotsTest-2033791032 tempest-GroupSnapshotsTest-2033791032-project] Deprecation Warning : cinder.keymgr.conf_key_mgr.ConfKeyManager is not a stevedore based driver, trying to load it as a class: stevedore.exception.NoMatches: No 'castellan.drivers' driver found, looking for 'cinder.keymgr.conf_key_mgr.ConfKeyManager'
Aug 31 00:20:49.107496 dv-cinder-855060-1-iscsi devstack@c-api.service[119810]: INFO cinder.api.openstack.wsgi [None req-33f4c346-2870-4482-804f-67b8c7844f56 tempest-GroupSnapshotsV319Test-458937398 tempest-GroupSnapshotsV319Test-458937398-project] http://10.222.0.67/volume/v3/78407f2ba91a45b2b1573e877aeadbb1/group_snapshots/bb46baa2-6589-4136-becc-8097b75eb58d returned with HTTP 404
Aug 31 00:20:49.108474 dv-cinder-855060-1-iscsi devstack@c-api.service[119810]: [pid: 119810|app: 0|req: 57/111] 10.222.0.67 () {60 vars in 1390 bytes} [Wed Aug 31 00:20:49 2022] GET /volume/v3/78407f2ba91a45b2b1573e877aeadbb1/group_snapshots/bb46baa2-6589-4136-becc-8097b75eb58d => generated 116 bytes in 46 msecs (HTTP/1.1 404) 7 headers in 293 bytes (1 switches on core 0)
Aug 31 00:20:49.115326 dv-cinder-855060-1-iscsi devstack@c-api.service[119810]: DEBUG cinder.api.middleware.request_id [None req-3c38f448-2826-407a-9872-c153319cfc3c None None] RequestId filter calling following filter/app {{(pid=119810) _context_setter /opt/stack/cinder/cinder/api/middleware/request_id.py:62}}
Aug 31 00:20:49.116878 dv-cinder-855060-1-iscsi devstack@c-api.service[119809]: DEBUG oslo_db.sqlalchemy.engines [None req-5a56bcdd-379e-4908-b33d-d531255ebdea tempest-GroupSnapshotsTest-2033791032 tempest-GroupSnapshotsTest-2033791032-project] MySQL server mode set to STRICT_TRANS_TABLES,STRICT_ALL_TABLES,NO_ZERO_IN_DATE,NO_ZERO_DATE,ERROR_FOR_DIVISION_BY_ZERO,TRADITIONAL,NO_ENGINE_SUBSTITUTION {{(pid=119809) _check_effective_sql_mode /usr/local/lib/python3.8/dist-packages/oslo_db/sqlalchemy/engines.py:314}}
Aug 31 00:20:49.119338 dv-cinder-855060-1-iscsi devstack@c-api.service[119810]: INFO cinder.api.openstack.wsgi [None req-3c38f448-2826-407a-9872-c153319cfc3c tempest-GroupSnapshotsV319Test-458937398 tempest-GroupSnapshotsV319Test-458937398-project] GET http://10.222.0.67/volume/v3/78407f2ba91a45b2b1573e877aeadbb1/volumes/detail
Aug 31 00:20:49.120200 dv-cinder-855060-1-iscsi devstack@c-api.service[119810]: DEBUG cinder.api.openstack.wsgi [None req-3c38f448-2826-407a-9872-c153319cfc3c tempest-GroupSnapshotsV319Test-458937398 tempest-GroupSnapshotsV319Test-458937398-project] Empty body provided in request {{(pid=119810) get_body /opt/stack/cinder/cinder/api/openstack/wsgi.py:715}}
Aug 31 00:20:49.120310 dv-cinder-855060-1-iscsi devstack@c-api.service[119810]: DEBUG cinder.api.openstack.wsgi [None req-3c38f448-2826-407a-9872-c153319cfc3c tempest-GroupSnapshotsV319Test-458937398 tempest-GroupSnapshotsV319Test-458937398-project] Calling method 'detail' {{(pid=119810) _process_stack /opt/stack/cinder/cinder/api/openstack/wsgi.py:868}}
Aug 31 00:20:49.120934 dv-cinder-855060-1-iscsi devstack@c-api.service[119810]: DEBUG cinder.api.api_utils [None req-3c38f448-2826-407a-9872-c153319cfc3c tempest-GroupSnapshotsV319Test-458937398 tempest-GroupSnapshotsV319Test-458937398-project] Removing options '' from query. {{(pid=119810) remove_invalid_filter_options /opt/stack/cinder/cinder/api/api_utils.py:83}}
Aug 31 00:20:49.124300 dv-cinder-855060-1-iscsi devstack@c-api.service[119809]: /usr/local/lib/python3.8/dist-packages/oslo_context/context.py:100: DeprecationWarning: Policy enforcement is depending on the value of is_admin. This key is deprecated. Please update your policy file to use the standard policy values.
Aug 31 00:20:49.124300 dv-cinder-855060-1-iscsi devstack@c-api.service[119809]: warnings.warn('Policy enforcement is depending on the value of '
Aug 31 00:20:49.128507 dv-cinder-855060-1-iscsi devstack@c-api.service[119810]: DEBUG cinder.volume.api [None req-3c38f448-2826-407a-9872-c153319cfc3c tempest-GroupSnapshotsV319Test-458937398 tempest-GroupSnapshotsV319Test-458937398-project] Searching by: MultiDict([('no_migration_targets', True)]). {{(pid=119810) get_all /opt/stack/cinder/cinder/volume/api.py:664}}
Aug 31 00:20:49.146856 dv-cinder-855060-1-iscsi devstack@c-api.service[119809]: INFO cinder.api.openstack.wsgi [None req-5a56bcdd-379e-4908-b33d-d531255ebdea tempest-GroupSnapshotsTest-2033791032 tempest-GroupSnapshotsTest-2033791032-project] http://10.222.0.67/volume/v3/5b50fab50ec442f08abb008f401b35f4/volumes/detail returned with HTTP 200
Aug 31 00:20:49.149679 dv-cinder-855060-1-iscsi devstack@c-api.service[119809]: [pid: 119809|app: 0|req: 55/112] 10.222.0.67 () {60 vars in 1276 bytes} [Wed Aug 31 00:20:48 2022] GET /volume/v3/5b50fab50ec442f08abb008f401b35f4/volumes/detail => generated 1983 bytes in 297 msecs (HTTP/1.1 200) 7 headers in 287 bytes (1 switches on core 0)
Aug 31 00:20:49.170043 dv-cinder-855060-1-iscsi devstack@c-api.service[119809]: DEBUG cinder.api.middleware.request_id [None req-15307022-ecad-414a-bb23-3bc38a72348f None None] RequestId filter calling following filter/app {{(pid=119809) _context_setter /opt/stack/cinder/cinder/api/middleware/request_id.py:62}}
Aug 31 00:20:49.179631 dv-cinder-855060-1-iscsi devstack@c-api.service[119809]: INFO cinder.api.openstack.wsgi [None req-15307022-ecad-414a-bb23-3bc38a72348f tempest-GroupSnapshotsTest-2033791032 tempest-GroupSnapshotsTest-2033791032-project] GET http://10.222.0.67/volume/v3/5b50fab50ec442f08abb008f401b35f4/volumes/a91f076a-77bf-42bc-a222-6fb886de478b
Aug 31 00:20:49.181845 dv-cinder-855060-1-iscsi devstack@c-api.service[119809]: DEBUG cinder.api.openstack.wsgi [None req-15307022-ecad-414a-bb23-3bc38a72348f tempest-GroupSnapshotsTest-2033791032 tempest-GroupSnapshotsTest-2033791032-project] Empty body provided in request {{(pid=119809) get_body /opt/stack/cinder/cinder/api/openstack/wsgi.py:715}}
Aug 31 00:20:49.182721 dv-cinder-855060-1-iscsi devstack@c-api.service[119809]: DEBUG cinder.api.openstack.wsgi [None req-15307022-ecad-414a-bb23-3bc38a72348f tempest-GroupSnapshotsTest-2033791032 tempest-GroupSnapshotsTest-2033791032-project] Calling method 'show' {{(pid=119809) _process_stack /opt/stack/cinder/cinder/api/openstack/wsgi.py:868}}
Aug 31 00:20:49.245572 dv-cinder-855060-1-iscsi devstack@c-api.service[119809]: /usr/local/lib/python3.8/dist-packages/oslo_context/context.py:100: DeprecationWarning: Policy enforcement is depending on the value of is_admin. This key is deprecated. Please update your policy file to use the standard policy values.
Aug 31 00:20:49.245572 dv-cinder-855060-1-iscsi devstack@c-api.service[119809]: warnings.warn('Policy enforcement is depending on the value of '
Aug 31 00:20:49.289867 dv-cinder-855060-1-iscsi devstack@c-api.service[119809]: INFO cinder.volume.api [None req-15307022-ecad-414a-bb23-3bc38a72348f tempest-GroupSnapshotsTest-2033791032 tempest-GroupSnapshotsTest-2033791032-project] Volume info retrieved successfully.
Aug 31 00:20:49.292601 dv-cinder-855060-1-iscsi devstack@c-api.service[119810]: INFO cinder.volume.api [None req-3c38f448-2826-407a-9872-c153319cfc3c tempest-GroupSnapshotsV319Test-458937398 tempest-GroupSnapshotsV319Test-458937398-project] Get all volumes completed successfully.
Aug 31 00:20:49.298661 dv-cinder-855060-1-iscsi devstack@c-api.service[119810]: WARNING stevedore.named [None req-3c38f448-2826-407a-9872-c153319cfc3c tempest-GroupSnapshotsV319Test-458937398 tempest-GroupSnapshotsV319Test-458937398-project] Could not load cinder.keymgr.conf_key_mgr.ConfKeyManager
Aug 31 00:20:49.299532 dv-cinder-855060-1-iscsi devstack@c-api.service[119809]: WARNING stevedore.named [None req-15307022-ecad-414a-bb23-3bc38a72348f tempest-GroupSnapshotsTest-2033791032 tempest-GroupSnapshotsTest-2033791032-project] Could not load cinder.keymgr.conf_key_mgr.ConfKeyManager
Aug 31 00:20:49.299998 dv-cinder-855060-1-iscsi devstack@c-api.service[119809]: WARNING castellan.key_manager [None req-15307022-ecad-414a-bb23-3bc38a72348f tempest-GroupSnapshotsTest-2033791032 tempest-GroupSnapshotsTest-2033791032-project] Deprecation Warning : cinder.keymgr.conf_key_mgr.ConfKeyManager is not a stevedore based driver, trying to load it as a class: stevedore.exception.NoMatches: No 'castellan.drivers' driver found, looking for 'cinder.keymgr.conf_key_mgr.ConfKeyManager'
Aug 31 00:20:49.300215 dv-cinder-855060-1-iscsi devstack@c-api.service[119810]: WARNING castellan.key_manager [None req-3c38f448-2826-407a-9872-c153319cfc3c tempest-GroupSnapshotsV319Test-458937398 tempest-GroupSnapshotsV319Test-458937398-project] Deprecation Warning : cinder.keymgr.conf_key_mgr.ConfKeyManager is not a stevedore based driver, trying to load it as a class: stevedore.exception.NoMatches: No 'castellan.drivers' driver found, looking for 'cinder.keymgr.conf_key_mgr.ConfKeyManager'
Aug 31 00:20:49.315117 dv-cinder-855060-1-iscsi devstack@c-api.service[119809]: DEBUG oslo_db.sqlalchemy.engines [None req-15307022-ecad-414a-bb23-3bc38a72348f tempest-GroupSnapshotsTest-2033791032 tempest-GroupSnapshotsTest-2033791032-project] MySQL server mode set to STRICT_TRANS_TABLES,STRICT_ALL_TABLES,NO_ZERO_IN_DATE,NO_ZERO_DATE,ERROR_FOR_DIVISION_BY_ZERO,TRADITIONAL,NO_ENGINE_SUBSTITUTION {{(pid=119809) _check_effective_sql_mode /usr/local/lib/python3.8/dist-packages/oslo_db/sqlalchemy/engines.py:314}}
Aug 31 00:20:49.323270 dv-cinder-855060-1-iscsi devstack@c-api.service[119810]: DEBUG oslo_db.sqlalchemy.engines [None req-3c38f448-2826-407a-9872-c153319cfc3c tempest-GroupSnapshotsV319Test-458937398 tempest-GroupSnapshotsV319Test-458937398-project] MySQL server mode set to STRICT_TRANS_TABLES,STRICT_ALL_TABLES,NO_ZERO_IN_DATE,NO_ZERO_DATE,ERROR_FOR_DIVISION_BY_ZERO,TRADITIONAL,NO_ENGINE_SUBSTITUTION {{(pid=119810) _check_effective_sql_mode /usr/local/lib/python3.8/dist-packages/oslo_db/sqlalchemy/engines.py:314}}
Aug 31 00:20:49.327753 dv-cinder-855060-1-iscsi devstack@c-api.service[119809]: /usr/local/lib/python3.8/dist-packages/oslo_context/context.py:100: DeprecationWarning: Policy enforcement is depending on the value of is_admin. This key is deprecated. Please update your policy file to use the standard policy values.
Aug 31 00:20:49.327753 dv-cinder-855060-1-iscsi devstack@c-api.service[119809]: warnings.warn('Policy enforcement is depending on the value of '
Aug 31 00:20:49.333058 dv-cinder-855060-1-iscsi devstack@c-api.service[119810]: /usr/local/lib/python3.8/dist-packages/oslo_context/context.py:100: DeprecationWarning: Policy enforcement is depending on the value of is_admin. This key is deprecated. Please update your policy file to use the standard policy values.
Aug 31 00:20:49.333058 dv-cinder-855060-1-iscsi devstack@c-api.service[119810]: warnings.warn('Policy enforcement is depending on the value of '
Aug 31 00:20:49.372437 dv-cinder-855060-1-iscsi devstack@c-api.service[119809]: INFO cinder.api.openstack.wsgi [None req-15307022-ecad-414a-bb23-3bc38a72348f tempest-GroupSnapshotsTest-2033791032 tempest-GroupSnapshotsTest-2033791032-project] http://10.222.0.67/volume/v3/5b50fab50ec442f08abb008f401b35f4/volumes/a91f076a-77bf-42bc-a222-6fb886de478b returned with HTTP 200
Aug 31 00:20:49.373364 dv-cinder-855060-1-iscsi devstack@c-api.service[119809]: [pid: 119809|app: 0|req: 56/113] 10.222.0.67 () {60 vars in 1366 bytes} [Wed Aug 31 00:20:49 2022] GET /volume/v3/5b50fab50ec442f08abb008f401b35f4/volumes/a91f076a-77bf-42bc-a222-6fb886de478b => generated 991 bytes in 205 msecs (HTTP/1.1 200) 7 headers in 286 bytes (2 switches on core 0)
Aug 31 00:20:49.377664 dv-cinder-855060-1-iscsi devstack@c-api.service[119810]: INFO cinder.api.openstack.wsgi [None req-3c38f448-2826-407a-9872-c153319cfc3c tempest-GroupSnapshotsV319Test-458937398 tempest-GroupSnapshotsV319Test-458937398-project] http://10.222.0.67/volume/v3/78407f2ba91a45b2b1573e877aeadbb1/volumes/detail returned with HTTP 200
Aug 31 00:20:49.378721 dv-cinder-855060-1-iscsi devstack@c-api.service[119810]: [pid: 119810|app: 0|req: 58/114] 10.222.0.67 () {60 vars in 1276 bytes} [Wed Aug 31 00:20:49 2022] GET /volume/v3/78407f2ba91a45b2b1573e877aeadbb1/volumes/detail => generated 1011 bytes in 266 msecs (HTTP/1.1 200) 7 headers in 287 bytes (2 switches on core 0)
Aug 31 00:20:49.407751 dv-cinder-855060-1-iscsi devstack@c-api.service[119809]: DEBUG cinder.api.middleware.request_id [None req-aada8a40-c880-46b9-9928-4d6b6a1bafa1 None None] RequestId filter calling following filter/app {{(pid=119809) _context_setter /opt/stack/cinder/cinder/api/middleware/request_id.py:62}}
Aug 31 00:20:49.414071 dv-cinder-855060-1-iscsi devstack@c-api.service[119809]: INFO cinder.api.openstack.wsgi [None req-aada8a40-c880-46b9-9928-4d6b6a1bafa1 tempest-GroupSnapshotsV319Test-458937398 tempest-GroupSnapshotsV319Test-458937398-project] POST http://10.222.0.67/volume/v3/78407f2ba91a45b2b1573e877aeadbb1/groups/a5cc76d2-ccf5-492d-a0bd-cb8ff041e4f4/action
Aug 31 00:20:49.415011 dv-cinder-855060-1-iscsi devstack@c-api.service[119809]: DEBUG cinder.api.openstack.wsgi [None req-aada8a40-c880-46b9-9928-4d6b6a1bafa1 tempest-GroupSnapshotsV319Test-458937398 tempest-GroupSnapshotsV319Test-458937398-project] Action body: b'{"delete": {"delete-volumes": true}}' {{(pid=119809) get_method /opt/stack/cinder/cinder/api/openstack/wsgi.py:983}}
Aug 31 00:20:49.415487 dv-cinder-855060-1-iscsi devstack@c-api.service[119809]: DEBUG cinder.api.openstack.wsgi [None req-aada8a40-c880-46b9-9928-4d6b6a1bafa1 tempest-GroupSnapshotsV319Test-458937398 tempest-GroupSnapshotsV319Test-458937398-project] Action: 'action', calling method: version_select, body: {"delete": {"delete-volumes": true}} {{(pid=119809) _process_stack /opt/stack/cinder/cinder/api/openstack/wsgi.py:866}}
Aug 31 00:20:49.417691 dv-cinder-855060-1-iscsi devstack@c-api.service[119809]: DEBUG cinder.api.v3.groups [None req-aada8a40-c880-46b9-9928-4d6b6a1bafa1 tempest-GroupSnapshotsV319Test-458937398 tempest-GroupSnapshotsV319Test-458937398-project] delete called for group a5cc76d2-ccf5-492d-a0bd-cb8ff041e4f4 {{(pid=119809) _delete /opt/stack/cinder/cinder/api/v3/groups.py:117}}
Aug 31 00:20:49.417993 dv-cinder-855060-1-iscsi devstack@c-api.service[119809]: INFO cinder.api.v3.groups [None req-aada8a40-c880-46b9-9928-4d6b6a1bafa1 tempest-GroupSnapshotsV319Test-458937398 tempest-GroupSnapshotsV319Test-458937398-project] Delete group with id: a5cc76d2-ccf5-492d-a0bd-cb8ff041e4f4
Aug 31 00:20:49.431401 dv-cinder-855060-1-iscsi devstack@c-api.service[119809]: /usr/local/lib/python3.8/dist-packages/oslo_context/context.py:100: DeprecationWarning: Policy enforcement is depending on the value of is_admin. This key is deprecated. Please update your policy file to use the standard policy values.
Aug 31 00:20:49.431401 dv-cinder-855060-1-iscsi devstack@c-api.service[119809]: warnings.warn('Policy enforcement is depending on the value of '
Aug 31 00:20:49.704334 dv-cinder-855060-1-iscsi devstack@c-api.service[119809]: INFO cinder.api.openstack.wsgi [None req-aada8a40-c880-46b9-9928-4d6b6a1bafa1 tempest-GroupSnapshotsV319Test-458937398 tempest-GroupSnapshotsV319Test-458937398-project] http://10.222.0.67/volume/v3/78407f2ba91a45b2b1573e877aeadbb1/groups/a5cc76d2-ccf5-492d-a0bd-cb8ff041e4f4/action returned with HTTP 202
Aug 31 00:20:49.707011 dv-cinder-855060-1-iscsi devstack@c-api.service[119809]: [pid: 119809|app: 0|req: 57/115] 10.222.0.67 () {62 vars in 1405 bytes} [Wed Aug 31 00:20:49 2022] POST /volume/v3/78407f2ba91a45b2b1573e877aeadbb1/groups/a5cc76d2-ccf5-492d-a0bd-cb8ff041e4f4/action => generated 0 bytes in 301 msecs (HTTP/1.1 202) 6 headers in 234 bytes (1 switches on core 0)
Aug 31 00:20:49.713430 dv-cinder-855060-1-iscsi devstack@c-api.service[119810]: DEBUG cinder.api.middleware.request_id [None req-6dff2fc9-f0d3-4fd8-afa4-721610332dd2 None None] RequestId filter calling following filter/app {{(pid=119810) _context_setter /opt/stack/cinder/cinder/api/middleware/request_id.py:62}}
Aug 31 00:20:49.748862 dv-cinder-855060-1-iscsi devstack@c-api.service[119810]: INFO cinder.api.openstack.wsgi [None req-6dff2fc9-f0d3-4fd8-afa4-721610332dd2 tempest-GroupSnapshotsV319Test-458937398 tempest-GroupSnapshotsV319Test-458937398-project] GET http://10.222.0.67/volume/v3/78407f2ba91a45b2b1573e877aeadbb1/volumes/7942cf98-d4b5-4021-ae1e-a46a6714e882
Aug 31 00:20:49.749859 dv-cinder-855060-1-iscsi devstack@c-api.service[119810]: DEBUG cinder.api.openstack.wsgi [None req-6dff2fc9-f0d3-4fd8-afa4-721610332dd2 tempest-GroupSnapshotsV319Test-458937398 tempest-GroupSnapshotsV319Test-458937398-project] Empty body provided in request {{(pid=119810) get_body /opt/stack/cinder/cinder/api/openstack/wsgi.py:715}}
Aug 31 00:20:49.750366 dv-cinder-855060-1-iscsi devstack@c-api.service[119810]: DEBUG cinder.api.openstack.wsgi [None req-6dff2fc9-f0d3-4fd8-afa4-721610332dd2 tempest-GroupSnapshotsV319Test-458937398 tempest-GroupSnapshotsV319Test-458937398-project] Calling method 'show' {{(pid=119810) _process_stack /opt/stack/cinder/cinder/api/openstack/wsgi.py:868}}
Aug 31 00:20:49.773960 dv-cinder-855060-1-iscsi devstack@c-api.service[119810]: /usr/local/lib/python3.8/dist-packages/oslo_context/context.py:100: DeprecationWarning: Policy enforcement is depending on the value of is_admin. This key is deprecated. Please update your policy file to use the standard policy values.
Aug 31 00:20:49.773960 dv-cinder-855060-1-iscsi devstack@c-api.service[119810]: warnings.warn('Policy enforcement is depending on the value of '
Aug 31 00:20:49.810899 dv-cinder-855060-1-iscsi devstack@c-api.service[119810]: INFO cinder.volume.api [None req-6dff2fc9-f0d3-4fd8-afa4-721610332dd2 tempest-GroupSnapshotsV319Test-458937398 tempest-GroupSnapshotsV319Test-458937398-project] Volume info retrieved successfully.
Aug 31 00:20:49.813660 dv-cinder-855060-1-iscsi devstack@c-api.service[119810]: WARNING stevedore.named [None req-6dff2fc9-f0d3-4fd8-afa4-721610332dd2 tempest-GroupSnapshotsV319Test-458937398 tempest-GroupSnapshotsV319Test-458937398-project] Could not load cinder.keymgr.conf_key_mgr.ConfKeyManager
Aug 31 00:20:49.814204 dv-cinder-855060-1-iscsi devstack@c-api.service[119810]: WARNING castellan.key_manager [None req-6dff2fc9-f0d3-4fd8-afa4-721610332dd2 tempest-GroupSnapshotsV319Test-458937398 tempest-GroupSnapshotsV319Test-458937398-project] Deprecation Warning : cinder.keymgr.conf_key_mgr.ConfKeyManager is not a stevedore based driver, trying to load it as a class: stevedore.exception.NoMatches: No 'castellan.drivers' driver found, looking for 'cinder.keymgr.conf_key_mgr.ConfKeyManager'
Aug 31 00:20:49.836319 dv-cinder-855060-1-iscsi devstack@c-api.service[119810]: DEBUG oslo_db.sqlalchemy.engines [None req-6dff2fc9-f0d3-4fd8-afa4-721610332dd2 tempest-GroupSnapshotsV319Test-458937398 tempest-GroupSnapshotsV319Test-458937398-project] MySQL server mode set to STRICT_TRANS_TABLES,STRICT_ALL_TABLES,NO_ZERO_IN_DATE,NO_ZERO_DATE,ERROR_FOR_DIVISION_BY_ZERO,TRADITIONAL,NO_ENGINE_SUBSTITUTION {{(pid=119810) _check_effective_sql_mode /usr/local/lib/python3.8/dist-packages/oslo_db/sqlalchemy/engines.py:314}}
Aug 31 00:20:49.861372 dv-cinder-855060-1-iscsi devstack@c-api.service[119810]: /usr/local/lib/python3.8/dist-packages/oslo_context/context.py:100: DeprecationWarning: Policy enforcement is depending on the value of is_admin. This key is deprecated. Please update your policy file to use the standard policy values.
Aug 31 00:20:49.861372 dv-cinder-855060-1-iscsi devstack@c-api.service[119810]: warnings.warn('Policy enforcement is depending on the value of '
Aug 31 00:20:49.938059 dv-cinder-855060-1-iscsi devstack@c-api.service[119810]: INFO cinder.api.openstack.wsgi [None req-6dff2fc9-f0d3-4fd8-afa4-721610332dd2 tempest-GroupSnapshotsV319Test-458937398 tempest-GroupSnapshotsV319Test-458937398-project] http://10.222.0.67/volume/v3/78407f2ba91a45b2b1573e877aeadbb1/volumes/7942cf98-d4b5-4021-ae1e-a46a6714e882 returned with HTTP 200
Aug 31 00:20:49.943960 dv-cinder-855060-1-iscsi devstack@c-api.service[119810]: [pid: 119810|app: 0|req: 59/116] 10.222.0.67 () {60 vars in 1366 bytes} [Wed Aug 31 00:20:49 2022] GET /volume/v3/78407f2ba91a45b2b1573e877aeadbb1/volumes/7942cf98-d4b5-4021-ae1e-a46a6714e882 => generated 1007 bytes in 234 msecs (HTTP/1.1 200) 7 headers in 287 bytes (2 switches on core 0)
Aug 31 00:20:49.972848 dv-cinder-855060-1-iscsi devstack@c-api.service[119809]: DEBUG cinder.api.middleware.request_id [None req-9a21ec36-e7e9-4ee2-8ff5-7ac60cc39cf5 None None] RequestId filter calling following filter/app {{(pid=119809) _context_setter /opt/stack/cinder/cinder/api/middleware/request_id.py:62}}
Aug 31 00:20:49.980430 dv-cinder-855060-1-iscsi devstack@c-api.service[119809]: INFO cinder.api.openstack.wsgi [None req-9a21ec36-e7e9-4ee2-8ff5-7ac60cc39cf5 tempest-GroupsV314Test-1818109816 tempest-GroupsV314Test-1818109816-project] GET http://10.222.0.67/volume/v3/891c3e6e45d945e59f6b41adfb62b381/volumes/e03afe7b-5749-4375-abd5-e2d5d6e2fe2c
Aug 31 00:20:49.981495 dv-cinder-855060-1-iscsi devstack@c-api.service[119809]: DEBUG cinder.api.openstack.wsgi [None req-9a21ec36-e7e9-4ee2-8ff5-7ac60cc39cf5 tempest-GroupsV314Test-1818109816 tempest-GroupsV314Test-1818109816-project] Empty body provided in request {{(pid=119809) get_body /opt/stack/cinder/cinder/api/openstack/wsgi.py:715}}
Aug 31 00:20:49.981970 dv-cinder-855060-1-iscsi devstack@c-api.service[119809]: DEBUG cinder.api.openstack.wsgi [None req-9a21ec36-e7e9-4ee2-8ff5-7ac60cc39cf5 tempest-GroupsV314Test-1818109816 tempest-GroupsV314Test-1818109816-project] Calling method 'show' {{(pid=119809) _process_stack /opt/stack/cinder/cinder/api/openstack/wsgi.py:868}}
Aug 31 00:20:50.019646 dv-cinder-855060-1-iscsi devstack@c-api.service[119809]: /usr/local/lib/python3.8/dist-packages/oslo_context/context.py:100: DeprecationWarning: Policy enforcement is depending on the value of is_admin. This key is deprecated. Please update your policy file to use the standard policy values.
Aug 31 00:20:50.019646 dv-cinder-855060-1-iscsi devstack@c-api.service[119809]: warnings.warn('Policy enforcement is depending on the value of '
Aug 31 00:20:50.029958 dv-cinder-855060-1-iscsi devstack@c-api.service[119810]: DEBUG cinder.api.middleware.request_id [req-101842e6-cdec-4c2e-90e0-71ab16f12e20 req-efe3cd2c-154b-4c35-8bdd-3c2de0a6987e None None] RequestId filter calling following filter/app {{(pid=119810) _context_setter /opt/stack/cinder/cinder/api/middleware/request_id.py:62}}
Aug 31 00:20:50.047794 dv-cinder-855060-1-iscsi devstack@c-api.service[119809]: INFO cinder.volume.api [None req-9a21ec36-e7e9-4ee2-8ff5-7ac60cc39cf5 tempest-GroupsV314Test-1818109816 tempest-GroupsV314Test-1818109816-project] Volume info retrieved successfully.
Aug 31 00:20:50.049648 dv-cinder-855060-1-iscsi devstack@c-api.service[119809]: WARNING stevedore.named [None req-9a21ec36-e7e9-4ee2-8ff5-7ac60cc39cf5 tempest-GroupsV314Test-1818109816 tempest-GroupsV314Test-1818109816-project] Could not load cinder.keymgr.conf_key_mgr.ConfKeyManager
Aug 31 00:20:50.053723 dv-cinder-855060-1-iscsi devstack@c-api.service[119810]: INFO cinder.api.openstack.wsgi [req-101842e6-cdec-4c2e-90e0-71ab16f12e20 req-efe3cd2c-154b-4c35-8bdd-3c2de0a6987e tempest-VolumesTestJSON-739122158 tempest-VolumesTestJSON-739122158-project] GET http://10.222.0.67/volume/v3/bfec858a072145f3a7b7ac593280e7e0/volumes/7a2a658f-4105-4075-8dae-8b3a3cc4aff1
Aug 31 00:20:50.054117 dv-cinder-855060-1-iscsi devstack@c-api.service[119810]: DEBUG cinder.api.openstack.wsgi [req-101842e6-cdec-4c2e-90e0-71ab16f12e20 req-efe3cd2c-154b-4c35-8bdd-3c2de0a6987e tempest-VolumesTestJSON-739122158 tempest-VolumesTestJSON-739122158-project] Empty body provided in request {{(pid=119810) get_body /opt/stack/cinder/cinder/api/openstack/wsgi.py:715}}
Aug 31 00:20:50.054961 dv-cinder-855060-1-iscsi devstack@c-api.service[119810]: DEBUG cinder.api.openstack.wsgi [req-101842e6-cdec-4c2e-90e0-71ab16f12e20 req-efe3cd2c-154b-4c35-8bdd-3c2de0a6987e tempest-VolumesTestJSON-739122158 tempest-VolumesTestJSON-739122158-project] Calling method 'show' {{(pid=119810) _process_stack /opt/stack/cinder/cinder/api/openstack/wsgi.py:868}}
Aug 31 00:20:50.060490 dv-cinder-855060-1-iscsi devstack@c-api.service[119809]: WARNING castellan.key_manager [None req-9a21ec36-e7e9-4ee2-8ff5-7ac60cc39cf5 tempest-GroupsV314Test-1818109816 tempest-GroupsV314Test-1818109816-project] Deprecation Warning : cinder.keymgr.conf_key_mgr.ConfKeyManager is not a stevedore based driver, trying to load it as a class: stevedore.exception.NoMatches: No 'castellan.drivers' driver found, looking for 'cinder.keymgr.conf_key_mgr.ConfKeyManager'
Aug 31 00:20:50.086571 dv-cinder-855060-1-iscsi devstack@c-api.service[119809]: DEBUG oslo_db.sqlalchemy.engines [None req-9a21ec36-e7e9-4ee2-8ff5-7ac60cc39cf5 tempest-GroupsV314Test-1818109816 tempest-GroupsV314Test-1818109816-project] MySQL server mode set to STRICT_TRANS_TABLES,STRICT_ALL_TABLES,NO_ZERO_IN_DATE,NO_ZERO_DATE,ERROR_FOR_DIVISION_BY_ZERO,TRADITIONAL,NO_ENGINE_SUBSTITUTION {{(pid=119809) _check_effective_sql_mode /usr/local/lib/python3.8/dist-packages/oslo_db/sqlalchemy/engines.py:314}}
Aug 31 00:20:50.095482 dv-cinder-855060-1-iscsi devstack@c-api.service[119809]: /usr/local/lib/python3.8/dist-packages/oslo_context/context.py:100: DeprecationWarning: Policy enforcement is depending on the value of is_admin. This key is deprecated. Please update your policy file to use the standard policy values.
Aug 31 00:20:50.095482 dv-cinder-855060-1-iscsi devstack@c-api.service[119809]: warnings.warn('Policy enforcement is depending on the value of '
Aug 31 00:20:50.129227 dv-cinder-855060-1-iscsi devstack@c-api.service[119810]: /usr/local/lib/python3.8/dist-packages/oslo_context/context.py:100: DeprecationWarning: Policy enforcement is depending on the value of is_admin. This key is deprecated. Please update your policy file to use the standard policy values.
Aug 31 00:20:50.129227 dv-cinder-855060-1-iscsi devstack@c-api.service[119810]: warnings.warn('Policy enforcement is depending on the value of '
Aug 31 00:20:50.142651 dv-cinder-855060-1-iscsi devstack@c-api.service[119810]: DEBUG dbcounter [-] [119810] Writing DB stats cinder:SELECT=78,cinder:INSERT=10,cinder:UPDATE=12 {{(pid=119810) stat_writer /usr/local/lib/python3.8/dist-packages/dbcounter.py:114}}
Aug 31 00:20:50.165302 dv-cinder-855060-1-iscsi devstack@c-api.service[119810]: INFO cinder.volume.api [req-101842e6-cdec-4c2e-90e0-71ab16f12e20 req-efe3cd2c-154b-4c35-8bdd-3c2de0a6987e tempest-VolumesTestJSON-739122158 tempest-VolumesTestJSON-739122158-project] Volume info retrieved successfully.
Aug 31 00:20:50.174077 dv-cinder-855060-1-iscsi devstack@c-api.service[119809]: INFO cinder.api.openstack.wsgi [None req-9a21ec36-e7e9-4ee2-8ff5-7ac60cc39cf5 tempest-GroupsV314Test-1818109816 tempest-GroupsV314Test-1818109816-project] http://10.222.0.67/volume/v3/891c3e6e45d945e59f6b41adfb62b381/volumes/e03afe7b-5749-4375-abd5-e2d5d6e2fe2c returned with HTTP 200
Aug 31 00:20:50.175061 dv-cinder-855060-1-iscsi devstack@c-api.service[119809]: [pid: 119809|app: 0|req: 58/117] 10.222.0.67 () {60 vars in 1366 bytes} [Wed Aug 31 00:20:49 2022] GET /volume/v3/891c3e6e45d945e59f6b41adfb62b381/volumes/e03afe7b-5749-4375-abd5-e2d5d6e2fe2c => generated 992 bytes in 203 msecs (HTTP/1.1 200) 7 headers in 286 bytes (1 switches on core 0)
Aug 31 00:20:50.208369 dv-cinder-855060-1-iscsi devstack@c-api.service[119810]: INFO cinder.api.openstack.wsgi [req-101842e6-cdec-4c2e-90e0-71ab16f12e20 req-efe3cd2c-154b-4c35-8bdd-3c2de0a6987e tempest-VolumesTestJSON-739122158 tempest-VolumesTestJSON-739122158-project] http://10.222.0.67/volume/v3/bfec858a072145f3a7b7ac593280e7e0/volumes/7a2a658f-4105-4075-8dae-8b3a3cc4aff1 returned with HTTP 200
Aug 31 00:20:50.233992 dv-cinder-855060-1-iscsi devstack@c-api.service[119810]: [pid: 119810|app: 0|req: 60/118] 10.222.0.67 () {60 vars in 1578 bytes} [Wed Aug 31 00:20:50 2022] GET /volume/v3/bfec858a072145f3a7b7ac593280e7e0/volumes/7a2a658f-4105-4075-8dae-8b3a3cc4aff1 => generated 921 bytes in 207 msecs (HTTP/1.1 200) 7 headers in 285 bytes (1 switches on core 0)
Aug 31 00:20:50.242882 dv-cinder-855060-1-iscsi devstack@c-api.service[119809]: DEBUG cinder.api.middleware.request_id [None req-e5b9ae98-6b8e-4dba-85f6-904291e543f3 None None] RequestId filter calling following filter/app {{(pid=119809) _context_setter /opt/stack/cinder/cinder/api/middleware/request_id.py:62}}
Aug 31 00:20:50.250286 dv-cinder-855060-1-iscsi devstack@c-api.service[119809]: INFO cinder.api.openstack.wsgi [None req-e5b9ae98-6b8e-4dba-85f6-904291e543f3 tempest-VolumesTestJSON-739122158 tempest-VolumesTestJSON-739122158-project] POST http://10.222.0.67/volume/v3/bfec858a072145f3a7b7ac593280e7e0/volumes
Aug 31 00:20:50.251163 dv-cinder-855060-1-iscsi devstack@c-api.service[119809]: DEBUG cinder.api.openstack.wsgi [None req-e5b9ae98-6b8e-4dba-85f6-904291e543f3 tempest-VolumesTestJSON-739122158 tempest-VolumesTestJSON-739122158-project] Action: 'create', calling method: create, body: {"volume": {"metadata": {"Type": "work"}, "size": 1, "display_name": "tempest-VolumesTestJSON-volume-374733785"}} {{(pid=119809) _process_stack /opt/stack/cinder/cinder/api/openstack/wsgi.py:866}}
Aug 31 00:20:50.255747 dv-cinder-855060-1-iscsi devstack@c-api.service[119809]: DEBUG cinder.api.v3.volumes [None req-e5b9ae98-6b8e-4dba-85f6-904291e543f3 tempest-VolumesTestJSON-739122158 tempest-VolumesTestJSON-739122158-project] Create volume request body: {'volume': {'metadata': {'Type': 'work'}, 'size': 1, 'display_name': 'tempest-VolumesTestJSON-volume-374733785'}} {{(pid=119809) create /opt/stack/cinder/cinder/api/v3/volumes.py:298}}
Aug 31 00:20:50.257849 dv-cinder-855060-1-iscsi devstack@c-api.service[119809]: INFO cinder.api.v3.volumes [None req-e5b9ae98-6b8e-4dba-85f6-904291e543f3 tempest-VolumesTestJSON-739122158 tempest-VolumesTestJSON-739122158-project] Create volume of 1 GB
Aug 31 00:20:50.277025 dv-cinder-855060-1-iscsi devstack@c-api.service[119809]: INFO cinder.volume.api [None req-e5b9ae98-6b8e-4dba-85f6-904291e543f3 tempest-VolumesTestJSON-739122158 tempest-VolumesTestJSON-739122158-project] Availability Zones retrieved successfully.
Aug 31 00:20:50.340819 dv-cinder-855060-1-iscsi devstack@c-api.service[119809]: DEBUG cinder.volume.api [None req-e5b9ae98-6b8e-4dba-85f6-904291e543f3 tempest-VolumesTestJSON-739122158 tempest-VolumesTestJSON-739122158-project] Flow 'volume_create_api' (52a008a7-6b97-41ac-bd7d-6e0288b03794) transitioned into state 'RUNNING' from state 'PENDING' {{(pid=119809) _flow_receiver /usr/local/lib/python3.8/dist-packages/taskflow/listeners/logging.py:141}}
Aug 31 00:20:50.343432 dv-cinder-855060-1-iscsi devstack@c-api.service[119809]: DEBUG cinder.volume.api [None req-e5b9ae98-6b8e-4dba-85f6-904291e543f3 tempest-VolumesTestJSON-739122158 tempest-VolumesTestJSON-739122158-project] Task 'cinder.volume.flows.api.create_volume.ExtractVolumeRequestTask;volume:create' (8d2b3d2a-e6b4-49e4-918d-c01e6bf9dce7) transitioned into state 'RUNNING' from state 'PENDING' {{(pid=119809) _task_receiver /usr/local/lib/python3.8/dist-packages/taskflow/listeners/logging.py:190}}
Aug 31 00:20:50.345922 dv-cinder-855060-1-iscsi devstack@c-api.service[119809]: DEBUG cinder.volume.flows.api.create_volume [None req-e5b9ae98-6b8e-4dba-85f6-904291e543f3 tempest-VolumesTestJSON-739122158 tempest-VolumesTestJSON-739122158-project] Validating volume size '1' using validate_int {{(pid=119809) _extract_size /opt/stack/cinder/cinder/volume/flows/api/create_volume.py:228}}
Aug 31 00:20:50.392235 dv-cinder-855060-1-iscsi devstack@c-api.service[119810]: DEBUG cinder.api.middleware.request_id [None req-1ef6cb48-196b-4d87-97bf-51a7878189de None None] RequestId filter calling following filter/app {{(pid=119810) _context_setter /opt/stack/cinder/cinder/api/middleware/request_id.py:62}}
