Sep 23 15:18:18.625536 dv-cinder-855013-3-iscsi neutron-server[106669]: DEBUG neutron.api.rpc.handlers.l3_rpc [None req-c6ae35d8-6c33-40b8-9bfd-4d8e69f22406 None None] The sync data for ids ['197d0045-a353-4617-93c2-bb7d6c36e08a'] in dv-cinder-855013-3-iscsi is: [{'id': '197d0045-a353-4617-93c2-bb7d6c36e08a', 'name': 'tempest-AttachVolumeTestJSON-284241252-router', 'tenant_id': 'd4fd7ca907fa4806904e1c00b21b5447', 'admin_state_up': True, 'status': 'ACTIVE', 'external_gateway_info': {'network_id': 'b44dc6c3-f1e9-43eb-835f-db2a2981119f', 'external_fixed_ips': [{'subnet_id': '7a46f727-6425-4f8f-8680-f00fa7f73b71', 'ip_address': '172.27.1.165'}], 'enable_snat': True}, 'gw_port_id': 'c3c61c39-4b69-44a5-8993-bf081b82a93c', 'description': '', 'availability_zones': ['nova'], 'distributed': False, 'ha': False, 'ha_vr_id': 0, 'availability_zone_hints': [], 'routes': [], 'flavor_id': None, 'tags': [], 'created_at': '2022-09-23T15:17:58Z', 'updated_at': '2022-09-23T15:18:12Z', 'revision_number': 4, 'project_id': 'd4fd7ca907fa4806904e1c00b21b5447', 'gw_port': {'id': 'c3c61c39-4b69-44a5-8993-bf081b82a93c', 'name': '', 'network_id': 'b44dc6c3-f1e9-43eb-835f-db2a2981119f', 'tenant_id': '', 'mac_address': 'fa:16:3e:13:10:35', 'admin_state_up': True, 'status': 'ACTIVE', 'device_id': '197d0045-a353-4617-93c2-bb7d6c36e08a', 'device_owner': 'network:router_gateway', 'standard_attr_id': 104, 'fixed_ips': [{'subnet_id': '7a46f727-6425-4f8f-8680-f00fa7f73b71', 'ip_address': '172.27.1.165', 'prefixlen': 24}], 'allowed_address_pairs': [], 'extra_dhcp_opts': [], 'security_groups': [], 'description': '', 'binding:vnic_type': 'normal', 'binding:profile': {}, 'binding:host_id': 'dv-cinder-855013-3-iscsi', 'binding:vif_type': 'ovs', 'binding:vif_details': {'connectivity': 'l2', 'port_filter': True, 'ovs_hybrid_plug': False, 'datapath_type': 'system', 'bridge_name': 'br-int', 'bound_drivers': {'0': 'openvswitch'}}, 'port_security_enabled': False, 'tags': [], 'created_at': '2022-09-23T15:18:00Z', 'updated_at': '2022-09-23T15:18:13Z', 'revision_number': 4, 'project_id': '', 'subnets': [{'id': '7a46f727-6425-4f8f-8680-f00fa7f73b71', 'cidr': '172.27.1.0/24', 'gateway_ip': '172.27.1.1', 'dns_nameservers': [], 'ipv6_ra_mode': None, 'subnetpool_id': None}], 'extra_subnets': [], 'address_scopes': {4: None, 6: None}, 'mtu': 1500}, 'enable_snat': True, 'gw_port_host': 'dv-cinder-855013-3-iscsi', '_interfaces': [{'id': 'd246e4cb-d87c-4dba-8d60-d1dd3ffb61fb', 'name': '', 'network_id': '2b94c7d0-0c4f-4356-ac0d-a0345dcfe903', 'tenant_id': 'd4fd7ca907fa4806904e1c00b21b5447', 'mac_address': 'fa:16:3e:fa:9f:5d', 'admin_state_up': True, 'status': 'DOWN', 'device_id': '197d0045-a353-4617-93c2-bb7d6c36e08a', 'device_owner': 'network:router_interface', 'standard_attr_id': 123, 'fixed_ips': [{'subnet_id': '7c1009b3-0dad-4e71-8542-59484855073f', 'ip_address': '172.20.0.1', 'prefixlen': 28}], 'allowed_address_pairs': [], 'extra_dhcp_opts': [], 'security_groups': [], 'description': '', 'binding:vnic_type': 'normal', 'binding:profile': {}, 'binding:host_id': 'dv-cinder-855013-3-iscsi', 'binding:vif_type': 'ovs', 'binding:vif_details': {'connectivity': 'l2', 'port_filter': True, 'ovs_hybrid_plug': False, 'datapath_type': 'system', 'bridge_name': 'br-int', 'bound_drivers': {'0': 'openvswitch'}}, 'port_security_enabled': False, 'tags': [], 'created_at': '2022-09-23T15:18:09Z', 'updated_at': '2022-09-23T15:18:17Z', 'revision_number': 4, 'project_id': 'd4fd7ca907fa4806904e1c00b21b5447', 'subnets': [{'id': '7c1009b3-0dad-4e71-8542-59484855073f', 'cidr': '172.20.0.0/28', 'gateway_ip': '172.20.0.1', 'dns_nameservers': [], 'ipv6_ra_mode': None, 'subnetpool_id': None}], 'extra_subnets': [], 'address_scopes': {4: None, 6: None}, 'mtu': 1500}]}] {{(pid=106669) sync_routers /opt/stack/neutron/neutron/api/rpc/handlers/l3_rpc.py:137}}
Sep 23 15:18:18.668532 dv-cinder-855013-3-iscsi neutron-server[106667]: DEBUG neutron_lib.callbacks.manager [None req-8bbbe0e5-6d7c-4f92-a385-e4045ee852c8 tempest-AttachVolumeTestJSON-206885622 tempest-AttachVolumeTestJSON-206885622-project] Publish callbacks [] for security_group_rule (aaccbafa-ad7c-41c7-a7e7-d6bf742a0de8), precommit_create {{(pid=106667) _notify_loop /usr/local/lib/python3.8/dist-packages/neutron_lib/callbacks/manager.py:176}}
Sep 23 15:18:18.678252 dv-cinder-855013-3-iscsi neutron-server[106667]: DEBUG neutron_lib.callbacks.manager [None req-5e4bc94e-2bcd-4a91-a940-6e712f6a9606 tempest-AttachVolumeShelveTestJSON-548995668 tempest-AttachVolumeShelveTestJSON-548995668-project] Publish callbacks [] for port (5d5f684d-f0a4-4f08-8fbf-ac2268b72042), precommit_update {{(pid=106667) _notify_loop /usr/local/lib/python3.8/dist-packages/neutron_lib/callbacks/manager.py:176}}
Sep 23 15:18:18.684691 dv-cinder-855013-3-iscsi neutron-server[106667]: DEBUG neutron_lib.callbacks.manager [None req-8bbbe0e5-6d7c-4f92-a385-e4045ee852c8 tempest-AttachVolumeTestJSON-206885622 tempest-AttachVolumeTestJSON-206885622-project] Publish callbacks ['neutron.plugins.ml2.ovo_rpc._ObjectChangeHandler.handle_event-562069'] for security_group_rule (aaccbafa-ad7c-41c7-a7e7-d6bf742a0de8), after_create {{(pid=106667) _notify_loop /usr/local/lib/python3.8/dist-packages/neutron_lib/callbacks/manager.py:176}}
Sep 23 15:18:18.691843 dv-cinder-855013-3-iscsi neutron-server[106668]: DEBUG neutron.db.provisioning_blocks [None req-dfe76321-67a8-4911-93bc-039293d97865 None None] Provisioning complete for port 63894506-dbae-47ec-a1f3-c1b07368ac95 triggered by entity L2. {{(pid=106668) provisioning_complete /opt/stack/neutron/neutron/db/provisioning_blocks.py:144}}
Sep 23 15:18:18.692362 dv-cinder-855013-3-iscsi neutron-server[106668]: DEBUG neutron_lib.callbacks.manager [None req-dfe76321-67a8-4911-93bc-039293d97865 None None] Publish callbacks ['neutron.plugins.ml2.plugin.Ml2Plugin._port_provisioned-1731806'] for port (63894506-dbae-47ec-a1f3-c1b07368ac95), provisioning_complete {{(pid=106668) _notify_loop /usr/local/lib/python3.8/dist-packages/neutron_lib/callbacks/manager.py:176}}
Sep 23 15:18:18.692788 dv-cinder-855013-3-iscsi neutron-server[106668]: INFO neutron.plugins.ml2.plugin [None req-dfe76321-67a8-4911-93bc-039293d97865 None None] Attempt 1 to provision port 63894506-dbae-47ec-a1f3-c1b07368ac95
Sep 23 15:18:18.776897 dv-cinder-855013-3-iscsi neutron-server[106667]: DEBUG neutron_lib.callbacks.manager [None req-5e4bc94e-2bcd-4a91-a940-6e712f6a9606 tempest-AttachVolumeShelveTestJSON-548995668 tempest-AttachVolumeShelveTestJSON-548995668-project] Publish callbacks ['neutron.plugins.ml2.plugin.SecurityGroupServerNotifierRpcMixin._notify_sg_on_port_change-1723019', 'neutron.plugins.ml2.ovo_rpc._ObjectChangeHandler.handle_event-378611', 'neutron.api.rpc.agentnotifiers.dhcp_rpc_agent_api.DhcpAgentNotifyAPI._native_event_send_dhcp_notification-538399', 'neutron.db.l3_db.L3RpcNotifierMixin._notify_gateway_port_ip_changed-8749002284966', 'neutron.db.l3_dvrscheduler_db._notify_l3_agent_port_update-8749001759955', 'neutron.db.l3_hascheduler_db._notify_l3_agent_ha_port_update-8749001759973'] for port (5d5f684d-f0a4-4f08-8fbf-ac2268b72042), after_update {{(pid=106667) _notify_loop /usr/local/lib/python3.8/dist-packages/neutron_lib/callbacks/manager.py:176}}
Sep 23 15:18:18.777708 dv-cinder-855013-3-iscsi neutron-server[106667]: DEBUG neutron_lib.callbacks.manager [None req-5e4bc94e-2bcd-4a91-a940-6e712f6a9606 tempest-AttachVolumeShelveTestJSON-548995668 tempest-AttachVolumeShelveTestJSON-548995668-project] Publish callbacks ['neutron.services.l3_router.l3_router_plugin.DVRResourceOperationHandler._create_dvr_floating_gw_port-1027235'] for floatingip (e6bf4885-cff7-493a-87cd-4426fa7571bf), after_create {{(pid=106667) _notify_loop /usr/local/lib/python3.8/dist-packages/neutron_lib/callbacks/manager.py:176}}
Sep 23 15:18:18.799243 dv-cinder-855013-3-iscsi neutron-server[106667]: DEBUG neutron_lib.callbacks.manager [None req-8bbbe0e5-6d7c-4f92-a385-e4045ee852c8 tempest-AttachVolumeTestJSON-206885622 tempest-AttachVolumeTestJSON-206885622-project] Publish callbacks [] for security_group_rule (None), before_response {{(pid=106667) _notify_loop /usr/local/lib/python3.8/dist-packages/neutron_lib/callbacks/manager.py:176}}
Sep 23 15:18:18.808859 dv-cinder-855013-3-iscsi neutron-server[106667]: INFO neutron.wsgi [None req-8bbbe0e5-6d7c-4f92-a385-e4045ee852c8 tempest-AttachVolumeTestJSON-206885622 tempest-AttachVolumeTestJSON-206885622-project] 10.222.0.75 "POST /networking/v2.0/security-group-rules HTTP/1.1" status: 201 len: 764 time: 1.7013729
Sep 23 15:18:18.819159 dv-cinder-855013-3-iscsi neutron-server[106666]: DEBUG neutron.wsgi [-] (106666) accepted ('10.222.0.75', 48448) {{(pid=106666) server /usr/local/lib/python3.8/dist-packages/eventlet/wsgi.py:1004}}
Sep 23 15:18:18.841603 dv-cinder-855013-3-iscsi neutron-server[106666]: DEBUG neutron.api.v2.base [None req-faa2135e-0bdb-47d1-b913-594336881a18 tempest-AttachVolumeTestJSON-206885622 tempest-AttachVolumeTestJSON-206885622-project] Request body: {'security_group_rule': {'security_group_id': '63539bfd-2660-4293-ad7c-b47060a15d3b', 'protocol': 'icmp', 'ethertype': 'IPv4', 'direction': 'ingress'}} {{(pid=106666) prepare_request_body /opt/stack/neutron/neutron/api/v2/base.py:730}}
Sep 23 15:18:18.953270 dv-cinder-855013-3-iscsi neutron-server[106667]: DEBUG dbcounter [-] [106667] Writing DB stats neutron:SELECT=91,neutron:INSERT=5,neutron:UPDATE=2,neutron:DELETE=2 {{(pid=106667) stat_writer /usr/local/lib/python3.8/dist-packages/dbcounter.py:114}}
Sep 23 15:18:18.959069 dv-cinder-855013-3-iscsi neutron-server[106667]: DEBUG neutron.api.rpc.handlers.resources_rpc [None req-8bbbe0e5-6d7c-4f92-a385-e4045ee852c8 tempest-AttachVolumeTestJSON-206885622 tempest-AttachVolumeTestJSON-206885622-project] Pushing event updated for resources: {'SecurityGroupRule': ['ID=aaccbafa-ad7c-41c7-a7e7-d6bf742a0de8,revision_number=0']} {{(pid=106667) push /opt/stack/neutron/neutron/api/rpc/handlers/resources_rpc.py:237}}
Sep 23 15:18:18.988333 dv-cinder-855013-3-iscsi neutron-server[106666]: DEBUG neutron_lib.callbacks.manager [None req-faa2135e-0bdb-47d1-b913-594336881a18 tempest-AttachVolumeTestJSON-206885622 tempest-AttachVolumeTestJSON-206885622-project] Publish callbacks [] for security_group_rule (d3985b16-8f36-4414-be0a-f914089961b7), before_create {{(pid=106666) _notify_loop /usr/local/lib/python3.8/dist-packages/neutron_lib/callbacks/manager.py:176}}
Sep 23 15:18:19.032678 dv-cinder-855013-3-iscsi neutron-server[106667]: DEBUG neutron_lib.callbacks.manager [None req-5e4bc94e-2bcd-4a91-a940-6e712f6a9606 tempest-AttachVolumeShelveTestJSON-548995668 tempest-AttachVolumeShelveTestJSON-548995668-project] Publish callbacks ['neutron.notifiers.nova.Notifier._send_nova_notification-168038'] for floatingip (None), before_response {{(pid=106667) _notify_loop /usr/local/lib/python3.8/dist-packages/neutron_lib/callbacks/manager.py:176}}
Sep 23 15:18:19.046141 dv-cinder-855013-3-iscsi neutron-server[106667]: INFO neutron.wsgi [None req-5e4bc94e-2bcd-4a91-a940-6e712f6a9606 tempest-AttachVolumeShelveTestJSON-548995668 tempest-AttachVolumeShelveTestJSON-548995668-project] 10.222.0.75 "POST /networking/v2.0/floatingips HTTP/1.1" status: 201 len: 693 time: 5.3034799
Sep 23 15:18:19.077057 dv-cinder-855013-3-iscsi neutron-server[106668]: DEBUG neutron.plugins.ml2.plugin [None req-dfe76321-67a8-4911-93bc-039293d97865 None None] Current status of the port 63894506-dbae-47ec-a1f3-c1b07368ac95 is: DOWN; New status is: ACTIVE {{(pid=106668) _update_individual_port_db_status /opt/stack/neutron/neutron/plugins/ml2/plugin.py:2321}}
Sep 23 15:18:19.078233 dv-cinder-855013-3-iscsi neutron-server[106668]: DEBUG neutron_lib.callbacks.manager [None req-dfe76321-67a8-4911-93bc-039293d97865 None None] Publish callbacks ['neutron.plugins.ml2.plugin.SecurityGroupDbMixin._ensure_default_security_group_handler-1723726'] for port (63894506-dbae-47ec-a1f3-c1b07368ac95), before_update {{(pid=106668) _notify_loop /usr/local/lib/python3.8/dist-packages/neutron_lib/callbacks/manager.py:176}}
Sep 23 15:18:19.088653 dv-cinder-855013-3-iscsi neutron-server[106667]: DEBUG neutron.api.rpc.handlers.resources_rpc [None req-5e4bc94e-2bcd-4a91-a940-6e712f6a9606 tempest-AttachVolumeShelveTestJSON-548995668 tempest-AttachVolumeShelveTestJSON-548995668-project] Pushing event updated for resources: {'Port': ['ID=5d5f684d-f0a4-4f08-8fbf-ac2268b72042,revision_number=2']} {{(pid=106667) push /opt/stack/neutron/neutron/api/rpc/handlers/resources_rpc.py:237}}
Sep 23 15:18:19.106113 dv-cinder-855013-3-iscsi neutron-server[106668]: INFO neutron.plugins.ml2.plugin [None req-87fd2dec-797b-4f27-9fbd-e978b9beab68 None None] Attempt 7 to provision port cb108961-7e8f-4d41-9be1-05b9c5b80c3c
Sep 23 15:18:19.323092 dv-cinder-855013-3-iscsi neutron-server[106668]: DEBUG neutron.plugins.ml2.db [None req-dfe76321-67a8-4911-93bc-039293d97865 None None] For port 63894506-dbae-47ec-a1f3-c1b07368ac95, host dv-cinder-855013-3-iscsi, got binding levels [PortBindingLevel(driver='openvswitch',host='dv-cinder-855013-3-iscsi',level=0,port_id=63894506-dbae-47ec-a1f3-c1b07368ac95,segment=NetworkSegment(a38e2061-a55b-45bf-8af3-f2b19b66256d),segment_id=a38e2061-a55b-45bf-8af3-f2b19b66256d)] {{(pid=106668) get_binding_level_objs /opt/stack/neutron/neutron/plugins/ml2/db.py:74}}
Sep 23 15:18:19.329665 dv-cinder-855013-3-iscsi neutron-server[106668]: DEBUG neutron.plugins.ml2.plugin [None req-87fd2dec-797b-4f27-9fbd-e978b9beab68 None None] Port cb108961-7e8f-4d41-9be1-05b9c5b80c3c cannot update to ACTIVE because it is not bound. {{(pid=106668) _port_provisioned /opt/stack/neutron/neutron/plugins/ml2/plugin.py:359}}
Sep 23 15:18:19.335475 dv-cinder-855013-3-iscsi neutron-server[106668]: DEBUG neutron_lib.callbacks.manager [None req-dfe76321-67a8-4911-93bc-039293d97865 None None] Publish callbacks ['neutron.plugins.ml2.plugin.SecurityGroupServerNotifierRpcMixin._notify_sg_on_port_change-1723019', 'neutron.plugins.ml2.ovo_rpc._ObjectChangeHandler.handle_event-378611', 'neutron.api.rpc.agentnotifiers.dhcp_rpc_agent_api.DhcpAgentNotifyAPI._native_event_send_dhcp_notification-538399', 'neutron.db.l3_db.L3RpcNotifierMixin._notify_gateway_port_ip_changed-8749002284966', 'neutron.db.l3_dvrscheduler_db._notify_l3_agent_port_update-8749001759955', 'neutron.db.l3_hascheduler_db._notify_l3_agent_ha_port_update-8749001759973'] for port (63894506-dbae-47ec-a1f3-c1b07368ac95), after_update {{(pid=106668) _notify_loop /usr/local/lib/python3.8/dist-packages/neutron_lib/callbacks/manager.py:176}}
Sep 23 15:18:19.338532 dv-cinder-855013-3-iscsi neutron-server[106668]: DEBUG neutron.plugins.ml2.rpc [None req-dfe76321-67a8-4911-93bc-039293d97865 None None] Device 2a943a97-e781-4ca4-902e-07bafbb9f438 up at agent ovs-agent-dv-cinder-855013-3-iscsi {{(pid=106668) update_device_up /opt/stack/neutron/neutron/plugins/ml2/rpc.py:296}}
Sep 23 15:18:19.459563 dv-cinder-855013-3-iscsi neutron-server[106667]: DEBUG neutron.wsgi [-] (106667) accepted ('10.222.0.64', 49767) {{(pid=106667) server /usr/local/lib/python3.8/dist-packages/eventlet/wsgi.py:1004}}
Sep 23 15:18:19.462214 dv-cinder-855013-3-iscsi neutron-server[106666]: DEBUG neutron.db.db_base_plugin_common [req-f46104d3-dcf6-4a73-8c08-5f959f4ff808 req-465e0b4b-b78b-46bc-8e2e-707be24193b0 tempest-ServerRescueNegativeTestJSON-656590992 tempest-ServerRescueNegativeTestJSON-656590992-project] Allocated IP 172.20.0.10 (d3ffbd85-3b9b-417b-b45f-55b60c247ef0/769f1f9a-55b6-4093-bd2a-11d0168f1f8d/2cdd4723-27d8-4995-a49c-6967ba24fa7e) {{(pid=106666) _store_ip_allocation /opt/stack/neutron/neutron/db/db_base_plugin_common.py:131}}
Sep 23 15:18:19.757072 dv-cinder-855013-3-iscsi neutron-server[106668]: DEBUG neutron.db.provisioning_blocks [None req-dfe76321-67a8-4911-93bc-039293d97865 None None] Provisioning complete for port 2a943a97-e781-4ca4-902e-07bafbb9f438 triggered by entity L2. {{(pid=106668) provisioning_complete /opt/stack/neutron/neutron/db/provisioning_blocks.py:144}}
Sep 23 15:18:19.760832 dv-cinder-855013-3-iscsi neutron-server[106668]: DEBUG neutron_lib.callbacks.manager [None req-dfe76321-67a8-4911-93bc-039293d97865 None None] Publish callbacks ['neutron.plugins.ml2.plugin.Ml2Plugin._port_provisioned-1731806'] for port (2a943a97-e781-4ca4-902e-07bafbb9f438), provisioning_complete {{(pid=106668) _notify_loop /usr/local/lib/python3.8/dist-packages/neutron_lib/callbacks/manager.py:176}}
Sep 23 15:18:19.763193 dv-cinder-855013-3-iscsi neutron-server[106668]: INFO neutron.plugins.ml2.plugin [None req-dfe76321-67a8-4911-93bc-039293d97865 None None] Attempt 1 to provision port 2a943a97-e781-4ca4-902e-07bafbb9f438
Sep 23 15:18:19.856305 dv-cinder-855013-3-iscsi neutron-server[106668]: INFO neutron.plugins.ml2.plugin [None req-87fd2dec-797b-4f27-9fbd-e978b9beab68 None None] Attempt 8 to provision port cb108961-7e8f-4d41-9be1-05b9c5b80c3c
Sep 23 15:18:19.896191 dv-cinder-855013-3-iscsi neutron-server[106668]: DEBUG dbcounter [-] [106668] Writing DB stats neutron:SELECT=98,neutron:UPDATE=2 {{(pid=106668) stat_writer /usr/local/lib/python3.8/dist-packages/dbcounter.py:114}}
Sep 23 15:18:19.990759 dv-cinder-855013-3-iscsi neutron-server[106667]: DEBUG neutron.pecan_wsgi.hooks.policy_enforcement [req-c749bd73-05f7-45ee-9edf-d91aa60b7070 req-1dd68128-8d71-45ff-a787-c4c1a9985436 tempest-DeleteServersTestJSON-381200369 tempest-DeleteServersTestJSON-381200369-project] Attributes excluded by policy engine: ['standard_attr_id', 'vlan_transparent', 'provider:network_type', 'provider:physical_network', 'provider:segmentation_id'] {{(pid=106667) _exclude_attributes_by_policy /opt/stack/neutron/neutron/pecan_wsgi/hooks/policy_enforcement.py:259}}
Sep 23 15:18:19.995571 dv-cinder-855013-3-iscsi neutron-server[106667]: INFO neutron.wsgi [req-c749bd73-05f7-45ee-9edf-d91aa60b7070 req-1dd68128-8d71-45ff-a787-c4c1a9985436 tempest-DeleteServersTestJSON-381200369 tempest-DeleteServersTestJSON-381200369-project] 10.222.0.64 "GET /networking/v2.0/networks?id=40d84ac8-df74-4849-8e65-19da5d7d6642 HTTP/1.1" status: 200 len: 812 time: 0.5337317
Sep 23 15:18:20.008943 dv-cinder-855013-3-iscsi neutron-server[106668]: DEBUG dbcounter [-] [106668] Writing DB stats neutron:SELECT=99,neutron:UPDATE=1 {{(pid=106668) stat_writer /usr/local/lib/python3.8/dist-packages/dbcounter.py:114}}
Sep 23 15:18:20.034346 dv-cinder-855013-3-iscsi neutron-server[106668]: DEBUG neutron.api.rpc.handlers.resources_rpc [None req-dfe76321-67a8-4911-93bc-039293d97865 None None] Pushing event updated for resources: {'Port': ['ID=63894506-dbae-47ec-a1f3-c1b07368ac95,revision_number=4']} {{(pid=106668) push /opt/stack/neutron/neutron/api/rpc/handlers/resources_rpc.py:237}}
Sep 23 15:18:20.071923 dv-cinder-855013-3-iscsi neutron-server[106668]: DEBUG neutron.plugins.ml2.plugin [None req-87fd2dec-797b-4f27-9fbd-e978b9beab68 None None] Port cb108961-7e8f-4d41-9be1-05b9c5b80c3c cannot update to ACTIVE because it is not bound. {{(pid=106668) _port_provisioned /opt/stack/neutron/neutron/plugins/ml2/plugin.py:359}}
Sep 23 15:18:20.098223 dv-cinder-855013-3-iscsi neutron-server[106667]: INFO neutron.wsgi [req-9aecc9c2-f348-4e6b-aa3e-76ac8a660a3e req-9f4c8b7b-9f15-4954-9986-28567e45eec2 tempest-DeleteServersTestJSON-381200369 tempest-DeleteServersTestJSON-381200369-project] 10.222.0.75 "GET /networking/v2.0/ports?device_id=388c3ec1-6dc6-44b8-b711-58a0cf68f061 HTTP/1.1" status: 200 len: 210 time: 0.1003780
Sep 23 15:18:20.128502 dv-cinder-855013-3-iscsi neutron-server[106666]: DEBUG neutron_lib.callbacks.manager [req-f46104d3-dcf6-4a73-8c08-5f959f4ff808 req-465e0b4b-b78b-46bc-8e2e-707be24193b0 tempest-ServerRescueNegativeTestJSON-656590992 tempest-ServerRescueNegativeTestJSON-656590992-project] Publish callbacks [] for port (2cdd4723-27d8-4995-a49c-6967ba24fa7e), precommit_create {{(pid=106666) _notify_loop /usr/local/lib/python3.8/dist-packages/neutron_lib/callbacks/manager.py:176}}
Sep 23 15:18:20.132577 dv-cinder-855013-3-iscsi neutron-server[106668]: DEBUG neutron.plugins.ml2.plugin [None req-dfe76321-67a8-4911-93bc-039293d97865 None None] Current status of the port 2a943a97-e781-4ca4-902e-07bafbb9f438 is: ACTIVE; New status is: ACTIVE {{(pid=106668) _update_individual_port_db_status /opt/stack/neutron/neutron/plugins/ml2/plugin.py:2321}}
Sep 23 15:18:20.284159 dv-cinder-855013-3-iscsi neutron-server[106666]: INFO neutron.wsgi [req-9a93aaca-6349-457f-bf2f-ef7a451192fb req-519509bd-17fa-4f56-b4de-c1bd5f0674e3 tempest-ServerRescueNegativeTestJSON-656590992 tempest-ServerRescueNegativeTestJSON-656590992-project] 10.222.0.75 "GET /networking/v2.0/ports?device_id=a7d9677f-fe5a-4549-91b7-4657540ae97f HTTP/1.1" status: 200 len: 210 time: 1.0754189
Sep 23 15:18:20.372156 dv-cinder-855013-3-iscsi neutron-server[106666]: DEBUG neutron_lib.callbacks.manager [None req-faa2135e-0bdb-47d1-b913-594336881a18 tempest-AttachVolumeTestJSON-206885622 tempest-AttachVolumeTestJSON-206885622-project] Publish callbacks [] for security_group_rule (d3985b16-8f36-4414-be0a-f914089961b7), precommit_create {{(pid=106666) _notify_loop /usr/local/lib/python3.8/dist-packages/neutron_lib/callbacks/manager.py:176}}
Sep 23 15:18:20.388743 dv-cinder-855013-3-iscsi neutron-server[106666]: DEBUG neutron_lib.callbacks.manager [None req-faa2135e-0bdb-47d1-b913-594336881a18 tempest-AttachVolumeTestJSON-206885622 tempest-AttachVolumeTestJSON-206885622-project] Publish callbacks ['neutron.plugins.ml2.ovo_rpc._ObjectChangeHandler.handle_event-562069'] for security_group_rule (d3985b16-8f36-4414-be0a-f914089961b7), after_create {{(pid=106666) _notify_loop /usr/local/lib/python3.8/dist-packages/neutron_lib/callbacks/manager.py:176}}
Sep 23 15:18:20.433977 dv-cinder-855013-3-iscsi neutron-server[106666]: DEBUG neutron.api.rpc.handlers.resources_rpc [None req-faa2135e-0bdb-47d1-b913-594336881a18 tempest-AttachVolumeTestJSON-206885622 tempest-AttachVolumeTestJSON-206885622-project] Pushing event updated for resources: {'SecurityGroupRule': ['ID=d3985b16-8f36-4414-be0a-f914089961b7,revision_number=0']} {{(pid=106666) push /opt/stack/neutron/neutron/api/rpc/handlers/resources_rpc.py:237}}
Sep 23 15:18:20.452212 dv-cinder-855013-3-iscsi neutron-server[106666]: DEBUG neutron_lib.callbacks.manager [req-f46104d3-dcf6-4a73-8c08-5f959f4ff808 req-465e0b4b-b78b-46bc-8e2e-707be24193b0 tempest-ServerRescueNegativeTestJSON-656590992 tempest-ServerRescueNegativeTestJSON-656590992-project] Publish callbacks ['neutron.plugins.ml2.plugin.SecurityGroupServerNotifierRpcMixin._notify_sg_on_port_change-1723019', 'neutron.plugins.ml2.ovo_rpc._ObjectChangeHandler.handle_event-378611', 'neutron.api.rpc.agentnotifiers.dhcp_rpc_agent_api.DhcpAgentNotifyAPI._native_event_send_dhcp_notification-538399', 'neutron.db.l3_dvrscheduler_db._notify_l3_agent_new_port-8749001759937', 'neutron.services.segments.plugin.NovaSegmentNotifier._notify_port_created_or_deleted-4098719'] for port (2cdd4723-27d8-4995-a49c-6967ba24fa7e), after_create {{(pid=106666) _notify_loop /usr/local/lib/python3.8/dist-packages/neutron_lib/callbacks/manager.py:176}}
Sep 23 15:18:20.456081 dv-cinder-855013-3-iscsi neutron-server[106668]: DEBUG neutron_lib.callbacks.manager [None req-18497ac7-8a47-4ed5-93aa-501eb5d5a529 None None] Publish callbacks ['neutron.services.segments.db._update_segment_host_mapping_for_agent-8749002273711', 'neutron.plugins.ml2.plugin.Ml2Plugin._retry_binding_revived_agents-1731584'] for agent (b12e44b0-5ff8-4bb9-8422-410f5da2e2b0), after_update {{(pid=106668) _notify_loop /usr/local/lib/python3.8/dist-packages/neutron_lib/callbacks/manager.py:176}}
Sep 23 15:18:20.493016 dv-cinder-855013-3-iscsi neutron-server[106667]: DEBUG neutron.wsgi [-] (106667) accepted ('10.222.0.75', 48512) {{(pid=106667) server /usr/local/lib/python3.8/dist-packages/eventlet/wsgi.py:1004}}
Sep 23 15:18:20.539822 dv-cinder-855013-3-iscsi neutron-server[106667]: INFO neutron.wsgi [req-012b6af9-081e-40bb-ae62-95cfd92aeaed req-04b73777-d031-42d6-a2a0-b6d7a46be294 tempest-AttachVolumeShelveTestJSON-548995668 tempest-AttachVolumeShelveTestJSON-548995668-project] 10.222.0.75 "GET /networking/v2.0/security-groups?name=tempest-securitygroup--567295522&fields=id&tenant_id=bb9f84f2d16a4389a4be567cd2be3a8a HTTP/1.1" status: 200 len: 267 time: 0.1154580
Sep 23 15:18:20.548947 dv-cinder-855013-3-iscsi neutron-server[106666]: DEBUG dbcounter [-] [106666] Writing DB stats neutron:SELECT=86,neutron:INSERT=9,neutron:UPDATE=4,neutron:DELETE=1 {{(pid=106666) stat_writer /usr/local/lib/python3.8/dist-packages/dbcounter.py:114}}
Sep 23 15:18:20.573087 dv-cinder-855013-3-iscsi neutron-server[106668]: INFO neutron.plugins.ml2.plugin [None req-87fd2dec-797b-4f27-9fbd-e978b9beab68 None None] Attempt 9 to provision port cb108961-7e8f-4d41-9be1-05b9c5b80c3c
Sep 23 15:18:20.605200 dv-cinder-855013-3-iscsi neutron-server[106666]: DEBUG neutron.scheduler.dhcp_agent_scheduler [req-f46104d3-dcf6-4a73-8c08-5f959f4ff808 req-465e0b4b-b78b-46bc-8e2e-707be24193b0 tempest-ServerRescueNegativeTestJSON-656590992 tempest-ServerRescueNegativeTestJSON-656590992-project] Network d3ffbd85-3b9b-417b-b45f-55b60c247ef0 is already hosted by enough agents. {{(pid=106666) _get_dhcp_agents_hosting_network /opt/stack/neutron/neutron/scheduler/dhcp_agent_scheduler.py:275}}
Sep 23 15:18:20.625842 dv-cinder-855013-3-iscsi neutron-server[106666]: DEBUG neutron_lib.callbacks.manager [None req-faa2135e-0bdb-47d1-b913-594336881a18 tempest-AttachVolumeTestJSON-206885622 tempest-AttachVolumeTestJSON-206885622-project] Publish callbacks [] for security_group_rule (None), before_response {{(pid=106666) _notify_loop /usr/local/lib/python3.8/dist-packages/neutron_lib/callbacks/manager.py:176}}
Sep 23 15:18:20.629076 dv-cinder-855013-3-iscsi neutron-server[106666]: INFO neutron.wsgi [None req-faa2135e-0bdb-47d1-b913-594336881a18 tempest-AttachVolumeTestJSON-206885622 tempest-AttachVolumeTestJSON-206885622-project] 10.222.0.75 "POST /networking/v2.0/security-group-rules HTTP/1.1" status: 201 len: 769 time: 1.7980363
Sep 23 15:18:20.639249 dv-cinder-855013-3-iscsi neutron-server[106666]: DEBUG neutron.scheduler.base_scheduler [req-f46104d3-dcf6-4a73-8c08-5f959f4ff808 req-465e0b4b-b78b-46bc-8e2e-707be24193b0 tempest-ServerRescueNegativeTestJSON-656590992 tempest-ServerRescueNegativeTestJSON-656590992-project] Resources bound (agent type, host, resource id): {{(pid=106666) schedule /opt/stack/neutron/neutron/scheduler/base_scheduler.py:57}}
Sep 23 15:18:20.639996 dv-cinder-855013-3-iscsi neutron-server[106668]: DEBUG neutron.plugins.ml2.plugin [None req-87fd2dec-797b-4f27-9fbd-e978b9beab68 None None] Port cb108961-7e8f-4d41-9be1-05b9c5b80c3c cannot update to ACTIVE because it is not bound. {{(pid=106668) _port_provisioned /opt/stack/neutron/neutron/plugins/ml2/plugin.py:359}}
Sep 23 15:18:20.640883 dv-cinder-855013-3-iscsi neutron-server[106668]: DEBUG neutron.plugins.ml2.rpc [None req-dfe76321-67a8-4911-93bc-039293d97865 None None] Device 63894506-dbae-47ec-a1f3-c1b07368ac95 up at agent ovs-agent-dv-cinder-855013-3-iscsi {{(pid=106668) update_device_up /opt/stack/neutron/neutron/plugins/ml2/rpc.py:296}}
Sep 23 15:18:20.646464 dv-cinder-855013-3-iscsi neutron-server[106666]: DEBUG neutron.wsgi [-] (106666) accepted ('10.222.0.75', 48516) {{(pid=106666) server /usr/local/lib/python3.8/dist-packages/eventlet/wsgi.py:1004}}
Sep 23 15:18:20.653277 dv-cinder-855013-3-iscsi neutron-server[106666]: DEBUG neutron.db.l3_dvrscheduler_db [req-f46104d3-dcf6-4a73-8c08-5f959f4ff808 req-465e0b4b-b78b-46bc-8e2e-707be24193b0 tempest-ServerRescueNegativeTestJSON-656590992 tempest-ServerRescueNegativeTestJSON-656590992-project] Received port after_create {{(pid=106666) _notify_l3_agent_new_port /opt/stack/neutron/neutron/db/l3_dvrscheduler_db.py:538}}
Sep 23 15:18:20.659142 dv-cinder-855013-3-iscsi neutron-server[106666]: DEBUG neutron.api.v2.base [None req-92a38e8d-e45e-4479-a416-51754ca5b9eb tempest-AttachVolumeTestJSON-206885622 tempest-AttachVolumeTestJSON-206885622-project] Request body: {'floatingip': {'floating_network_id': 'b44dc6c3-f1e9-43eb-835f-db2a2981119f'}} {{(pid=106666) prepare_request_body /opt/stack/neutron/neutron/api/v2/base.py:730}}
Sep 23 15:18:20.702657 dv-cinder-855013-3-iscsi neutron-server[106666]: DEBUG neutron.api.rpc.handlers.resources_rpc [None req-465e0b4b-b78b-46bc-8e2e-707be24193b0 tempest-ServerRescueNegativeTestJSON-656590992 tempest-ServerRescueNegativeTestJSON-656590992-project] Pushing event updated for resources: {'Port': ['ID=2cdd4723-27d8-4995-a49c-6967ba24fa7e,revision_number=1']} {{(pid=106666) push /opt/stack/neutron/neutron/api/rpc/handlers/resources_rpc.py:237}}
Sep 23 15:18:20.741331 dv-cinder-855013-3-iscsi neutron-server[106666]: DEBUG neutron.pecan_wsgi.hooks.policy_enforcement [req-f46104d3-dcf6-4a73-8c08-5f959f4ff808 req-465e0b4b-b78b-46bc-8e2e-707be24193b0 tempest-ServerRescueNegativeTestJSON-656590992 tempest-ServerRescueNegativeTestJSON-656590992-project] Attributes excluded by policy engine: ['standard_attr_id', 'binding:profile', 'binding:host_id', 'binding:vif_type', 'binding:vif_details', 'network'] {{(pid=106666) _exclude_attributes_by_policy /opt/stack/neutron/neutron/pecan_wsgi/hooks/policy_enforcement.py:259}}
Sep 23 15:18:20.741972 dv-cinder-855013-3-iscsi neutron-server[106666]: DEBUG neutron_lib.callbacks.manager [req-f46104d3-dcf6-4a73-8c08-5f959f4ff808 req-465e0b4b-b78b-46bc-8e2e-707be24193b0 tempest-ServerRescueNegativeTestJSON-656590992 tempest-ServerRescueNegativeTestJSON-656590992-project] Publish callbacks ['neutron.notifiers.nova.Notifier._send_nova_notification-168038', 'neutron.api.rpc.agentnotifiers.dhcp_rpc_agent_api.DhcpAgentNotifyAPI._send_dhcp_notification-538381'] for port (None), before_response {{(pid=106666) _notify_loop /usr/local/lib/python3.8/dist-packages/neutron_lib/callbacks/manager.py:176}}
Sep 23 15:18:20.742532 dv-cinder-855013-3-iscsi neutron-server[106667]: DEBUG neutron_lib.callbacks.manager [None req-d285726e-a321-4fa3-9525-8c2241e8455b admin admin] Publish callbacks [] for security_group (None), before_create {{(pid=106667) _notify_loop /usr/local/lib/python3.8/dist-packages/neutron_lib/callbacks/manager.py:176}}
Sep 23 15:18:20.747628 dv-cinder-855013-3-iscsi neutron-server[106666]: DEBUG neutron_lib.callbacks.manager [None req-92a38e8d-e45e-4479-a416-51754ca5b9eb tempest-AttachVolumeTestJSON-206885622 tempest-AttachVolumeTestJSON-206885622-project] Publish callbacks [] for floatingip (None), before_create {{(pid=106666) _notify_loop /usr/local/lib/python3.8/dist-packages/neutron_lib/callbacks/manager.py:176}}
Sep 23 15:18:20.748833 dv-cinder-855013-3-iscsi neutron-server[106668]: DEBUG neutron.db.provisioning_blocks [None req-dfe76321-67a8-4911-93bc-039293d97865 None None] Provisioning complete for port 63894506-dbae-47ec-a1f3-c1b07368ac95 triggered by entity L2. {{(pid=106668) provisioning_complete /opt/stack/neutron/neutron/db/provisioning_blocks.py:144}}
Sep 23 15:18:20.749431 dv-cinder-855013-3-iscsi neutron-server[106668]: DEBUG neutron_lib.callbacks.manager [None req-dfe76321-67a8-4911-93bc-039293d97865 None None] Publish callbacks ['neutron.plugins.ml2.plugin.Ml2Plugin._port_provisioned-1731806'] for port (63894506-dbae-47ec-a1f3-c1b07368ac95), provisioning_complete {{(pid=106668) _notify_loop /usr/local/lib/python3.8/dist-packages/neutron_lib/callbacks/manager.py:176}}
Sep 23 15:18:20.750220 dv-cinder-855013-3-iscsi neutron-server[106668]: INFO neutron.plugins.ml2.plugin [None req-dfe76321-67a8-4911-93bc-039293d97865 None None] Attempt 1 to provision port 63894506-dbae-47ec-a1f3-c1b07368ac95
Sep 23 15:18:20.806552 dv-cinder-855013-3-iscsi neutron-server[106666]: INFO neutron.wsgi [req-f46104d3-dcf6-4a73-8c08-5f959f4ff808 req-465e0b4b-b78b-46bc-8e2e-707be24193b0 tempest-ServerRescueNegativeTestJSON-656590992 tempest-ServerRescueNegativeTestJSON-656590992-project] 10.222.0.64 "POST /networking/v2.0/ports HTTP/1.1" status: 201 len: 934 time: 3.2225566
Sep 23 15:18:20.829214 dv-cinder-855013-3-iscsi neutron-server[106667]: DEBUG neutron.pecan_wsgi.hooks.policy_enforcement [req-012b6af9-081e-40bb-ae62-95cfd92aeaed req-dc31a8ef-2e74-45de-ac63-acc2ce83951c tempest-AttachVolumeShelveTestJSON-548995668 tempest-AttachVolumeShelveTestJSON-548995668-project] Attributes excluded by policy engine: ['standard_attr_id', 'vlan_transparent', 'provider:network_type', 'provider:physical_network', 'provider:segmentation_id'] {{(pid=106667) _exclude_attributes_by_policy /opt/stack/neutron/neutron/pecan_wsgi/hooks/policy_enforcement.py:259}}
Sep 23 15:18:20.830842 dv-cinder-855013-3-iscsi neutron-server[106667]: INFO neutron.wsgi [req-012b6af9-081e-40bb-ae62-95cfd92aeaed req-dc31a8ef-2e74-45de-ac63-acc2ce83951c tempest-AttachVolumeShelveTestJSON-548995668 tempest-AttachVolumeShelveTestJSON-548995668-project] 10.222.0.75 "GET /networking/v2.0/networks?id=16dbf76f-cd6b-4812-a7f7-e2899a0b32a2 HTTP/1.1" status: 200 len: 817 time: 0.2824342
Sep 23 15:18:20.868616 dv-cinder-855013-3-iscsi neutron-server[106667]: INFO neutron.wsgi [req-012b6af9-081e-40bb-ae62-95cfd92aeaed req-6fcc80b3-a615-41a1-b15d-a70c01bac8b4 tempest-AttachVolumeShelveTestJSON-548995668 tempest-AttachVolumeShelveTestJSON-548995668-project] 10.222.0.75 "GET /networking/v2.0/quotas/bb9f84f2d16a4389a4be567cd2be3a8a HTTP/1.1" status: 200 len: 375 time: 0.0287268
Sep 23 15:18:20.874431 dv-cinder-855013-3-iscsi neutron-server[106666]: DEBUG neutron_lib.callbacks.manager [None req-92a38e8d-e45e-4479-a416-51754ca5b9eb tempest-AttachVolumeTestJSON-206885622 tempest-AttachVolumeTestJSON-206885622-project] Publish callbacks ['neutron.plugins.ml2.plugin.SecurityGroupDbMixin._ensure_default_security_group_handler-1723726'] for port (None), before_create {{(pid=106666) _notify_loop /usr/local/lib/python3.8/dist-packages/neutron_lib/callbacks/manager.py:176}}
Sep 23 15:18:20.986488 dv-cinder-855013-3-iscsi neutron-server[106667]: INFO neutron.wsgi [req-012b6af9-081e-40bb-ae62-95cfd92aeaed req-a7d5d878-3885-41b1-bd67-0edca700b748 tempest-AttachVolumeShelveTestJSON-548995668 tempest-AttachVolumeShelveTestJSON-548995668-project] 10.222.0.75 "GET /networking/v2.0/ports?tenant_id=bb9f84f2d16a4389a4be567cd2be3a8a&fields=id HTTP/1.1" status: 200 len: 302 time: 0.1105704
Sep 23 15:18:21.017436 dv-cinder-855013-3-iscsi neutron-server[106667]: DEBUG neutron_lib.callbacks.manager [None req-d285726e-a321-4fa3-9525-8c2241e8455b admin admin] Publish callbacks [] for security_group (156c953a-3019-4fad-973a-b08e880f2fac), precommit_create {{(pid=106667) _notify_loop /usr/local/lib/python3.8/dist-packages/neutron_lib/callbacks/manager.py:176}}
Sep 23 15:18:21.052899 dv-cinder-855013-3-iscsi neutron-server[106668]: DEBUG neutron.plugins.ml2.plugin [None req-dfe76321-67a8-4911-93bc-039293d97865 None None] Current status of the port 63894506-dbae-47ec-a1f3-c1b07368ac95 is: ACTIVE; New status is: ACTIVE {{(pid=106668) _update_individual_port_db_status /opt/stack/neutron/neutron/plugins/ml2/plugin.py:2321}}
Sep 23 15:18:21.054324 dv-cinder-855013-3-iscsi neutron-server[106668]: DEBUG neutron.plugins.ml2.rpc [None req-dfe76321-67a8-4911-93bc-039293d97865 None None] Device f700f692-d433-4dce-98dc-d4995486be25 up at agent ovs-agent-dv-cinder-855013-3-iscsi {{(pid=106668) update_device_up /opt/stack/neutron/neutron/plugins/ml2/rpc.py:296}}
Sep 23 15:18:21.093730 dv-cinder-855013-3-iscsi neutron-server[106666]: DEBUG neutron.db.db_base_plugin_common [None req-92a38e8d-e45e-4479-a416-51754ca5b9eb tempest-AttachVolumeTestJSON-206885622 tempest-AttachVolumeTestJSON-206885622-project] Allocated IP 172.27.1.5 (b44dc6c3-f1e9-43eb-835f-db2a2981119f/7a46f727-6425-4f8f-8680-f00fa7f73b71/70e14c41-237a-4307-8aab-fe4a1d9c12f7) {{(pid=106666) _store_ip_allocation /opt/stack/neutron/neutron/db/db_base_plugin_common.py:131}}
Sep 23 15:18:21.104292 dv-cinder-855013-3-iscsi neutron-server[106668]: DEBUG neutron.db.provisioning_blocks [None req-dfe76321-67a8-4911-93bc-039293d97865 None None] Provisioning complete for port f700f692-d433-4dce-98dc-d4995486be25 triggered by entity L2. {{(pid=106668) provisioning_complete /opt/stack/neutron/neutron/db/provisioning_blocks.py:144}}
Sep 23 15:18:21.104743 dv-cinder-855013-3-iscsi neutron-server[106668]: DEBUG neutron_lib.callbacks.manager [None req-dfe76321-67a8-4911-93bc-039293d97865 None None] Publish callbacks ['neutron.plugins.ml2.plugin.Ml2Plugin._port_provisioned-1731806'] for port (f700f692-d433-4dce-98dc-d4995486be25), provisioning_complete {{(pid=106668) _notify_loop /usr/local/lib/python3.8/dist-packages/neutron_lib/callbacks/manager.py:176}}
Sep 23 15:18:21.105266 dv-cinder-855013-3-iscsi neutron-server[106668]: INFO neutron.plugins.ml2.plugin [None req-dfe76321-67a8-4911-93bc-039293d97865 None None] Attempt 1 to provision port f700f692-d433-4dce-98dc-d4995486be25
Sep 23 15:18:21.109930 dv-cinder-855013-3-iscsi neutron-server[106666]: DEBUG dbcounter [-] [106666] Writing DB stats neutron:SELECT=87,neutron:INSERT=8,neutron:UPDATE=2,neutron:DELETE=3 {{(pid=106666) stat_writer /usr/local/lib/python3.8/dist-packages/dbcounter.py:114}}
Sep 23 15:18:21.143830 dv-cinder-855013-3-iscsi neutron-server[106668]: INFO neutron.plugins.ml2.plugin [None req-87fd2dec-797b-4f27-9fbd-e978b9beab68 None None] Attempt 10 to provision port cb108961-7e8f-4d41-9be1-05b9c5b80c3c
Sep 23 15:18:21.227107 dv-cinder-855013-3-iscsi neutron-server[106668]: DEBUG neutron.plugins.ml2.plugin [None req-87fd2dec-797b-4f27-9fbd-e978b9beab68 None None] Port cb108961-7e8f-4d41-9be1-05b9c5b80c3c cannot update to ACTIVE because it is not bound. {{(pid=106668) _port_provisioned /opt/stack/neutron/neutron/plugins/ml2/plugin.py:359}}
Sep 23 15:18:21.245102 dv-cinder-855013-3-iscsi neutron-server[106668]: DEBUG neutron.db.provisioning_blocks [None req-87fd2dec-797b-4f27-9fbd-e978b9beab68 None None] Provisioning complete for port f700f692-d433-4dce-98dc-d4995486be25 triggered by entity DHCP. {{(pid=106668) provisioning_complete /opt/stack/neutron/neutron/db/provisioning_blocks.py:144}}
Sep 23 15:18:21.245515 dv-cinder-855013-3-iscsi neutron-server[106668]: DEBUG neutron_lib.callbacks.manager [None req-87fd2dec-797b-4f27-9fbd-e978b9beab68 None None] Publish callbacks ['neutron.plugins.ml2.plugin.Ml2Plugin._port_provisioned-1731806'] for port (f700f692-d433-4dce-98dc-d4995486be25), provisioning_complete {{(pid=106668) _notify_loop /usr/local/lib/python3.8/dist-packages/neutron_lib/callbacks/manager.py:176}}
Sep 23 15:18:21.245849 dv-cinder-855013-3-iscsi neutron-server[106668]: INFO neutron.plugins.ml2.plugin [None req-87fd2dec-797b-4f27-9fbd-e978b9beab68 None None] Attempt 1 to provision port f700f692-d433-4dce-98dc-d4995486be25
Sep 23 15:18:21.269749 dv-cinder-855013-3-iscsi neutron-server[106666]: DEBUG neutron_lib.callbacks.manager [None req-92a38e8d-e45e-4479-a416-51754ca5b9eb tempest-AttachVolumeTestJSON-206885622 tempest-AttachVolumeTestJSON-206885622-project] Publish callbacks [] for port (70e14c41-237a-4307-8aab-fe4a1d9c12f7), precommit_create {{(pid=106666) _notify_loop /usr/local/lib/python3.8/dist-packages/neutron_lib/callbacks/manager.py:176}}
Sep 23 15:18:21.305758 dv-cinder-855013-3-iscsi neutron-server[106667]: DEBUG dbcounter [-] [106667] Writing DB stats neutron:SELECT=89,neutron:UPDATE=2,neutron:DELETE=2,neutron:INSERT=7 {{(pid=106667) stat_writer /usr/local/lib/python3.8/dist-packages/dbcounter.py:114}}
Sep 23 15:18:21.308683 dv-cinder-855013-3-iscsi neutron-server[106667]: INFO neutron.wsgi [req-012b6af9-081e-40bb-ae62-95cfd92aeaed req-546a1239-0565-4591-b498-d19a198ea711 service neutron] 10.222.0.75 "GET /networking/v2.0/networks/16dbf76f-cd6b-4812-a7f7-e2899a0b32a2?fields=segments HTTP/1.1" status: 200 len: 212 time: 0.2894263
Sep 23 15:18:21.312967 dv-cinder-855013-3-iscsi neutron-server[106667]: DEBUG neutron_lib.callbacks.manager [None req-d285726e-a321-4fa3-9525-8c2241e8455b admin admin] Publish callbacks ['neutron.plugins.ml2.ovo_rpc._ObjectChangeHandler.handle_event-562170'] for security_group (156c953a-3019-4fad-973a-b08e880f2fac), after_create {{(pid=106667) _notify_loop /usr/local/lib/python3.8/dist-packages/neutron_lib/callbacks/manager.py:176}}
Sep 23 15:18:21.354267 dv-cinder-855013-3-iscsi neutron-server[106668]: DEBUG neutron.plugins.ml2.plugin [None req-dfe76321-67a8-4911-93bc-039293d97865 None None] Current status of the port f700f692-d433-4dce-98dc-d4995486be25 is: DOWN; New status is: ACTIVE {{(pid=106668) _update_individual_port_db_status /opt/stack/neutron/neutron/plugins/ml2/plugin.py:2321}}
Sep 23 15:18:21.354443 dv-cinder-855013-3-iscsi neutron-server[106668]: DEBUG neutron_lib.callbacks.manager [None req-dfe76321-67a8-4911-93bc-039293d97865 None None] Publish callbacks ['neutron.plugins.ml2.plugin.SecurityGroupDbMixin._ensure_default_security_group_handler-1723726'] for port (f700f692-d433-4dce-98dc-d4995486be25), before_update {{(pid=106668) _notify_loop /usr/local/lib/python3.8/dist-packages/neutron_lib/callbacks/manager.py:176}}
Sep 23 15:18:21.384631 dv-cinder-855013-3-iscsi neutron-server[106666]: DEBUG neutron_lib.callbacks.manager [None req-92a38e8d-e45e-4479-a416-51754ca5b9eb tempest-AttachVolumeTestJSON-206885622 tempest-AttachVolumeTestJSON-206885622-project] Publish callbacks ['neutron.plugins.ml2.plugin.SecurityGroupServerNotifierRpcMixin._notify_sg_on_port_change-1723019', 'neutron.plugins.ml2.ovo_rpc._ObjectChangeHandler.handle_event-378611', 'neutron.api.rpc.agentnotifiers.dhcp_rpc_agent_api.DhcpAgentNotifyAPI._native_event_send_dhcp_notification-538399', 'neutron.db.l3_dvrscheduler_db._notify_l3_agent_new_port-8749001759937', 'neutron.services.segments.plugin.NovaSegmentNotifier._notify_port_created_or_deleted-4098719'] for port (70e14c41-237a-4307-8aab-fe4a1d9c12f7), after_create {{(pid=106666) _notify_loop /usr/local/lib/python3.8/dist-packages/neutron_lib/callbacks/manager.py:176}}
Sep 23 15:18:21.402741 dv-cinder-855013-3-iscsi neutron-server[106667]: INFO neutron.wsgi [None req-d285726e-a321-4fa3-9525-8c2241e8455b admin admin] 10.222.0.75 "GET /networking/v2.0/security-groups?tenant_id=480002fe7668489d9dd1a10c7aac6079&name=default HTTP/1.1" status: 200 len: 2996 time: 0.9075847
Sep 23 15:18:21.418999 dv-cinder-855013-3-iscsi neutron-server[106667]: DEBUG neutron.wsgi [-] (106667) accepted ('10.222.0.75', 48534) {{(pid=106667) server /usr/local/lib/python3.8/dist-packages/eventlet/wsgi.py:1004}}
Sep 23 15:18:21.420079 dv-cinder-855013-3-iscsi neutron-server[106668]: DEBUG neutron.plugins.ml2.plugin [None req-87fd2dec-797b-4f27-9fbd-e978b9beab68 None None] Current status of the port f700f692-d433-4dce-98dc-d4995486be25 is: DOWN; New status is: ACTIVE {{(pid=106668) _update_individual_port_db_status /opt/stack/neutron/neutron/plugins/ml2/plugin.py:2321}}
Sep 23 15:18:21.420473 dv-cinder-855013-3-iscsi neutron-server[106668]: DEBUG neutron_lib.callbacks.manager [None req-87fd2dec-797b-4f27-9fbd-e978b9beab68 None None] Publish callbacks ['neutron.plugins.ml2.plugin.SecurityGroupDbMixin._ensure_default_security_group_handler-1723726'] for port (f700f692-d433-4dce-98dc-d4995486be25), before_update {{(pid=106668) _notify_loop /usr/local/lib/python3.8/dist-packages/neutron_lib/callbacks/manager.py:176}}
Sep 23 15:18:21.437273 dv-cinder-855013-3-iscsi neutron-server[106666]: INFO neutron.wsgi [req-66c3b723-5bef-4c28-a7f9-3cd0490e504f req-85be8949-e384-477d-bd4b-d779783697e3 tempest-DeleteServersTestJSON-381200369 tempest-DeleteServersTestJSON-381200369-project] 10.222.0.75 "GET /networking/v2.0/ports?device_id=388c3ec1-6dc6-44b8-b711-58a0cf68f061 HTTP/1.1" status: 200 len: 210 time: 0.0723746
Sep 23 15:18:21.465226 dv-cinder-855013-3-iscsi neutron-server[106668]: DEBUG neutron.plugins.ml2.db [None req-dfe76321-67a8-4911-93bc-039293d97865 None None] For port f700f692-d433-4dce-98dc-d4995486be25, host dv-cinder-855013-3-iscsi, got binding levels [PortBindingLevel(driver='openvswitch',host='dv-cinder-855013-3-iscsi',level=0,port_id=f700f692-d433-4dce-98dc-d4995486be25,segment=NetworkSegment(d20f97d4-9745-44cb-aad6-0f79d3e7db33),segment_id=d20f97d4-9745-44cb-aad6-0f79d3e7db33)] {{(pid=106668) get_binding_level_objs /opt/stack/neutron/neutron/plugins/ml2/db.py:74}}
Sep 23 15:18:21.478324 dv-cinder-855013-3-iscsi neutron-server[106667]: DEBUG neutron.api.rpc.handlers.resources_rpc [None req-d285726e-a321-4fa3-9525-8c2241e8455b admin admin] Pushing event updated for resources: {'SecurityGroup': ['ID=156c953a-3019-4fad-973a-b08e880f2fac,revision_number=1']} {{(pid=106667) push /opt/stack/neutron/neutron/api/rpc/handlers/resources_rpc.py:237}}
Sep 23 15:18:21.485354 dv-cinder-855013-3-iscsi neutron-server[106668]: DEBUG neutron_lib.callbacks.manager [None req-dfe76321-67a8-4911-93bc-039293d97865 None None] Publish callbacks ['neutron.plugins.ml2.plugin.SecurityGroupServerNotifierRpcMixin._notify_sg_on_port_change-1723019', 'neutron.plugins.ml2.ovo_rpc._ObjectChangeHandler.handle_event-378611', 'neutron.api.rpc.agentnotifiers.dhcp_rpc_agent_api.DhcpAgentNotifyAPI._native_event_send_dhcp_notification-538399', 'neutron.db.l3_db.L3RpcNotifierMixin._notify_gateway_port_ip_changed-8749002284966', 'neutron.db.l3_dvrscheduler_db._notify_l3_agent_port_update-8749001759955', 'neutron.db.l3_hascheduler_db._notify_l3_agent_ha_port_update-8749001759973'] for port (f700f692-d433-4dce-98dc-d4995486be25), after_update {{(pid=106668) _notify_loop /usr/local/lib/python3.8/dist-packages/neutron_lib/callbacks/manager.py:176}}
Sep 23 15:18:21.486244 dv-cinder-855013-3-iscsi neutron-server[106668]: DEBUG neutron.plugins.ml2.rpc [None req-dfe76321-67a8-4911-93bc-039293d97865 None None] Device d246e4cb-d87c-4dba-8d60-d1dd3ffb61fb up at agent ovs-agent-dv-cinder-855013-3-iscsi {{(pid=106668) update_device_up /opt/stack/neutron/neutron/plugins/ml2/rpc.py:296}}
Sep 23 15:18:21.563900 dv-cinder-855013-3-iscsi neutron-server[106667]: DEBUG neutron_lib.callbacks.manager [None req-2d3aa3b1-d49f-427e-a411-084798960436 admin admin] Publish callbacks [] for security_group (156c953a-3019-4fad-973a-b08e880f2fac), before_delete {{(pid=106667) _notify_loop /usr/local/lib/python3.8/dist-packages/neutron_lib/callbacks/manager.py:176}}
Sep 23 15:18:21.596659 dv-cinder-855013-3-iscsi neutron-server[106667]: INFO neutron.wsgi [req-012b6af9-081e-40bb-ae62-95cfd92aeaed req-5bbc57ed-bf8e-4965-83a6-48761899fbe6 service neutron] 10.222.0.75 "GET /networking/v2.0/networks/16dbf76f-cd6b-4812-a7f7-e2899a0b32a2?fields=provider%3Aphysical_network&fields=provider%3Anetwork_type HTTP/1.1" status: 200 len: 281 time: 0.2310228
Sep 23 15:18:21.622389 dv-cinder-855013-3-iscsi neutron-server[106667]: DEBUG neutron_lib.callbacks.manager [None req-2d3aa3b1-d49f-427e-a411-084798960436 admin admin] Publish callbacks [] for security_group (156c953a-3019-4fad-973a-b08e880f2fac), precommit_delete {{(pid=106667) _notify_loop /usr/local/lib/python3.8/dist-packages/neutron_lib/callbacks/manager.py:176}}
Sep 23 15:18:21.629305 dv-cinder-855013-3-iscsi neutron-server[106668]: DEBUG neutron.api.rpc.handlers.resources_rpc [None req-dfe76321-67a8-4911-93bc-039293d97865 None None] Pushing event updated for resources: {'Port': ['ID=f700f692-d433-4dce-98dc-d4995486be25,revision_number=5']} {{(pid=106668) push /opt/stack/neutron/neutron/api/rpc/handlers/resources_rpc.py:237}}
Sep 23 15:18:21.651310 dv-cinder-855013-3-iscsi neutron-server[106668]: DEBUG neutron.db.provisioning_blocks [None req-dfe76321-67a8-4911-93bc-039293d97865 None None] Provisioning complete for port d246e4cb-d87c-4dba-8d60-d1dd3ffb61fb triggered by entity L2. {{(pid=106668) provisioning_complete /opt/stack/neutron/neutron/db/provisioning_blocks.py:144}}
Sep 23 15:18:21.652425 dv-cinder-855013-3-iscsi neutron-server[106668]: DEBUG neutron_lib.callbacks.manager [None req-dfe76321-67a8-4911-93bc-039293d97865 None None] Publish callbacks ['neutron.plugins.ml2.plugin.Ml2Plugin._port_provisioned-1731806'] for port (d246e4cb-d87c-4dba-8d60-d1dd3ffb61fb), provisioning_complete {{(pid=106668) _notify_loop /usr/local/lib/python3.8/dist-packages/neutron_lib/callbacks/manager.py:176}}
Sep 23 15:18:21.652951 dv-cinder-855013-3-iscsi neutron-server[106668]: INFO neutron.plugins.ml2.plugin [None req-dfe76321-67a8-4911-93bc-039293d97865 None None] Attempt 1 to provision port d246e4cb-d87c-4dba-8d60-d1dd3ffb61fb
Sep 23 15:18:21.656834 dv-cinder-855013-3-iscsi neutron-server[106666]: DEBUG neutron.scheduler.dhcp_agent_scheduler [None req-92a38e8d-e45e-4479-a416-51754ca5b9eb tempest-AttachVolumeTestJSON-206885622 tempest-AttachVolumeTestJSON-206885622-project] Network b44dc6c3-f1e9-43eb-835f-db2a2981119f is already hosted by enough agents. {{(pid=106666) _get_dhcp_agents_hosting_network /opt/stack/neutron/neutron/scheduler/dhcp_agent_scheduler.py:275}}
Sep 23 15:18:21.688147 dv-cinder-855013-3-iscsi neutron-server[106666]: DEBUG neutron.scheduler.base_scheduler [None req-92a38e8d-e45e-4479-a416-51754ca5b9eb tempest-AttachVolumeTestJSON-206885622 tempest-AttachVolumeTestJSON-206885622-project] Resources bound (agent type, host, resource id): {{(pid=106666) schedule /opt/stack/neutron/neutron/scheduler/base_scheduler.py:57}}
Sep 23 15:18:21.691835 dv-cinder-855013-3-iscsi neutron-server[106668]: DEBUG dbcounter [-] [106668] Writing DB stats neutron:SELECT=97,neutron:UPDATE=3 {{(pid=106668) stat_writer /usr/local/lib/python3.8/dist-packages/dbcounter.py:114}}
Sep 23 15:18:21.693436 dv-cinder-855013-3-iscsi neutron-server[106666]: DEBUG neutron.db.l3_dvrscheduler_db [None req-92a38e8d-e45e-4479-a416-51754ca5b9eb tempest-AttachVolumeTestJSON-206885622 tempest-AttachVolumeTestJSON-206885622-project] Received port after_create {{(pid=106666) _notify_l3_agent_new_port /opt/stack/neutron/neutron/db/l3_dvrscheduler_db.py:538}}
