Sep 23 15:04:17.578404 dv-cinder-855013-3-iscsi devstack@keystone.service[81865]: DEBUG keystone.common.rbac_enforcer.enforcer [None req-d3ba9b71-9b9d-4d2b-8d52-7648e65297d0 None admin] RBAC: Authorization granted {{(pid=81865) enforce_call /opt/stack/keystone/keystone/common/rbac_enforcer/enforcer.py:457}}
Sep 23 15:04:17.585974 dv-cinder-855013-3-iscsi devstack@keystone.service[81865]: [pid: 81865|app: 0|req: 109/224] 10.222.0.75 () {56 vars in 1186 bytes} [Fri Sep 23 15:04:17 2022] GET /identity/v3/projects/117d6fb504534ef2bd643528f241dffa => generated 302 bytes in 255 msecs (HTTP/1.1 200) 5 headers in 177 bytes (2 switches on core 0)
Sep 23 15:04:17.586932 dv-cinder-855013-3-iscsi devstack@keystone.service[81865]: DEBUG keystone.server.flask.request_processing.middleware.auth_context [None req-d3ba9b71-9b9d-4d2b-8d52-7648e65297d0 None admin] Authenticating user token {{(pid=81865) process_request /usr/local/lib/python3.8/dist-packages/keystonemiddleware/auth_token/__init__.py:407}}
Sep 23 15:04:17.593987 dv-cinder-855013-3-iscsi devstack@keystone.service[81864]: DEBUG keystone.server.flask.request_processing.middleware.auth_context [None req-47aca8c2-11a2-4819-a0eb-2713090241d6 None admin] RBAC: auth_context: {'token': , 'domain_id': None, 'trust_id': None, 'trustor_id': None, 'trustee_id': None, 'domain_name': None, 'group_ids': [], 'user_id': '1d564d82faf2482faf5205415837bf68', 'user_domain_id': 'default', 'system_scope': 'all', 'project_id': None, 'project_domain_id': None, 'roles': ['admin', 'member', 'reader'], 'is_admin_project': True, 'service_user_id': None, 'service_user_domain_id': None, 'service_project_id': None, 'service_project_domain_id': None, 'service_roles': []} {{(pid=81864) fill_context /opt/stack/keystone/keystone/server/flask/request_processing/middleware/auth_context.py:478}}
Sep 23 15:04:17.594659 dv-cinder-855013-3-iscsi devstack@keystone.service[81864]: DEBUG keystone.server.flask.request_processing.req_logging [None req-47aca8c2-11a2-4819-a0eb-2713090241d6 None admin] REQUEST_METHOD: `GET` {{(pid=81864) log_request_info /opt/stack/keystone/keystone/server/flask/request_processing/req_logging.py:27}}
Sep 23 15:04:17.594926 dv-cinder-855013-3-iscsi devstack@keystone.service[81864]: DEBUG keystone.server.flask.request_processing.req_logging [None req-47aca8c2-11a2-4819-a0eb-2713090241d6 None admin] SCRIPT_NAME: `/identity` {{(pid=81864) log_request_info /opt/stack/keystone/keystone/server/flask/request_processing/req_logging.py:28}}
Sep 23 15:04:17.595190 dv-cinder-855013-3-iscsi devstack@keystone.service[81864]: DEBUG keystone.server.flask.request_processing.req_logging [None req-47aca8c2-11a2-4819-a0eb-2713090241d6 None admin] PATH_INFO: `/v3/roles` {{(pid=81864) log_request_info /opt/stack/keystone/keystone/server/flask/request_processing/req_logging.py:29}}
Sep 23 15:04:17.595871 dv-cinder-855013-3-iscsi devstack@keystone.service[81864]: DEBUG keystone.common.rbac_enforcer.enforcer [None req-47aca8c2-11a2-4819-a0eb-2713090241d6 None admin] RBAC: Adding query filter params (name=admin) {{(pid=81864) _extract_filter_values /opt/stack/keystone/keystone/common/rbac_enforcer/enforcer.py:167}}
Sep 23 15:04:17.596166 dv-cinder-855013-3-iscsi devstack@keystone.service[81864]: DEBUG keystone.common.rbac_enforcer.enforcer [None req-47aca8c2-11a2-4819-a0eb-2713090241d6 None admin] RBAC: Authorizing `identity:list_roles()` {{(pid=81864) enforce_call /opt/stack/keystone/keystone/common/rbac_enforcer/enforcer.py:449}}
Sep 23 15:04:17.597594 dv-cinder-855013-3-iscsi devstack@keystone.service[81864]: DEBUG keystone.common.rbac_enforcer.enforcer [None req-47aca8c2-11a2-4819-a0eb-2713090241d6 None admin] RBAC: Authorization granted {{(pid=81864) enforce_call /opt/stack/keystone/keystone/common/rbac_enforcer/enforcer.py:457}}
Sep 23 15:04:17.619152 dv-cinder-855013-3-iscsi devstack@keystone.service[81864]: [pid: 81864|app: 0|req: 116/225] 10.222.0.75 () {56 vars in 1099 bytes} [Fri Sep 23 15:04:17 2022] GET /identity/v3/roles?name=admin => generated 339 bytes in 318 msecs (HTTP/1.1 200) 5 headers in 177 bytes (1 switches on core 0)
Sep 23 15:04:17.625860 dv-cinder-855013-3-iscsi devstack@keystone.service[81864]: DEBUG keystone.server.flask.request_processing.middleware.auth_context [None req-47aca8c2-11a2-4819-a0eb-2713090241d6 None admin] Authenticating user token {{(pid=81864) process_request /usr/local/lib/python3.8/dist-packages/keystonemiddleware/auth_token/__init__.py:407}}
Sep 23 15:04:17.731404 dv-cinder-855013-3-iscsi devstack@keystone.service[81865]: DEBUG keystone.server.flask.request_processing.middleware.auth_context [None req-d3ba9b71-9b9d-4d2b-8d52-7648e65297d0 None admin] Validating token access rules against request {{(pid=81865) validate_allowed_request /usr/local/lib/python3.8/dist-packages/keystonemiddleware/auth_token/__init__.py:545}}
Sep 23 15:04:17.764368 dv-cinder-855013-3-iscsi devstack@keystone.service[81864]: DEBUG keystone.server.flask.request_processing.middleware.auth_context [None req-47aca8c2-11a2-4819-a0eb-2713090241d6 None admin] Validating token access rules against request {{(pid=81864) validate_allowed_request /usr/local/lib/python3.8/dist-packages/keystonemiddleware/auth_token/__init__.py:545}}
Sep 23 15:04:17.770145 dv-cinder-855013-3-iscsi devstack@keystone.service[81865]: DEBUG keystone.server.flask.request_processing.middleware.auth_context [None req-2c3e99b5-b3a8-4811-bb69-06df4dd21a23 None admin] RBAC: auth_context: {'token': , 'domain_id': None, 'trust_id': None, 'trustor_id': None, 'trustee_id': None, 'domain_name': None, 'group_ids': [], 'user_id': '1d564d82faf2482faf5205415837bf68', 'user_domain_id': 'default', 'system_scope': 'all', 'project_id': None, 'project_domain_id': None, 'roles': ['admin', 'member', 'reader'], 'is_admin_project': True, 'service_user_id': None, 'service_user_domain_id': None, 'service_project_id': None, 'service_project_domain_id': None, 'service_roles': []} {{(pid=81865) fill_context /opt/stack/keystone/keystone/server/flask/request_processing/middleware/auth_context.py:478}}
Sep 23 15:04:17.771055 dv-cinder-855013-3-iscsi devstack@keystone.service[81865]: DEBUG keystone.server.flask.request_processing.req_logging [None req-2c3e99b5-b3a8-4811-bb69-06df4dd21a23 None admin] REQUEST_METHOD: `GET` {{(pid=81865) log_request_info /opt/stack/keystone/keystone/server/flask/request_processing/req_logging.py:27}}
Sep 23 15:04:17.771587 dv-cinder-855013-3-iscsi devstack@keystone.service[81865]: DEBUG keystone.server.flask.request_processing.req_logging [None req-2c3e99b5-b3a8-4811-bb69-06df4dd21a23 None admin] SCRIPT_NAME: `/identity` {{(pid=81865) log_request_info /opt/stack/keystone/keystone/server/flask/request_processing/req_logging.py:28}}
Sep 23 15:04:17.772056 dv-cinder-855013-3-iscsi devstack@keystone.service[81865]: DEBUG keystone.server.flask.request_processing.req_logging [None req-2c3e99b5-b3a8-4811-bb69-06df4dd21a23 None admin] PATH_INFO: `/v3/role_assignments` {{(pid=81865) log_request_info /opt/stack/keystone/keystone/server/flask/request_processing/req_logging.py:29}}
Sep 23 15:04:17.773174 dv-cinder-855013-3-iscsi devstack@keystone.service[81865]: DEBUG keystone.common.rbac_enforcer.enforcer [None req-2c3e99b5-b3a8-4811-bb69-06df4dd21a23 None admin] RBAC: Adding query filter params (role.id=2921a7146fd9408396ca98a4be4ecd3f, scope.project.id=117d6fb504534ef2bd643528f241dffa, user.id=ca0ac49016c2446fa93a38c25a584d64) {{(pid=81865) _extract_filter_values /opt/stack/keystone/keystone/common/rbac_enforcer/enforcer.py:167}}
Sep 23 15:04:17.773679 dv-cinder-855013-3-iscsi devstack@keystone.service[81865]: DEBUG keystone.common.rbac_enforcer.enforcer [None req-2c3e99b5-b3a8-4811-bb69-06df4dd21a23 None admin] RBAC: Authorizing `identity:list_role_assignments()` {{(pid=81865) enforce_call /opt/stack/keystone/keystone/common/rbac_enforcer/enforcer.py:449}}
Sep 23 15:04:17.775429 dv-cinder-855013-3-iscsi devstack@keystone.service[81865]: DEBUG keystone.common.rbac_enforcer.enforcer [None req-2c3e99b5-b3a8-4811-bb69-06df4dd21a23 None admin] RBAC: Authorization granted {{(pid=81865) enforce_call /opt/stack/keystone/keystone/common/rbac_enforcer/enforcer.py:457}}
Sep 23 15:04:17.782856 dv-cinder-855013-3-iscsi devstack@keystone.service[81865]: [pid: 81865|app: 0|req: 110/226] 10.222.0.75 () {56 vars in 1374 bytes} [Fri Sep 23 15:04:17 2022] GET /identity/v3/role_assignments?user.id=ca0ac49016c2446fa93a38c25a584d64&scope.project.id=117d6fb504534ef2bd643528f241dffa&role.id=2921a7146fd9408396ca98a4be4ecd3f => generated 259 bytes in 196 msecs (HTTP/1.1 200) 5 headers in 177 bytes (1 switches on core 0)
Sep 23 15:04:17.784152 dv-cinder-855013-3-iscsi devstack@keystone.service[81865]: DEBUG keystone.server.flask.request_processing.middleware.auth_context [None req-2c3e99b5-b3a8-4811-bb69-06df4dd21a23 None admin] Authenticating user token {{(pid=81865) process_request /usr/local/lib/python3.8/dist-packages/keystonemiddleware/auth_token/__init__.py:407}}
Sep 23 15:04:17.812102 dv-cinder-855013-3-iscsi devstack@keystone.service[81864]: DEBUG keystone.server.flask.request_processing.middleware.auth_context [None req-75dff2bf-2ea2-4787-affa-a1c768fcf8d0 None admin] RBAC: auth_context: {'token': , 'domain_id': None, 'trust_id': None, 'trustor_id': None, 'trustee_id': None, 'domain_name': None, 'group_ids': [], 'user_id': '1d564d82faf2482faf5205415837bf68', 'user_domain_id': 'default', 'system_scope': 'all', 'project_id': None, 'project_domain_id': None, 'roles': ['admin', 'member', 'reader'], 'is_admin_project': True, 'service_user_id': None, 'service_user_domain_id': None, 'service_project_id': None, 'service_project_domain_id': None, 'service_roles': []} {{(pid=81864) fill_context /opt/stack/keystone/keystone/server/flask/request_processing/middleware/auth_context.py:478}}
Sep 23 15:04:17.814269 dv-cinder-855013-3-iscsi devstack@keystone.service[81864]: DEBUG keystone.server.flask.request_processing.req_logging [None req-75dff2bf-2ea2-4787-affa-a1c768fcf8d0 None admin] REQUEST_METHOD: `GET` {{(pid=81864) log_request_info /opt/stack/keystone/keystone/server/flask/request_processing/req_logging.py:27}}
Sep 23 15:04:17.818021 dv-cinder-855013-3-iscsi devstack@keystone.service[81864]: DEBUG keystone.server.flask.request_processing.req_logging [None req-75dff2bf-2ea2-4787-affa-a1c768fcf8d0 None admin] SCRIPT_NAME: `/identity` {{(pid=81864) log_request_info /opt/stack/keystone/keystone/server/flask/request_processing/req_logging.py:28}}
Sep 23 15:04:17.818496 dv-cinder-855013-3-iscsi devstack@keystone.service[81865]: DEBUG dbcounter [-] [81865] Writing DB stats keystone:SELECT=100 {{(pid=81865) stat_writer /usr/local/lib/python3.8/dist-packages/dbcounter.py:114}}
Sep 23 15:04:17.819775 dv-cinder-855013-3-iscsi devstack@keystone.service[81864]: DEBUG keystone.server.flask.request_processing.req_logging [None req-75dff2bf-2ea2-4787-affa-a1c768fcf8d0 None admin] PATH_INFO: `/v3/users/20a038652c604d3db04c261857dd4e93` {{(pid=81864) log_request_info /opt/stack/keystone/keystone/server/flask/request_processing/req_logging.py:29}}
Sep 23 15:04:17.822640 dv-cinder-855013-3-iscsi devstack@keystone.service[81864]: DEBUG keystone.common.rbac_enforcer.enforcer [None req-75dff2bf-2ea2-4787-affa-a1c768fcf8d0 None admin] RBAC: Authorizing `identity:get_user(user_id=20a038652c604d3db04c261857dd4e93)` {{(pid=81864) enforce_call /opt/stack/keystone/keystone/common/rbac_enforcer/enforcer.py:449}}
Sep 23 15:04:17.825968 dv-cinder-855013-3-iscsi devstack@keystone.service[81864]: DEBUG keystone.common.rbac_enforcer.enforcer [None req-75dff2bf-2ea2-4787-affa-a1c768fcf8d0 None admin] RBAC: Authorization granted {{(pid=81864) enforce_call /opt/stack/keystone/keystone/common/rbac_enforcer/enforcer.py:457}}
Sep 23 15:04:17.830247 dv-cinder-855013-3-iscsi devstack@keystone.service[81864]: [pid: 81864|app: 0|req: 117/227] 10.222.0.75 () {56 vars in 1177 bytes} [Fri Sep 23 15:04:17 2022] GET /identity/v3/users/20a038652c604d3db04c261857dd4e93 => generated 283 bytes in 205 msecs (HTTP/1.1 200) 5 headers in 177 bytes (2 switches on core 0)
Sep 23 15:04:17.834908 dv-cinder-855013-3-iscsi devstack@keystone.service[81864]: DEBUG keystone.server.flask.request_processing.middleware.auth_context [None req-75dff2bf-2ea2-4787-affa-a1c768fcf8d0 None admin] Authenticating user token {{(pid=81864) process_request /usr/local/lib/python3.8/dist-packages/keystonemiddleware/auth_token/__init__.py:407}}
Sep 23 15:04:17.935307 dv-cinder-855013-3-iscsi devstack@keystone.service[81864]: DEBUG dbcounter [-] [81864] Writing DB stats keystone:SELECT=100 {{(pid=81864) stat_writer /usr/local/lib/python3.8/dist-packages/dbcounter.py:114}}
Sep 23 15:04:18.004046 dv-cinder-855013-3-iscsi devstack@keystone.service[81865]: DEBUG keystone.server.flask.request_processing.middleware.auth_context [None req-2c3e99b5-b3a8-4811-bb69-06df4dd21a23 None admin] Validating token access rules against request {{(pid=81865) validate_allowed_request /usr/local/lib/python3.8/dist-packages/keystonemiddleware/auth_token/__init__.py:545}}
Sep 23 15:04:18.031061 dv-cinder-855013-3-iscsi devstack@keystone.service[81864]: DEBUG keystone.server.flask.request_processing.middleware.auth_context [None req-75dff2bf-2ea2-4787-affa-a1c768fcf8d0 None admin] Validating token access rules against request {{(pid=81864) validate_allowed_request /usr/local/lib/python3.8/dist-packages/keystonemiddleware/auth_token/__init__.py:545}}
Sep 23 15:04:18.060267 dv-cinder-855013-3-iscsi devstack@keystone.service[81865]: DEBUG keystone.server.flask.request_processing.middleware.auth_context [None req-5d6b1564-7ef8-4257-b307-a052315a4631 None admin] RBAC: auth_context: {'token': , 'domain_id': None, 'trust_id': None, 'trustor_id': None, 'trustee_id': None, 'domain_name': None, 'group_ids': [], 'user_id': '1d564d82faf2482faf5205415837bf68', 'user_domain_id': 'default', 'system_scope': 'all', 'project_id': None, 'project_domain_id': None, 'roles': ['admin', 'member', 'reader'], 'is_admin_project': True, 'service_user_id': None, 'service_user_domain_id': None, 'service_project_id': None, 'service_project_domain_id': None, 'service_roles': []} {{(pid=81865) fill_context /opt/stack/keystone/keystone/server/flask/request_processing/middleware/auth_context.py:478}}
Sep 23 15:04:18.061333 dv-cinder-855013-3-iscsi devstack@keystone.service[81865]: DEBUG keystone.server.flask.request_processing.req_logging [None req-5d6b1564-7ef8-4257-b307-a052315a4631 None admin] REQUEST_METHOD: `GET` {{(pid=81865) log_request_info /opt/stack/keystone/keystone/server/flask/request_processing/req_logging.py:27}}
Sep 23 15:04:18.061971 dv-cinder-855013-3-iscsi devstack@keystone.service[81865]: DEBUG keystone.server.flask.request_processing.req_logging [None req-5d6b1564-7ef8-4257-b307-a052315a4631 None admin] SCRIPT_NAME: `/identity` {{(pid=81865) log_request_info /opt/stack/keystone/keystone/server/flask/request_processing/req_logging.py:28}}
Sep 23 15:04:18.062805 dv-cinder-855013-3-iscsi devstack@keystone.service[81865]: DEBUG keystone.server.flask.request_processing.req_logging [None req-5d6b1564-7ef8-4257-b307-a052315a4631 None admin] PATH_INFO: `/v3/roles/anotherrole` {{(pid=81865) log_request_info /opt/stack/keystone/keystone/server/flask/request_processing/req_logging.py:29}}
Sep 23 15:04:18.077027 dv-cinder-855013-3-iscsi devstack@keystone.service[81865]: DEBUG keystone.common.rbac_enforcer.enforcer [None req-5d6b1564-7ef8-4257-b307-a052315a4631 None admin] Extracting inferred target data resulted in "NOT FOUND (404)". {{(pid=81865) enforce_call /opt/stack/keystone/keystone/common/rbac_enforcer/enforcer.py:409}}
Sep 23 15:04:18.088642 dv-cinder-855013-3-iscsi devstack@keystone.service[81864]: DEBUG keystone.server.flask.request_processing.middleware.auth_context [None req-2745dd4a-85b7-4d20-a5ef-3206e11e43d7 None admin] RBAC: auth_context: {'token': , 'domain_id': None, 'trust_id': None, 'trustor_id': None, 'trustee_id': None, 'domain_name': None, 'group_ids': [], 'user_id': '1d564d82faf2482faf5205415837bf68', 'user_domain_id': 'default', 'system_scope': 'all', 'project_id': None, 'project_domain_id': None, 'roles': ['admin', 'member', 'reader'], 'is_admin_project': True, 'service_user_id': None, 'service_user_domain_id': None, 'service_project_id': None, 'service_project_domain_id': None, 'service_roles': []} {{(pid=81864) fill_context /opt/stack/keystone/keystone/server/flask/request_processing/middleware/auth_context.py:478}}
Sep 23 15:04:18.088642 dv-cinder-855013-3-iscsi devstack@keystone.service[81864]: DEBUG keystone.server.flask.request_processing.req_logging [None req-2745dd4a-85b7-4d20-a5ef-3206e11e43d7 None admin] REQUEST_METHOD: `GET` {{(pid=81864) log_request_info /opt/stack/keystone/keystone/server/flask/request_processing/req_logging.py:27}}
Sep 23 15:04:18.088642 dv-cinder-855013-3-iscsi devstack@keystone.service[81864]: DEBUG keystone.server.flask.request_processing.req_logging [None req-2745dd4a-85b7-4d20-a5ef-3206e11e43d7 None admin] SCRIPT_NAME: `/identity` {{(pid=81864) log_request_info /opt/stack/keystone/keystone/server/flask/request_processing/req_logging.py:28}}
Sep 23 15:04:18.088642 dv-cinder-855013-3-iscsi devstack@keystone.service[81864]: DEBUG keystone.server.flask.request_processing.req_logging [None req-2745dd4a-85b7-4d20-a5ef-3206e11e43d7 None admin] PATH_INFO: `/v3/projects/117d6fb504534ef2bd643528f241dffa` {{(pid=81864) log_request_info /opt/stack/keystone/keystone/server/flask/request_processing/req_logging.py:29}}
Sep 23 15:04:18.089034 dv-cinder-855013-3-iscsi devstack@keystone.service[81864]: DEBUG keystone.common.rbac_enforcer.enforcer [None req-2745dd4a-85b7-4d20-a5ef-3206e11e43d7 None admin] RBAC: Authorizing `identity:get_project(project_id=117d6fb504534ef2bd643528f241dffa)` {{(pid=81864) enforce_call /opt/stack/keystone/keystone/common/rbac_enforcer/enforcer.py:449}}
Sep 23 15:04:18.089034 dv-cinder-855013-3-iscsi devstack@keystone.service[81864]: DEBUG keystone.common.rbac_enforcer.enforcer [None req-2745dd4a-85b7-4d20-a5ef-3206e11e43d7 None admin] RBAC: Authorization granted {{(pid=81864) enforce_call /opt/stack/keystone/keystone/common/rbac_enforcer/enforcer.py:457}}
Sep 23 15:04:18.089667 dv-cinder-855013-3-iscsi devstack@keystone.service[81864]: [pid: 81864|app: 0|req: 118/228] 10.222.0.75 () {56 vars in 1186 bytes} [Fri Sep 23 15:04:17 2022] GET /identity/v3/projects/117d6fb504534ef2bd643528f241dffa => generated 302 bytes in 255 msecs (HTTP/1.1 200) 5 headers in 177 bytes (1 switches on core 0)
Sep 23 15:04:18.092947 dv-cinder-855013-3-iscsi devstack@keystone.service[81865]: ERROR keystone.server.flask.application [None req-5d6b1564-7ef8-4257-b307-a052315a4631 None admin] Could not find role: anotherrole.: keystone.exception.RoleNotFound: Could not find role: anotherrole.
Sep 23 15:04:18.092947 dv-cinder-855013-3-iscsi devstack@keystone.service[81865]: ERROR keystone.server.flask.application
Traceback (most recent call last):
Sep 23 15:04:18.092947 dv-cinder-855013-3-iscsi devstack@keystone.service[81865]: ERROR keystone.server.flask.application
File "/usr/local/lib/python3.8/dist-packages/flask/app.py", line 1820, in full_dispatch_request
Sep 23 15:04:18.092947 dv-cinder-855013-3-iscsi devstack@keystone.service[81865]: ERROR keystone.server.flask.application rv = self.dispatch_request()
Sep 23 15:04:18.092947 dv-cinder-855013-3-iscsi devstack@keystone.service[81865]: ERROR keystone.server.flask.application
File "/usr/local/lib/python3.8/dist-packages/flask/app.py", line 1796, in dispatch_request
Sep 23 15:04:18.092947 dv-cinder-855013-3-iscsi devstack@keystone.service[81865]: ERROR keystone.server.flask.application return self.ensure_sync(self.view_functions[rule.endpoint])(**view_args)
Sep 23 15:04:18.092947 dv-cinder-855013-3-iscsi devstack@keystone.service[81865]: ERROR keystone.server.flask.application
File "/usr/local/lib/python3.8/dist-packages/flask_restful/__init__.py", line 467, in wrapper
Sep 23 15:04:18.092947 dv-cinder-855013-3-iscsi devstack@keystone.service[81865]: ERROR keystone.server.flask.application resp = resource(*args, **kwargs)
Sep 23 15:04:18.092947 dv-cinder-855013-3-iscsi devstack@keystone.service[81865]: ERROR keystone.server.flask.application
File "/usr/local/lib/python3.8/dist-packages/flask/views.py", line 107, in view
Sep 23 15:04:18.092947 dv-cinder-855013-3-iscsi devstack@keystone.service[81865]: ERROR keystone.server.flask.application return current_app.ensure_sync(self.dispatch_request)(**kwargs)
Sep 23 15:04:18.092947 dv-cinder-855013-3-iscsi devstack@keystone.service[81865]: ERROR keystone.server.flask.application
File "/usr/local/lib/python3.8/dist-packages/flask_restful/__init__.py", line 582, in dispatch_request
Sep 23 15:04:18.092947 dv-cinder-855013-3-iscsi devstack@keystone.service[81865]: ERROR keystone.server.flask.application resp = meth(*args, **kwargs)
Sep 23 15:04:18.092947 dv-cinder-855013-3-iscsi devstack@keystone.service[81865]: ERROR keystone.server.flask.application
File "/opt/stack/keystone/keystone/api/roles.py", line 50, in get
Sep 23 15:04:18.092947 dv-cinder-855013-3-iscsi devstack@keystone.service[81865]: ERROR keystone.server.flask.application return self._get_role(role_id)
Sep 23 15:04:18.092947 dv-cinder-855013-3-iscsi devstack@keystone.service[81865]: ERROR keystone.server.flask.application
File "/opt/stack/keystone/keystone/api/roles.py", line 70, in _get_role
Sep 23 15:04:18.092947 dv-cinder-855013-3-iscsi devstack@keystone.service[81865]: ERROR keystone.server.flask.application ENFORCER.enforce_call(action='identity:get_role')
Sep 23 15:04:18.093797 dv-cinder-855013-3-iscsi devstack@keystone.service[81865]: ERROR keystone.server.flask.application
File "/opt/stack/keystone/keystone/common/rbac_enforcer/enforcer.py", line 402, in enforce_call
Sep 23 15:04:18.093797 dv-cinder-855013-3-iscsi devstack@keystone.service[81865]: ERROR keystone.server.flask.application policy_dict.update(cls._extract_member_target_data(
Sep 23 15:04:18.093797 dv-cinder-855013-3-iscsi devstack@keystone.service[81865]: ERROR keystone.server.flask.application
File "/opt/stack/keystone/keystone/common/rbac_enforcer/enforcer.py", line 234, in _extract_member_target_data
Sep 23 15:04:18.093797 dv-cinder-855013-3-iscsi devstack@keystone.service[81865]: ERROR keystone.server.flask.application member_name: func(flask.request.view_args[key])
Sep 23 15:04:18.093797 dv-cinder-855013-3-iscsi devstack@keystone.service[81865]: ERROR keystone.server.flask.application
File "/opt/stack/keystone/keystone/common/manager.py", line 115, in wrapped
Sep 23 15:04:18.093797 dv-cinder-855013-3-iscsi devstack@keystone.service[81865]: ERROR keystone.server.flask.application __ret_val = __f(*args, **kwargs)
Sep 23 15:04:18.093797 dv-cinder-855013-3-iscsi devstack@keystone.service[81865]: ERROR keystone.server.flask.application
File "/usr/local/lib/python3.8/dist-packages/decorator.py", line 232, in fun
Sep 23 15:04:18.093797 dv-cinder-855013-3-iscsi devstack@keystone.service[81865]: ERROR keystone.server.flask.application return caller(func, *(extras + args), **kw)
Sep 23 15:04:18.093797 dv-cinder-855013-3-iscsi devstack@keystone.service[81865]: ERROR keystone.server.flask.application
File "/usr/local/lib/python3.8/dist-packages/dogpile/cache/region.py", line 1577, in get_or_create_for_user_func
Sep 23 15:04:18.093797 dv-cinder-855013-3-iscsi devstack@keystone.service[81865]: ERROR keystone.server.flask.application return self.get_or_create(
Sep 23 15:04:18.093797 dv-cinder-855013-3-iscsi devstack@keystone.service[81865]: ERROR keystone.server.flask.application
File "/usr/local/lib/python3.8/dist-packages/dogpile/cache/region.py", line 1042, in get_or_create
Sep 23 15:04:18.093797 dv-cinder-855013-3-iscsi devstack@keystone.service[81865]: ERROR keystone.server.flask.application with Lock(
Sep 23 15:04:18.093797 dv-cinder-855013-3-iscsi devstack@keystone.service[81865]: ERROR keystone.server.flask.application
File "/usr/local/lib/python3.8/dist-packages/dogpile/lock.py", line 185, in __enter__
Sep 23 15:04:18.093797 dv-cinder-855013-3-iscsi devstack@keystone.service[81865]: ERROR keystone.server.flask.application return self._enter()
Sep 23 15:04:18.093797 dv-cinder-855013-3-iscsi devstack@keystone.service[81865]: ERROR keystone.server.flask.application
File "/usr/local/lib/python3.8/dist-packages/dogpile/lock.py", line 94, in _enter
Sep 23 15:04:18.093797 dv-cinder-855013-3-iscsi devstack@keystone.service[81865]: ERROR keystone.server.flask.application generated = self._enter_create(value, createdtime)
Sep 23 15:04:18.094670 dv-cinder-855013-3-iscsi devstack@keystone.service[81865]: ERROR keystone.server.flask.application
File "/usr/local/lib/python3.8/dist-packages/dogpile/lock.py", line 178, in _enter_create
Sep 23 15:04:18.094670 dv-cinder-855013-3-iscsi devstack@keystone.service[81865]: ERROR keystone.server.flask.application return self.creator()
Sep 23 15:04:18.094670 dv-cinder-855013-3-iscsi devstack@keystone.service[81865]: ERROR keystone.server.flask.application
File "/usr/local/lib/python3.8/dist-packages/dogpile/cache/region.py", line 995, in gen_value
Sep 23 15:04:18.094670 dv-cinder-855013-3-iscsi devstack@keystone.service[81865]: ERROR keystone.server.flask.application created_value = creator(
Sep 23 15:04:18.094670 dv-cinder-855013-3-iscsi devstack@keystone.service[81865]: ERROR keystone.server.flask.application
File "/opt/stack/keystone/keystone/assignment/core.py", line 1276, in get_role
Sep 23 15:04:18.094670 dv-cinder-855013-3-iscsi devstack@keystone.service[81865]: ERROR keystone.server.flask.application return self.driver.get_role(role_id)
Sep 23 15:04:18.094670 dv-cinder-855013-3-iscsi devstack@keystone.service[81865]: ERROR keystone.server.flask.application
File "/opt/stack/keystone/keystone/assignment/role_backends/sql.py", line 70, in get_role
Sep 23 15:04:18.094670 dv-cinder-855013-3-iscsi devstack@keystone.service[81865]: ERROR keystone.server.flask.application return self._get_role(session, role_id).to_dict()
Sep 23 15:04:18.094670 dv-cinder-855013-3-iscsi devstack@keystone.service[81865]: ERROR keystone.server.flask.application
File "/opt/stack/keystone/keystone/assignment/role_backends/sql.py", line 65, in _get_role
Sep 23 15:04:18.094670 dv-cinder-855013-3-iscsi devstack@keystone.service[81865]: ERROR keystone.server.flask.application raise exception.RoleNotFound(role_id=role_id)
Sep 23 15:04:18.094670 dv-cinder-855013-3-iscsi devstack@keystone.service[81865]: ERROR keystone.server.flask.application keystone.exception.RoleNotFound: Could not find role: anotherrole.
Sep 23 15:04:18.094670 dv-cinder-855013-3-iscsi devstack@keystone.service[81865]: ERROR keystone.server.flask.application
Sep 23 15:04:18.095710 dv-cinder-855013-3-iscsi devstack@keystone.service[81864]: DEBUG keystone.server.flask.request_processing.middleware.auth_context [None req-2745dd4a-85b7-4d20-a5ef-3206e11e43d7 None admin] Authenticating user token {{(pid=81864) process_request /usr/local/lib/python3.8/dist-packages/keystonemiddleware/auth_token/__init__.py:407}}
Sep 23 15:04:18.097180 dv-cinder-855013-3-iscsi devstack@keystone.service[81865]: [pid: 81865|app: 0|req: 111/229] 10.222.0.75 () {56 vars in 1114 bytes} [Fri Sep 23 15:04:17 2022] GET /identity/v3/roles/anotherrole => generated 89 bytes in 313 msecs (HTTP/1.1 404) 5 headers in 183 bytes (1 switches on core 0)
Sep 23 15:04:18.102909 dv-cinder-855013-3-iscsi devstack@keystone.service[81865]: DEBUG keystone.server.flask.request_processing.middleware.auth_context [None req-5d6b1564-7ef8-4257-b307-a052315a4631 None admin] Authenticating user token {{(pid=81865) process_request /usr/local/lib/python3.8/dist-packages/keystonemiddleware/auth_token/__init__.py:407}}
Sep 23 15:04:18.251421 dv-cinder-855013-3-iscsi devstack@keystone.service[81865]: DEBUG dbcounter [-] [81865] Writing DB stats keystone:SELECT=100 {{(pid=81865) stat_writer /usr/local/lib/python3.8/dist-packages/dbcounter.py:114}}
Sep 23 15:04:18.252890 dv-cinder-855013-3-iscsi devstack@keystone.service[81864]: DEBUG keystone.server.flask.request_processing.middleware.auth_context [None req-2745dd4a-85b7-4d20-a5ef-3206e11e43d7 None admin] Validating token access rules against request {{(pid=81864) validate_allowed_request /usr/local/lib/python3.8/dist-packages/keystonemiddleware/auth_token/__init__.py:545}}
Sep 23 15:04:18.290874 dv-cinder-855013-3-iscsi devstack@keystone.service[81864]: DEBUG dbcounter [-] [81864] Writing DB stats keystone:SELECT=100 {{(pid=81864) stat_writer /usr/local/lib/python3.8/dist-packages/dbcounter.py:114}}
Sep 23 15:04:18.296398 dv-cinder-855013-3-iscsi devstack@keystone.service[81865]: DEBUG keystone.server.flask.request_processing.middleware.auth_context [None req-5d6b1564-7ef8-4257-b307-a052315a4631 None admin] Validating token access rules against request {{(pid=81865) validate_allowed_request /usr/local/lib/python3.8/dist-packages/keystonemiddleware/auth_token/__init__.py:545}}
Sep 23 15:04:18.334865 dv-cinder-855013-3-iscsi devstack@keystone.service[81864]: DEBUG keystone.server.flask.request_processing.middleware.auth_context [None req-eb24a27e-d673-4483-8348-45c372ac9057 None admin] RBAC: auth_context: {'token': , 'domain_id': None, 'trust_id': None, 'trustor_id': None, 'trustee_id': None, 'domain_name': None, 'group_ids': [], 'user_id': '1d564d82faf2482faf5205415837bf68', 'user_domain_id': 'default', 'system_scope': 'all', 'project_id': None, 'project_domain_id': None, 'roles': ['admin', 'member', 'reader'], 'is_admin_project': True, 'service_user_id': None, 'service_user_domain_id': None, 'service_project_id': None, 'service_project_domain_id': None, 'service_roles': []} {{(pid=81864) fill_context /opt/stack/keystone/keystone/server/flask/request_processing/middleware/auth_context.py:478}}
Sep 23 15:04:18.335461 dv-cinder-855013-3-iscsi devstack@keystone.service[81864]: DEBUG keystone.server.flask.request_processing.req_logging [None req-eb24a27e-d673-4483-8348-45c372ac9057 None admin] REQUEST_METHOD: `PUT` {{(pid=81864) log_request_info /opt/stack/keystone/keystone/server/flask/request_processing/req_logging.py:27}}
Sep 23 15:04:18.335738 dv-cinder-855013-3-iscsi devstack@keystone.service[81864]: DEBUG keystone.server.flask.request_processing.req_logging [None req-eb24a27e-d673-4483-8348-45c372ac9057 None admin] SCRIPT_NAME: `/identity` {{(pid=81864) log_request_info /opt/stack/keystone/keystone/server/flask/request_processing/req_logging.py:28}}
Sep 23 15:04:18.336007 dv-cinder-855013-3-iscsi devstack@keystone.service[81864]: DEBUG keystone.server.flask.request_processing.req_logging [None req-eb24a27e-d673-4483-8348-45c372ac9057 None admin] PATH_INFO: `/v3/projects/117d6fb504534ef2bd643528f241dffa/users/20a038652c604d3db04c261857dd4e93/roles/ae444a489623434999d758b71ae2dc87` {{(pid=81864) log_request_info /opt/stack/keystone/keystone/server/flask/request_processing/req_logging.py:29}}
Sep 23 15:04:18.338763 dv-cinder-855013-3-iscsi devstack@keystone.service[81864]: DEBUG keystone.common.rbac_enforcer.enforcer [None req-eb24a27e-d673-4483-8348-45c372ac9057 None admin] RBAC: Authorizing `identity:create_grant(project_id=117d6fb504534ef2bd643528f241dffa, user_id=20a038652c604d3db04c261857dd4e93, role_id=ae444a489623434999d758b71ae2dc87)` {{(pid=81864) enforce_call /opt/stack/keystone/keystone/common/rbac_enforcer/enforcer.py:449}}
Sep 23 15:04:18.340486 dv-cinder-855013-3-iscsi devstack@keystone.service[81865]: DEBUG keystone.server.flask.request_processing.middleware.auth_context [None req-6afa5847-88ba-4b7e-8292-a85d0e290d01 None admin] RBAC: auth_context: {'token': , 'domain_id': None, 'trust_id': None, 'trustor_id': None, 'trustee_id': None, 'domain_name': None, 'group_ids': [], 'user_id': '1d564d82faf2482faf5205415837bf68', 'user_domain_id': 'default', 'system_scope': 'all', 'project_id': None, 'project_domain_id': None, 'roles': ['admin', 'member', 'reader'], 'is_admin_project': True, 'service_user_id': None, 'service_user_domain_id': None, 'service_project_id': None, 'service_project_domain_id': None, 'service_roles': []} {{(pid=81865) fill_context /opt/stack/keystone/keystone/server/flask/request_processing/middleware/auth_context.py:478}}
Sep 23 15:04:18.341224 dv-cinder-855013-3-iscsi devstack@keystone.service[81865]: DEBUG keystone.server.flask.request_processing.req_logging [None req-6afa5847-88ba-4b7e-8292-a85d0e290d01 None admin] REQUEST_METHOD: `GET` {{(pid=81865) log_request_info /opt/stack/keystone/keystone/server/flask/request_processing/req_logging.py:27}}
Sep 23 15:04:18.341497 dv-cinder-855013-3-iscsi devstack@keystone.service[81865]: DEBUG keystone.server.flask.request_processing.req_logging [None req-6afa5847-88ba-4b7e-8292-a85d0e290d01 None admin] SCRIPT_NAME: `/identity` {{(pid=81865) log_request_info /opt/stack/keystone/keystone/server/flask/request_processing/req_logging.py:28}}
Sep 23 15:04:18.341762 dv-cinder-855013-3-iscsi devstack@keystone.service[81865]: DEBUG keystone.server.flask.request_processing.req_logging [None req-6afa5847-88ba-4b7e-8292-a85d0e290d01 None admin] PATH_INFO: `/v3/roles` {{(pid=81865) log_request_info /opt/stack/keystone/keystone/server/flask/request_processing/req_logging.py:29}}
Sep 23 15:04:18.342443 dv-cinder-855013-3-iscsi devstack@keystone.service[81865]: DEBUG keystone.common.rbac_enforcer.enforcer [None req-6afa5847-88ba-4b7e-8292-a85d0e290d01 None admin] RBAC: Adding query filter params (name=anotherrole) {{(pid=81865) _extract_filter_values /opt/stack/keystone/keystone/common/rbac_enforcer/enforcer.py:167}}
Sep 23 15:04:18.342739 dv-cinder-855013-3-iscsi devstack@keystone.service[81865]: DEBUG keystone.common.rbac_enforcer.enforcer [None req-6afa5847-88ba-4b7e-8292-a85d0e290d01 None admin] RBAC: Authorizing `identity:list_roles()` {{(pid=81865) enforce_call /opt/stack/keystone/keystone/common/rbac_enforcer/enforcer.py:449}}
Sep 23 15:04:18.344113 dv-cinder-855013-3-iscsi devstack@keystone.service[81865]: DEBUG keystone.common.rbac_enforcer.enforcer [None req-6afa5847-88ba-4b7e-8292-a85d0e290d01 None admin] RBAC: Authorization granted {{(pid=81865) enforce_call /opt/stack/keystone/keystone/common/rbac_enforcer/enforcer.py:457}}
Sep 23 15:04:18.346348 dv-cinder-855013-3-iscsi devstack@keystone.service[81864]: DEBUG keystone.common.rbac_enforcer.enforcer [None req-eb24a27e-d673-4483-8348-45c372ac9057 None admin] RBAC: Authorization granted {{(pid=81864) enforce_call /opt/stack/keystone/keystone/common/rbac_enforcer/enforcer.py:457}}
Sep 23 15:04:18.365337 dv-cinder-855013-3-iscsi devstack@keystone.service[81865]: [pid: 81865|app: 0|req: 112/230] 10.222.0.75 () {56 vars in 1111 bytes} [Fri Sep 23 15:04:18 2022] GET /identity/v3/roles?name=anotherrole => generated 334 bytes in 263 msecs (HTTP/1.1 200) 5 headers in 177 bytes (2 switches on core 0)
Sep 23 15:04:18.366390 dv-cinder-855013-3-iscsi devstack@keystone.service[81864]: [pid: 81864|app: 0|req: 119/231] 10.222.0.75 () {58 vars in 1439 bytes} [Fri Sep 23 15:04:18 2022] PUT /identity/v3/projects/117d6fb504534ef2bd643528f241dffa/users/20a038652c604d3db04c261857dd4e93/roles/ae444a489623434999d758b71ae2dc87 => generated 0 bytes in 271 msecs (HTTP/1.1 204) 3 headers in 132 bytes (0 switches on core 0)
Sep 23 15:04:18.371288 dv-cinder-855013-3-iscsi devstack@keystone.service[81865]: DEBUG keystone.server.flask.request_processing.middleware.auth_context [None req-6afa5847-88ba-4b7e-8292-a85d0e290d01 None admin] Authenticating user token {{(pid=81865) process_request /usr/local/lib/python3.8/dist-packages/keystonemiddleware/auth_token/__init__.py:407}}
Sep 23 15:04:18.512939 dv-cinder-855013-3-iscsi devstack@keystone.service[81865]: DEBUG keystone.server.flask.request_processing.middleware.auth_context [None req-6afa5847-88ba-4b7e-8292-a85d0e290d01 None admin] Validating token access rules against request {{(pid=81865) validate_allowed_request /usr/local/lib/python3.8/dist-packages/keystonemiddleware/auth_token/__init__.py:545}}
Sep 23 15:04:18.563098 dv-cinder-855013-3-iscsi devstack@keystone.service[81865]: DEBUG keystone.server.flask.request_processing.middleware.auth_context [None req-a784a88c-55cc-47ae-aaeb-40e64b42a858 None admin] RBAC: auth_context: {'token': , 'domain_id': None, 'trust_id': None, 'trustor_id': None, 'trustee_id': None, 'domain_name': None, 'group_ids': [], 'user_id': '1d564d82faf2482faf5205415837bf68', 'user_domain_id': 'default', 'system_scope': 'all', 'project_id': None, 'project_domain_id': None, 'roles': ['admin', 'member', 'reader'], 'is_admin_project': True, 'service_user_id': None, 'service_user_domain_id': None, 'service_project_id': None, 'service_project_domain_id': None, 'service_roles': []} {{(pid=81865) fill_context /opt/stack/keystone/keystone/server/flask/request_processing/middleware/auth_context.py:478}}
Sep 23 15:04:18.563765 dv-cinder-855013-3-iscsi devstack@keystone.service[81865]: DEBUG keystone.server.flask.request_processing.req_logging [None req-a784a88c-55cc-47ae-aaeb-40e64b42a858 None admin] REQUEST_METHOD: `GET` {{(pid=81865) log_request_info /opt/stack/keystone/keystone/server/flask/request_processing/req_logging.py:27}}
Sep 23 15:04:18.564038 dv-cinder-855013-3-iscsi devstack@keystone.service[81865]: DEBUG keystone.server.flask.request_processing.req_logging [None req-a784a88c-55cc-47ae-aaeb-40e64b42a858 None admin] SCRIPT_NAME: `/identity` {{(pid=81865) log_request_info /opt/stack/keystone/keystone/server/flask/request_processing/req_logging.py:28}}
Sep 23 15:04:18.564305 dv-cinder-855013-3-iscsi devstack@keystone.service[81865]: DEBUG keystone.server.flask.request_processing.req_logging [None req-a784a88c-55cc-47ae-aaeb-40e64b42a858 None admin] PATH_INFO: `/v3/users/20a038652c604d3db04c261857dd4e93` {{(pid=81865) log_request_info /opt/stack/keystone/keystone/server/flask/request_processing/req_logging.py:29}}
Sep 23 15:04:18.565485 dv-cinder-855013-3-iscsi devstack@keystone.service[81865]: DEBUG keystone.common.rbac_enforcer.enforcer [None req-a784a88c-55cc-47ae-aaeb-40e64b42a858 None admin] RBAC: Authorizing `identity:get_user(user_id=20a038652c604d3db04c261857dd4e93)` {{(pid=81865) enforce_call /opt/stack/keystone/keystone/common/rbac_enforcer/enforcer.py:449}}
Sep 23 15:04:18.566911 dv-cinder-855013-3-iscsi devstack@keystone.service[81865]: DEBUG keystone.common.rbac_enforcer.enforcer [None req-a784a88c-55cc-47ae-aaeb-40e64b42a858 None admin] RBAC: Authorization granted {{(pid=81865) enforce_call /opt/stack/keystone/keystone/common/rbac_enforcer/enforcer.py:457}}
Sep 23 15:04:18.568781 dv-cinder-855013-3-iscsi devstack@keystone.service[81865]: [pid: 81865|app: 0|req: 113/232] 10.222.0.75 () {56 vars in 1177 bytes} [Fri Sep 23 15:04:18 2022] GET /identity/v3/users/20a038652c604d3db04c261857dd4e93 => generated 283 bytes in 198 msecs (HTTP/1.1 200) 5 headers in 177 bytes (1 switches on core 0)
Sep 23 15:04:18.574961 dv-cinder-855013-3-iscsi devstack@keystone.service[81864]: DEBUG keystone.server.flask.request_processing.middleware.auth_context [None req-eb24a27e-d673-4483-8348-45c372ac9057 None admin] Authenticating user token {{(pid=81864) process_request /usr/local/lib/python3.8/dist-packages/keystonemiddleware/auth_token/__init__.py:407}}
Sep 23 15:04:18.703691 dv-cinder-855013-3-iscsi devstack@keystone.service[81864]: DEBUG keystone.server.flask.request_processing.middleware.auth_context [None req-eb24a27e-d673-4483-8348-45c372ac9057 None admin] Validating token access rules against request {{(pid=81864) validate_allowed_request /usr/local/lib/python3.8/dist-packages/keystonemiddleware/auth_token/__init__.py:545}}
Sep 23 15:04:18.748649 dv-cinder-855013-3-iscsi devstack@keystone.service[81864]: DEBUG keystone.server.flask.request_processing.middleware.auth_context [None req-63a7b01c-d6dd-4ab2-ae23-f4eb38ce1980 None admin] RBAC: auth_context: {'token': , 'domain_id': None, 'trust_id': None, 'trustor_id': None, 'trustee_id': None, 'domain_name': None, 'group_ids': [], 'user_id': '1d564d82faf2482faf5205415837bf68', 'user_domain_id': 'default', 'system_scope': 'all', 'project_id': None, 'project_domain_id': None, 'roles': ['admin', 'member', 'reader'], 'is_admin_project': True, 'service_user_id': None, 'service_user_domain_id': None, 'service_project_id': None, 'service_project_domain_id': None, 'service_roles': []} {{(pid=81864) fill_context /opt/stack/keystone/keystone/server/flask/request_processing/middleware/auth_context.py:478}}
Sep 23 15:04:18.749651 dv-cinder-855013-3-iscsi devstack@keystone.service[81864]: DEBUG keystone.server.flask.request_processing.req_logging [None req-63a7b01c-d6dd-4ab2-ae23-f4eb38ce1980 None admin] REQUEST_METHOD: `GET` {{(pid=81864) log_request_info /opt/stack/keystone/keystone/server/flask/request_processing/req_logging.py:27}}
Sep 23 15:04:18.750124 dv-cinder-855013-3-iscsi devstack@keystone.service[81864]: DEBUG keystone.server.flask.request_processing.req_logging [None req-63a7b01c-d6dd-4ab2-ae23-f4eb38ce1980 None admin] SCRIPT_NAME: `/identity` {{(pid=81864) log_request_info /opt/stack/keystone/keystone/server/flask/request_processing/req_logging.py:28}}
Sep 23 15:04:18.750664 dv-cinder-855013-3-iscsi devstack@keystone.service[81864]: DEBUG keystone.server.flask.request_processing.req_logging [None req-63a7b01c-d6dd-4ab2-ae23-f4eb38ce1980 None admin] PATH_INFO: `/v3/projects/117d6fb504534ef2bd643528f241dffa` {{(pid=81864) log_request_info /opt/stack/keystone/keystone/server/flask/request_processing/req_logging.py:29}}
Sep 23 15:04:18.752077 dv-cinder-855013-3-iscsi devstack@keystone.service[81864]: DEBUG keystone.common.rbac_enforcer.enforcer [None req-63a7b01c-d6dd-4ab2-ae23-f4eb38ce1980 None admin] RBAC: Authorizing `identity:get_project(project_id=117d6fb504534ef2bd643528f241dffa)` {{(pid=81864) enforce_call /opt/stack/keystone/keystone/common/rbac_enforcer/enforcer.py:449}}
Sep 23 15:04:18.753888 dv-cinder-855013-3-iscsi devstack@keystone.service[81864]: DEBUG keystone.common.rbac_enforcer.enforcer [None req-63a7b01c-d6dd-4ab2-ae23-f4eb38ce1980 None admin] RBAC: Authorization granted {{(pid=81864) enforce_call /opt/stack/keystone/keystone/common/rbac_enforcer/enforcer.py:457}}
Sep 23 15:04:18.755928 dv-cinder-855013-3-iscsi devstack@keystone.service[81864]: [pid: 81864|app: 0|req: 120/233] 10.222.0.75 () {56 vars in 1186 bytes} [Fri Sep 23 15:04:18 2022] GET /identity/v3/projects/117d6fb504534ef2bd643528f241dffa => generated 302 bytes in 181 msecs (HTTP/1.1 200) 5 headers in 177 bytes (1 switches on core 0)
Sep 23 15:04:18.763567 dv-cinder-855013-3-iscsi devstack@keystone.service[81865]: DEBUG keystone.server.flask.request_processing.middleware.auth_context [None req-a784a88c-55cc-47ae-aaeb-40e64b42a858 None admin] Authenticating user token {{(pid=81865) process_request /usr/local/lib/python3.8/dist-packages/keystonemiddleware/auth_token/__init__.py:407}}
Sep 23 15:04:18.788986 dv-cinder-855013-3-iscsi devstack@keystone.service[81865]: DEBUG dbcounter [-] [81865] Writing DB stats keystone:SELECT=100 {{(pid=81865) stat_writer /usr/local/lib/python3.8/dist-packages/dbcounter.py:114}}
Sep 23 15:04:18.917537 dv-cinder-855013-3-iscsi devstack@keystone.service[81865]: DEBUG keystone.server.flask.request_processing.middleware.auth_context [None req-a784a88c-55cc-47ae-aaeb-40e64b42a858 None admin] Validating token access rules against request {{(pid=81865) validate_allowed_request /usr/local/lib/python3.8/dist-packages/keystonemiddleware/auth_token/__init__.py:545}}
Sep 23 15:04:18.958727 dv-cinder-855013-3-iscsi devstack@keystone.service[81865]: DEBUG keystone.server.flask.request_processing.middleware.auth_context [None req-fb0d27c6-d4f9-485b-a6f4-ac24b2f3eba6 None admin] RBAC: auth_context: {'token': , 'domain_id': None, 'trust_id': None, 'trustor_id': None, 'trustee_id': None, 'domain_name': None, 'group_ids': [], 'user_id': '1d564d82faf2482faf5205415837bf68', 'user_domain_id': 'default', 'system_scope': 'all', 'project_id': None, 'project_domain_id': None, 'roles': ['admin', 'member', 'reader'], 'is_admin_project': True, 'service_user_id': None, 'service_user_domain_id': None, 'service_project_id': None, 'service_project_domain_id': None, 'service_roles': []} {{(pid=81865) fill_context /opt/stack/keystone/keystone/server/flask/request_processing/middleware/auth_context.py:478}}
Sep 23 15:04:18.959319 dv-cinder-855013-3-iscsi devstack@keystone.service[81865]: DEBUG keystone.server.flask.request_processing.req_logging [None req-fb0d27c6-d4f9-485b-a6f4-ac24b2f3eba6 None admin] REQUEST_METHOD: `PUT` {{(pid=81865) log_request_info /opt/stack/keystone/keystone/server/flask/request_processing/req_logging.py:27}}
Sep 23 15:04:18.959587 dv-cinder-855013-3-iscsi devstack@keystone.service[81865]: DEBUG keystone.server.flask.request_processing.req_logging [None req-fb0d27c6-d4f9-485b-a6f4-ac24b2f3eba6 None admin] SCRIPT_NAME: `/identity` {{(pid=81865) log_request_info /opt/stack/keystone/keystone/server/flask/request_processing/req_logging.py:28}}
Sep 23 15:04:18.959852 dv-cinder-855013-3-iscsi devstack@keystone.service[81865]: DEBUG keystone.server.flask.request_processing.req_logging [None req-fb0d27c6-d4f9-485b-a6f4-ac24b2f3eba6 None admin] PATH_INFO: `/v3/projects/117d6fb504534ef2bd643528f241dffa/users/20a038652c604d3db04c261857dd4e93/roles/704c67b455b54fb48089faef4aba8ccd` {{(pid=81865) log_request_info /opt/stack/keystone/keystone/server/flask/request_processing/req_logging.py:29}}
Sep 23 15:04:18.962128 dv-cinder-855013-3-iscsi devstack@keystone.service[81865]: DEBUG keystone.common.rbac_enforcer.enforcer [None req-fb0d27c6-d4f9-485b-a6f4-ac24b2f3eba6 None admin] RBAC: Authorizing `identity:create_grant(project_id=117d6fb504534ef2bd643528f241dffa, user_id=20a038652c604d3db04c261857dd4e93, role_id=704c67b455b54fb48089faef4aba8ccd)` {{(pid=81865) enforce_call /opt/stack/keystone/keystone/common/rbac_enforcer/enforcer.py:449}}
Sep 23 15:04:18.963639 dv-cinder-855013-3-iscsi devstack@keystone.service[81865]: DEBUG keystone.common.rbac_enforcer.enforcer [None req-fb0d27c6-d4f9-485b-a6f4-ac24b2f3eba6 None admin] RBAC: Authorization granted {{(pid=81865) enforce_call /opt/stack/keystone/keystone/common/rbac_enforcer/enforcer.py:457}}
Sep 23 15:04:18.987668 dv-cinder-855013-3-iscsi devstack@keystone.service[81865]: [pid: 81865|app: 0|req: 114/234] 10.222.0.75 () {58 vars in 1439 bytes} [Fri Sep 23 15:04:18 2022] PUT /identity/v3/projects/117d6fb504534ef2bd643528f241dffa/users/20a038652c604d3db04c261857dd4e93/roles/704c67b455b54fb48089faef4aba8ccd => generated 0 bytes in 225 msecs (HTTP/1.1 204) 3 headers in 132 bytes (0 switches on core 0)
Sep 23 15:04:19.541207 dv-cinder-855013-3-iscsi devstack@keystone.service[81864]: DEBUG keystone.server.flask.request_processing.req_logging [None req-6f0b5b8e-0ed2-44de-a395-2ec78d21d557 None None] REQUEST_METHOD: `GET` {{(pid=81864) log_request_info /opt/stack/keystone/keystone/server/flask/request_processing/req_logging.py:27}}
Sep 23 15:04:19.541741 dv-cinder-855013-3-iscsi devstack@keystone.service[81864]: DEBUG keystone.server.flask.request_processing.req_logging [None req-6f0b5b8e-0ed2-44de-a395-2ec78d21d557 None None] SCRIPT_NAME: `/identity` {{(pid=81864) log_request_info /opt/stack/keystone/keystone/server/flask/request_processing/req_logging.py:28}}
Sep 23 15:04:19.541741 dv-cinder-855013-3-iscsi devstack@keystone.service[81864]: DEBUG keystone.server.flask.request_processing.req_logging [None req-6f0b5b8e-0ed2-44de-a395-2ec78d21d557 None None] PATH_INFO: `/` {{(pid=81864) log_request_info /opt/stack/keystone/keystone/server/flask/request_processing/req_logging.py:29}}
Sep 23 15:04:19.543157 dv-cinder-855013-3-iscsi devstack@keystone.service[81864]: [pid: 81864|app: 0|req: 121/235] 10.222.0.75 () {54 vars in 927 bytes} [Fri Sep 23 15:04:19 2022] GET /identity => generated 270 bytes in 3 msecs (HTTP/1.1 300) 6 headers in 234 bytes (1 switches on core 0)
Sep 23 15:04:19.549863 dv-cinder-855013-3-iscsi devstack@keystone.service[81865]: DEBUG keystone.server.flask.request_processing.req_logging [None req-8cf535b9-1eb3-46cc-a7ed-1636771bae14 None None] REQUEST_METHOD: `POST` {{(pid=81865) log_request_info /opt/stack/keystone/keystone/server/flask/request_processing/req_logging.py:27}}
Sep 23 15:04:19.550290 dv-cinder-855013-3-iscsi devstack@keystone.service[81865]: DEBUG keystone.server.flask.request_processing.req_logging [None req-8cf535b9-1eb3-46cc-a7ed-1636771bae14 None None] SCRIPT_NAME: `/identity` {{(pid=81865) log_request_info /opt/stack/keystone/keystone/server/flask/request_processing/req_logging.py:28}}
Sep 23 15:04:19.550598 dv-cinder-855013-3-iscsi devstack@keystone.service[81865]: DEBUG keystone.server.flask.request_processing.req_logging [None req-8cf535b9-1eb3-46cc-a7ed-1636771bae14 None None] PATH_INFO: `/v3/auth/tokens` {{(pid=81865) log_request_info /opt/stack/keystone/keystone/server/flask/request_processing/req_logging.py:29}}
Sep 23 15:04:19.569693 dv-cinder-855013-3-iscsi devstack@keystone.service[81865]: DEBUG keystone.auth.core [None req-8cf535b9-1eb3-46cc-a7ed-1636771bae14 None None] MFA Rules not processed for user `1d564d82faf2482faf5205415837bf68`. Rule list: `[]` (Enabled: `True`). {{(pid=81865) check_auth_methods_against_rules /opt/stack/keystone/keystone/auth/core.py:438}}
Sep 23 15:04:19.570902 dv-cinder-855013-3-iscsi devstack@keystone.service[81865]: DEBUG keystone.common.fernet_utils [None req-8cf535b9-1eb3-46cc-a7ed-1636771bae14 None None] Loaded 2 Fernet keys from /etc/keystone/fernet-keys/, but `[fernet_tokens] max_active_keys = 3`; perhaps there have not been enough key rotations to reach `max_active_keys` yet? {{(pid=81865) load_keys /opt/stack/keystone/keystone/common/fernet_utils.py:286}}
Sep 23 15:04:19.640095 dv-cinder-855013-3-iscsi devstack@keystone.service[81865]: DEBUG dbcounter [-] [81865] Writing DB stats keystone:SELECT=99,keystone:INSERT=1 {{(pid=81865) stat_writer /usr/local/lib/python3.8/dist-packages/dbcounter.py:114}}
