Oct 11 06:42:30.008005 dv-cinder-854954-3-smb devstack@c-api.service[118154]: DEBUG cinder.volume.api [None req-01c0e5f7-5d4b-4ef3-a78b-ebaad3e5788e tempest-VolumeQuotasAdminTestJSON-1721906307 tempest-VolumeQuotasAdminTestJSON-1721906307-project] Task 'cinder.volume.flows.api.create_volume.VolumeCastTask;volume:create' (21cdc88e-589c-4bfb-9f48-be932c1c7514) transitioned into state 'SUCCESS' from state 'RUNNING' with result 'None' {{(pid=118154) _task_receiver /usr/local/lib/python3.8/dist-packages/taskflow/listeners/logging.py:178}}
Oct 11 06:42:30.011777 dv-cinder-854954-3-smb devstack@c-api.service[118154]: DEBUG cinder.volume.api [None req-01c0e5f7-5d4b-4ef3-a78b-ebaad3e5788e tempest-VolumeQuotasAdminTestJSON-1721906307 tempest-VolumeQuotasAdminTestJSON-1721906307-project] Flow 'volume_create_api' (33793a12-db1d-4a89-824c-b8ce5d11ee40) transitioned into state 'SUCCESS' from state 'RUNNING' {{(pid=118154) _flow_receiver /usr/local/lib/python3.8/dist-packages/taskflow/listeners/logging.py:141}}
Oct 11 06:42:30.012769 dv-cinder-854954-3-smb devstack@c-api.service[118154]: INFO cinder.volume.api [None req-01c0e5f7-5d4b-4ef3-a78b-ebaad3e5788e tempest-VolumeQuotasAdminTestJSON-1721906307 tempest-VolumeQuotasAdminTestJSON-1721906307-project] Create volume request issued successfully.
Oct 11 06:42:30.014747 dv-cinder-854954-3-smb devstack@c-api.service[118154]: INFO cinder.api.openstack.wsgi [None req-01c0e5f7-5d4b-4ef3-a78b-ebaad3e5788e tempest-VolumeQuotasAdminTestJSON-1721906307 tempest-VolumeQuotasAdminTestJSON-1721906307-project] http://10.222.0.30/volume/v3/078d50800fa4464e87e7609a292e173a/volumes returned with HTTP 202
Oct 11 06:42:30.016193 dv-cinder-854954-3-smb devstack@c-api.service[118154]: [pid: 118154|app: 0|req: 89/177] 10.222.0.30 () {60 vars in 1235 bytes} [Tue Oct 11 06:42:28 2022] POST /volume/v3/078d50800fa4464e87e7609a292e173a/volumes => generated 824 bytes in 1123 msecs (HTTP/1.1 202) 7 headers in 291 bytes (1 switches on core 0)
Oct 11 06:42:30.017820 dv-cinder-854954-3-smb devstack@c-api.service[118154]: DEBUG cinder.api.middleware.request_id [None req-7695ad49-6bfd-4a9f-a214-91db3d315da2 None None] RequestId filter calling following filter/app {{(pid=118154) _context_setter /opt/stack/cinder/cinder/api/middleware/request_id.py:62}}
Oct 11 06:42:30.023314 dv-cinder-854954-3-smb devstack@c-api.service[118154]: INFO cinder.api.openstack.wsgi [None req-7695ad49-6bfd-4a9f-a214-91db3d315da2 tempest-GroupSnapshotsTest-374466191 tempest-GroupSnapshotsTest-374466191-project] GET http://10.222.0.30/volume/v3/039e94e71b8c4b2ca2d7817b45e1225e/snapshots/10836d9a-3561-41bc-ba37-fd05474b8df0
Oct 11 06:42:30.023849 dv-cinder-854954-3-smb devstack@c-api.service[118154]: DEBUG cinder.api.openstack.wsgi [None req-7695ad49-6bfd-4a9f-a214-91db3d315da2 tempest-GroupSnapshotsTest-374466191 tempest-GroupSnapshotsTest-374466191-project] Empty body provided in request {{(pid=118154) get_body /opt/stack/cinder/cinder/api/openstack/wsgi.py:715}}
Oct 11 06:42:30.024334 dv-cinder-854954-3-smb devstack@c-api.service[118154]: DEBUG cinder.api.openstack.wsgi [None req-7695ad49-6bfd-4a9f-a214-91db3d315da2 tempest-GroupSnapshotsTest-374466191 tempest-GroupSnapshotsTest-374466191-project] Calling method 'show' {{(pid=118154) _process_stack /opt/stack/cinder/cinder/api/openstack/wsgi.py:868}}
Oct 11 06:42:30.030240 dv-cinder-854954-3-smb devstack@c-api.service[118153]: INFO cinder.volume.api [None req-d171c8bb-3020-4d57-8e62-e197df5866c4 tempest-UserMessagesTest-796181192 tempest-UserMessagesTest-796181192-project] Delete volume request issued successfully.
Oct 11 06:42:30.031053 dv-cinder-854954-3-smb devstack@c-api.service[118153]: INFO cinder.api.openstack.wsgi [None req-d171c8bb-3020-4d57-8e62-e197df5866c4 tempest-UserMessagesTest-796181192 tempest-UserMessagesTest-796181192-project] http://10.222.0.30/volume/v3/f9af1c4178264782a051d9eb3c21c8f5/volumes/9a34a1d7-6120-458e-8471-9ce6f5470f49 returned with HTTP 202
Oct 11 06:42:30.032981 dv-cinder-854954-3-smb devstack@c-api.service[118153]: [pid: 118153|app: 0|req: 89/178] 10.222.0.30 () {60 vars in 1368 bytes} [Tue Oct 11 06:42:29 2022] DELETE /volume/v3/f9af1c4178264782a051d9eb3c21c8f5/volumes/9a34a1d7-6120-458e-8471-9ce6f5470f49 => generated 0 bytes in 315 msecs (HTTP/1.1 202) 6 headers in 233 bytes (1 switches on core 0)
Oct 11 06:42:30.038211 dv-cinder-854954-3-smb devstack@c-api.service[118154]: /usr/local/lib/python3.8/dist-packages/oslo_context/context.py:100: DeprecationWarning: Policy enforcement is depending on the value of is_admin. This key is deprecated. Please update your policy file to use the standard policy values.
Oct 11 06:42:30.038211 dv-cinder-854954-3-smb devstack@c-api.service[118154]: warnings.warn('Policy enforcement is depending on the value of '
Oct 11 06:42:30.039266 dv-cinder-854954-3-smb devstack@c-api.service[118154]: INFO cinder.volume.api [None req-7695ad49-6bfd-4a9f-a214-91db3d315da2 tempest-GroupSnapshotsTest-374466191 tempest-GroupSnapshotsTest-374466191-project] Snapshot retrieved successfully.
Oct 11 06:42:30.041144 dv-cinder-854954-3-smb devstack@c-api.service[118154]: INFO cinder.api.openstack.wsgi [None req-7695ad49-6bfd-4a9f-a214-91db3d315da2 tempest-GroupSnapshotsTest-374466191 tempest-GroupSnapshotsTest-374466191-project] http://10.222.0.30/volume/v3/039e94e71b8c4b2ca2d7817b45e1225e/snapshots/10836d9a-3561-41bc-ba37-fd05474b8df0 returned with HTTP 200
Oct 11 06:42:30.049175 dv-cinder-854954-3-smb devstack@c-api.service[118154]: [pid: 118154|app: 0|req: 90/179] 10.222.0.30 () {58 vars in 1331 bytes} [Tue Oct 11 06:42:30 2022] GET /volume/v3/039e94e71b8c4b2ca2d7817b45e1225e/snapshots/10836d9a-3561-41bc-ba37-fd05474b8df0 => generated 535 bytes in 32 msecs (HTTP/1.1 200) 7 headers in 285 bytes (1 switches on core 0)
Oct 11 06:42:30.050724 dv-cinder-854954-3-smb devstack@c-api.service[118154]: DEBUG cinder.api.middleware.request_id [None req-9fb0b16c-826c-47bd-8774-be02cc3cf5b3 None None] RequestId filter calling following filter/app {{(pid=118154) _context_setter /opt/stack/cinder/cinder/api/middleware/request_id.py:62}}
Oct 11 06:42:30.054551 dv-cinder-854954-3-smb devstack@c-api.service[118154]: INFO cinder.api.openstack.wsgi [None req-9fb0b16c-826c-47bd-8774-be02cc3cf5b3 tempest-UserMessagesTest-796181192 tempest-UserMessagesTest-796181192-project] GET http://10.222.0.30/volume/v3/f9af1c4178264782a051d9eb3c21c8f5/volumes/9a34a1d7-6120-458e-8471-9ce6f5470f49
Oct 11 06:42:30.055043 dv-cinder-854954-3-smb devstack@c-api.service[118154]: DEBUG cinder.api.openstack.wsgi [None req-9fb0b16c-826c-47bd-8774-be02cc3cf5b3 tempest-UserMessagesTest-796181192 tempest-UserMessagesTest-796181192-project] Empty body provided in request {{(pid=118154) get_body /opt/stack/cinder/cinder/api/openstack/wsgi.py:715}}
Oct 11 06:42:30.055495 dv-cinder-854954-3-smb devstack@c-api.service[118154]: DEBUG cinder.api.openstack.wsgi [None req-9fb0b16c-826c-47bd-8774-be02cc3cf5b3 tempest-UserMessagesTest-796181192 tempest-UserMessagesTest-796181192-project] Calling method 'show' {{(pid=118154) _process_stack /opt/stack/cinder/cinder/api/openstack/wsgi.py:868}}
Oct 11 06:42:30.056197 dv-cinder-854954-3-smb devstack@c-api.service[118153]: DEBUG cinder.api.middleware.request_id [None req-1c54fd39-1534-4252-a8e8-7db270cbb840 None None] RequestId filter calling following filter/app {{(pid=118153) _context_setter /opt/stack/cinder/cinder/api/middleware/request_id.py:62}}
Oct 11 06:42:30.065149 dv-cinder-854954-3-smb devstack@c-api.service[118153]: INFO cinder.api.openstack.wsgi [None req-1c54fd39-1534-4252-a8e8-7db270cbb840 tempest-VolumeQuotasAdminTestJSON-1721906307 tempest-VolumeQuotasAdminTestJSON-1721906307-project] GET http://10.222.0.30/volume/v3/078d50800fa4464e87e7609a292e173a/volumes/e9c68160-648d-4143-a293-ece212a56af5
Oct 11 06:42:30.068866 dv-cinder-854954-3-smb devstack@c-api.service[118154]: INFO cinder.api.openstack.wsgi [None req-9fb0b16c-826c-47bd-8774-be02cc3cf5b3 tempest-UserMessagesTest-796181192 tempest-UserMessagesTest-796181192-project] http://10.222.0.30/volume/v3/f9af1c4178264782a051d9eb3c21c8f5/volumes/9a34a1d7-6120-458e-8471-9ce6f5470f49 returned with HTTP 404
Oct 11 06:42:30.069187 dv-cinder-854954-3-smb devstack@c-api.service[118153]: DEBUG cinder.api.openstack.wsgi [None req-1c54fd39-1534-4252-a8e8-7db270cbb840 tempest-VolumeQuotasAdminTestJSON-1721906307 tempest-VolumeQuotasAdminTestJSON-1721906307-project] Empty body provided in request {{(pid=118153) get_body /opt/stack/cinder/cinder/api/openstack/wsgi.py:715}}
Oct 11 06:42:30.070125 dv-cinder-854954-3-smb devstack@c-api.service[118154]: [pid: 118154|app: 0|req: 91/180] 10.222.0.30 () {60 vars in 1365 bytes} [Tue Oct 11 06:42:30 2022] GET /volume/v3/f9af1c4178264782a051d9eb3c21c8f5/volumes/9a34a1d7-6120-458e-8471-9ce6f5470f49 => generated 109 bytes in 20 msecs (HTTP/1.1 404) 7 headers in 292 bytes (1 switches on core 0)
Oct 11 06:42:30.071615 dv-cinder-854954-3-smb devstack@c-api.service[118153]: DEBUG cinder.api.openstack.wsgi [None req-1c54fd39-1534-4252-a8e8-7db270cbb840 tempest-VolumeQuotasAdminTestJSON-1721906307 tempest-VolumeQuotasAdminTestJSON-1721906307-project] Calling method 'show' {{(pid=118153) _process_stack /opt/stack/cinder/cinder/api/openstack/wsgi.py:868}}
Oct 11 06:42:30.074417 dv-cinder-854954-3-smb devstack@c-api.service[118154]: DEBUG cinder.api.middleware.request_id [None req-58768a9e-2f6b-4a39-b2ed-fa6f78e26d9f None None] RequestId filter calling following filter/app {{(pid=118154) _context_setter /opt/stack/cinder/cinder/api/middleware/request_id.py:62}}
Oct 11 06:42:30.078911 dv-cinder-854954-3-smb devstack@c-api.service[118154]: INFO cinder.api.openstack.wsgi [None req-58768a9e-2f6b-4a39-b2ed-fa6f78e26d9f tempest-GroupSnapshotsTest-374466191 tempest-GroupSnapshotsTest-374466191-project] DELETE http://10.222.0.30/volume/v3/039e94e71b8c4b2ca2d7817b45e1225e/group_snapshots/e949136b-b64b-4be8-977a-4dc70ad0a929
Oct 11 06:42:30.079423 dv-cinder-854954-3-smb devstack@c-api.service[118154]: DEBUG cinder.api.openstack.wsgi [None req-58768a9e-2f6b-4a39-b2ed-fa6f78e26d9f tempest-GroupSnapshotsTest-374466191 tempest-GroupSnapshotsTest-374466191-project] Empty body provided in request {{(pid=118154) get_body /opt/stack/cinder/cinder/api/openstack/wsgi.py:715}}
Oct 11 06:42:30.079872 dv-cinder-854954-3-smb devstack@c-api.service[118154]: DEBUG cinder.api.openstack.wsgi [None req-58768a9e-2f6b-4a39-b2ed-fa6f78e26d9f tempest-GroupSnapshotsTest-374466191 tempest-GroupSnapshotsTest-374466191-project] Calling method 'version_select' {{(pid=118154) _process_stack /opt/stack/cinder/cinder/api/openstack/wsgi.py:868}}
Oct 11 06:42:30.080574 dv-cinder-854954-3-smb devstack@c-api.service[118154]: DEBUG cinder.api.v3.group_snapshots [None req-58768a9e-2f6b-4a39-b2ed-fa6f78e26d9f tempest-GroupSnapshotsTest-374466191 tempest-GroupSnapshotsTest-374466191-project] delete called for member e949136b-b64b-4be8-977a-4dc70ad0a929 {{(pid=118154) delete /opt/stack/cinder/cinder/api/v3/group_snapshots.py:72}}
Oct 11 06:42:30.080574 dv-cinder-854954-3-smb devstack@c-api.service[118154]: INFO cinder.api.v3.group_snapshots [None req-58768a9e-2f6b-4a39-b2ed-fa6f78e26d9f tempest-GroupSnapshotsTest-374466191 tempest-GroupSnapshotsTest-374466191-project] Delete group_snapshot with id: e949136b-b64b-4be8-977a-4dc70ad0a929
Oct 11 06:42:30.087218 dv-cinder-854954-3-smb devstack@c-api.service[118154]: /usr/local/lib/python3.8/dist-packages/oslo_context/context.py:100: DeprecationWarning: Policy enforcement is depending on the value of is_admin. This key is deprecated. Please update your policy file to use the standard policy values.
Oct 11 06:42:30.087218 dv-cinder-854954-3-smb devstack@c-api.service[118154]: warnings.warn('Policy enforcement is depending on the value of '
Oct 11 06:42:30.121175 dv-cinder-854954-3-smb devstack@c-api.service[118153]: /usr/local/lib/python3.8/dist-packages/oslo_context/context.py:100: DeprecationWarning: Policy enforcement is depending on the value of is_admin. This key is deprecated. Please update your policy file to use the standard policy values.
Oct 11 06:42:30.121175 dv-cinder-854954-3-smb devstack@c-api.service[118153]: warnings.warn('Policy enforcement is depending on the value of '
Oct 11 06:42:30.154151 dv-cinder-854954-3-smb devstack@c-api.service[118153]: INFO cinder.volume.api [None req-1c54fd39-1534-4252-a8e8-7db270cbb840 tempest-VolumeQuotasAdminTestJSON-1721906307 tempest-VolumeQuotasAdminTestJSON-1721906307-project] Volume info retrieved successfully.
Oct 11 06:42:30.174673 dv-cinder-854954-3-smb devstack@c-api.service[118153]: INFO cinder.api.openstack.wsgi [None req-1c54fd39-1534-4252-a8e8-7db270cbb840 tempest-VolumeQuotasAdminTestJSON-1721906307 tempest-VolumeQuotasAdminTestJSON-1721906307-project] http://10.222.0.30/volume/v3/078d50800fa4464e87e7609a292e173a/volumes/e9c68160-648d-4143-a293-ece212a56af5 returned with HTTP 200
Oct 11 06:42:30.175456 dv-cinder-854954-3-smb devstack@c-api.service[118153]: [pid: 118153|app: 0|req: 90/181] 10.222.0.30 () {58 vars in 1325 bytes} [Tue Oct 11 06:42:30 2022] GET /volume/v3/078d50800fa4464e87e7609a292e173a/volumes/e9c68160-648d-4143-a293-ece212a56af5 => generated 892 bytes in 141 msecs (HTTP/1.1 200) 7 headers in 285 bytes (2 switches on core 0)
Oct 11 06:42:30.179842 dv-cinder-854954-3-smb devstack@c-api.service[118153]: DEBUG cinder.api.middleware.request_id [None req-9f393dd0-40aa-433c-a655-ab6ae3a9afaf None None] RequestId filter calling following filter/app {{(pid=118153) _context_setter /opt/stack/cinder/cinder/api/middleware/request_id.py:62}}
Oct 11 06:42:30.188441 dv-cinder-854954-3-smb devstack@c-api.service[118153]: INFO cinder.api.openstack.wsgi [None req-9f393dd0-40aa-433c-a655-ab6ae3a9afaf tempest-UserMessagesTest-1823168816 tempest-UserMessagesTest-1823168816-project-admin] DELETE http://10.222.0.30/volume/v3/5f43a6e7cb7848e1ac3b88e4cfaecd8d/types/062ed452-2c17-4f6e-a9e8-483f3f15ac37
Oct 11 06:42:30.188926 dv-cinder-854954-3-smb devstack@c-api.service[118153]: DEBUG cinder.api.openstack.wsgi [None req-9f393dd0-40aa-433c-a655-ab6ae3a9afaf tempest-UserMessagesTest-1823168816 tempest-UserMessagesTest-1823168816-project-admin] Empty body provided in request {{(pid=118153) get_body /opt/stack/cinder/cinder/api/openstack/wsgi.py:715}}
Oct 11 06:42:30.189436 dv-cinder-854954-3-smb devstack@c-api.service[118153]: DEBUG cinder.api.openstack.wsgi [None req-9f393dd0-40aa-433c-a655-ab6ae3a9afaf tempest-UserMessagesTest-1823168816 tempest-UserMessagesTest-1823168816-project-admin] Calling method '_delete' {{(pid=118153) _process_stack /opt/stack/cinder/cinder/api/openstack/wsgi.py:868}}
Oct 11 06:42:30.217246 dv-cinder-854954-3-smb devstack@c-api.service[118154]: INFO cinder.api.openstack.wsgi [None req-58768a9e-2f6b-4a39-b2ed-fa6f78e26d9f tempest-GroupSnapshotsTest-374466191 tempest-GroupSnapshotsTest-374466191-project] http://10.222.0.30/volume/v3/039e94e71b8c4b2ca2d7817b45e1225e/group_snapshots/e949136b-b64b-4be8-977a-4dc70ad0a929 returned with HTTP 202
Oct 11 06:42:30.221956 dv-cinder-854954-3-smb devstack@c-api.service[118154]: [pid: 118154|app: 0|req: 92/182] 10.222.0.30 () {60 vars in 1393 bytes} [Tue Oct 11 06:42:30 2022] DELETE /volume/v3/039e94e71b8c4b2ca2d7817b45e1225e/group_snapshots/e949136b-b64b-4be8-977a-4dc70ad0a929 => generated 0 bytes in 151 msecs (HTTP/1.1 202) 6 headers in 234 bytes (1 switches on core 0)
Oct 11 06:42:30.226831 dv-cinder-854954-3-smb devstack@c-api.service[118154]: DEBUG cinder.api.middleware.request_id [None req-7c01d18f-ea60-487c-b3f0-9cdf4822ffc8 None None] RequestId filter calling following filter/app {{(pid=118154) _context_setter /opt/stack/cinder/cinder/api/middleware/request_id.py:62}}
Oct 11 06:42:30.234667 dv-cinder-854954-3-smb devstack@c-api.service[118153]: DEBUG dbcounter [-] [118153] Writing DB stats cinder:SELECT=73,cinder:INSERT=8,cinder:UPDATE=19 {{(pid=118153) stat_writer /usr/local/lib/python3.8/dist-packages/dbcounter.py:114}}
Oct 11 06:42:30.237847 dv-cinder-854954-3-smb devstack@c-api.service[118154]: INFO cinder.api.openstack.wsgi [None req-7c01d18f-ea60-487c-b3f0-9cdf4822ffc8 tempest-GroupSnapshotsTest-374466191 tempest-GroupSnapshotsTest-374466191-project] GET http://10.222.0.30/volume/v3/039e94e71b8c4b2ca2d7817b45e1225e/volumes/detail
Oct 11 06:42:30.239722 dv-cinder-854954-3-smb devstack@c-api.service[118154]: DEBUG cinder.api.openstack.wsgi [None req-7c01d18f-ea60-487c-b3f0-9cdf4822ffc8 tempest-GroupSnapshotsTest-374466191 tempest-GroupSnapshotsTest-374466191-project] Empty body provided in request {{(pid=118154) get_body /opt/stack/cinder/cinder/api/openstack/wsgi.py:715}}
Oct 11 06:42:30.242279 dv-cinder-854954-3-smb devstack@c-api.service[118154]: DEBUG cinder.api.openstack.wsgi [None req-7c01d18f-ea60-487c-b3f0-9cdf4822ffc8 tempest-GroupSnapshotsTest-374466191 tempest-GroupSnapshotsTest-374466191-project] Calling method 'detail' {{(pid=118154) _process_stack /opt/stack/cinder/cinder/api/openstack/wsgi.py:868}}
Oct 11 06:42:30.245134 dv-cinder-854954-3-smb devstack@c-api.service[118154]: DEBUG cinder.api.api_utils [None req-7c01d18f-ea60-487c-b3f0-9cdf4822ffc8 tempest-GroupSnapshotsTest-374466191 tempest-GroupSnapshotsTest-374466191-project] Removing options '' from query. {{(pid=118154) remove_invalid_filter_options /opt/stack/cinder/cinder/api/api_utils.py:83}}
Oct 11 06:42:30.248190 dv-cinder-854954-3-smb devstack@c-api.service[118154]: /usr/local/lib/python3.8/dist-packages/oslo_context/context.py:100: DeprecationWarning: Policy enforcement is depending on the value of is_admin. This key is deprecated. Please update your policy file to use the standard policy values.
Oct 11 06:42:30.248190 dv-cinder-854954-3-smb devstack@c-api.service[118154]: warnings.warn('Policy enforcement is depending on the value of '
Oct 11 06:42:30.250967 dv-cinder-854954-3-smb devstack@c-api.service[118154]: DEBUG cinder.volume.api [None req-7c01d18f-ea60-487c-b3f0-9cdf4822ffc8 tempest-GroupSnapshotsTest-374466191 tempest-GroupSnapshotsTest-374466191-project] Searching by: MultiDict([('no_migration_targets', True)]). {{(pid=118154) get_all /opt/stack/cinder/cinder/volume/api.py:664}}
Oct 11 06:42:30.328475 dv-cinder-854954-3-smb devstack@c-api.service[118153]: INFO cinder.api.openstack.wsgi [None req-9f393dd0-40aa-433c-a655-ab6ae3a9afaf tempest-UserMessagesTest-1823168816 tempest-UserMessagesTest-1823168816-project-admin] http://10.222.0.30/volume/v3/5f43a6e7cb7848e1ac3b88e4cfaecd8d/types/062ed452-2c17-4f6e-a9e8-483f3f15ac37 returned with HTTP 202
Oct 11 06:42:30.330117 dv-cinder-854954-3-smb devstack@c-api.service[118153]: [pid: 118153|app: 0|req: 91/183] 10.222.0.30 () {58 vars in 1322 bytes} [Tue Oct 11 06:42:30 2022] DELETE /volume/v3/5f43a6e7cb7848e1ac3b88e4cfaecd8d/types/062ed452-2c17-4f6e-a9e8-483f3f15ac37 => generated 0 bytes in 152 msecs (HTTP/1.1 202) 6 headers in 233 bytes (1 switches on core 0)
Oct 11 06:42:30.345469 dv-cinder-854954-3-smb devstack@c-api.service[118153]: DEBUG cinder.api.middleware.request_id [None req-6a50d08e-35f7-4d1a-99d5-5ab6befd540b None None] RequestId filter calling following filter/app {{(pid=118153) _context_setter /opt/stack/cinder/cinder/api/middleware/request_id.py:62}}
Oct 11 06:42:30.360982 dv-cinder-854954-3-smb devstack@c-api.service[118153]: INFO cinder.api.openstack.wsgi [None req-6a50d08e-35f7-4d1a-99d5-5ab6befd540b tempest-GroupSnapshotsV319Test-1879413484 tempest-GroupSnapshotsV319Test-1879413484-project] GET http://10.222.0.30/volume/v3/dc5e7c0eb99d4a8cb6c8442b3ce7312c/groups/7222f7c5-047e-4469-96d5-82a54c9a79d7
Oct 11 06:42:30.361690 dv-cinder-854954-3-smb devstack@c-api.service[118153]: DEBUG cinder.api.openstack.wsgi [None req-6a50d08e-35f7-4d1a-99d5-5ab6befd540b tempest-GroupSnapshotsV319Test-1879413484 tempest-GroupSnapshotsV319Test-1879413484-project] Empty body provided in request {{(pid=118153) get_body /opt/stack/cinder/cinder/api/openstack/wsgi.py:715}}
Oct 11 06:42:30.362226 dv-cinder-854954-3-smb devstack@c-api.service[118153]: DEBUG cinder.api.openstack.wsgi [None req-6a50d08e-35f7-4d1a-99d5-5ab6befd540b tempest-GroupSnapshotsV319Test-1879413484 tempest-GroupSnapshotsV319Test-1879413484-project] Calling method 'version_select' {{(pid=118153) _process_stack /opt/stack/cinder/cinder/api/openstack/wsgi.py:868}}
Oct 11 06:42:30.363060 dv-cinder-854954-3-smb devstack@c-api.service[118153]: DEBUG cinder.api.v3.groups [None req-6a50d08e-35f7-4d1a-99d5-5ab6befd540b tempest-GroupSnapshotsV319Test-1879413484 tempest-GroupSnapshotsV319Test-1879413484-project] show called for member 7222f7c5-047e-4469-96d5-82a54c9a79d7 {{(pid=118153) show /opt/stack/cinder/cinder/api/v3/groups.py:58}}
Oct 11 06:42:30.380453 dv-cinder-854954-3-smb devstack@c-api.service[118153]: /usr/local/lib/python3.8/dist-packages/oslo_context/context.py:100: DeprecationWarning: Policy enforcement is depending on the value of is_admin. This key is deprecated. Please update your policy file to use the standard policy values.
Oct 11 06:42:30.380453 dv-cinder-854954-3-smb devstack@c-api.service[118153]: warnings.warn('Policy enforcement is depending on the value of '
Oct 11 06:42:30.383785 dv-cinder-854954-3-smb devstack@c-api.service[118154]: INFO cinder.volume.api [None req-7c01d18f-ea60-487c-b3f0-9cdf4822ffc8 tempest-GroupSnapshotsTest-374466191 tempest-GroupSnapshotsTest-374466191-project] Get all volumes completed successfully.
Oct 11 06:42:30.389087 dv-cinder-854954-3-smb devstack@c-api.service[118154]: WARNING stevedore.named [None req-7c01d18f-ea60-487c-b3f0-9cdf4822ffc8 tempest-GroupSnapshotsTest-374466191 tempest-GroupSnapshotsTest-374466191-project] Could not load cinder.keymgr.conf_key_mgr.ConfKeyManager
Oct 11 06:42:30.391955 dv-cinder-854954-3-smb devstack@c-api.service[118154]: WARNING castellan.key_manager [None req-7c01d18f-ea60-487c-b3f0-9cdf4822ffc8 tempest-GroupSnapshotsTest-374466191 tempest-GroupSnapshotsTest-374466191-project] Deprecation Warning : cinder.keymgr.conf_key_mgr.ConfKeyManager is not a stevedore based driver, trying to load it as a class: stevedore.exception.NoMatches: No 'castellan.drivers' driver found, looking for 'cinder.keymgr.conf_key_mgr.ConfKeyManager'
Oct 11 06:42:30.406592 dv-cinder-854954-3-smb devstack@c-api.service[118154]: DEBUG oslo_db.sqlalchemy.engines [None req-7c01d18f-ea60-487c-b3f0-9cdf4822ffc8 tempest-GroupSnapshotsTest-374466191 tempest-GroupSnapshotsTest-374466191-project] MySQL server mode set to STRICT_TRANS_TABLES,STRICT_ALL_TABLES,NO_ZERO_IN_DATE,NO_ZERO_DATE,ERROR_FOR_DIVISION_BY_ZERO,TRADITIONAL,NO_ENGINE_SUBSTITUTION {{(pid=118154) _check_effective_sql_mode /usr/local/lib/python3.8/dist-packages/oslo_db/sqlalchemy/engines.py:314}}
Oct 11 06:42:30.412696 dv-cinder-854954-3-smb devstack@c-api.service[118153]: INFO cinder.api.openstack.wsgi [None req-6a50d08e-35f7-4d1a-99d5-5ab6befd540b tempest-GroupSnapshotsV319Test-1879413484 tempest-GroupSnapshotsV319Test-1879413484-project] http://10.222.0.30/volume/v3/dc5e7c0eb99d4a8cb6c8442b3ce7312c/groups/7222f7c5-047e-4469-96d5-82a54c9a79d7 returned with HTTP 200
Oct 11 06:42:30.413555 dv-cinder-854954-3-smb devstack@c-api.service[118153]: [pid: 118153|app: 0|req: 92/184] 10.222.0.30 () {60 vars in 1363 bytes} [Tue Oct 11 06:42:30 2022] GET /volume/v3/dc5e7c0eb99d4a8cb6c8442b3ce7312c/groups/7222f7c5-047e-4469-96d5-82a54c9a79d7 => generated 397 bytes in 80 msecs (HTTP/1.1 200) 7 headers in 286 bytes (1 switches on core 0)
Oct 11 06:42:30.415782 dv-cinder-854954-3-smb devstack@c-api.service[118153]: DEBUG cinder.api.middleware.request_id [None req-843bb024-b197-4d3d-aa79-1a3ffa944e3a None None] RequestId filter calling following filter/app {{(pid=118153) _context_setter /opt/stack/cinder/cinder/api/middleware/request_id.py:62}}
Oct 11 06:42:30.423212 dv-cinder-854954-3-smb devstack@c-api.service[118153]: INFO cinder.api.openstack.wsgi [None req-843bb024-b197-4d3d-aa79-1a3ffa944e3a tempest-UserMessagesTest-1823168816 tempest-UserMessagesTest-1823168816-project-admin] GET http://10.222.0.30/volume/v3/5f43a6e7cb7848e1ac3b88e4cfaecd8d/types/062ed452-2c17-4f6e-a9e8-483f3f15ac37
Oct 11 06:42:30.425105 dv-cinder-854954-3-smb devstack@c-api.service[118153]: DEBUG cinder.api.openstack.wsgi [None req-843bb024-b197-4d3d-aa79-1a3ffa944e3a tempest-UserMessagesTest-1823168816 tempest-UserMessagesTest-1823168816-project-admin] Empty body provided in request {{(pid=118153) get_body /opt/stack/cinder/cinder/api/openstack/wsgi.py:715}}
Oct 11 06:42:30.427274 dv-cinder-854954-3-smb devstack@c-api.service[118154]: /usr/local/lib/python3.8/dist-packages/oslo_context/context.py:100: DeprecationWarning: Policy enforcement is depending on the value of is_admin. This key is deprecated. Please update your policy file to use the standard policy values.
Oct 11 06:42:30.427274 dv-cinder-854954-3-smb devstack@c-api.service[118154]: warnings.warn('Policy enforcement is depending on the value of '
Oct 11 06:42:30.428253 dv-cinder-854954-3-smb devstack@c-api.service[118153]: DEBUG cinder.api.openstack.wsgi [None req-843bb024-b197-4d3d-aa79-1a3ffa944e3a tempest-UserMessagesTest-1823168816 tempest-UserMessagesTest-1823168816-project-admin] Calling method 'show' {{(pid=118153) _process_stack /opt/stack/cinder/cinder/api/openstack/wsgi.py:868}}
Oct 11 06:42:30.438447 dv-cinder-854954-3-smb devstack@c-api.service[118153]: INFO cinder.api.openstack.wsgi [None req-843bb024-b197-4d3d-aa79-1a3ffa944e3a tempest-UserMessagesTest-1823168816 tempest-UserMessagesTest-1823168816-project-admin] http://10.222.0.30/volume/v3/5f43a6e7cb7848e1ac3b88e4cfaecd8d/types/062ed452-2c17-4f6e-a9e8-483f3f15ac37 returned with HTTP 404
Oct 11 06:42:30.440589 dv-cinder-854954-3-smb devstack@c-api.service[118153]: [pid: 118153|app: 0|req: 93/185] 10.222.0.30 () {58 vars in 1319 bytes} [Tue Oct 11 06:42:30 2022] GET /volume/v3/5f43a6e7cb7848e1ac3b88e4cfaecd8d/types/062ed452-2c17-4f6e-a9e8-483f3f15ac37 => generated 114 bytes in 26 msecs (HTTP/1.1 404) 7 headers in 292 bytes (1 switches on core 0)
Oct 11 06:42:30.444316 dv-cinder-854954-3-smb devstack@c-api.service[118154]: WARNING stevedore.named [None req-7c01d18f-ea60-487c-b3f0-9cdf4822ffc8 tempest-GroupSnapshotsTest-374466191 tempest-GroupSnapshotsTest-374466191-project] Could not load cinder.keymgr.conf_key_mgr.ConfKeyManager
Oct 11 06:42:30.444783 dv-cinder-854954-3-smb devstack@c-api.service[118154]: WARNING castellan.key_manager [None req-7c01d18f-ea60-487c-b3f0-9cdf4822ffc8 tempest-GroupSnapshotsTest-374466191 tempest-GroupSnapshotsTest-374466191-project] Deprecation Warning : cinder.keymgr.conf_key_mgr.ConfKeyManager is not a stevedore based driver, trying to load it as a class: stevedore.exception.NoMatches: No 'castellan.drivers' driver found, looking for 'cinder.keymgr.conf_key_mgr.ConfKeyManager'
Oct 11 06:42:30.444890 dv-cinder-854954-3-smb devstack@c-api.service[118153]: DEBUG cinder.api.middleware.request_id [None req-e107e187-03da-4aa4-aa47-f81e518e506d None None] RequestId filter calling following filter/app {{(pid=118153) _context_setter /opt/stack/cinder/cinder/api/middleware/request_id.py:62}}
Oct 11 06:42:30.448909 dv-cinder-854954-3-smb devstack@c-api.service[118153]: INFO cinder.api.openstack.wsgi [None req-e107e187-03da-4aa4-aa47-f81e518e506d tempest-GroupSnapshotsV319Test-1879413484 tempest-GroupSnapshotsV319Test-1879413484-project] POST http://10.222.0.30/volume/v3/dc5e7c0eb99d4a8cb6c8442b3ce7312c/volumes
Oct 11 06:42:30.449697 dv-cinder-854954-3-smb devstack@c-api.service[118153]: DEBUG cinder.api.openstack.wsgi [None req-e107e187-03da-4aa4-aa47-f81e518e506d tempest-GroupSnapshotsV319Test-1879413484 tempest-GroupSnapshotsV319Test-1879413484-project] Action: 'create', calling method: create, body: {"volume": {"volume_type": "65854e3e-7ee6-426d-85ae-3da44c48db39", "group_id": "7222f7c5-047e-4469-96d5-82a54c9a79d7", "size": 1, "name": "tempest-GroupSnapshotsV319Test-Volume-1512628838"}} {{(pid=118153) _process_stack /opt/stack/cinder/cinder/api/openstack/wsgi.py:866}}
Oct 11 06:42:30.466901 dv-cinder-854954-3-smb devstack@c-api.service[118153]: DEBUG cinder.api.v3.volumes [None req-e107e187-03da-4aa4-aa47-f81e518e506d tempest-GroupSnapshotsV319Test-1879413484 tempest-GroupSnapshotsV319Test-1879413484-project] Create volume request body: {'volume': {'volume_type': '65854e3e-7ee6-426d-85ae-3da44c48db39', 'group_id': '7222f7c5-047e-4469-96d5-82a54c9a79d7', 'size': 1, 'name': 'tempest-GroupSnapshotsV319Test-Volume-1512628838'}} {{(pid=118153) create /opt/stack/cinder/cinder/api/v3/volumes.py:298}}
Oct 11 06:42:30.467818 dv-cinder-854954-3-smb devstack@c-api.service[118154]: DEBUG oslo_db.sqlalchemy.engines [None req-7c01d18f-ea60-487c-b3f0-9cdf4822ffc8 tempest-GroupSnapshotsTest-374466191 tempest-GroupSnapshotsTest-374466191-project] MySQL server mode set to STRICT_TRANS_TABLES,STRICT_ALL_TABLES,NO_ZERO_IN_DATE,NO_ZERO_DATE,ERROR_FOR_DIVISION_BY_ZERO,TRADITIONAL,NO_ENGINE_SUBSTITUTION {{(pid=118154) _check_effective_sql_mode /usr/local/lib/python3.8/dist-packages/oslo_db/sqlalchemy/engines.py:314}}
Oct 11 06:42:30.490903 dv-cinder-854954-3-smb devstack@c-api.service[118153]: /usr/local/lib/python3.8/dist-packages/oslo_context/context.py:100: DeprecationWarning: Policy enforcement is depending on the value of is_admin. This key is deprecated. Please update your policy file to use the standard policy values.
Oct 11 06:42:30.490903 dv-cinder-854954-3-smb devstack@c-api.service[118153]: warnings.warn('Policy enforcement is depending on the value of '
Oct 11 06:42:30.491942 dv-cinder-854954-3-smb devstack@c-api.service[118153]: INFO cinder.api.v3.volumes [None req-e107e187-03da-4aa4-aa47-f81e518e506d tempest-GroupSnapshotsV319Test-1879413484 tempest-GroupSnapshotsV319Test-1879413484-project] Create volume of 1 GB
Oct 11 06:42:30.498793 dv-cinder-854954-3-smb devstack@c-api.service[118154]: /usr/local/lib/python3.8/dist-packages/oslo_context/context.py:100: DeprecationWarning: Policy enforcement is depending on the value of is_admin. This key is deprecated. Please update your policy file to use the standard policy values.
Oct 11 06:42:30.498793 dv-cinder-854954-3-smb devstack@c-api.service[118154]: warnings.warn('Policy enforcement is depending on the value of '
Oct 11 06:42:30.511238 dv-cinder-854954-3-smb devstack@c-api.service[118153]: INFO cinder.volume.api [None req-e107e187-03da-4aa4-aa47-f81e518e506d tempest-GroupSnapshotsV319Test-1879413484 tempest-GroupSnapshotsV319Test-1879413484-project] Availability Zones retrieved successfully.
Oct 11 06:42:30.559536 dv-cinder-854954-3-smb devstack@c-api.service[118153]: DEBUG cinder.volume.api [None req-e107e187-03da-4aa4-aa47-f81e518e506d tempest-GroupSnapshotsV319Test-1879413484 tempest-GroupSnapshotsV319Test-1879413484-project] Flow 'volume_create_api' (a086f4b9-122b-4598-a511-0b4d9d9ac6e1) transitioned into state 'RUNNING' from state 'PENDING' {{(pid=118153) _flow_receiver /usr/local/lib/python3.8/dist-packages/taskflow/listeners/logging.py:141}}
Oct 11 06:42:30.562188 dv-cinder-854954-3-smb devstack@c-api.service[118153]: DEBUG cinder.volume.api [None req-e107e187-03da-4aa4-aa47-f81e518e506d tempest-GroupSnapshotsV319Test-1879413484 tempest-GroupSnapshotsV319Test-1879413484-project] Task 'cinder.volume.flows.api.create_volume.ExtractVolumeRequestTask;volume:create' (6eb0fbb2-f212-40b7-ad1d-417b429f406e) transitioned into state 'RUNNING' from state 'PENDING' {{(pid=118153) _task_receiver /usr/local/lib/python3.8/dist-packages/taskflow/listeners/logging.py:190}}
Oct 11 06:42:30.563791 dv-cinder-854954-3-smb devstack@c-api.service[118153]: /usr/local/lib/python3.8/dist-packages/oslo_context/context.py:100: DeprecationWarning: Policy enforcement is depending on the value of is_admin. This key is deprecated. Please update your policy file to use the standard policy values.
Oct 11 06:42:30.563791 dv-cinder-854954-3-smb devstack@c-api.service[118153]: warnings.warn('Policy enforcement is depending on the value of '
Oct 11 06:42:30.564688 dv-cinder-854954-3-smb devstack@c-api.service[118154]: INFO cinder.api.openstack.wsgi [None req-7c01d18f-ea60-487c-b3f0-9cdf4822ffc8 tempest-GroupSnapshotsTest-374466191 tempest-GroupSnapshotsTest-374466191-project] http://10.222.0.30/volume/v3/039e94e71b8c4b2ca2d7817b45e1225e/volumes/detail returned with HTTP 200
Oct 11 06:42:30.564802 dv-cinder-854954-3-smb devstack@c-api.service[118153]: DEBUG cinder.volume.flows.api.create_volume [None req-e107e187-03da-4aa4-aa47-f81e518e506d tempest-GroupSnapshotsV319Test-1879413484 tempest-GroupSnapshotsV319Test-1879413484-project] Validating volume size '1' using validate_int {{(pid=118153) _extract_size /opt/stack/cinder/cinder/volume/flows/api/create_volume.py:228}}
Oct 11 06:42:30.567517 dv-cinder-854954-3-smb devstack@c-api.service[118154]: [pid: 118154|app: 0|req: 93/186] 10.222.0.30 () {60 vars in 1276 bytes} [Tue Oct 11 06:42:30 2022] GET /volume/v3/039e94e71b8c4b2ca2d7817b45e1225e/volumes/detail => generated 1995 bytes in 345 msecs (HTTP/1.1 200) 7 headers in 287 bytes (1 switches on core 0)
Oct 11 06:42:30.576917 dv-cinder-854954-3-smb devstack@c-api.service[118154]: DEBUG cinder.api.middleware.request_id [None req-4774df38-8a6a-4b86-adf9-6a741c8f0a85 None None] RequestId filter calling following filter/app {{(pid=118154) _context_setter /opt/stack/cinder/cinder/api/middleware/request_id.py:62}}
Oct 11 06:42:30.597463 dv-cinder-854954-3-smb devstack@c-api.service[118154]: INFO cinder.api.openstack.wsgi [None req-4774df38-8a6a-4b86-adf9-6a741c8f0a85 tempest-UserMessagesTest-796181192 tempest-UserMessagesTest-796181192-project] DELETE http://10.222.0.30/volume/v3/f9af1c4178264782a051d9eb3c21c8f5/volumes/435658a3-2238-4274-9166-b7901ae5c230
Oct 11 06:42:30.598004 dv-cinder-854954-3-smb devstack@c-api.service[118154]: DEBUG cinder.api.openstack.wsgi [None req-4774df38-8a6a-4b86-adf9-6a741c8f0a85 tempest-UserMessagesTest-796181192 tempest-UserMessagesTest-796181192-project] Empty body provided in request {{(pid=118154) get_body /opt/stack/cinder/cinder/api/openstack/wsgi.py:715}}
Oct 11 06:42:30.598466 dv-cinder-854954-3-smb devstack@c-api.service[118154]: DEBUG cinder.api.openstack.wsgi [None req-4774df38-8a6a-4b86-adf9-6a741c8f0a85 tempest-UserMessagesTest-796181192 tempest-UserMessagesTest-796181192-project] Calling method 'delete' {{(pid=118154) _process_stack /opt/stack/cinder/cinder/api/openstack/wsgi.py:868}}
Oct 11 06:42:30.598927 dv-cinder-854954-3-smb devstack@c-api.service[118154]: INFO cinder.api.v3.volumes [None req-4774df38-8a6a-4b86-adf9-6a741c8f0a85 tempest-UserMessagesTest-796181192 tempest-UserMessagesTest-796181192-project] Delete volume with id: 435658a3-2238-4274-9166-b7901ae5c230
Oct 11 06:42:30.631881 dv-cinder-854954-3-smb devstack@c-api.service[118154]: /usr/local/lib/python3.8/dist-packages/oslo_context/context.py:100: DeprecationWarning: Policy enforcement is depending on the value of is_admin. This key is deprecated. Please update your policy file to use the standard policy values.
Oct 11 06:42:30.631881 dv-cinder-854954-3-smb devstack@c-api.service[118154]: warnings.warn('Policy enforcement is depending on the value of '
Oct 11 06:42:30.633094 dv-cinder-854954-3-smb devstack@c-api.service[118154]: INFO cinder.volume.api [None req-4774df38-8a6a-4b86-adf9-6a741c8f0a85 tempest-UserMessagesTest-796181192 tempest-UserMessagesTest-796181192-project] Volume info retrieved successfully.
Oct 11 06:42:30.635722 dv-cinder-854954-3-smb devstack@c-api.service[118154]: DEBUG cinder.volume.api [None req-4774df38-8a6a-4b86-adf9-6a741c8f0a85 tempest-UserMessagesTest-796181192 tempest-UserMessagesTest-796181192-project] Decrease volume quotas for non temporary volume in non error_managing status. {{(pid=118154) delete /opt/stack/cinder/cinder/volume/api.py:434}}
Oct 11 06:42:30.642515 dv-cinder-854954-3-smb devstack@c-api.service[118153]: DEBUG cinder.volume.api [None req-e107e187-03da-4aa4-aa47-f81e518e506d tempest-GroupSnapshotsV319Test-1879413484 tempest-GroupSnapshotsV319Test-1879413484-project] Task 'cinder.volume.flows.api.create_volume.ExtractVolumeRequestTask;volume:create' (6eb0fbb2-f212-40b7-ad1d-417b429f406e) transitioned into state 'SUCCESS' from state 'RUNNING' with result '{'size': 1, 'snapshot_id': None, 'source_volid': None, 'volume_type': VolumeType(created_at=2022-10-11T06:42:28Z,deleted=False,deleted_at=None,description=None,extra_specs={},id=65854e3e-7ee6-426d-85ae-3da44c48db39,is_public=True,name='tempest-GroupSnapshotsV319Test-volume-type-862457662',projects=[],qos_specs=,qos_specs_id=None,updated_at=None), 'volume_type_id': '65854e3e-7ee6-426d-85ae-3da44c48db39', 'encryption_key_id': None, 'qos_specs': None, 'consistencygroup_id': None, 'cgsnapshot_id': None, 'group_id': '7222f7c5-047e-4469-96d5-82a54c9a79d7', 'replication_status': 'disabled', 'refresh_az': False, 'backup_id': None, 'multiattach': False, 'availability_zones': ['nova']}' {{(pid=118153) _task_receiver /usr/local/lib/python3.8/dist-packages/taskflow/listeners/logging.py:178}}
Oct 11 06:42:30.644487 dv-cinder-854954-3-smb devstack@c-api.service[118153]: DEBUG cinder.volume.api [None req-e107e187-03da-4aa4-aa47-f81e518e506d tempest-GroupSnapshotsV319Test-1879413484 tempest-GroupSnapshotsV319Test-1879413484-project] Task 'cinder.volume.flows.api.create_volume.QuotaReserveTask;volume:create' (4712167a-1849-4523-9307-23f1184e2513) transitioned into state 'RUNNING' from state 'PENDING' {{(pid=118153) _task_receiver /usr/local/lib/python3.8/dist-packages/taskflow/listeners/logging.py:190}}
Oct 11 06:42:30.716174 dv-cinder-854954-3-smb devstack@c-api.service[118154]: DEBUG dbcounter [-] [118154] Writing DB stats cinder:SELECT=73,cinder:INSERT=12,cinder:UPDATE=15 {{(pid=118154) stat_writer /usr/local/lib/python3.8/dist-packages/dbcounter.py:114}}
Oct 11 06:42:30.725209 dv-cinder-854954-3-smb devstack@c-api.service[118153]: WARNING cinder.quota [None req-e107e187-03da-4aa4-aa47-f81e518e506d tempest-GroupSnapshotsV319Test-1879413484 tempest-GroupSnapshotsV319Test-1879413484-project] Deprecated: Default quota for resource: volumes_tempest-GroupSnapshotsV319Test-volume-type-862457662 is set by the default quota flag: quota_volumes_tempest-GroupSnapshotsV319Test-volume-type-862457662, it is now deprecated. Please use the default quota class for default quota.
Oct 11 06:42:30.726961 dv-cinder-854954-3-smb devstack@c-api.service[118153]: WARNING cinder.quota [None req-e107e187-03da-4aa4-aa47-f81e518e506d tempest-GroupSnapshotsV319Test-1879413484 tempest-GroupSnapshotsV319Test-1879413484-project] Deprecated: Default quota for resource: gigabytes_tempest-GroupSnapshotsV319Test-volume-type-862457662 is set by the default quota flag: quota_gigabytes_tempest-GroupSnapshotsV319Test-volume-type-862457662, it is now deprecated. Please use the default quota class for default quota.
Oct 11 06:42:30.734178 dv-cinder-854954-3-smb devstack@c-api.service[118154]: DEBUG cinder.quota [None req-4774df38-8a6a-4b86-adf9-6a741c8f0a85 tempest-UserMessagesTest-796181192 tempest-UserMessagesTest-796181192-project] Created reservations ['0a808ba5-4d5f-44d2-8d6a-0d2ef92e950a', 'de4fc35e-fe65-4bee-9ead-dc9f9f8033b8', 'bfc8979f-7ba5-4257-af50-bb5c7fa288e2', '1265e7e1-7e42-4c67-89d1-ed0524899053'] {{(pid=118154) reserve /opt/stack/cinder/cinder/quota.py:755}}
Oct 11 06:42:30.857709 dv-cinder-854954-3-smb devstack@c-api.service[118154]: INFO cinder.volume.api [None req-4774df38-8a6a-4b86-adf9-6a741c8f0a85 tempest-UserMessagesTest-796181192 tempest-UserMessagesTest-796181192-project] Delete volume request issued successfully.
Oct 11 06:42:30.858574 dv-cinder-854954-3-smb devstack@c-api.service[118154]: INFO cinder.api.openstack.wsgi [None req-4774df38-8a6a-4b86-adf9-6a741c8f0a85 tempest-UserMessagesTest-796181192 tempest-UserMessagesTest-796181192-project] http://10.222.0.30/volume/v3/f9af1c4178264782a051d9eb3c21c8f5/volumes/435658a3-2238-4274-9166-b7901ae5c230 returned with HTTP 202
Oct 11 06:42:30.860022 dv-cinder-854954-3-smb devstack@c-api.service[118154]: [pid: 118154|app: 0|req: 94/187] 10.222.0.30 () {60 vars in 1368 bytes} [Tue Oct 11 06:42:30 2022] DELETE /volume/v3/f9af1c4178264782a051d9eb3c21c8f5/volumes/435658a3-2238-4274-9166-b7901ae5c230 => generated 0 bytes in 286 msecs (HTTP/1.1 202) 6 headers in 233 bytes (1 switches on core 0)
Oct 11 06:42:30.869201 dv-cinder-854954-3-smb devstack@c-api.service[118154]: DEBUG cinder.api.middleware.request_id [None req-8f9cbf70-57bc-444f-814b-aa2813b7cd53 None None] RequestId filter calling following filter/app {{(pid=118154) _context_setter /opt/stack/cinder/cinder/api/middleware/request_id.py:62}}
Oct 11 06:42:30.879316 dv-cinder-854954-3-smb devstack@c-api.service[118154]: INFO cinder.api.openstack.wsgi [None req-8f9cbf70-57bc-444f-814b-aa2813b7cd53 tempest-GroupSnapshotsTest-374466191 tempest-GroupSnapshotsTest-374466191-project] GET http://10.222.0.30/volume/v3/039e94e71b8c4b2ca2d7817b45e1225e/snapshots/detail
Oct 11 06:42:30.879930 dv-cinder-854954-3-smb devstack@c-api.service[118154]: DEBUG cinder.api.openstack.wsgi [None req-8f9cbf70-57bc-444f-814b-aa2813b7cd53 tempest-GroupSnapshotsTest-374466191 tempest-GroupSnapshotsTest-374466191-project] Empty body provided in request {{(pid=118154) get_body /opt/stack/cinder/cinder/api/openstack/wsgi.py:715}}
Oct 11 06:42:30.881241 dv-cinder-854954-3-smb devstack@c-api.service[118154]: DEBUG cinder.api.openstack.wsgi [None req-8f9cbf70-57bc-444f-814b-aa2813b7cd53 tempest-GroupSnapshotsTest-374466191 tempest-GroupSnapshotsTest-374466191-project] Calling method 'detail' {{(pid=118154) _process_stack /opt/stack/cinder/cinder/api/openstack/wsgi.py:868}}
Oct 11 06:42:30.881241 dv-cinder-854954-3-smb devstack@c-api.service[118154]: DEBUG cinder.api.api_utils [None req-8f9cbf70-57bc-444f-814b-aa2813b7cd53 tempest-GroupSnapshotsTest-374466191 tempest-GroupSnapshotsTest-374466191-project] Removing options '' from query. {{(pid=118154) remove_invalid_filter_options /opt/stack/cinder/cinder/api/api_utils.py:83}}
Oct 11 06:42:30.883203 dv-cinder-854954-3-smb devstack@c-api.service[118154]: DEBUG cinder.db.sqlalchemy.api [None req-8f9cbf70-57bc-444f-814b-aa2813b7cd53 tempest-GroupSnapshotsTest-374466191 tempest-GroupSnapshotsTest-374466191-project] Building query based on filter {{(pid=118154) _process_snaps_filters /opt/stack/cinder/cinder/db/sqlalchemy/api.py:3885}}
Oct 11 06:42:30.905285 dv-cinder-854954-3-smb devstack@c-api.service[118153]: DEBUG cinder.quota [None req-e107e187-03da-4aa4-aa47-f81e518e506d tempest-GroupSnapshotsV319Test-1879413484 tempest-GroupSnapshotsV319Test-1879413484-project] Created reservations ['272386fd-cadf-4de6-acd2-b01c0a34652d', '23848f95-9e1f-4251-af7c-204af5157e9f', '274e7eed-194e-4d8c-a4af-574ebd5c00fd', '0f7c5852-1608-4e88-a677-0d5cddb744e0'] {{(pid=118153) reserve /opt/stack/cinder/cinder/quota.py:755}}
Oct 11 06:42:30.906860 dv-cinder-854954-3-smb devstack@c-api.service[118153]: DEBUG cinder.volume.api [None req-e107e187-03da-4aa4-aa47-f81e518e506d tempest-GroupSnapshotsV319Test-1879413484 tempest-GroupSnapshotsV319Test-1879413484-project] Task 'cinder.volume.flows.api.create_volume.QuotaReserveTask;volume:create' (4712167a-1849-4523-9307-23f1184e2513) transitioned into state 'SUCCESS' from state 'RUNNING' with result '{'reservations': ['272386fd-cadf-4de6-acd2-b01c0a34652d', '23848f95-9e1f-4251-af7c-204af5157e9f', '274e7eed-194e-4d8c-a4af-574ebd5c00fd', '0f7c5852-1608-4e88-a677-0d5cddb744e0']}' {{(pid=118153) _task_receiver /usr/local/lib/python3.8/dist-packages/taskflow/listeners/logging.py:178}}
Oct 11 06:42:30.913273 dv-cinder-854954-3-smb devstack@c-api.service[118153]: DEBUG cinder.volume.api [None req-e107e187-03da-4aa4-aa47-f81e518e506d tempest-GroupSnapshotsV319Test-1879413484 tempest-GroupSnapshotsV319Test-1879413484-project] Task 'cinder.volume.flows.api.create_volume.EntryCreateTask;volume:create' (4bdc1239-b0a5-4541-b33e-df5eede1cd7a) transitioned into state 'RUNNING' from state 'PENDING' {{(pid=118153) _task_receiver /usr/local/lib/python3.8/dist-packages/taskflow/listeners/logging.py:190}}
Oct 11 06:42:30.938400 dv-cinder-854954-3-smb devstack@c-api.service[118154]: INFO cinder.volume.api [None req-8f9cbf70-57bc-444f-814b-aa2813b7cd53 tempest-GroupSnapshotsTest-374466191 tempest-GroupSnapshotsTest-374466191-project] Get all snapshots completed successfully.
Oct 11 06:42:30.938400 dv-cinder-854954-3-smb devstack@c-api.service[118154]: /usr/local/lib/python3.8/dist-packages/oslo_context/context.py:100: DeprecationWarning: Policy enforcement is depending on the value of is_admin. This key is deprecated. Please update your policy file to use the standard policy values.
Oct 11 06:42:30.938400 dv-cinder-854954-3-smb devstack@c-api.service[118154]: warnings.warn('Policy enforcement is depending on the value of '
Oct 11 06:42:30.943773 dv-cinder-854954-3-smb devstack@c-api.service[118154]: INFO cinder.api.openstack.wsgi [None req-8f9cbf70-57bc-444f-814b-aa2813b7cd53 tempest-GroupSnapshotsTest-374466191 tempest-GroupSnapshotsTest-374466191-project] http://10.222.0.30/volume/v3/039e94e71b8c4b2ca2d7817b45e1225e/snapshots/detail returned with HTTP 200
Oct 11 06:42:30.947913 dv-cinder-854954-3-smb devstack@c-api.service[118154]: [pid: 118154|app: 0|req: 95/188] 10.222.0.30 () {58 vars in 1241 bytes} [Tue Oct 11 06:42:30 2022] GET /volume/v3/039e94e71b8c4b2ca2d7817b45e1225e/snapshots/detail => generated 1059 bytes in 87 msecs (HTTP/1.1 200) 7 headers in 286 bytes (1 switches on core 0)
Oct 11 06:42:30.949458 dv-cinder-854954-3-smb devstack@c-api.service[118154]: DEBUG cinder.api.middleware.request_id [None req-a97c52c9-fd24-4e6e-9632-cd18c783952d None None] RequestId filter calling following filter/app {{(pid=118154) _context_setter /opt/stack/cinder/cinder/api/middleware/request_id.py:62}}
Oct 11 06:42:30.958225 dv-cinder-854954-3-smb devstack@c-api.service[118154]: INFO cinder.api.openstack.wsgi [None req-a97c52c9-fd24-4e6e-9632-cd18c783952d tempest-UserMessagesTest-796181192 tempest-UserMessagesTest-796181192-project] GET http://10.222.0.30/volume/v3/f9af1c4178264782a051d9eb3c21c8f5/volumes/435658a3-2238-4274-9166-b7901ae5c230
Oct 11 06:42:30.958225 dv-cinder-854954-3-smb devstack@c-api.service[118154]: DEBUG cinder.api.openstack.wsgi [None req-a97c52c9-fd24-4e6e-9632-cd18c783952d tempest-UserMessagesTest-796181192 tempest-UserMessagesTest-796181192-project] Empty body provided in request {{(pid=118154) get_body /opt/stack/cinder/cinder/api/openstack/wsgi.py:715}}
Oct 11 06:42:30.958705 dv-cinder-854954-3-smb devstack@c-api.service[118154]: DEBUG cinder.api.openstack.wsgi [None req-a97c52c9-fd24-4e6e-9632-cd18c783952d tempest-UserMessagesTest-796181192 tempest-UserMessagesTest-796181192-project] Calling method 'show' {{(pid=118154) _process_stack /opt/stack/cinder/cinder/api/openstack/wsgi.py:868}}
Oct 11 06:42:30.961081 dv-cinder-854954-3-smb devstack@c-api.service[118153]: DEBUG cinder.volume.api [None req-e107e187-03da-4aa4-aa47-f81e518e506d tempest-GroupSnapshotsV319Test-1879413484 tempest-GroupSnapshotsV319Test-1879413484-project] Task 'cinder.volume.flows.api.create_volume.EntryCreateTask;volume:create' (4bdc1239-b0a5-4541-b33e-df5eede1cd7a) transitioned into state 'SUCCESS' from state 'RUNNING' with result '{'volume_id': '7c644705-f5c4-48a1-ac66-0305428e1fc7', 'volume_properties': VolumeProperties(attach_status='detached',availability_zone='nova',cgsnapshot_id=None,consistencygroup_id=None,display_description=None,display_name='tempest-GroupSnapshotsV319Test-Volume-1512628838',encryption_key_id=None,group_id=7222f7c5-047e-4469-96d5-82a54c9a79d7,group_type_id=,metadata={},multiattach=False,project_id='dc5e7c0eb99d4a8cb6c8442b3ce7312c',qos_specs=None,replication_status=,reservations=['272386fd-cadf-4de6-acd2-b01c0a34652d','23848f95-9e1f-4251-af7c-204af5157e9f','274e7eed-194e-4d8c-a4af-574ebd5c00fd','0f7c5852-1608-4e88-a677-0d5cddb744e0'],size=1,snapshot_id=None,source_replicaid=,source_volid=None,status='creating',user_id='fc7de4650e254dee872a679b047f9914',volume_type_id=65854e3e-7ee6-426d-85ae-3da44c48db39), 'volume': Volume(_name_id=None,admin_metadata=,attach_status='detached',availability_zone='nova',bootable=False,cluster=,cluster_name=None,consistencygroup=,consistencygroup_id=None,created_at=2022-10-11T06:42:30Z,deleted=False,deleted_at=None,display_description=None,display_name='tempest-GroupSnapshotsV319Test-Volume-1512628838',ec2_id=None,encryption_key_id=None,glance_metadata=,group=,group_id=7222f7c5-047e-4469-96d5-82a54c9a79d7,host=None,id=7c644705-f5c4-48a1-ac66-0305428e1fc7,launched_at=None,metadata={},migration_status=None,multiattach=False,previous_status=None,project_id='dc5e7c0eb99d4a8cb6c8442b3ce7312c',provider_auth=None,provider_geometry=None,provider_id=None,provider_location=None,replication_driver_data=None,replication_extended_status=None,replication_status=None,scheduled_at=None,service_uuid=None,shared_targets=True,size=1,snapshot_id=None,snapshots=,source_volid=None,status='creating',terminated_at=None,updated_at=None,use_quota=True,user_id='fc7de4650e254dee872a679b047f9914',volume_attachment=VolumeAttachmentList,volume_type=VolumeType(65854e3e-7ee6-426d-85ae-3da44c48db39),volume_type_id=65854e3e-7ee6-426d-85ae-3da44c48db39)}' {{(pid=118153) _task_receiver /usr/local/lib/python3.8/dist-packages/taskflow/listeners/logging.py:178}}
Oct 11 06:42:30.966285 dv-cinder-854954-3-smb devstack@c-api.service[118153]: DEBUG cinder.volume.api [None req-e107e187-03da-4aa4-aa47-f81e518e506d tempest-GroupSnapshotsV319Test-1879413484 tempest-GroupSnapshotsV319Test-1879413484-project] Task 'cinder.volume.flows.api.create_volume.QuotaCommitTask;volume:create' (384210f7-59f2-436c-8685-0bea7ae0af53) transitioned into state 'RUNNING' from state 'PENDING' {{(pid=118153) _task_receiver /usr/local/lib/python3.8/dist-packages/taskflow/listeners/logging.py:190}}
