Aug 24 10:43:03.505362 dv-cinder-854275-3-smb neutron-server[112901]: DEBUG neutron.db.l3_dvrscheduler_db [None req-cb8ce013-73d6-46f9-b095-9048b3d51c99 None None] Routers {'e4a67416-b5fe-47df-ba69-be5fa7bfcfd6'} bound to L3 agent in host dv-cinder-854275-3-smb {{(pid=112901) _get_router_ids_for_agent /opt/stack/neutron/neutron/db/l3_dvrscheduler_db.py:422}}
Aug 24 10:43:03.506204 dv-cinder-854275-3-smb neutron-server[112901]: DEBUG neutron.db.l3_hamode_db [None req-cb8ce013-73d6-46f9-b095-9048b3d51c99 None None] neutron.services.l3_router.l3_router_plugin.L3RouterPlugin method get_ha_sync_data_for_host called with arguments (, 'dv-cinder-854275-3-smb', Agent(admin_state_up=True,agent_type='L3 agent',availability_zone='nova',binary='neutron-l3-agent',configurations={"agent_mode": "legacy", "ex_gw_ports": 1, "extensions": [], "floating_ips": 0, "handle_internal_only_routers": true, "interface_driver": "openvswitch", "interfaces": 1, "log_agent_heartbeats": false, "routers": 1},created_at=2022-08-24T10:34:45Z,description=,heartbeat_timestamp=2022-08-24T10:42:45Z,host='dv-cinder-854275-3-smb',id=ca1158a2-e566-41a2-8a4e-b2f6f0700fe5,load=0,resource_versions=,resources_synced=,started_at=2022-08-24T10:34:45Z,topic='l3_agent')) {'router_ids': ['e4a67416-b5fe-47df-ba69-be5fa7bfcfd6'], 'active': True} {{(pid=112901) wrapper /usr/local/lib/python3.8/dist-packages/oslo_log/helpers.py:65}}
Aug 24 10:43:03.522797 dv-cinder-854275-3-smb neutron-server[112898]: DEBUG neutron_lib.callbacks.manager [None req-dc13b6c5-efab-45cb-a63b-595503d58a25 admin admin] Publish callbacks [] for router (None), before_response {{(pid=112898) _notify_loop /usr/local/lib/python3.8/dist-packages/neutron_lib/callbacks/manager.py:176}}
Aug 24 10:43:03.522797 dv-cinder-854275-3-smb neutron-server[112898]: INFO neutron.wsgi [None req-dc13b6c5-efab-45cb-a63b-595503d58a25 admin admin] 10.222.0.52 "POST /networking/v2.0/routers HTTP/1.1" status: 201 len: 931 time: 4.2781782
Aug 24 10:43:03.522797 dv-cinder-854275-3-smb neutron-server[112898]: DEBUG neutron.wsgi [-] (112898) accepted ('10.222.0.52', 34766) {{(pid=112898) server /usr/local/lib/python3.8/dist-packages/eventlet/wsgi.py:1004}}
Aug 24 10:43:03.552837 dv-cinder-854275-3-smb neutron-server[112900]: DEBUG neutron.plugins.ml2.drivers.mech_agent [None req-89c51a62-5732-43bd-ae18-44d1540558b0 None None] Checking agent: {'id': '2950abfe-3818-43ed-b5b0-33ebae7aa534', 'agent_type': 'Open vSwitch agent', 'binary': 'neutron-openvswitch-agent', 'topic': 'N/A', 'host': 'dv-cinder-854275-3-smb', 'admin_state_up': True, 'created_at': datetime.datetime(2022, 8, 24, 10, 34, 48), 'started_at': datetime.datetime(2022, 8, 24, 10, 35, 18), 'heartbeat_timestamp': datetime.datetime(2022, 8, 24, 10, 42, 48), 'description': None, 'resources_synced': None, 'availability_zone': None, 'alive': True, 'configurations': {'arp_responder_enabled': False, 'baremetal_smartnic': False, 'bridge_mappings': {'physnet1': 'br-data'}, 'datapath_type': 'system', 'devices': 0, 'enable_distributed_routing': False, 'extensions': [], 'in_distributed_mode': False, 'integration_bridge': 'br-int', 'l2_population': False, 'log_agent_heartbeats': False, 'ovs_capabilities': {'datapath_types': ['netdev', 'system'], 'iface_types': ['erspan', 'geneve', 'gre', 'internal', 'ip6erspan', 'ip6gre', 'lisp', 'patch', 'stt', 'system', 'tap', 'vxlan']}, 'ovs_hybrid_plug': False, 'resource_provider_bandwidths': {}, 'resource_provider_hypervisors': {'br-data': 'dv-cinder-854275-3-smb'}, 'resource_provider_inventory_defaults': {'allocation_ratio': 1.0, 'min_unit': 1, 'step_size': 1, 'reserved': 0}, 'resource_provider_packet_processing_inventory_defaults': {'allocation_ratio': 1.0, 'min_unit': 1, 'step_size': 1, 'reserved': 0}, 'resource_provider_packet_processing_with_direction': {}, 'resource_provider_packet_processing_without_direction': {}, 'tunnel_types': [], 'tunneling_ip': None, 'vhostuser_socket_dir': '/var/run/openvswitch'}, 'resource_versions': {'AddressGroup': '1.2', 'Agent': '1.1', 'ConntrackHelper': '1.0', 'LocalIPAssociation': '1.0', 'Log': '1.0', 'NDPProxy': '1.0', 'Network': '1.1', 'Port': '1.7', 'PortForwarding': '1.3', 'QosPolicy': '1.10', 'SecurityGroup': '1.5', 'SecurityGroupRule': '1.2', 'SubPort': '1.0', 'Subnet': '1.1', 'Trunk': '1.1'}} {{(pid=112900) bind_port /opt/stack/neutron/neutron/plugins/ml2/drivers/mech_agent.py:110}}
Aug 24 10:43:03.553998 dv-cinder-854275-3-smb neutron-server[112900]: DEBUG neutron.plugins.ml2.drivers.mech_agent [None req-89c51a62-5732-43bd-ae18-44d1540558b0 None None] Checking segment: {'id': '9ea8202f-4921-4974-8e37-25506cbcc35c', 'network_type': 'vlan', 'physical_network': 'physnet1', 'segmentation_id': 338, 'network_id': '361a8802-8e31-4480-a2ea-c445885d5f53'} for mappings: {'physnet1': 'br-data'} with network types: ['local', 'flat', 'vlan'] {{(pid=112900) check_segment_for_agent /opt/stack/neutron/neutron/plugins/ml2/drivers/mech_agent.py:373}}
Aug 24 10:43:03.555266 dv-cinder-854275-3-smb neutron-server[112900]: DEBUG neutron_lib.callbacks.manager [None req-89c51a62-5732-43bd-ae18-44d1540558b0 None None] Publish callbacks [] for ovs_bridge_name (None), before_read {{(pid=112900) _notify_loop /usr/local/lib/python3.8/dist-packages/neutron_lib/callbacks/manager.py:176}}
Aug 24 10:43:03.555670 dv-cinder-854275-3-smb neutron-server[112900]: DEBUG neutron.plugins.ml2.drivers.mech_agent [None req-89c51a62-5732-43bd-ae18-44d1540558b0 None None] Bound using segment: {'id': '9ea8202f-4921-4974-8e37-25506cbcc35c', 'network_type': 'vlan', 'physical_network': 'physnet1', 'segmentation_id': 338, 'network_id': '361a8802-8e31-4480-a2ea-c445885d5f53'} {{(pid=112900) bind_port /opt/stack/neutron/neutron/plugins/ml2/drivers/mech_agent.py:120}}
Aug 24 10:43:03.556173 dv-cinder-854275-3-smb neutron-server[112900]: DEBUG neutron.plugins.ml2.managers [None req-89c51a62-5732-43bd-ae18-44d1540558b0 None None] Bound port: 9f9af90d-5740-4131-9301-d3b4a933c7eb, host: dv-cinder-854275-3-smb, vif_type: ovs, vif_details: {"connectivity": "l2", "port_filter": true, "ovs_hybrid_plug": false, "datapath_type": "system", "bridge_name": "br-int"}, binding_levels: [{'bound_driver': 'openvswitch', 'bound_segment': {'id': '9ea8202f-4921-4974-8e37-25506cbcc35c', 'network_type': 'vlan', 'physical_network': 'physnet1', 'segmentation_id': 338, 'network_id': '361a8802-8e31-4480-a2ea-c445885d5f53'}}] {{(pid=112900) _bind_port_level /opt/stack/neutron/neutron/plugins/ml2/managers.py:947}}
Aug 24 10:43:03.556593 dv-cinder-854275-3-smb neutron-server[112900]: DEBUG neutron_lib.callbacks.manager [None req-89c51a62-5732-43bd-ae18-44d1540558b0 None None] Publish callbacks ['neutron.plugins.ml2.plugin.SecurityGroupDbMixin._ensure_default_security_group_handler-545833'] for port (9f9af90d-5740-4131-9301-d3b4a933c7eb), before_update {{(pid=112900) _notify_loop /usr/local/lib/python3.8/dist-packages/neutron_lib/callbacks/manager.py:176}}
Aug 24 10:43:03.715270 dv-cinder-854275-3-smb neutron-server[112900]: DEBUG neutron.api.rpc.handlers.dhcp_rpc [None req-caa87e96-12b6-4c20-b88d-5d66b800754c None None] Create dhcp port {'port': {'name': '', 'admin_state_up': True, 'device_id': 'dhcp3ad1c329-2ae8-5a63-9871-f63b7adb27c4-dc058531-524f-4b47-b520-ac20c62d5234', 'network_id': 'dc058531-524f-4b47-b520-ac20c62d5234', 'project_id': 'e140b734ec2a4f6598bbdd2ef70584b4', 'fixed_ips': [{'subnet_id': '0e461aa6-ecbb-4e51-9031-86e8514380b4'}]}} from dv-cinder-854275-3-smb. {{(pid=112900) create_dhcp_port /opt/stack/neutron/neutron/api/rpc/handlers/dhcp_rpc.py:268}}
Aug 24 10:43:03.715270 dv-cinder-854275-3-smb neutron-server[112900]: DEBUG neutron_lib.callbacks.manager [None req-caa87e96-12b6-4c20-b88d-5d66b800754c None None] Publish callbacks ['neutron.plugins.ml2.plugin.SecurityGroupDbMixin._ensure_default_security_group_handler-545833'] for port (None), before_create {{(pid=112900) _notify_loop /usr/local/lib/python3.8/dist-packages/neutron_lib/callbacks/manager.py:176}}
Aug 24 10:43:03.770281 dv-cinder-854275-3-smb neutron-server[112900]: DEBUG neutron.plugins.ml2.plugin [None req-f2f4d6ad-9ea2-4053-bd40-bbaaba362251 None None] Current status of the port 976a2bde-80b8-4e69-b56d-50a611480721 is: ACTIVE; New status is: ACTIVE {{(pid=112900) _update_individual_port_db_status /opt/stack/neutron/neutron/plugins/ml2/plugin.py:2302}}
Aug 24 10:43:03.807175 dv-cinder-854275-3-smb neutron-server[112901]: DEBUG neutron.db.l3_dvr_db [None req-cb8ce013-73d6-46f9-b095-9048b3d51c99 None None] Set router e4a67416-b5fe-47df-ba69-be5fa7bfcfd6 gateway port host: dv-cinder-854275-3-smb {{(pid=112901) _build_routers_list /opt/stack/neutron/neutron/db/l3_dvr_db.py:907}}
Aug 24 10:43:03.838418 dv-cinder-854275-3-smb neutron-server[112900]: DEBUG neutron.plugins.ml2.db [None req-89c51a62-5732-43bd-ae18-44d1540558b0 None None] For port 9f9af90d-5740-4131-9301-d3b4a933c7eb, host dv-cinder-854275-3-smb, cleared binding levels {{(pid=112900) clear_binding_levels /opt/stack/neutron/neutron/plugins/ml2/db.py:87}}
Aug 24 10:43:03.852079 dv-cinder-854275-3-smb neutron-server[112899]: DEBUG neutron_lib.callbacks.manager [None req-b9b09d8b-3b07-4c23-aec3-b658a01d1a9e admin admin] Publish callbacks [] for router_gateway (a7a23892-bfcd-4982-821c-6dac48e6e7ab), precommit_update {{(pid=112899) _notify_loop /usr/local/lib/python3.8/dist-packages/neutron_lib/callbacks/manager.py:176}}
Aug 24 10:43:03.882115 dv-cinder-854275-3-smb neutron-server[112900]: DEBUG neutron.plugins.ml2.db [None req-89c51a62-5732-43bd-ae18-44d1540558b0 None None] For port 9f9af90d-5740-4131-9301-d3b4a933c7eb, host dv-cinder-854275-3-smb, set binding levels [PortBindingLevel(driver='openvswitch',host='dv-cinder-854275-3-smb',level=0,port_id=9f9af90d-5740-4131-9301-d3b4a933c7eb,segment=NetworkSegment(9ea8202f-4921-4974-8e37-25506cbcc35c),segment_id=9ea8202f-4921-4974-8e37-25506cbcc35c)] {{(pid=112900) set_binding_levels /opt/stack/neutron/neutron/plugins/ml2/db.py:59}}
Aug 24 10:43:03.889606 dv-cinder-854275-3-smb neutron-server[112899]: DEBUG neutron_lib.callbacks.manager [None req-ce4b202e-5bb9-4357-b325-9ca0bcacf631 admin admin] Publish callbacks [] for security_group (None), before_create {{(pid=112899) _notify_loop /usr/local/lib/python3.8/dist-packages/neutron_lib/callbacks/manager.py:176}}
Aug 24 10:43:03.916946 dv-cinder-854275-3-smb neutron-server[112900]: DEBUG neutron_lib.callbacks.manager [None req-89c51a62-5732-43bd-ae18-44d1540558b0 None None] Publish callbacks ['neutron.plugins.ml2.plugin.SecurityGroupServerNotifierRpcMixin._notify_sg_on_port_change-536300', 'neutron.plugins.ml2.ovo_rpc._ObjectChangeHandler.handle_event-58577', 'neutron.api.rpc.agentnotifiers.dhcp_rpc_agent_api.DhcpAgentNotifyAPI._native_event_send_dhcp_notification-1578396', 'neutron.db.l3_db.L3RpcNotifierMixin._notify_gateway_port_ip_changed-8727047535876', 'neutron.db.l3_dvrscheduler_db._notify_l3_agent_port_update-8727047141991', 'neutron.db.l3_hascheduler_db._notify_l3_agent_ha_port_update-8727047142009'] for port (9f9af90d-5740-4131-9301-d3b4a933c7eb), after_update {{(pid=112900) _notify_loop /usr/local/lib/python3.8/dist-packages/neutron_lib/callbacks/manager.py:176}}
Aug 24 10:43:04.010988 dv-cinder-854275-3-smb neutron-server[112900]: DEBUG neutron.plugins.ml2.rpc [None req-3c8be4bd-29da-49e0-b9eb-1f846f50f4ae None None] Device 976a2bde-80b8-4e69-b56d-50a611480721 up at agent ovs-agent-dv-cinder-854275-3-smb {{(pid=112900) update_device_up /opt/stack/neutron/neutron/plugins/ml2/rpc.py:296}}
Aug 24 10:43:04.123443 dv-cinder-854275-3-smb neutron-server[112899]: DEBUG neutron_lib.callbacks.manager [None req-873e46d2-f03f-44dc-aeab-d6c81188c206 admin admin] Publish callbacks ['neutron.plugins.ml2.plugin.SecurityGroupServerNotifierRpcMixin._notify_sg_on_port_change-536300', 'neutron.plugins.ml2.ovo_rpc._ObjectChangeHandler.handle_event-58577', 'neutron.api.rpc.agentnotifiers.dhcp_rpc_agent_api.DhcpAgentNotifyAPI._native_event_send_dhcp_notification-1578396', 'neutron.db.l3_dvrscheduler_db._notify_l3_agent_new_port-8727047141973'] for port (6d51061d-2dcf-4528-8876-90111ae98be8), after_create {{(pid=112899) _notify_loop /usr/local/lib/python3.8/dist-packages/neutron_lib/callbacks/manager.py:176}}
Aug 24 10:43:04.135416 dv-cinder-854275-3-smb neutron-server[112900]: DEBUG neutron.db.db_base_plugin_common [None req-caa87e96-12b6-4c20-b88d-5d66b800754c None None] Allocated IP 172.20.0.2 (dc058531-524f-4b47-b520-ac20c62d5234/0e461aa6-ecbb-4e51-9031-86e8514380b4/6cc213d3-9a11-4946-b033-fb1cc9e75a48) {{(pid=112900) _store_ip_allocation /opt/stack/neutron/neutron/db/db_base_plugin_common.py:131}}
Aug 24 10:43:04.149522 dv-cinder-854275-3-smb neutron-server[112900]: DEBUG neutron.api.rpc.handlers.resources_rpc [None req-89c51a62-5732-43bd-ae18-44d1540558b0 None None] Pushing event updated for resources: {'Port': ['ID=9f9af90d-5740-4131-9301-d3b4a933c7eb,revision_number=2']} {{(pid=112900) push /opt/stack/neutron/neutron/api/rpc/handlers/resources_rpc.py:237}}
Aug 24 10:43:04.160335 dv-cinder-854275-3-smb neutron-server[112900]: DEBUG dbcounter [-] [112900] Writing DB stats neutron:SELECT=93,neutron:INSERT=3,neutron:UPDATE=4 {{(pid=112900) stat_writer /usr/local/lib/python3.8/dist-packages/dbcounter.py:114}}
Aug 24 10:43:04.206154 dv-cinder-854275-3-smb neutron-server[112900]: DEBUG neutron.db.provisioning_blocks [None req-3c8be4bd-29da-49e0-b9eb-1f846f50f4ae None None] Provisioning complete for port 976a2bde-80b8-4e69-b56d-50a611480721 triggered by entity L2. {{(pid=112900) provisioning_complete /opt/stack/neutron/neutron/db/provisioning_blocks.py:144}}
Aug 24 10:43:04.206560 dv-cinder-854275-3-smb neutron-server[112900]: DEBUG neutron_lib.callbacks.manager [None req-3c8be4bd-29da-49e0-b9eb-1f846f50f4ae None None] Publish callbacks ['neutron.plugins.ml2.plugin.Ml2Plugin._port_provisioned-604114'] for port (976a2bde-80b8-4e69-b56d-50a611480721), provisioning_complete {{(pid=112900) _notify_loop /usr/local/lib/python3.8/dist-packages/neutron_lib/callbacks/manager.py:176}}
Aug 24 10:43:04.284113 dv-cinder-854275-3-smb neutron-server[112901]: DEBUG neutron.db.l3_hamode_db [None req-cb8ce013-73d6-46f9-b095-9048b3d51c99 None None] neutron.services.l3_router.l3_router_plugin.L3RouterPlugin method _process_sync_ha_data called with arguments (, [{'id': 'e4a67416-b5fe-47df-ba69-be5fa7bfcfd6', 'name': 'tempest-ServerRescueNegativeTestJSON-1126212275-router', 'tenant_id': 'cab2f36b8f9344a5b393d94aa1c6069c', 'admin_state_up': True, 'status': 'ACTIVE', 'external_gateway_info': {'network_id': '95eeb8dd-6363-4822-abe8-b423fd055d9e', 'external_fixed_ips': [{'subnet_id': '617b5f7d-e1e7-4499-b972-13c2df891f39', 'ip_address': '172.28.2.166'}], 'enable_snat': True}, 'gw_port_id': '12cb8a19-5187-4d01-9105-96a3b049999d', 'description': '', 'availability_zones': ['nova'], 'distributed': False, 'ha': False, 'ha_vr_id': 0, 'availability_zone_hints': [], 'routes': [], 'flavor_id': None, 'tags': [], 'created_at': '2022-08-24T10:42:59Z', 'updated_at': '2022-08-24T10:43:01Z', 'revision_number': 3, 'project_id': 'cab2f36b8f9344a5b393d94aa1c6069c', 'gw_port': {'id': '12cb8a19-5187-4d01-9105-96a3b049999d', 'name': '', 'network_id': '95eeb8dd-6363-4822-abe8-b423fd055d9e', 'tenant_id': '', 'mac_address': 'fa:16:3e:d0:0c:eb', 'admin_state_up': True, 'status': 'DOWN', 'device_id': 'e4a67416-b5fe-47df-ba69-be5fa7bfcfd6', 'device_owner': 'network:router_gateway', 'standard_attr_id': 43, 'fixed_ips': [{'subnet_id': '617b5f7d-e1e7-4499-b972-13c2df891f39', 'ip_address': '172.28.2.166', 'prefixlen': 24}], 'allowed_address_pairs': [], 'extra_dhcp_opts': [], 'security_groups': [], 'description': '', 'binding:vnic_type': 'normal', 'binding:profile': {}, 'binding:host_id': '', 'binding:vif_type': 'unbound', 'binding:vif_details': {}, 'port_security_enabled': False, 'tags': [], 'created_at': '2022-08-24T10:43:00Z', 'updated_at': '2022-08-24T10:43:00Z', 'revision_number': 1, 'project_id': '', 'subnets': [{'id': '617b5f7d-e1e7-4499-b972-13c2df891f39', 'cidr': '172.28.2.0/24', 'gateway_ip': '172.28.2.1', 'dns_nameservers': [], 'ipv6_ra_mode': None, 'subnetpool_id': None}], 'extra_subnets': [], 'address_scopes': {4: None, 6: None}, 'mtu': 1500}, 'enable_snat': True, 'gw_port_host': 'dv-cinder-854275-3-smb'}], 'dv-cinder-854275-3-smb', False) {} {{(pid=112901) wrapper /usr/local/lib/python3.8/dist-packages/oslo_log/helpers.py:65}}
Aug 24 10:43:04.334169 dv-cinder-854275-3-smb neutron-server[112901]: DEBUG neutron.api.rpc.handlers.l3_rpc [None req-cb8ce013-73d6-46f9-b095-9048b3d51c99 None None] Checking router: e4a67416-b5fe-47df-ba69-be5fa7bfcfd6 for host: dv-cinder-854275-3-smb {{(pid=112901) _ensure_host_set_on_ports /opt/stack/neutron/neutron/api/rpc/handlers/l3_rpc.py:155}}
Aug 24 10:43:04.334915 dv-cinder-854275-3-smb neutron-server[112901]: DEBUG neutron.api.rpc.handlers.l3_rpc [None req-cb8ce013-73d6-46f9-b095-9048b3d51c99 None None] Updating router e4a67416-b5fe-47df-ba69-be5fa7bfcfd6 port 12cb8a19-5187-4d01-9105-96a3b049999d binding host dv-cinder-854275-3-smb {{(pid=112901) _ensure_host_set_on_port /opt/stack/neutron/neutron/api/rpc/handlers/l3_rpc.py:205}}
Aug 24 10:43:04.379613 dv-cinder-854275-3-smb neutron-server[112901]: DEBUG neutron_lib.callbacks.manager [None req-cb8ce013-73d6-46f9-b095-9048b3d51c99 None None] Publish callbacks ['neutron.plugins.ml2.plugin.SecurityGroupDbMixin._ensure_default_security_group_handler-545833'] for port (12cb8a19-5187-4d01-9105-96a3b049999d), before_update {{(pid=112901) _notify_loop /usr/local/lib/python3.8/dist-packages/neutron_lib/callbacks/manager.py:176}}
Aug 24 10:43:04.402732 dv-cinder-854275-3-smb neutron-server[112898]: DEBUG neutron_lib.callbacks.manager [None req-c6b1015e-7005-4836-a361-9613369ce859 admin admin] Publish callbacks ['neutron.plugins.ml2.plugin.SecurityGroupDbMixin._ensure_default_security_group_handler-545833'] for port (None), before_create {{(pid=112898) _notify_loop /usr/local/lib/python3.8/dist-packages/neutron_lib/callbacks/manager.py:176}}
Aug 24 10:43:04.418042 dv-cinder-854275-3-smb neutron-server[112900]: DEBUG neutron.plugins.ml2.plugin [None req-3c8be4bd-29da-49e0-b9eb-1f846f50f4ae None None] Current status of the port 976a2bde-80b8-4e69-b56d-50a611480721 is: ACTIVE; New status is: ACTIVE {{(pid=112900) _update_individual_port_db_status /opt/stack/neutron/neutron/plugins/ml2/plugin.py:2302}}
Aug 24 10:43:04.427031 dv-cinder-854275-3-smb neutron-server[112898]: DEBUG dbcounter [-] [112898] Writing DB stats neutron:SELECT=96,neutron:INSERT=2,neutron:DELETE=2 {{(pid=112898) stat_writer /usr/local/lib/python3.8/dist-packages/dbcounter.py:114}}
Aug 24 10:43:04.441638 dv-cinder-854275-3-smb neutron-server[112900]: DEBUG neutron_lib.callbacks.manager [None req-caa87e96-12b6-4c20-b88d-5d66b800754c None None] Publish callbacks [] for port (6cc213d3-9a11-4946-b033-fb1cc9e75a48), precommit_create {{(pid=112900) _notify_loop /usr/local/lib/python3.8/dist-packages/neutron_lib/callbacks/manager.py:176}}
Aug 24 10:43:04.450852 dv-cinder-854275-3-smb neutron-server[112900]: DEBUG neutron_lib.callbacks.manager [None req-caa87e96-12b6-4c20-b88d-5d66b800754c None None] Publish callbacks ['neutron.plugins.ml2.plugin.SecurityGroupServerNotifierRpcMixin._notify_sg_on_port_change-536300', 'neutron.plugins.ml2.ovo_rpc._ObjectChangeHandler.handle_event-58577', 'neutron.api.rpc.agentnotifiers.dhcp_rpc_agent_api.DhcpAgentNotifyAPI._native_event_send_dhcp_notification-1578396', 'neutron.db.l3_dvrscheduler_db._notify_l3_agent_new_port-8727047141973'] for port (6cc213d3-9a11-4946-b033-fb1cc9e75a48), after_create {{(pid=112900) _notify_loop /usr/local/lib/python3.8/dist-packages/neutron_lib/callbacks/manager.py:176}}
Aug 24 10:43:04.474718 dv-cinder-854275-3-smb neutron-server[112899]: DEBUG neutron.scheduler.dhcp_agent_scheduler [None req-873e46d2-f03f-44dc-aeab-d6c81188c206 admin admin] Network 95eeb8dd-6363-4822-abe8-b423fd055d9e is already hosted by enough agents. {{(pid=112899) _get_dhcp_agents_hosting_network /opt/stack/neutron/neutron/scheduler/dhcp_agent_scheduler.py:275}}
Aug 24 10:43:04.475868 dv-cinder-854275-3-smb neutron-server[112900]: DEBUG neutron.scheduler.dhcp_agent_scheduler [None req-caa87e96-12b6-4c20-b88d-5d66b800754c None None] Network dc058531-524f-4b47-b520-ac20c62d5234 is already hosted by enough agents. {{(pid=112900) _get_dhcp_agents_hosting_network /opt/stack/neutron/neutron/scheduler/dhcp_agent_scheduler.py:275}}
Aug 24 10:43:04.480308 dv-cinder-854275-3-smb neutron-server[112900]: DEBUG neutron.scheduler.base_scheduler [None req-caa87e96-12b6-4c20-b88d-5d66b800754c None None] Resources bound (agent type, host, resource id): {{(pid=112900) schedule /opt/stack/neutron/neutron/scheduler/base_scheduler.py:57}}
Aug 24 10:43:04.502616 dv-cinder-854275-3-smb neutron-server[112900]: DEBUG neutron.db.l3_dvrscheduler_db [None req-caa87e96-12b6-4c20-b88d-5d66b800754c None None] Received port after_create {{(pid=112900) _notify_l3_agent_new_port /opt/stack/neutron/neutron/db/l3_dvrscheduler_db.py:538}}
Aug 24 10:43:04.536834 dv-cinder-854275-3-smb neutron-server[112899]: DEBUG neutron.scheduler.base_scheduler [None req-873e46d2-f03f-44dc-aeab-d6c81188c206 admin admin] Resources bound (agent type, host, resource id): {{(pid=112899) schedule /opt/stack/neutron/neutron/scheduler/base_scheduler.py:57}}
Aug 24 10:43:04.540619 dv-cinder-854275-3-smb neutron-server[112899]: DEBUG neutron.db.l3_dvrscheduler_db [None req-873e46d2-f03f-44dc-aeab-d6c81188c206 admin admin] Received port after_create {{(pid=112899) _notify_l3_agent_new_port /opt/stack/neutron/neutron/db/l3_dvrscheduler_db.py:538}}
Aug 24 10:43:04.572832 dv-cinder-854275-3-smb neutron-server[112900]: DEBUG neutron.api.rpc.handlers.resources_rpc [None req-caa87e96-12b6-4c20-b88d-5d66b800754c None None] Pushing event updated for resources: {'Port': ['ID=6cc213d3-9a11-4946-b033-fb1cc9e75a48,revision_number=1']} {{(pid=112900) push /opt/stack/neutron/neutron/api/rpc/handlers/resources_rpc.py:237}}
Aug 24 10:43:04.597588 dv-cinder-854275-3-smb neutron-server[112900]: DEBUG neutron.plugins.ml2.managers [None req-caa87e96-12b6-4c20-b88d-5d66b800754c None None] Attempting to bind port 6cc213d3-9a11-4946-b033-fb1cc9e75a48 on host dv-cinder-854275-3-smb for vnic_type normal with profile {{(pid=112900) bind_port /opt/stack/neutron/neutron/plugins/ml2/managers.py:810}}
Aug 24 10:43:04.598025 dv-cinder-854275-3-smb neutron-server[112900]: DEBUG neutron.plugins.ml2.managers [None req-caa87e96-12b6-4c20-b88d-5d66b800754c None None] Attempting to bind port 6cc213d3-9a11-4946-b033-fb1cc9e75a48 by drivers openvswitch,hyperv on host dv-cinder-854275-3-smb at level 0 using segments [{'id': '7b46d4c7-094c-4c01-80a1-53552ba3a89e', 'network_type': 'vlan', 'physical_network': 'physnet1', 'segmentation_id': 308, 'network_id': 'dc058531-524f-4b47-b520-ac20c62d5234'}] {{(pid=112900) _bind_port_level /opt/stack/neutron/neutron/plugins/ml2/managers.py:835}}
Aug 24 10:43:04.598418 dv-cinder-854275-3-smb neutron-server[112900]: DEBUG neutron.plugins.ml2.drivers.mech_agent [None req-caa87e96-12b6-4c20-b88d-5d66b800754c None None] Attempting to bind port 6cc213d3-9a11-4946-b033-fb1cc9e75a48 on network dc058531-524f-4b47-b520-ac20c62d5234 {{(pid=112900) bind_port /opt/stack/neutron/neutron/plugins/ml2/drivers/mech_agent.py:91}}
Aug 24 10:43:04.615579 dv-cinder-854275-3-smb neutron-server[112900]: DEBUG neutron.plugins.ml2.drivers.mech_agent [None req-caa87e96-12b6-4c20-b88d-5d66b800754c None None] Checking agent: {'id': '2950abfe-3818-43ed-b5b0-33ebae7aa534', 'agent_type': 'Open vSwitch agent', 'binary': 'neutron-openvswitch-agent', 'topic': 'N/A', 'host': 'dv-cinder-854275-3-smb', 'admin_state_up': True, 'created_at': datetime.datetime(2022, 8, 24, 10, 34, 48), 'started_at': datetime.datetime(2022, 8, 24, 10, 35, 18), 'heartbeat_timestamp': datetime.datetime(2022, 8, 24, 10, 42, 48), 'description': None, 'resources_synced': None, 'availability_zone': None, 'alive': True, 'configurations': {'arp_responder_enabled': False, 'baremetal_smartnic': False, 'bridge_mappings': {'physnet1': 'br-data'}, 'datapath_type': 'system', 'devices': 0, 'enable_distributed_routing': False, 'extensions': [], 'in_distributed_mode': False, 'integration_bridge': 'br-int', 'l2_population': False, 'log_agent_heartbeats': False, 'ovs_capabilities': {'datapath_types': ['netdev', 'system'], 'iface_types': ['erspan', 'geneve', 'gre', 'internal', 'ip6erspan', 'ip6gre', 'lisp', 'patch', 'stt', 'system', 'tap', 'vxlan']}, 'ovs_hybrid_plug': False, 'resource_provider_bandwidths': {}, 'resource_provider_hypervisors': {'br-data': 'dv-cinder-854275-3-smb'}, 'resource_provider_inventory_defaults': {'allocation_ratio': 1.0, 'min_unit': 1, 'step_size': 1, 'reserved': 0}, 'resource_provider_packet_processing_inventory_defaults': {'allocation_ratio': 1.0, 'min_unit': 1, 'step_size': 1, 'reserved': 0}, 'resource_provider_packet_processing_with_direction': {}, 'resource_provider_packet_processing_without_direction': {}, 'tunnel_types': [], 'tunneling_ip': None, 'vhostuser_socket_dir': '/var/run/openvswitch'}, 'resource_versions': {'AddressGroup': '1.2', 'Agent': '1.1', 'ConntrackHelper': '1.0', 'LocalIPAssociation': '1.0', 'Log': '1.0', 'NDPProxy': '1.0', 'Network': '1.1', 'Port': '1.7', 'PortForwarding': '1.3', 'QosPolicy': '1.10', 'SecurityGroup': '1.5', 'SecurityGroupRule': '1.2', 'SubPort': '1.0', 'Subnet': '1.1', 'Trunk': '1.1'}} {{(pid=112900) bind_port /opt/stack/neutron/neutron/plugins/ml2/drivers/mech_agent.py:110}}
Aug 24 10:43:04.615954 dv-cinder-854275-3-smb neutron-server[112900]: DEBUG neutron.plugins.ml2.drivers.mech_agent [None req-caa87e96-12b6-4c20-b88d-5d66b800754c None None] Checking segment: {'id': '7b46d4c7-094c-4c01-80a1-53552ba3a89e', 'network_type': 'vlan', 'physical_network': 'physnet1', 'segmentation_id': 308, 'network_id': 'dc058531-524f-4b47-b520-ac20c62d5234'} for mappings: {'physnet1': 'br-data'} with network types: ['local', 'flat', 'vlan'] {{(pid=112900) check_segment_for_agent /opt/stack/neutron/neutron/plugins/ml2/drivers/mech_agent.py:373}}
Aug 24 10:43:04.620202 dv-cinder-854275-3-smb neutron-server[112900]: DEBUG neutron_lib.callbacks.manager [None req-caa87e96-12b6-4c20-b88d-5d66b800754c None None] Publish callbacks [] for ovs_bridge_name (None), before_read {{(pid=112900) _notify_loop /usr/local/lib/python3.8/dist-packages/neutron_lib/callbacks/manager.py:176}}
Aug 24 10:43:04.620692 dv-cinder-854275-3-smb neutron-server[112900]: DEBUG neutron.plugins.ml2.drivers.mech_agent [None req-caa87e96-12b6-4c20-b88d-5d66b800754c None None] Bound using segment: {'id': '7b46d4c7-094c-4c01-80a1-53552ba3a89e', 'network_type': 'vlan', 'physical_network': 'physnet1', 'segmentation_id': 308, 'network_id': 'dc058531-524f-4b47-b520-ac20c62d5234'} {{(pid=112900) bind_port /opt/stack/neutron/neutron/plugins/ml2/drivers/mech_agent.py:120}}
Aug 24 10:43:04.621206 dv-cinder-854275-3-smb neutron-server[112900]: DEBUG neutron.plugins.ml2.managers [None req-caa87e96-12b6-4c20-b88d-5d66b800754c None None] Bound port: 6cc213d3-9a11-4946-b033-fb1cc9e75a48, host: dv-cinder-854275-3-smb, vif_type: ovs, vif_details: {"connectivity": "l2", "port_filter": true, "ovs_hybrid_plug": false, "datapath_type": "system", "bridge_name": "br-int"}, binding_levels: [{'bound_driver': 'openvswitch', 'bound_segment': {'id': '7b46d4c7-094c-4c01-80a1-53552ba3a89e', 'network_type': 'vlan', 'physical_network': 'physnet1', 'segmentation_id': 308, 'network_id': 'dc058531-524f-4b47-b520-ac20c62d5234'}}] {{(pid=112900) _bind_port_level /opt/stack/neutron/neutron/plugins/ml2/managers.py:947}}
Aug 24 10:43:04.621598 dv-cinder-854275-3-smb neutron-server[112900]: DEBUG neutron_lib.callbacks.manager [None req-caa87e96-12b6-4c20-b88d-5d66b800754c None None] Publish callbacks ['neutron.plugins.ml2.plugin.SecurityGroupDbMixin._ensure_default_security_group_handler-545833'] for port (6cc213d3-9a11-4946-b033-fb1cc9e75a48), before_update {{(pid=112900) _notify_loop /usr/local/lib/python3.8/dist-packages/neutron_lib/callbacks/manager.py:176}}
Aug 24 10:43:04.658965 dv-cinder-854275-3-smb neutron-server[112898]: DEBUG dbcounter [-] [112898] Writing DB stats neutron:SELECT=95,neutron:UPDATE=1,neutron:DELETE=2,neutron:INSERT=2 {{(pid=112898) stat_writer /usr/local/lib/python3.8/dist-packages/dbcounter.py:114}}
Aug 24 10:43:04.729175 dv-cinder-854275-3-smb neutron-server[112898]: DEBUG neutron.db.db_base_plugin_common [None req-c6b1015e-7005-4836-a361-9613369ce859 admin admin] Allocated IP 172.20.0.1 (c1d9f561-4a03-48b6-bb41-a19667aaf491/3f4710b8-4ad3-41eb-96e1-df0ea4f5ee78/66acb262-ca97-4538-a007-085a8153d556) {{(pid=112898) _store_ip_allocation /opt/stack/neutron/neutron/db/db_base_plugin_common.py:131}}
Aug 24 10:43:04.738827 dv-cinder-854275-3-smb neutron-server[112900]: DEBUG dbcounter [-] [112900] Writing DB stats neutron:SELECT=93,neutron:UPDATE=3,neutron:INSERT=4 {{(pid=112900) stat_writer /usr/local/lib/python3.8/dist-packages/dbcounter.py:114}}
Aug 24 10:43:04.749730 dv-cinder-854275-3-smb neutron-server[112899]: DEBUG neutron_lib.callbacks.manager [None req-b9b09d8b-3b07-4c23-aec3-b658a01d1a9e admin admin] Publish callbacks [] for router_gateway (a7a23892-bfcd-4982-821c-6dac48e6e7ab), before_create {{(pid=112899) _notify_loop /usr/local/lib/python3.8/dist-packages/neutron_lib/callbacks/manager.py:176}}
Aug 24 10:43:04.803990 dv-cinder-854275-3-smb neutron-server[112901]: DEBUG neutron_lib.callbacks.manager [None req-cb8ce013-73d6-46f9-b095-9048b3d51c99 None None] Publish callbacks [] for port (12cb8a19-5187-4d01-9105-96a3b049999d), precommit_update {{(pid=112901) _notify_loop /usr/local/lib/python3.8/dist-packages/neutron_lib/callbacks/manager.py:176}}
Aug 24 10:43:04.812158 dv-cinder-854275-3-smb neutron-server[112899]: DEBUG neutron_lib.callbacks.manager [None req-b9b09d8b-3b07-4c23-aec3-b658a01d1a9e admin admin] Publish callbacks ['neutron.plugins.ml2.plugin.SecurityGroupDbMixin._ensure_default_security_group_handler-545833'] for port (None), before_create {{(pid=112899) _notify_loop /usr/local/lib/python3.8/dist-packages/neutron_lib/callbacks/manager.py:176}}
Aug 24 10:43:04.814473 dv-cinder-854275-3-smb neutron-server[112901]: DEBUG neutron_lib.callbacks.manager [None req-cb8ce013-73d6-46f9-b095-9048b3d51c99 None None] Publish callbacks ['neutron.plugins.ml2.plugin.SecurityGroupServerNotifierRpcMixin._notify_sg_on_port_change-536300', 'neutron.plugins.ml2.ovo_rpc._ObjectChangeHandler.handle_event-58577', 'neutron.api.rpc.agentnotifiers.dhcp_rpc_agent_api.DhcpAgentNotifyAPI._native_event_send_dhcp_notification-1578396', 'neutron.db.l3_db.L3RpcNotifierMixin._notify_gateway_port_ip_changed-8727047535876', 'neutron.db.l3_dvrscheduler_db._notify_l3_agent_port_update-8727047141991', 'neutron.db.l3_hascheduler_db._notify_l3_agent_ha_port_update-8727047142009'] for port (12cb8a19-5187-4d01-9105-96a3b049999d), after_update {{(pid=112901) _notify_loop /usr/local/lib/python3.8/dist-packages/neutron_lib/callbacks/manager.py:176}}
Aug 24 10:43:04.817000 dv-cinder-854275-3-smb neutron-server[112899]: DEBUG neutron.api.rpc.handlers.resources_rpc [None req-873e46d2-f03f-44dc-aeab-d6c81188c206 admin admin] Pushing event updated for resources: {'Port': ['ID=6d51061d-2dcf-4528-8876-90111ae98be8,revision_number=1']} {{(pid=112899) push /opt/stack/neutron/neutron/api/rpc/handlers/resources_rpc.py:237}}
Aug 24 10:43:04.848530 dv-cinder-854275-3-smb neutron-server[112900]: DEBUG neutron.plugins.ml2.db [None req-caa87e96-12b6-4c20-b88d-5d66b800754c None None] For port 6cc213d3-9a11-4946-b033-fb1cc9e75a48, host dv-cinder-854275-3-smb, cleared binding levels {{(pid=112900) clear_binding_levels /opt/stack/neutron/neutron/plugins/ml2/db.py:87}}
Aug 24 10:43:04.855580 dv-cinder-854275-3-smb neutron-server[112900]: DEBUG neutron.plugins.ml2.db [None req-caa87e96-12b6-4c20-b88d-5d66b800754c None None] For port 6cc213d3-9a11-4946-b033-fb1cc9e75a48, host dv-cinder-854275-3-smb, set binding levels [PortBindingLevel(driver='openvswitch',host='dv-cinder-854275-3-smb',level=0,port_id=6cc213d3-9a11-4946-b033-fb1cc9e75a48,segment=NetworkSegment(7b46d4c7-094c-4c01-80a1-53552ba3a89e),segment_id=7b46d4c7-094c-4c01-80a1-53552ba3a89e)] {{(pid=112900) set_binding_levels /opt/stack/neutron/neutron/plugins/ml2/db.py:59}}
Aug 24 10:43:04.868641 dv-cinder-854275-3-smb neutron-server[112900]: DEBUG neutron_lib.callbacks.manager [None req-caa87e96-12b6-4c20-b88d-5d66b800754c None None] Publish callbacks ['neutron.plugins.ml2.plugin.SecurityGroupServerNotifierRpcMixin._notify_sg_on_port_change-536300', 'neutron.plugins.ml2.ovo_rpc._ObjectChangeHandler.handle_event-58577', 'neutron.api.rpc.agentnotifiers.dhcp_rpc_agent_api.DhcpAgentNotifyAPI._native_event_send_dhcp_notification-1578396', 'neutron.db.l3_db.L3RpcNotifierMixin._notify_gateway_port_ip_changed-8727047535876', 'neutron.db.l3_dvrscheduler_db._notify_l3_agent_port_update-8727047141991', 'neutron.db.l3_hascheduler_db._notify_l3_agent_ha_port_update-8727047142009'] for port (6cc213d3-9a11-4946-b033-fb1cc9e75a48), after_update {{(pid=112900) _notify_loop /usr/local/lib/python3.8/dist-packages/neutron_lib/callbacks/manager.py:176}}
Aug 24 10:43:04.971495 dv-cinder-854275-3-smb neutron-server[112901]: DEBUG neutron.plugins.ml2.managers [None req-cb8ce013-73d6-46f9-b095-9048b3d51c99 None None] Attempting to bind port 12cb8a19-5187-4d01-9105-96a3b049999d on host dv-cinder-854275-3-smb for vnic_type normal with profile {{(pid=112901) bind_port /opt/stack/neutron/neutron/plugins/ml2/managers.py:810}}
Aug 24 10:43:04.971884 dv-cinder-854275-3-smb neutron-server[112901]: DEBUG neutron.plugins.ml2.managers [None req-cb8ce013-73d6-46f9-b095-9048b3d51c99 None None] Attempting to bind port 12cb8a19-5187-4d01-9105-96a3b049999d by drivers openvswitch,hyperv on host dv-cinder-854275-3-smb at level 0 using segments [{'id': '1b958b18-fee9-4103-8467-211216ef7aa9', 'network_type': 'flat', 'physical_network': 'physnet1', 'segmentation_id': None, 'network_id': '95eeb8dd-6363-4822-abe8-b423fd055d9e'}] {{(pid=112901) _bind_port_level /opt/stack/neutron/neutron/plugins/ml2/managers.py:835}}
Aug 24 10:43:04.972249 dv-cinder-854275-3-smb neutron-server[112901]: DEBUG neutron.plugins.ml2.drivers.mech_agent [None req-cb8ce013-73d6-46f9-b095-9048b3d51c99 None None] Attempting to bind port 12cb8a19-5187-4d01-9105-96a3b049999d on network 95eeb8dd-6363-4822-abe8-b423fd055d9e {{(pid=112901) bind_port /opt/stack/neutron/neutron/plugins/ml2/drivers/mech_agent.py:91}}
Aug 24 10:43:04.992488 dv-cinder-854275-3-smb neutron-server[112900]: DEBUG neutron.api.rpc.handlers.resources_rpc [None req-caa87e96-12b6-4c20-b88d-5d66b800754c None None] Pushing event updated for resources: {'Port': ['ID=6cc213d3-9a11-4946-b033-fb1cc9e75a48,revision_number=2']} {{(pid=112900) push /opt/stack/neutron/neutron/api/rpc/handlers/resources_rpc.py:237}}
Aug 24 10:43:05.013936 dv-cinder-854275-3-smb neutron-server[112901]: DEBUG neutron.plugins.ml2.drivers.mech_agent [None req-cb8ce013-73d6-46f9-b095-9048b3d51c99 None None] Checking agent: {'id': '2950abfe-3818-43ed-b5b0-33ebae7aa534', 'agent_type': 'Open vSwitch agent', 'binary': 'neutron-openvswitch-agent', 'topic': 'N/A', 'host': 'dv-cinder-854275-3-smb', 'admin_state_up': True, 'created_at': datetime.datetime(2022, 8, 24, 10, 34, 48), 'started_at': datetime.datetime(2022, 8, 24, 10, 35, 18), 'heartbeat_timestamp': datetime.datetime(2022, 8, 24, 10, 42, 48), 'description': None, 'resources_synced': None, 'availability_zone': None, 'alive': True, 'configurations': {'arp_responder_enabled': False, 'baremetal_smartnic': False, 'bridge_mappings': {'physnet1': 'br-data'}, 'datapath_type': 'system', 'devices': 0, 'enable_distributed_routing': False, 'extensions': [], 'in_distributed_mode': False, 'integration_bridge': 'br-int', 'l2_population': False, 'log_agent_heartbeats': False, 'ovs_capabilities': {'datapath_types': ['netdev', 'system'], 'iface_types': ['erspan', 'geneve', 'gre', 'internal', 'ip6erspan', 'ip6gre', 'lisp', 'patch', 'stt', 'system', 'tap', 'vxlan']}, 'ovs_hybrid_plug': False, 'resource_provider_bandwidths': {}, 'resource_provider_hypervisors': {'br-data': 'dv-cinder-854275-3-smb'}, 'resource_provider_inventory_defaults': {'allocation_ratio': 1.0, 'min_unit': 1, 'step_size': 1, 'reserved': 0}, 'resource_provider_packet_processing_inventory_defaults': {'allocation_ratio': 1.0, 'min_unit': 1, 'step_size': 1, 'reserved': 0}, 'resource_provider_packet_processing_with_direction': {}, 'resource_provider_packet_processing_without_direction': {}, 'tunnel_types': [], 'tunneling_ip': None, 'vhostuser_socket_dir': '/var/run/openvswitch'}, 'resource_versions': {'AddressGroup': '1.2', 'Agent': '1.1', 'ConntrackHelper': '1.0', 'LocalIPAssociation': '1.0', 'Log': '1.0', 'NDPProxy': '1.0', 'Network': '1.1', 'Port': '1.7', 'PortForwarding': '1.3', 'QosPolicy': '1.10', 'SecurityGroup': '1.5', 'SecurityGroupRule': '1.2', 'SubPort': '1.0', 'Subnet': '1.1', 'Trunk': '1.1'}} {{(pid=112901) bind_port /opt/stack/neutron/neutron/plugins/ml2/drivers/mech_agent.py:110}}
Aug 24 10:43:05.013936 dv-cinder-854275-3-smb neutron-server[112901]: DEBUG neutron.plugins.ml2.drivers.mech_agent [None req-cb8ce013-73d6-46f9-b095-9048b3d51c99 None None] Checking segment: {'id': '1b958b18-fee9-4103-8467-211216ef7aa9', 'network_type': 'flat', 'physical_network': 'physnet1', 'segmentation_id': None, 'network_id': '95eeb8dd-6363-4822-abe8-b423fd055d9e'} for mappings: {'physnet1': 'br-data'} with network types: ['local', 'flat', 'vlan'] {{(pid=112901) check_segment_for_agent /opt/stack/neutron/neutron/plugins/ml2/drivers/mech_agent.py:373}}
Aug 24 10:43:05.014438 dv-cinder-854275-3-smb neutron-server[112901]: DEBUG neutron_lib.callbacks.manager [None req-cb8ce013-73d6-46f9-b095-9048b3d51c99 None None] Publish callbacks [] for ovs_bridge_name (None), before_read {{(pid=112901) _notify_loop /usr/local/lib/python3.8/dist-packages/neutron_lib/callbacks/manager.py:176}}
Aug 24 10:43:05.014802 dv-cinder-854275-3-smb neutron-server[112901]: DEBUG neutron.plugins.ml2.drivers.mech_agent [None req-cb8ce013-73d6-46f9-b095-9048b3d51c99 None None] Bound using segment: {'id': '1b958b18-fee9-4103-8467-211216ef7aa9', 'network_type': 'flat', 'physical_network': 'physnet1', 'segmentation_id': None, 'network_id': '95eeb8dd-6363-4822-abe8-b423fd055d9e'} {{(pid=112901) bind_port /opt/stack/neutron/neutron/plugins/ml2/drivers/mech_agent.py:120}}
Aug 24 10:43:05.015328 dv-cinder-854275-3-smb neutron-server[112901]: DEBUG neutron.plugins.ml2.managers [None req-cb8ce013-73d6-46f9-b095-9048b3d51c99 None None] Bound port: 12cb8a19-5187-4d01-9105-96a3b049999d, host: dv-cinder-854275-3-smb, vif_type: ovs, vif_details: {"connectivity": "l2", "port_filter": true, "ovs_hybrid_plug": false, "datapath_type": "system", "bridge_name": "br-int"}, binding_levels: [{'bound_driver': 'openvswitch', 'bound_segment': {'id': '1b958b18-fee9-4103-8467-211216ef7aa9', 'network_type': 'flat', 'physical_network': 'physnet1', 'segmentation_id': None, 'network_id': '95eeb8dd-6363-4822-abe8-b423fd055d9e'}}] {{(pid=112901) _bind_port_level /opt/stack/neutron/neutron/plugins/ml2/managers.py:947}}
Aug 24 10:43:05.015676 dv-cinder-854275-3-smb neutron-server[112901]: DEBUG neutron_lib.callbacks.manager [None req-cb8ce013-73d6-46f9-b095-9048b3d51c99 None None] Publish callbacks ['neutron.plugins.ml2.plugin.SecurityGroupDbMixin._ensure_default_security_group_handler-545833'] for port (12cb8a19-5187-4d01-9105-96a3b049999d), before_update {{(pid=112901) _notify_loop /usr/local/lib/python3.8/dist-packages/neutron_lib/callbacks/manager.py:176}}
Aug 24 10:43:05.030920 dv-cinder-854275-3-smb neutron-server[112898]: DEBUG neutron_lib.callbacks.manager [None req-c6b1015e-7005-4836-a361-9613369ce859 admin admin] Publish callbacks [] for port (66acb262-ca97-4538-a007-085a8153d556), precommit_create {{(pid=112898) _notify_loop /usr/local/lib/python3.8/dist-packages/neutron_lib/callbacks/manager.py:176}}
Aug 24 10:43:05.040867 dv-cinder-854275-3-smb neutron-server[112901]: DEBUG neutron.api.rpc.handlers.resources_rpc [None req-0d9d9ce5-8abf-41df-ac30-73765a70eb5f None None] Pushing event updated for resources: {'Port': ['ID=12cb8a19-5187-4d01-9105-96a3b049999d,revision_number=2']} {{(pid=112901) push /opt/stack/neutron/neutron/api/rpc/handlers/resources_rpc.py:237}}
Aug 24 10:43:05.086832 dv-cinder-854275-3-smb neutron-server[112899]: DEBUG neutron.db.db_base_plugin_common [None req-b9b09d8b-3b07-4c23-aec3-b658a01d1a9e admin admin] Allocated IP 172.28.2.48 (95eeb8dd-6363-4822-abe8-b423fd055d9e/617b5f7d-e1e7-4499-b972-13c2df891f39/d99e4d4a-f6e9-4686-8f1b-59bba4aaddee) {{(pid=112899) _store_ip_allocation /opt/stack/neutron/neutron/db/db_base_plugin_common.py:131}}
Aug 24 10:43:05.121812 dv-cinder-854275-3-smb neutron-server[112898]: DEBUG neutron_lib.callbacks.manager [None req-c6b1015e-7005-4836-a361-9613369ce859 admin admin] Publish callbacks ['neutron.plugins.ml2.plugin.SecurityGroupServerNotifierRpcMixin._notify_sg_on_port_change-536300', 'neutron.plugins.ml2.ovo_rpc._ObjectChangeHandler.handle_event-58577', 'neutron.api.rpc.agentnotifiers.dhcp_rpc_agent_api.DhcpAgentNotifyAPI._native_event_send_dhcp_notification-1578396', 'neutron.db.l3_dvrscheduler_db._notify_l3_agent_new_port-8727047141973'] for port (66acb262-ca97-4538-a007-085a8153d556), after_create {{(pid=112898) _notify_loop /usr/local/lib/python3.8/dist-packages/neutron_lib/callbacks/manager.py:176}}
Aug 24 10:43:05.133005 dv-cinder-854275-3-smb neutron-server[112901]: DEBUG neutron.api.rpc.callbacks.version_manager [None req-0d9d9ce5-8abf-41df-ac30-73765a70eb5f None None] Version for resource type AddressGroup changed None to 1.2 on consumer Open vSwitch agent@dv-cinder-854275-3-smb {{(pid=112901) _set_version /opt/stack/neutron/neutron/api/rpc/callbacks/version_manager.py:113}}
Aug 24 10:43:05.133747 dv-cinder-854275-3-smb neutron-server[112901]: DEBUG neutron.api.rpc.callbacks.version_manager [None req-0d9d9ce5-8abf-41df-ac30-73765a70eb5f None None] Version for resource type Agent changed None to 1.1 on consumer Open vSwitch agent@dv-cinder-854275-3-smb {{(pid=112901) _set_version /opt/stack/neutron/neutron/api/rpc/callbacks/version_manager.py:113}}
Aug 24 10:43:05.135357 dv-cinder-854275-3-smb neutron-server[112901]: DEBUG neutron.api.rpc.callbacks.version_manager [None req-0d9d9ce5-8abf-41df-ac30-73765a70eb5f None None] Version for resource type ConntrackHelper changed None to 1.0 on consumer Open vSwitch agent@dv-cinder-854275-3-smb {{(pid=112901) _set_version /opt/stack/neutron/neutron/api/rpc/callbacks/version_manager.py:113}}
Aug 24 10:43:05.136288 dv-cinder-854275-3-smb neutron-server[112901]: DEBUG neutron.api.rpc.callbacks.version_manager [None req-0d9d9ce5-8abf-41df-ac30-73765a70eb5f None None] Version for resource type LocalIPAssociation changed None to 1.0 on consumer Open vSwitch agent@dv-cinder-854275-3-smb {{(pid=112901) _set_version /opt/stack/neutron/neutron/api/rpc/callbacks/version_manager.py:113}}
Aug 24 10:43:05.137009 dv-cinder-854275-3-smb neutron-server[112901]: DEBUG neutron.api.rpc.callbacks.version_manager [None req-0d9d9ce5-8abf-41df-ac30-73765a70eb5f None None] Version for resource type Log changed None to 1.0 on consumer Open vSwitch agent@dv-cinder-854275-3-smb {{(pid=112901) _set_version /opt/stack/neutron/neutron/api/rpc/callbacks/version_manager.py:113}}
Aug 24 10:43:05.137602 dv-cinder-854275-3-smb neutron-server[112901]: DEBUG neutron.api.rpc.callbacks.version_manager [None req-0d9d9ce5-8abf-41df-ac30-73765a70eb5f None None] Version for resource type NDPProxy changed None to 1.0 on consumer Open vSwitch agent@dv-cinder-854275-3-smb {{(pid=112901) _set_version /opt/stack/neutron/neutron/api/rpc/callbacks/version_manager.py:113}}
Aug 24 10:43:05.138219 dv-cinder-854275-3-smb neutron-server[112901]: DEBUG neutron.api.rpc.callbacks.version_manager [None req-0d9d9ce5-8abf-41df-ac30-73765a70eb5f None None] Version for resource type Network changed None to 1.1 on consumer Open vSwitch agent@dv-cinder-854275-3-smb {{(pid=112901) _set_version /opt/stack/neutron/neutron/api/rpc/callbacks/version_manager.py:113}}
Aug 24 10:43:05.140489 dv-cinder-854275-3-smb neutron-server[112901]: DEBUG neutron.api.rpc.callbacks.version_manager [None req-0d9d9ce5-8abf-41df-ac30-73765a70eb5f None None] Version for resource type Port changed None to 1.7 on consumer Open vSwitch agent@dv-cinder-854275-3-smb {{(pid=112901) _set_version /opt/stack/neutron/neutron/api/rpc/callbacks/version_manager.py:113}}
Aug 24 10:43:05.141302 dv-cinder-854275-3-smb neutron-server[112901]: DEBUG neutron.api.rpc.callbacks.version_manager [None req-0d9d9ce5-8abf-41df-ac30-73765a70eb5f None None] Version for resource type PortForwarding changed None to 1.3 on consumer Open vSwitch agent@dv-cinder-854275-3-smb {{(pid=112901) _set_version /opt/stack/neutron/neutron/api/rpc/callbacks/version_manager.py:113}}
Aug 24 10:43:05.141883 dv-cinder-854275-3-smb neutron-server[112901]: DEBUG neutron.api.rpc.callbacks.version_manager [None req-0d9d9ce5-8abf-41df-ac30-73765a70eb5f None None] Version for resource type QosPolicy changed None to 1.10 on consumer Open vSwitch agent@dv-cinder-854275-3-smb {{(pid=112901) _set_version /opt/stack/neutron/neutron/api/rpc/callbacks/version_manager.py:113}}
Aug 24 10:43:05.142487 dv-cinder-854275-3-smb neutron-server[112901]: DEBUG neutron.api.rpc.callbacks.version_manager [None req-0d9d9ce5-8abf-41df-ac30-73765a70eb5f None None] Version for resource type SecurityGroup changed None to 1.5 on consumer Open vSwitch agent@dv-cinder-854275-3-smb {{(pid=112901) _set_version /opt/stack/neutron/neutron/api/rpc/callbacks/version_manager.py:113}}
Aug 24 10:43:05.143171 dv-cinder-854275-3-smb neutron-server[112901]: DEBUG neutron.api.rpc.callbacks.version_manager [None req-0d9d9ce5-8abf-41df-ac30-73765a70eb5f None None] Version for resource type SecurityGroupRule changed None to 1.2 on consumer Open vSwitch agent@dv-cinder-854275-3-smb {{(pid=112901) _set_version /opt/stack/neutron/neutron/api/rpc/callbacks/version_manager.py:113}}
Aug 24 10:43:05.143906 dv-cinder-854275-3-smb neutron-server[112901]: DEBUG neutron.api.rpc.callbacks.version_manager [None req-0d9d9ce5-8abf-41df-ac30-73765a70eb5f None None] Version for resource type SubPort changed None to 1.0 on consumer Open vSwitch agent@dv-cinder-854275-3-smb {{(pid=112901) _set_version /opt/stack/neutron/neutron/api/rpc/callbacks/version_manager.py:113}}
Aug 24 10:43:05.144576 dv-cinder-854275-3-smb neutron-server[112901]: DEBUG neutron.api.rpc.callbacks.version_manager [None req-0d9d9ce5-8abf-41df-ac30-73765a70eb5f None None] Version for resource type Subnet changed None to 1.1 on consumer Open vSwitch agent@dv-cinder-854275-3-smb {{(pid=112901) _set_version /opt/stack/neutron/neutron/api/rpc/callbacks/version_manager.py:113}}
Aug 24 10:43:05.145181 dv-cinder-854275-3-smb neutron-server[112901]: DEBUG neutron.api.rpc.callbacks.version_manager [None req-0d9d9ce5-8abf-41df-ac30-73765a70eb5f None None] Version for resource type Trunk changed None to 1.1 on consumer Open vSwitch agent@dv-cinder-854275-3-smb {{(pid=112901) _set_version /opt/stack/neutron/neutron/api/rpc/callbacks/version_manager.py:113}}
Aug 24 10:43:05.157533 dv-cinder-854275-3-smb neutron-server[112901]: DEBUG neutron.api.rpc.callbacks.version_manager [None req-0d9d9ce5-8abf-41df-ac30-73765a70eb5f None None] Tracked resource versions report:
Aug 24 10:43:05.157533 dv-cinder-854275-3-smb neutron-server[112901]: pushed versions:
Aug 24 10:43:05.157533 dv-cinder-854275-3-smb neutron-server[112901]: { 'AddressGroup': {'1.2'},
Aug 24 10:43:05.157533 dv-cinder-854275-3-smb neutron-server[112901]: 'Agent': {'1.1'},
Aug 24 10:43:05.157533 dv-cinder-854275-3-smb neutron-server[112901]: 'ConntrackHelper': {'1.0'},
Aug 24 10:43:05.157533 dv-cinder-854275-3-smb neutron-server[112901]: 'LocalIPAssociation': {'1.0'},
Aug 24 10:43:05.157533 dv-cinder-854275-3-smb neutron-server[112901]: 'Log': {'1.0'},
Aug 24 10:43:05.157533 dv-cinder-854275-3-smb neutron-server[112901]: 'NDPProxy': {'1.0'},
Aug 24 10:43:05.157533 dv-cinder-854275-3-smb neutron-server[112901]: 'Network': {'1.1'},
Aug 24 10:43:05.157533 dv-cinder-854275-3-smb neutron-server[112901]: 'Port': {'1.7'},
Aug 24 10:43:05.157533 dv-cinder-854275-3-smb neutron-server[112901]: 'PortForwarding': {'1.3'},
Aug 24 10:43:05.157533 dv-cinder-854275-3-smb neutron-server[112901]: 'QosPolicy': {'1.10'},
Aug 24 10:43:05.157533 dv-cinder-854275-3-smb neutron-server[112901]: 'SecurityGroup': {'1.5'},
Aug 24 10:43:05.157533 dv-cinder-854275-3-smb neutron-server[112901]: 'SecurityGroupRule': {'1.2'},
Aug 24 10:43:05.157533 dv-cinder-854275-3-smb neutron-server[112901]: 'SubPort': {'1.0'},
Aug 24 10:43:05.157533 dv-cinder-854275-3-smb neutron-server[112901]: 'Subnet': {'1.1'},
Aug 24 10:43:05.157533 dv-cinder-854275-3-smb neutron-server[112901]: 'Trunk': {'1.1'}}
Aug 24 10:43:05.157533 dv-cinder-854275-3-smb neutron-server[112901]: consumer versions:
Aug 24 10:43:05.157533 dv-cinder-854275-3-smb neutron-server[112901]: { DHCP agent@dv-cinder-854275-3-smb: {},
Aug 24 10:43:05.157533 dv-cinder-854275-3-smb neutron-server[112901]: HyperV agent@hv-cinder-85427: {},
Aug 24 10:43:05.157533 dv-cinder-854275-3-smb neutron-server[112901]: L3 agent@dv-cinder-854275-3-smb: {},
Aug 24 10:43:05.157533 dv-cinder-854275-3-smb neutron-server[112901]: Metadata agent@dv-cinder-854275-3-smb: {},
Aug 24 10:43:05.157533 dv-cinder-854275-3-smb neutron-server[112901]: Metering agent@dv-cinder-854275-3-smb: {},
Aug 24 10:43:05.157533 dv-cinder-854275-3-smb neutron-server[112901]: Open vSwitch agent@dv-cinder-854275-3-smb: { 'AddressGroup': '1.2',
Aug 24 10:43:05.157533 dv-cinder-854275-3-smb neutron-server[112901]: 'Agent': '1.1',
Aug 24 10:43:05.157533 dv-cinder-854275-3-smb neutron-server[112901]: 'ConntrackHelper': '1.0',
Aug 24 10:43:05.157533 dv-cinder-854275-3-smb neutron-server[112901]: 'LocalIPAssociation': '1.0',
Aug 24 10:43:05.157533 dv-cinder-854275-3-smb neutron-server[112901]: 'Log': '1.0',
