Aug 24 07:55:26.359319 dv-cinder-854275-1-smb devstack@c-api.service[120408]: /usr/local/lib/python3.8/dist-packages/oslo_context/context.py:100: DeprecationWarning: Policy enforcement is depending on the value of is_admin. This key is deprecated. Please update your policy file to use the standard policy values.
Aug 24 07:55:26.359319 dv-cinder-854275-1-smb devstack@c-api.service[120408]: warnings.warn('Policy enforcement is depending on the value of '
Aug 24 07:55:26.360333 dv-cinder-854275-1-smb devstack@c-api.service[120408]: INFO cinder.volume.api [None req-91a33011-eae0-470f-944d-bc7765881a23 tempest-SnapshotMetadataTestJSON-985008312 tempest-SnapshotMetadataTestJSON-985008312-project] Snapshot retrieved successfully.
Aug 24 07:55:26.362109 dv-cinder-854275-1-smb devstack@c-api.service[120408]: INFO cinder.volume.api [None req-91a33011-eae0-470f-944d-bc7765881a23 tempest-SnapshotMetadataTestJSON-985008312 tempest-SnapshotMetadataTestJSON-985008312-project] Get snapshot metadata completed successfully.
Aug 24 07:55:26.362631 dv-cinder-854275-1-smb devstack@c-api.service[120408]: INFO cinder.api.openstack.wsgi [None req-91a33011-eae0-470f-944d-bc7765881a23 tempest-SnapshotMetadataTestJSON-985008312 tempest-SnapshotMetadataTestJSON-985008312-project] http://10.222.0.17/volume/v3/01451fcbb0cd4624b8c83a85ee7b4e0c/snapshots/0e03724e-2de4-4162-a485-88779317661f/metadata returned with HTTP 200
Aug 24 07:55:26.363399 dv-cinder-854275-1-smb devstack@c-api.service[120408]: [pid: 120408|app: 0|req: 136/276] 10.222.0.17 () {58 vars in 1358 bytes} [Wed Aug 24 07:55:26 2022] GET /volume/v3/01451fcbb0cd4624b8c83a85ee7b4e0c/snapshots/0e03724e-2de4-4162-a485-88779317661f/metadata => generated 75 bytes in 21 msecs (HTTP/1.1 200) 7 headers in 284 bytes (1 switches on core 0)
Aug 24 07:55:26.372466 dv-cinder-854275-1-smb devstack@c-api.service[120408]: DEBUG cinder.api.middleware.request_id [None req-30e99b77-6e90-41a5-873e-462c5b323464 None None] RequestId filter calling following filter/app {{(pid=120408) _context_setter /opt/stack/cinder/cinder/api/middleware/request_id.py:62}}
Aug 24 07:55:26.376617 dv-cinder-854275-1-smb devstack@c-api.service[120408]: INFO cinder.api.openstack.wsgi [None req-30e99b77-6e90-41a5-873e-462c5b323464 tempest-SnapshotMetadataTestJSON-985008312 tempest-SnapshotMetadataTestJSON-985008312-project] PUT http://10.222.0.17/volume/v3/01451fcbb0cd4624b8c83a85ee7b4e0c/snapshots/0e03724e-2de4-4162-a485-88779317661f/metadata
Aug 24 07:55:26.377308 dv-cinder-854275-1-smb devstack@c-api.service[120408]: DEBUG cinder.api.openstack.wsgi [None req-30e99b77-6e90-41a5-873e-462c5b323464 tempest-SnapshotMetadataTestJSON-985008312 tempest-SnapshotMetadataTestJSON-985008312-project] Action: 'update_all', calling method: update_all, body: {"metadata": {}} {{(pid=120408) _process_stack /opt/stack/cinder/cinder/api/openstack/wsgi.py:866}}
Aug 24 07:55:26.389485 dv-cinder-854275-1-smb devstack@c-api.service[120408]: /usr/local/lib/python3.8/dist-packages/oslo_context/context.py:100: DeprecationWarning: Policy enforcement is depending on the value of is_admin. This key is deprecated. Please update your policy file to use the standard policy values.
Aug 24 07:55:26.389485 dv-cinder-854275-1-smb devstack@c-api.service[120408]: warnings.warn('Policy enforcement is depending on the value of '
Aug 24 07:55:26.390509 dv-cinder-854275-1-smb devstack@c-api.service[120408]: INFO cinder.volume.api [None req-30e99b77-6e90-41a5-873e-462c5b323464 tempest-SnapshotMetadataTestJSON-985008312 tempest-SnapshotMetadataTestJSON-985008312-project] Snapshot retrieved successfully.
Aug 24 07:55:26.451127 dv-cinder-854275-1-smb devstack@c-api.service[120409]: DEBUG cinder.volume.api [None req-28eb6327-5323-452c-a885-12c7b26f8ab5 tempest-GroupSnapshotsTest-1602353848 tempest-GroupSnapshotsTest-1602353848-project] Task 'cinder.volume.flows.api.create_volume.EntryCreateTask;volume:create' (f6fe1684-93bf-4819-bf18-468d8558a656) transitioned into state 'SUCCESS' from state 'RUNNING' with result '{'volume_id': '51bf8973-63e5-4446-bdf2-6adda4a75adb', 'volume_properties': VolumeProperties(attach_status='detached',availability_zone='nova',cgsnapshot_id=None,consistencygroup_id=None,display_description=None,display_name='tempest-GroupSnapshotsTest-Volume-1644933606',encryption_key_id=None,group_id=bd6f856a-6f11-4fa0-9b4b-1ef4d246c722,group_type_id=,metadata={},multiattach=False,project_id='358956167fd64083ac8ebbae682abe1a',qos_specs=None,replication_status=,reservations=['54d76339-502a-4451-919d-6672f1ab00f7','d772c131-fd0c-4be3-ae9f-ded7f3d37f16','dad19863-eb38-4fec-ad1b-42b327f3e4eb','8e72abe9-2791-490a-ab2a-4f5b5fa7d488'],size=1,snapshot_id=None,source_replicaid=,source_volid=None,status='creating',user_id='ab5a74275a094eaf824f314402b00149',volume_type_id=cdfd3085-05bf-43d4-a7d2-1c69a6d2f0b2), 'volume': Volume(_name_id=None,admin_metadata=,attach_status='detached',availability_zone='nova',bootable=False,cluster=,cluster_name=None,consistencygroup=,consistencygroup_id=None,created_at=2022-08-24T07:55:26Z,deleted=False,deleted_at=None,display_description=None,display_name='tempest-GroupSnapshotsTest-Volume-1644933606',ec2_id=None,encryption_key_id=None,glance_metadata=,group=,group_id=bd6f856a-6f11-4fa0-9b4b-1ef4d246c722,host=None,id=51bf8973-63e5-4446-bdf2-6adda4a75adb,launched_at=None,metadata={},migration_status=None,multiattach=False,previous_status=None,project_id='358956167fd64083ac8ebbae682abe1a',provider_auth=None,provider_geometry=None,provider_id=None,provider_location=None,replication_driver_data=None,replication_extended_status=None,replication_status=None,scheduled_at=None,service_uuid=None,shared_targets=True,size=1,snapshot_id=None,snapshots=,source_volid=None,status='creating',terminated_at=None,updated_at=None,use_quota=True,user_id='ab5a74275a094eaf824f314402b00149',volume_attachment=VolumeAttachmentList,volume_type=VolumeType(cdfd3085-05bf-43d4-a7d2-1c69a6d2f0b2),volume_type_id=cdfd3085-05bf-43d4-a7d2-1c69a6d2f0b2)}' {{(pid=120409) _task_receiver /usr/local/lib/python3.8/dist-packages/taskflow/listeners/logging.py:178}}
Aug 24 07:55:26.453196 dv-cinder-854275-1-smb devstack@c-api.service[120409]: DEBUG cinder.volume.api [None req-28eb6327-5323-452c-a885-12c7b26f8ab5 tempest-GroupSnapshotsTest-1602353848 tempest-GroupSnapshotsTest-1602353848-project] Task 'cinder.volume.flows.api.create_volume.QuotaCommitTask;volume:create' (80c5dfe2-5808-4f87-ad42-39c0a74fc170) transitioned into state 'RUNNING' from state 'PENDING' {{(pid=120409) _task_receiver /usr/local/lib/python3.8/dist-packages/taskflow/listeners/logging.py:190}}
Aug 24 07:55:26.456845 dv-cinder-854275-1-smb devstack@c-api.service[120409]: DEBUG dbcounter [-] [120409] Writing DB stats cinder:SELECT=83,cinder:UPDATE=7,cinder:INSERT=10 {{(pid=120409) stat_writer /usr/local/lib/python3.8/dist-packages/dbcounter.py:114}}
Aug 24 07:55:26.564861 dv-cinder-854275-1-smb devstack@c-api.service[120409]: DEBUG cinder.volume.api [None req-28eb6327-5323-452c-a885-12c7b26f8ab5 tempest-GroupSnapshotsTest-1602353848 tempest-GroupSnapshotsTest-1602353848-project] Task 'cinder.volume.flows.api.create_volume.QuotaCommitTask;volume:create' (80c5dfe2-5808-4f87-ad42-39c0a74fc170) transitioned into state 'SUCCESS' from state 'RUNNING' with result '{'volume_properties': VolumeProperties(attach_status='detached',availability_zone='nova',cgsnapshot_id=None,consistencygroup_id=None,display_description=None,display_name='tempest-GroupSnapshotsTest-Volume-1644933606',encryption_key_id=None,group_id=bd6f856a-6f11-4fa0-9b4b-1ef4d246c722,group_type_id=,metadata={},multiattach=False,project_id='358956167fd64083ac8ebbae682abe1a',qos_specs=None,replication_status=,reservations=['54d76339-502a-4451-919d-6672f1ab00f7','d772c131-fd0c-4be3-ae9f-ded7f3d37f16','dad19863-eb38-4fec-ad1b-42b327f3e4eb','8e72abe9-2791-490a-ab2a-4f5b5fa7d488'],size=1,snapshot_id=None,source_replicaid=,source_volid=None,status='creating',user_id='ab5a74275a094eaf824f314402b00149',volume_type_id=cdfd3085-05bf-43d4-a7d2-1c69a6d2f0b2)}' {{(pid=120409) _task_receiver /usr/local/lib/python3.8/dist-packages/taskflow/listeners/logging.py:178}}
Aug 24 07:55:26.567215 dv-cinder-854275-1-smb devstack@c-api.service[120409]: DEBUG cinder.volume.api [None req-28eb6327-5323-452c-a885-12c7b26f8ab5 tempest-GroupSnapshotsTest-1602353848 tempest-GroupSnapshotsTest-1602353848-project] Task 'cinder.volume.flows.api.create_volume.VolumeCastTask;volume:create' (db4057a9-7aab-4e98-a14f-06feb384c5ca) transitioned into state 'RUNNING' from state 'PENDING' {{(pid=120409) _task_receiver /usr/local/lib/python3.8/dist-packages/taskflow/listeners/logging.py:190}}
Aug 24 07:55:26.626023 dv-cinder-854275-1-smb devstack@c-api.service[120408]: INFO cinder.volume.api [None req-30e99b77-6e90-41a5-873e-462c5b323464 tempest-SnapshotMetadataTestJSON-985008312 tempest-SnapshotMetadataTestJSON-985008312-project] Update snapshot metadata completed successfully.
Aug 24 07:55:26.627722 dv-cinder-854275-1-smb devstack@c-api.service[120408]: INFO cinder.api.openstack.wsgi [None req-30e99b77-6e90-41a5-873e-462c5b323464 tempest-SnapshotMetadataTestJSON-985008312 tempest-SnapshotMetadataTestJSON-985008312-project] http://10.222.0.17/volume/v3/01451fcbb0cd4624b8c83a85ee7b4e0c/snapshots/0e03724e-2de4-4162-a485-88779317661f/metadata returned with HTTP 200
Aug 24 07:55:26.628757 dv-cinder-854275-1-smb devstack@c-api.service[120408]: [pid: 120408|app: 0|req: 137/277] 10.222.0.17 () {60 vars in 1378 bytes} [Wed Aug 24 07:55:26 2022] PUT /volume/v3/01451fcbb0cd4624b8c83a85ee7b4e0c/snapshots/0e03724e-2de4-4162-a485-88779317661f/metadata => generated 16 bytes in 257 msecs (HTTP/1.1 200) 7 headers in 284 bytes (2 switches on core 0)
Aug 24 07:55:26.630427 dv-cinder-854275-1-smb devstack@c-api.service[120408]: DEBUG cinder.api.middleware.request_id [None req-949dd861-990c-4dcc-8c48-a689375c85fd None None] RequestId filter calling following filter/app {{(pid=120408) _context_setter /opt/stack/cinder/cinder/api/middleware/request_id.py:62}}
Aug 24 07:55:26.641622 dv-cinder-854275-1-smb devstack@c-api.service[120408]: INFO cinder.api.openstack.wsgi [None req-949dd861-990c-4dcc-8c48-a689375c85fd tempest-GroupsV314Test-1441012762 tempest-GroupsV314Test-1441012762-project] GET http://10.222.0.17/volume/v3/c7e3512785d34d06ad4949de1f1dd235/groups/221a002f-5e94-407d-bbd3-f2964a94b015
Aug 24 07:55:26.643414 dv-cinder-854275-1-smb devstack@c-api.service[120408]: DEBUG cinder.api.openstack.wsgi [None req-949dd861-990c-4dcc-8c48-a689375c85fd tempest-GroupsV314Test-1441012762 tempest-GroupsV314Test-1441012762-project] Empty body provided in request {{(pid=120408) get_body /opt/stack/cinder/cinder/api/openstack/wsgi.py:715}}
Aug 24 07:55:26.643964 dv-cinder-854275-1-smb devstack@c-api.service[120408]: DEBUG cinder.api.openstack.wsgi [None req-949dd861-990c-4dcc-8c48-a689375c85fd tempest-GroupsV314Test-1441012762 tempest-GroupsV314Test-1441012762-project] Calling method 'version_select' {{(pid=120408) _process_stack /opt/stack/cinder/cinder/api/openstack/wsgi.py:868}}
Aug 24 07:55:26.644393 dv-cinder-854275-1-smb devstack@c-api.service[120408]: DEBUG cinder.api.v3.groups [None req-949dd861-990c-4dcc-8c48-a689375c85fd tempest-GroupsV314Test-1441012762 tempest-GroupsV314Test-1441012762-project] show called for member 221a002f-5e94-407d-bbd3-f2964a94b015 {{(pid=120408) show /opt/stack/cinder/cinder/api/v3/groups.py:58}}
Aug 24 07:55:26.656080 dv-cinder-854275-1-smb devstack@c-api.service[120408]: /usr/local/lib/python3.8/dist-packages/oslo_context/context.py:100: DeprecationWarning: Policy enforcement is depending on the value of is_admin. This key is deprecated. Please update your policy file to use the standard policy values.
Aug 24 07:55:26.656080 dv-cinder-854275-1-smb devstack@c-api.service[120408]: warnings.warn('Policy enforcement is depending on the value of '
Aug 24 07:55:26.668199 dv-cinder-854275-1-smb devstack@c-api.service[120409]: DEBUG cinder.volume.api [None req-28eb6327-5323-452c-a885-12c7b26f8ab5 tempest-GroupSnapshotsTest-1602353848 tempest-GroupSnapshotsTest-1602353848-project] Task 'cinder.volume.flows.api.create_volume.VolumeCastTask;volume:create' (db4057a9-7aab-4e98-a14f-06feb384c5ca) transitioned into state 'SUCCESS' from state 'RUNNING' with result 'None' {{(pid=120409) _task_receiver /usr/local/lib/python3.8/dist-packages/taskflow/listeners/logging.py:178}}
Aug 24 07:55:26.671276 dv-cinder-854275-1-smb devstack@c-api.service[120409]: DEBUG cinder.volume.api [None req-28eb6327-5323-452c-a885-12c7b26f8ab5 tempest-GroupSnapshotsTest-1602353848 tempest-GroupSnapshotsTest-1602353848-project] Flow 'volume_create_api' (a657e34d-2b94-4f78-8519-5d544ab10cd2) transitioned into state 'SUCCESS' from state 'RUNNING' {{(pid=120409) _flow_receiver /usr/local/lib/python3.8/dist-packages/taskflow/listeners/logging.py:141}}
Aug 24 07:55:26.672193 dv-cinder-854275-1-smb devstack@c-api.service[120409]: INFO cinder.volume.api [None req-28eb6327-5323-452c-a885-12c7b26f8ab5 tempest-GroupSnapshotsTest-1602353848 tempest-GroupSnapshotsTest-1602353848-project] Create volume request issued successfully.
Aug 24 07:55:26.673880 dv-cinder-854275-1-smb devstack@c-api.service[120409]: WARNING stevedore.named [None req-28eb6327-5323-452c-a885-12c7b26f8ab5 tempest-GroupSnapshotsTest-1602353848 tempest-GroupSnapshotsTest-1602353848-project] Could not load cinder.keymgr.conf_key_mgr.ConfKeyManager
Aug 24 07:55:26.674423 dv-cinder-854275-1-smb devstack@c-api.service[120409]: WARNING castellan.key_manager [None req-28eb6327-5323-452c-a885-12c7b26f8ab5 tempest-GroupSnapshotsTest-1602353848 tempest-GroupSnapshotsTest-1602353848-project] Deprecation Warning : cinder.keymgr.conf_key_mgr.ConfKeyManager is not a stevedore based driver, trying to load it as a class: stevedore.exception.NoMatches: No 'castellan.drivers' driver found, looking for 'cinder.keymgr.conf_key_mgr.ConfKeyManager'
Aug 24 07:55:26.680498 dv-cinder-854275-1-smb devstack@c-api.service[120408]: INFO cinder.api.openstack.wsgi [None req-949dd861-990c-4dcc-8c48-a689375c85fd tempest-GroupsV314Test-1441012762 tempest-GroupsV314Test-1441012762-project] http://10.222.0.17/volume/v3/c7e3512785d34d06ad4949de1f1dd235/groups/221a002f-5e94-407d-bbd3-f2964a94b015 returned with HTTP 200
Aug 24 07:55:26.684271 dv-cinder-854275-1-smb devstack@c-api.service[120409]: DEBUG oslo_db.sqlalchemy.engines [None req-28eb6327-5323-452c-a885-12c7b26f8ab5 tempest-GroupSnapshotsTest-1602353848 tempest-GroupSnapshotsTest-1602353848-project] MySQL server mode set to STRICT_TRANS_TABLES,STRICT_ALL_TABLES,NO_ZERO_IN_DATE,NO_ZERO_DATE,ERROR_FOR_DIVISION_BY_ZERO,TRADITIONAL,NO_ENGINE_SUBSTITUTION {{(pid=120409) _check_effective_sql_mode /usr/local/lib/python3.8/dist-packages/oslo_db/sqlalchemy/engines.py:314}}
Aug 24 07:55:26.690584 dv-cinder-854275-1-smb devstack@c-api.service[120408]: [pid: 120408|app: 0|req: 138/278] 10.222.0.17 () {60 vars in 1363 bytes} [Wed Aug 24 07:55:26 2022] GET /volume/v3/c7e3512785d34d06ad4949de1f1dd235/groups/221a002f-5e94-407d-bbd3-f2964a94b015 => generated 388 bytes in 55 msecs (HTTP/1.1 200) 7 headers in 286 bytes (1 switches on core 0)
Aug 24 07:55:26.690584 dv-cinder-854275-1-smb devstack@c-api.service[120408]: DEBUG cinder.api.middleware.request_id [None req-e6faeafb-8b57-472b-81d0-55aadb96122c None None] RequestId filter calling following filter/app {{(pid=120408) _context_setter /opt/stack/cinder/cinder/api/middleware/request_id.py:62}}
Aug 24 07:55:26.695980 dv-cinder-854275-1-smb devstack@c-api.service[120408]: INFO cinder.api.openstack.wsgi [None req-e6faeafb-8b57-472b-81d0-55aadb96122c tempest-SnapshotMetadataTestJSON-985008312 tempest-SnapshotMetadataTestJSON-985008312-project] DELETE http://10.222.0.17/volume/v3/01451fcbb0cd4624b8c83a85ee7b4e0c/snapshots/0e03724e-2de4-4162-a485-88779317661f
Aug 24 07:55:26.695980 dv-cinder-854275-1-smb devstack@c-api.service[120408]: DEBUG cinder.api.openstack.wsgi [None req-e6faeafb-8b57-472b-81d0-55aadb96122c tempest-SnapshotMetadataTestJSON-985008312 tempest-SnapshotMetadataTestJSON-985008312-project] Empty body provided in request {{(pid=120408) get_body /opt/stack/cinder/cinder/api/openstack/wsgi.py:715}}
Aug 24 07:55:26.696288 dv-cinder-854275-1-smb devstack@c-api.service[120408]: DEBUG cinder.api.openstack.wsgi [None req-e6faeafb-8b57-472b-81d0-55aadb96122c tempest-SnapshotMetadataTestJSON-985008312 tempest-SnapshotMetadataTestJSON-985008312-project] Calling method 'delete' {{(pid=120408) _process_stack /opt/stack/cinder/cinder/api/openstack/wsgi.py:868}}
Aug 24 07:55:26.696623 dv-cinder-854275-1-smb devstack@c-api.service[120408]: INFO cinder.api.v2.snapshots [None req-e6faeafb-8b57-472b-81d0-55aadb96122c tempest-SnapshotMetadataTestJSON-985008312 tempest-SnapshotMetadataTestJSON-985008312-project] Delete snapshot with id: 0e03724e-2de4-4162-a485-88779317661f
Aug 24 07:55:26.702991 dv-cinder-854275-1-smb devstack@c-api.service[120409]: /usr/local/lib/python3.8/dist-packages/oslo_context/context.py:100: DeprecationWarning: Policy enforcement is depending on the value of is_admin. This key is deprecated. Please update your policy file to use the standard policy values.
Aug 24 07:55:26.702991 dv-cinder-854275-1-smb devstack@c-api.service[120409]: warnings.warn('Policy enforcement is depending on the value of '
Aug 24 07:55:26.710109 dv-cinder-854275-1-smb devstack@c-api.service[120408]: /usr/local/lib/python3.8/dist-packages/oslo_context/context.py:100: DeprecationWarning: Policy enforcement is depending on the value of is_admin. This key is deprecated. Please update your policy file to use the standard policy values.
Aug 24 07:55:26.710109 dv-cinder-854275-1-smb devstack@c-api.service[120408]: warnings.warn('Policy enforcement is depending on the value of '
Aug 24 07:55:26.712329 dv-cinder-854275-1-smb devstack@c-api.service[120408]: INFO cinder.volume.api [None req-e6faeafb-8b57-472b-81d0-55aadb96122c tempest-SnapshotMetadataTestJSON-985008312 tempest-SnapshotMetadataTestJSON-985008312-project] Snapshot retrieved successfully.
Aug 24 07:55:26.713298 dv-cinder-854275-1-smb devstack@c-api.service[120409]: INFO cinder.api.openstack.wsgi [None req-28eb6327-5323-452c-a885-12c7b26f8ab5 tempest-GroupSnapshotsTest-1602353848 tempest-GroupSnapshotsTest-1602353848-project] http://10.222.0.17/volume/v3/358956167fd64083ac8ebbae682abe1a/volumes returned with HTTP 202
Aug 24 07:55:26.715123 dv-cinder-854275-1-smb devstack@c-api.service[120409]: [pid: 120409|app: 0|req: 141/279] 10.222.0.17 () {62 vars in 1277 bytes} [Wed Aug 24 07:55:26 2022] POST /volume/v3/358956167fd64083ac8ebbae682abe1a/volumes => generated 908 bytes in 712 msecs (HTTP/1.1 202) 7 headers in 292 bytes (1 switches on core 0)
Aug 24 07:55:26.717075 dv-cinder-854275-1-smb devstack@c-api.service[120409]: DEBUG cinder.api.middleware.request_id [None req-d9a5b7ac-2a66-4ab3-89eb-bd984b0ebb03 None None] RequestId filter calling following filter/app {{(pid=120409) _context_setter /opt/stack/cinder/cinder/api/middleware/request_id.py:62}}
Aug 24 07:55:26.721796 dv-cinder-854275-1-smb devstack@c-api.service[120409]: INFO cinder.api.openstack.wsgi [None req-d9a5b7ac-2a66-4ab3-89eb-bd984b0ebb03 tempest-GroupsV314Test-1441012762 tempest-GroupsV314Test-1441012762-project] POST http://10.222.0.17/volume/v3/c7e3512785d34d06ad4949de1f1dd235/volumes
Aug 24 07:55:26.723445 dv-cinder-854275-1-smb devstack@c-api.service[120409]: DEBUG cinder.api.openstack.wsgi [None req-d9a5b7ac-2a66-4ab3-89eb-bd984b0ebb03 tempest-GroupsV314Test-1441012762 tempest-GroupsV314Test-1441012762-project] Action: 'create', calling method: create, body: {"volume": {"volume_type": "70dacd73-d352-4cbf-b880-0c4dfbc9e007", "group_id": "221a002f-5e94-407d-bbd3-f2964a94b015", "size": 1, "name": "tempest-GroupsV314Test-Volume-1235668679"}} {{(pid=120409) _process_stack /opt/stack/cinder/cinder/api/openstack/wsgi.py:866}}
Aug 24 07:55:26.726612 dv-cinder-854275-1-smb devstack@c-api.service[120409]: DEBUG cinder.api.v3.volumes [None req-d9a5b7ac-2a66-4ab3-89eb-bd984b0ebb03 tempest-GroupsV314Test-1441012762 tempest-GroupsV314Test-1441012762-project] Create volume request body: {'volume': {'volume_type': '70dacd73-d352-4cbf-b880-0c4dfbc9e007', 'group_id': '221a002f-5e94-407d-bbd3-f2964a94b015', 'size': 1, 'name': 'tempest-GroupsV314Test-Volume-1235668679'}} {{(pid=120409) create /opt/stack/cinder/cinder/api/v3/volumes.py:298}}
Aug 24 07:55:26.747200 dv-cinder-854275-1-smb devstack@c-api.service[120409]: /usr/local/lib/python3.8/dist-packages/oslo_context/context.py:100: DeprecationWarning: Policy enforcement is depending on the value of is_admin. This key is deprecated. Please update your policy file to use the standard policy values.
Aug 24 07:55:26.747200 dv-cinder-854275-1-smb devstack@c-api.service[120409]: warnings.warn('Policy enforcement is depending on the value of '
Aug 24 07:55:26.748703 dv-cinder-854275-1-smb devstack@c-api.service[120409]: INFO cinder.api.v3.volumes [None req-d9a5b7ac-2a66-4ab3-89eb-bd984b0ebb03 tempest-GroupsV314Test-1441012762 tempest-GroupsV314Test-1441012762-project] Create volume of 1 GB
Aug 24 07:55:26.761052 dv-cinder-854275-1-smb devstack@c-api.service[120409]: INFO cinder.volume.api [None req-d9a5b7ac-2a66-4ab3-89eb-bd984b0ebb03 tempest-GroupsV314Test-1441012762 tempest-GroupsV314Test-1441012762-project] Availability Zones retrieved successfully.
Aug 24 07:55:26.780909 dv-cinder-854275-1-smb devstack@c-api.service[120409]: DEBUG cinder.volume.api [None req-d9a5b7ac-2a66-4ab3-89eb-bd984b0ebb03 tempest-GroupsV314Test-1441012762 tempest-GroupsV314Test-1441012762-project] Flow 'volume_create_api' (387f0215-a3b2-4bd1-9df1-4f7ffadfde3c) transitioned into state 'RUNNING' from state 'PENDING' {{(pid=120409) _flow_receiver /usr/local/lib/python3.8/dist-packages/taskflow/listeners/logging.py:141}}
Aug 24 07:55:26.783743 dv-cinder-854275-1-smb devstack@c-api.service[120409]: DEBUG cinder.volume.api [None req-d9a5b7ac-2a66-4ab3-89eb-bd984b0ebb03 tempest-GroupsV314Test-1441012762 tempest-GroupsV314Test-1441012762-project] Task 'cinder.volume.flows.api.create_volume.ExtractVolumeRequestTask;volume:create' (8431f66c-c40c-461a-a234-8211a2da32c2) transitioned into state 'RUNNING' from state 'PENDING' {{(pid=120409) _task_receiver /usr/local/lib/python3.8/dist-packages/taskflow/listeners/logging.py:190}}
Aug 24 07:55:26.785332 dv-cinder-854275-1-smb devstack@c-api.service[120409]: /usr/local/lib/python3.8/dist-packages/oslo_context/context.py:100: DeprecationWarning: Policy enforcement is depending on the value of is_admin. This key is deprecated. Please update your policy file to use the standard policy values.
Aug 24 07:55:26.785332 dv-cinder-854275-1-smb devstack@c-api.service[120409]: warnings.warn('Policy enforcement is depending on the value of '
Aug 24 07:55:26.786298 dv-cinder-854275-1-smb devstack@c-api.service[120409]: DEBUG cinder.volume.flows.api.create_volume [None req-d9a5b7ac-2a66-4ab3-89eb-bd984b0ebb03 tempest-GroupsV314Test-1441012762 tempest-GroupsV314Test-1441012762-project] Validating volume size '1' using validate_int {{(pid=120409) _extract_size /opt/stack/cinder/cinder/volume/flows/api/create_volume.py:228}}
Aug 24 07:55:26.817392 dv-cinder-854275-1-smb devstack@c-api.service[120409]: DEBUG cinder.volume.api [None req-d9a5b7ac-2a66-4ab3-89eb-bd984b0ebb03 tempest-GroupsV314Test-1441012762 tempest-GroupsV314Test-1441012762-project] Task 'cinder.volume.flows.api.create_volume.ExtractVolumeRequestTask;volume:create' (8431f66c-c40c-461a-a234-8211a2da32c2) transitioned into state 'SUCCESS' from state 'RUNNING' with result '{'size': 1, 'snapshot_id': None, 'source_volid': None, 'volume_type': VolumeType(created_at=2022-08-24T07:55:24Z,deleted=False,deleted_at=None,description=None,extra_specs={},id=70dacd73-d352-4cbf-b880-0c4dfbc9e007,is_public=True,name='tempest-GroupsV314Test-volume-type-927993964',projects=[],qos_specs=,qos_specs_id=None,updated_at=None), 'volume_type_id': '70dacd73-d352-4cbf-b880-0c4dfbc9e007', 'encryption_key_id': None, 'qos_specs': None, 'consistencygroup_id': None, 'cgsnapshot_id': None, 'group_id': '221a002f-5e94-407d-bbd3-f2964a94b015', 'replication_status': 'disabled', 'refresh_az': False, 'backup_id': None, 'multiattach': False, 'availability_zones': ['nova']}' {{(pid=120409) _task_receiver /usr/local/lib/python3.8/dist-packages/taskflow/listeners/logging.py:178}}
Aug 24 07:55:26.820027 dv-cinder-854275-1-smb devstack@c-api.service[120409]: DEBUG cinder.volume.api [None req-d9a5b7ac-2a66-4ab3-89eb-bd984b0ebb03 tempest-GroupsV314Test-1441012762 tempest-GroupsV314Test-1441012762-project] Task 'cinder.volume.flows.api.create_volume.QuotaReserveTask;volume:create' (a9b8aed1-3cf9-4838-8d56-fa395914412a) transitioned into state 'RUNNING' from state 'PENDING' {{(pid=120409) _task_receiver /usr/local/lib/python3.8/dist-packages/taskflow/listeners/logging.py:190}}
Aug 24 07:55:26.866004 dv-cinder-854275-1-smb devstack@c-api.service[120408]: INFO cinder.volume.api [None req-e6faeafb-8b57-472b-81d0-55aadb96122c tempest-SnapshotMetadataTestJSON-985008312 tempest-SnapshotMetadataTestJSON-985008312-project] Snapshot delete request issued successfully.
Aug 24 07:55:26.866585 dv-cinder-854275-1-smb devstack@c-api.service[120408]: INFO cinder.api.openstack.wsgi [None req-e6faeafb-8b57-472b-81d0-55aadb96122c tempest-SnapshotMetadataTestJSON-985008312 tempest-SnapshotMetadataTestJSON-985008312-project] http://10.222.0.17/volume/v3/01451fcbb0cd4624b8c83a85ee7b4e0c/snapshots/0e03724e-2de4-4162-a485-88779317661f returned with HTTP 202
Aug 24 07:55:26.869267 dv-cinder-854275-1-smb devstack@c-api.service[120408]: [pid: 120408|app: 0|req: 139/280] 10.222.0.17 () {58 vars in 1334 bytes} [Wed Aug 24 07:55:26 2022] DELETE /volume/v3/01451fcbb0cd4624b8c83a85ee7b4e0c/snapshots/0e03724e-2de4-4162-a485-88779317661f => generated 0 bytes in 182 msecs (HTTP/1.1 202) 6 headers in 233 bytes (1 switches on core 0)
Aug 24 07:55:26.869428 dv-cinder-854275-1-smb devstack@c-api.service[120408]: DEBUG cinder.api.middleware.request_id [None req-bf519a7d-e691-4144-be8f-07d5b7e5b5d2 None None] RequestId filter calling following filter/app {{(pid=120408) _context_setter /opt/stack/cinder/cinder/api/middleware/request_id.py:62}}
Aug 24 07:55:26.882223 dv-cinder-854275-1-smb devstack@c-api.service[120408]: INFO cinder.api.openstack.wsgi [None req-bf519a7d-e691-4144-be8f-07d5b7e5b5d2 tempest-GroupSnapshotsTest-1602353848 tempest-GroupSnapshotsTest-1602353848-project] GET http://10.222.0.17/volume/v3/358956167fd64083ac8ebbae682abe1a/volumes/51bf8973-63e5-4446-bdf2-6adda4a75adb
Aug 24 07:55:26.882793 dv-cinder-854275-1-smb devstack@c-api.service[120408]: DEBUG cinder.api.openstack.wsgi [None req-bf519a7d-e691-4144-be8f-07d5b7e5b5d2 tempest-GroupSnapshotsTest-1602353848 tempest-GroupSnapshotsTest-1602353848-project] Empty body provided in request {{(pid=120408) get_body /opt/stack/cinder/cinder/api/openstack/wsgi.py:715}}
Aug 24 07:55:26.882958 dv-cinder-854275-1-smb devstack@c-api.service[120409]: WARNING cinder.quota [None req-d9a5b7ac-2a66-4ab3-89eb-bd984b0ebb03 tempest-GroupsV314Test-1441012762 tempest-GroupsV314Test-1441012762-project] Deprecated: Default quota for resource: volumes_tempest-GroupsV314Test-volume-type-927993964 is set by the default quota flag: quota_volumes_tempest-GroupsV314Test-volume-type-927993964, it is now deprecated. Please use the default quota class for default quota.
Aug 24 07:55:26.883155 dv-cinder-854275-1-smb devstack@c-api.service[120408]: DEBUG cinder.api.openstack.wsgi [None req-bf519a7d-e691-4144-be8f-07d5b7e5b5d2 tempest-GroupSnapshotsTest-1602353848 tempest-GroupSnapshotsTest-1602353848-project] Calling method 'show' {{(pid=120408) _process_stack /opt/stack/cinder/cinder/api/openstack/wsgi.py:868}}
Aug 24 07:55:26.883813 dv-cinder-854275-1-smb devstack@c-api.service[120409]: WARNING cinder.quota [None req-d9a5b7ac-2a66-4ab3-89eb-bd984b0ebb03 tempest-GroupsV314Test-1441012762 tempest-GroupsV314Test-1441012762-project] Deprecated: Default quota for resource: gigabytes_tempest-GroupsV314Test-volume-type-927993964 is set by the default quota flag: quota_gigabytes_tempest-GroupsV314Test-volume-type-927993964, it is now deprecated. Please use the default quota class for default quota.
Aug 24 07:55:26.910251 dv-cinder-854275-1-smb devstack@c-api.service[120408]: /usr/local/lib/python3.8/dist-packages/oslo_context/context.py:100: DeprecationWarning: Policy enforcement is depending on the value of is_admin. This key is deprecated. Please update your policy file to use the standard policy values.
Aug 24 07:55:26.910251 dv-cinder-854275-1-smb devstack@c-api.service[120408]: warnings.warn('Policy enforcement is depending on the value of '
Aug 24 07:55:26.917694 dv-cinder-854275-1-smb devstack@c-api.service[120408]: INFO cinder.volume.api [None req-bf519a7d-e691-4144-be8f-07d5b7e5b5d2 tempest-GroupSnapshotsTest-1602353848 tempest-GroupSnapshotsTest-1602353848-project] Volume info retrieved successfully.
Aug 24 07:55:26.919108 dv-cinder-854275-1-smb devstack@c-api.service[120408]: WARNING stevedore.named [None req-bf519a7d-e691-4144-be8f-07d5b7e5b5d2 tempest-GroupSnapshotsTest-1602353848 tempest-GroupSnapshotsTest-1602353848-project] Could not load cinder.keymgr.conf_key_mgr.ConfKeyManager
Aug 24 07:55:26.919666 dv-cinder-854275-1-smb devstack@c-api.service[120408]: WARNING castellan.key_manager [None req-bf519a7d-e691-4144-be8f-07d5b7e5b5d2 tempest-GroupSnapshotsTest-1602353848 tempest-GroupSnapshotsTest-1602353848-project] Deprecation Warning : cinder.keymgr.conf_key_mgr.ConfKeyManager is not a stevedore based driver, trying to load it as a class: stevedore.exception.NoMatches: No 'castellan.drivers' driver found, looking for 'cinder.keymgr.conf_key_mgr.ConfKeyManager'
Aug 24 07:55:26.932576 dv-cinder-854275-1-smb devstack@c-api.service[120408]: DEBUG oslo_db.sqlalchemy.engines [None req-bf519a7d-e691-4144-be8f-07d5b7e5b5d2 tempest-GroupSnapshotsTest-1602353848 tempest-GroupSnapshotsTest-1602353848-project] MySQL server mode set to STRICT_TRANS_TABLES,STRICT_ALL_TABLES,NO_ZERO_IN_DATE,NO_ZERO_DATE,ERROR_FOR_DIVISION_BY_ZERO,TRADITIONAL,NO_ENGINE_SUBSTITUTION {{(pid=120408) _check_effective_sql_mode /usr/local/lib/python3.8/dist-packages/oslo_db/sqlalchemy/engines.py:314}}
Aug 24 07:55:26.940840 dv-cinder-854275-1-smb devstack@c-api.service[120408]: /usr/local/lib/python3.8/dist-packages/oslo_context/context.py:100: DeprecationWarning: Policy enforcement is depending on the value of is_admin. This key is deprecated. Please update your policy file to use the standard policy values.
Aug 24 07:55:26.940840 dv-cinder-854275-1-smb devstack@c-api.service[120408]: warnings.warn('Policy enforcement is depending on the value of '
Aug 24 07:55:26.957644 dv-cinder-854275-1-smb devstack@c-api.service[120408]: DEBUG dbcounter [-] [120408] Writing DB stats cinder:SELECT=74,cinder:INSERT=7,cinder:UPDATE=19 {{(pid=120408) stat_writer /usr/local/lib/python3.8/dist-packages/dbcounter.py:114}}
Aug 24 07:55:26.984095 dv-cinder-854275-1-smb devstack@c-api.service[120408]: INFO cinder.api.openstack.wsgi [None req-bf519a7d-e691-4144-be8f-07d5b7e5b5d2 tempest-GroupSnapshotsTest-1602353848 tempest-GroupSnapshotsTest-1602353848-project] http://10.222.0.17/volume/v3/358956167fd64083ac8ebbae682abe1a/volumes/51bf8973-63e5-4446-bdf2-6adda4a75adb returned with HTTP 200
Aug 24 07:55:26.985448 dv-cinder-854275-1-smb devstack@c-api.service[120408]: [pid: 120408|app: 0|req: 140/281] 10.222.0.17 () {60 vars in 1366 bytes} [Wed Aug 24 07:55:26 2022] GET /volume/v3/358956167fd64083ac8ebbae682abe1a/volumes/51bf8973-63e5-4446-bdf2-6adda4a75adb => generated 976 bytes in 117 msecs (HTTP/1.1 200) 7 headers in 286 bytes (1 switches on core 0)
Aug 24 07:55:26.998190 dv-cinder-854275-1-smb devstack@c-api.service[120408]: DEBUG cinder.api.middleware.request_id [None req-f543d0cd-44c8-446b-b992-b540fec15f7f None None] RequestId filter calling following filter/app {{(pid=120408) _context_setter /opt/stack/cinder/cinder/api/middleware/request_id.py:62}}
Aug 24 07:55:27.013874 dv-cinder-854275-1-smb devstack@c-api.service[120408]: INFO cinder.api.openstack.wsgi [None req-f543d0cd-44c8-446b-b992-b540fec15f7f tempest-SnapshotMetadataTestJSON-985008312 tempest-SnapshotMetadataTestJSON-985008312-project] GET http://10.222.0.17/volume/v3/01451fcbb0cd4624b8c83a85ee7b4e0c/snapshots/0e03724e-2de4-4162-a485-88779317661f
Aug 24 07:55:27.014333 dv-cinder-854275-1-smb devstack@c-api.service[120408]: DEBUG cinder.api.openstack.wsgi [None req-f543d0cd-44c8-446b-b992-b540fec15f7f tempest-SnapshotMetadataTestJSON-985008312 tempest-SnapshotMetadataTestJSON-985008312-project] Empty body provided in request {{(pid=120408) get_body /opt/stack/cinder/cinder/api/openstack/wsgi.py:715}}
Aug 24 07:55:27.015425 dv-cinder-854275-1-smb devstack@c-api.service[120408]: DEBUG cinder.api.openstack.wsgi [None req-f543d0cd-44c8-446b-b992-b540fec15f7f tempest-SnapshotMetadataTestJSON-985008312 tempest-SnapshotMetadataTestJSON-985008312-project] Calling method 'show' {{(pid=120408) _process_stack /opt/stack/cinder/cinder/api/openstack/wsgi.py:868}}
Aug 24 07:55:27.026484 dv-cinder-854275-1-smb devstack@c-api.service[120408]: /usr/local/lib/python3.8/dist-packages/oslo_context/context.py:100: DeprecationWarning: Policy enforcement is depending on the value of is_admin. This key is deprecated. Please update your policy file to use the standard policy values.
Aug 24 07:55:27.026484 dv-cinder-854275-1-smb devstack@c-api.service[120408]: warnings.warn('Policy enforcement is depending on the value of '
Aug 24 07:55:27.027547 dv-cinder-854275-1-smb devstack@c-api.service[120408]: INFO cinder.volume.api [None req-f543d0cd-44c8-446b-b992-b540fec15f7f tempest-SnapshotMetadataTestJSON-985008312 tempest-SnapshotMetadataTestJSON-985008312-project] Snapshot retrieved successfully.
Aug 24 07:55:27.029376 dv-cinder-854275-1-smb devstack@c-api.service[120408]: INFO cinder.api.openstack.wsgi [None req-f543d0cd-44c8-446b-b992-b540fec15f7f tempest-SnapshotMetadataTestJSON-985008312 tempest-SnapshotMetadataTestJSON-985008312-project] http://10.222.0.17/volume/v3/01451fcbb0cd4624b8c83a85ee7b4e0c/snapshots/0e03724e-2de4-4162-a485-88779317661f returned with HTTP 200
Aug 24 07:55:27.030115 dv-cinder-854275-1-smb devstack@c-api.service[120408]: [pid: 120408|app: 0|req: 141/282] 10.222.0.17 () {58 vars in 1331 bytes} [Wed Aug 24 07:55:26 2022] GET /volume/v3/01451fcbb0cd4624b8c83a85ee7b4e0c/snapshots/0e03724e-2de4-4162-a485-88779317661f => generated 469 bytes in 34 msecs (HTTP/1.1 200) 7 headers in 285 bytes (1 switches on core 0)
Aug 24 07:55:27.117740 dv-cinder-854275-1-smb devstack@c-api.service[120409]: DEBUG cinder.quota [None req-d9a5b7ac-2a66-4ab3-89eb-bd984b0ebb03 tempest-GroupsV314Test-1441012762 tempest-GroupsV314Test-1441012762-project] Created reservations ['097c11a5-de3c-468f-8f5f-d457a70007c3', '150ed5f1-7ce9-4f8f-a85b-df20d7aabccd', 'a70b397e-6b84-4080-990d-e90b1ac145a6', 'ed18bc4a-1655-408b-a3d4-7665300dc75a'] {{(pid=120409) reserve /opt/stack/cinder/cinder/quota.py:755}}
Aug 24 07:55:27.120515 dv-cinder-854275-1-smb devstack@c-api.service[120409]: DEBUG cinder.volume.api [None req-d9a5b7ac-2a66-4ab3-89eb-bd984b0ebb03 tempest-GroupsV314Test-1441012762 tempest-GroupsV314Test-1441012762-project] Task 'cinder.volume.flows.api.create_volume.QuotaReserveTask;volume:create' (a9b8aed1-3cf9-4838-8d56-fa395914412a) transitioned into state 'SUCCESS' from state 'RUNNING' with result '{'reservations': ['097c11a5-de3c-468f-8f5f-d457a70007c3', '150ed5f1-7ce9-4f8f-a85b-df20d7aabccd', 'a70b397e-6b84-4080-990d-e90b1ac145a6', 'ed18bc4a-1655-408b-a3d4-7665300dc75a']}' {{(pid=120409) _task_receiver /usr/local/lib/python3.8/dist-packages/taskflow/listeners/logging.py:178}}
Aug 24 07:55:27.124166 dv-cinder-854275-1-smb devstack@c-api.service[120409]: DEBUG cinder.volume.api [None req-d9a5b7ac-2a66-4ab3-89eb-bd984b0ebb03 tempest-GroupsV314Test-1441012762 tempest-GroupsV314Test-1441012762-project] Task 'cinder.volume.flows.api.create_volume.EntryCreateTask;volume:create' (a2a77746-0991-451a-bf0a-d1af9c64e2b0) transitioned into state 'RUNNING' from state 'PENDING' {{(pid=120409) _task_receiver /usr/local/lib/python3.8/dist-packages/taskflow/listeners/logging.py:190}}
Aug 24 07:55:27.198518 dv-cinder-854275-1-smb devstack@c-api.service[120408]: DEBUG cinder.api.middleware.request_id [None req-6bcb5942-c7dd-4d8b-8278-55b91a8ace32 None None] RequestId filter calling following filter/app {{(pid=120408) _context_setter /opt/stack/cinder/cinder/api/middleware/request_id.py:62}}
Aug 24 07:55:27.204318 dv-cinder-854275-1-smb devstack@c-api.service[120408]: INFO cinder.api.openstack.wsgi [None req-6bcb5942-c7dd-4d8b-8278-55b91a8ace32 tempest-VolumeSnapshotQuotasNegativeTestJSON-174556849 tempest-VolumeSnapshotQuotasNegativeTestJSON-174556849-project] GET http://10.222.0.17/volume/v3/ca1570df05774aef937031ae13aab295/snapshots/d08eb010-ae29-4816-80c1-35a8713956ff
Aug 24 07:55:27.204766 dv-cinder-854275-1-smb devstack@c-api.service[120408]: DEBUG cinder.api.openstack.wsgi [None req-6bcb5942-c7dd-4d8b-8278-55b91a8ace32 tempest-VolumeSnapshotQuotasNegativeTestJSON-174556849 tempest-VolumeSnapshotQuotasNegativeTestJSON-174556849-project] Empty body provided in request {{(pid=120408) get_body /opt/stack/cinder/cinder/api/openstack/wsgi.py:715}}
Aug 24 07:55:27.205295 dv-cinder-854275-1-smb devstack@c-api.service[120408]: DEBUG cinder.api.openstack.wsgi [None req-6bcb5942-c7dd-4d8b-8278-55b91a8ace32 tempest-VolumeSnapshotQuotasNegativeTestJSON-174556849 tempest-VolumeSnapshotQuotasNegativeTestJSON-174556849-project] Calling method 'show' {{(pid=120408) _process_stack /opt/stack/cinder/cinder/api/openstack/wsgi.py:868}}
Aug 24 07:55:27.206315 dv-cinder-854275-1-smb devstack@c-api.service[120409]: DEBUG cinder.volume.api [None req-d9a5b7ac-2a66-4ab3-89eb-bd984b0ebb03 tempest-GroupsV314Test-1441012762 tempest-GroupsV314Test-1441012762-project] Task 'cinder.volume.flows.api.create_volume.EntryCreateTask;volume:create' (a2a77746-0991-451a-bf0a-d1af9c64e2b0) transitioned into state 'SUCCESS' from state 'RUNNING' with result '{'volume_id': 'e4c40408-b727-4d62-81a4-ede325bd6583', 'volume_properties': VolumeProperties(attach_status='detached',availability_zone='nova',cgsnapshot_id=None,consistencygroup_id=None,display_description=None,display_name='tempest-GroupsV314Test-Volume-1235668679',encryption_key_id=None,group_id=221a002f-5e94-407d-bbd3-f2964a94b015,group_type_id=,metadata={},multiattach=False,project_id='c7e3512785d34d06ad4949de1f1dd235',qos_specs=None,replication_status=,reservations=['097c11a5-de3c-468f-8f5f-d457a70007c3','150ed5f1-7ce9-4f8f-a85b-df20d7aabccd','a70b397e-6b84-4080-990d-e90b1ac145a6','ed18bc4a-1655-408b-a3d4-7665300dc75a'],size=1,snapshot_id=None,source_replicaid=,source_volid=None,status='creating',user_id='a6f90db1483a44feaeee819701804474',volume_type_id=70dacd73-d352-4cbf-b880-0c4dfbc9e007), 'volume': Volume(_name_id=None,admin_metadata=,attach_status='detached',availability_zone='nova',bootable=False,cluster=,cluster_name=None,consistencygroup=,consistencygroup_id=None,created_at=2022-08-24T07:55:27Z,deleted=False,deleted_at=None,display_description=None,display_name='tempest-GroupsV314Test-Volume-1235668679',ec2_id=None,encryption_key_id=None,glance_metadata=,group=,group_id=221a002f-5e94-407d-bbd3-f2964a94b015,host=None,id=e4c40408-b727-4d62-81a4-ede325bd6583,launched_at=None,metadata={},migration_status=None,multiattach=False,previous_status=None,project_id='c7e3512785d34d06ad4949de1f1dd235',provider_auth=None,provider_geometry=None,provider_id=None,provider_location=None,replication_driver_data=None,replication_extended_status=None,replication_status=None,scheduled_at=None,service_uuid=None,shared_targets=True,size=1,snapshot_id=None,snapshots=,source_volid=None,status='creating',terminated_at=None,updated_at=None,use_quota=True,user_id='a6f90db1483a44feaeee819701804474',volume_attachment=VolumeAttachmentList,volume_type=VolumeType(70dacd73-d352-4cbf-b880-0c4dfbc9e007),volume_type_id=70dacd73-d352-4cbf-b880-0c4dfbc9e007)}' {{(pid=120409) _task_receiver /usr/local/lib/python3.8/dist-packages/taskflow/listeners/logging.py:178}}
Aug 24 07:55:27.208191 dv-cinder-854275-1-smb devstack@c-api.service[120409]: DEBUG cinder.volume.api [None req-d9a5b7ac-2a66-4ab3-89eb-bd984b0ebb03 tempest-GroupsV314Test-1441012762 tempest-GroupsV314Test-1441012762-project] Task 'cinder.volume.flows.api.create_volume.QuotaCommitTask;volume:create' (163ccf67-00b4-4349-8b2a-0dd1361a0c38) transitioned into state 'RUNNING' from state 'PENDING' {{(pid=120409) _task_receiver /usr/local/lib/python3.8/dist-packages/taskflow/listeners/logging.py:190}}
Aug 24 07:55:27.215720 dv-cinder-854275-1-smb devstack@c-api.service[120408]: /usr/local/lib/python3.8/dist-packages/oslo_context/context.py:100: DeprecationWarning: Policy enforcement is depending on the value of is_admin. This key is deprecated. Please update your policy file to use the standard policy values.
Aug 24 07:55:27.215720 dv-cinder-854275-1-smb devstack@c-api.service[120408]: warnings.warn('Policy enforcement is depending on the value of '
Aug 24 07:55:27.216630 dv-cinder-854275-1-smb devstack@c-api.service[120408]: INFO cinder.volume.api [None req-6bcb5942-c7dd-4d8b-8278-55b91a8ace32 tempest-VolumeSnapshotQuotasNegativeTestJSON-174556849 tempest-VolumeSnapshotQuotasNegativeTestJSON-174556849-project] Snapshot retrieved successfully.
Aug 24 07:55:27.218487 dv-cinder-854275-1-smb devstack@c-api.service[120408]: INFO cinder.api.openstack.wsgi [None req-6bcb5942-c7dd-4d8b-8278-55b91a8ace32 tempest-VolumeSnapshotQuotasNegativeTestJSON-174556849 tempest-VolumeSnapshotQuotasNegativeTestJSON-174556849-project] http://10.222.0.17/volume/v3/ca1570df05774aef937031ae13aab295/snapshots/d08eb010-ae29-4816-80c1-35a8713956ff returned with HTTP 200
Aug 24 07:55:27.223361 dv-cinder-854275-1-smb devstack@c-api.service[120408]: [pid: 120408|app: 0|req: 142/283] 10.222.0.17 () {58 vars in 1331 bytes} [Wed Aug 24 07:55:27 2022] GET /volume/v3/ca1570df05774aef937031ae13aab295/snapshots/d08eb010-ae29-4816-80c1-35a8713956ff => generated 547 bytes in 22 msecs (HTTP/1.1 200) 7 headers in 285 bytes (2 switches on core 0)
Aug 24 07:55:27.229134 dv-cinder-854275-1-smb devstack@c-api.service[120408]: DEBUG cinder.api.middleware.request_id [None req-6eb0bb52-750b-4d7f-b134-98c81057435b None None] RequestId filter calling following filter/app {{(pid=120408) _context_setter /opt/stack/cinder/cinder/api/middleware/request_id.py:62}}
Aug 24 07:55:27.234568 dv-cinder-854275-1-smb devstack@c-api.service[120408]: INFO cinder.api.openstack.wsgi [None req-6eb0bb52-750b-4d7f-b134-98c81057435b tempest-VolumeSnapshotQuotasNegativeTestJSON-209691665 tempest-VolumeSnapshotQuotasNegativeTestJSON-209691665-project-admin] PUT http://10.222.0.17/volume/v3/47b9e5d4e0c248b3b60bc1a03ee0cce4/os-quota-sets/ca1570df05774aef937031ae13aab295
Aug 24 07:55:27.235376 dv-cinder-854275-1-smb devstack@c-api.service[120408]: DEBUG cinder.api.openstack.wsgi [None req-6eb0bb52-750b-4d7f-b134-98c81057435b tempest-VolumeSnapshotQuotasNegativeTestJSON-209691665 tempest-VolumeSnapshotQuotasNegativeTestJSON-209691665-project-admin] Action: 'update', calling method: update, body: {"quota_set": {"gigabytes": 2, "volumes": 1, "snapshots": 2}} {{(pid=120408) _process_stack /opt/stack/cinder/cinder/api/openstack/wsgi.py:866}}
Aug 24 07:55:27.340790 dv-cinder-854275-1-smb devstack@c-api.service[120409]: DEBUG cinder.volume.api [None req-d9a5b7ac-2a66-4ab3-89eb-bd984b0ebb03 tempest-GroupsV314Test-1441012762 tempest-GroupsV314Test-1441012762-project] Task 'cinder.volume.flows.api.create_volume.QuotaCommitTask;volume:create' (163ccf67-00b4-4349-8b2a-0dd1361a0c38) transitioned into state 'SUCCESS' from state 'RUNNING' with result '{'volume_properties': VolumeProperties(attach_status='detached',availability_zone='nova',cgsnapshot_id=None,consistencygroup_id=None,display_description=None,display_name='tempest-GroupsV314Test-Volume-1235668679',encryption_key_id=None,group_id=221a002f-5e94-407d-bbd3-f2964a94b015,group_type_id=,metadata={},multiattach=False,project_id='c7e3512785d34d06ad4949de1f1dd235',qos_specs=None,replication_status=,reservations=['097c11a5-de3c-468f-8f5f-d457a70007c3','150ed5f1-7ce9-4f8f-a85b-df20d7aabccd','a70b397e-6b84-4080-990d-e90b1ac145a6','ed18bc4a-1655-408b-a3d4-7665300dc75a'],size=1,snapshot_id=None,source_replicaid=,source_volid=None,status='creating',user_id='a6f90db1483a44feaeee819701804474',volume_type_id=70dacd73-d352-4cbf-b880-0c4dfbc9e007)}' {{(pid=120409) _task_receiver /usr/local/lib/python3.8/dist-packages/taskflow/listeners/logging.py:178}}
Aug 24 07:55:27.342535 dv-cinder-854275-1-smb devstack@c-api.service[120409]: DEBUG cinder.volume.api [None req-d9a5b7ac-2a66-4ab3-89eb-bd984b0ebb03 tempest-GroupsV314Test-1441012762 tempest-GroupsV314Test-1441012762-project] Task 'cinder.volume.flows.api.create_volume.VolumeCastTask;volume:create' (4b5ab7ed-6cd7-4b9e-a24a-fe9aca342ed0) transitioned into state 'RUNNING' from state 'PENDING' {{(pid=120409) _task_receiver /usr/local/lib/python3.8/dist-packages/taskflow/listeners/logging.py:190}}
Aug 24 07:55:27.461790 dv-cinder-854275-1-smb devstack@c-api.service[120409]: DEBUG cinder.volume.api [None req-d9a5b7ac-2a66-4ab3-89eb-bd984b0ebb03 tempest-GroupsV314Test-1441012762 tempest-GroupsV314Test-1441012762-project] Task 'cinder.volume.flows.api.create_volume.VolumeCastTask;volume:create' (4b5ab7ed-6cd7-4b9e-a24a-fe9aca342ed0) transitioned into state 'SUCCESS' from state 'RUNNING' with result 'None' {{(pid=120409) _task_receiver /usr/local/lib/python3.8/dist-packages/taskflow/listeners/logging.py:178}}
Aug 24 07:55:27.464246 dv-cinder-854275-1-smb devstack@c-api.service[120409]: DEBUG cinder.volume.api [None req-d9a5b7ac-2a66-4ab3-89eb-bd984b0ebb03 tempest-GroupsV314Test-1441012762 tempest-GroupsV314Test-1441012762-project] Flow 'volume_create_api' (387f0215-a3b2-4bd1-9df1-4f7ffadfde3c) transitioned into state 'SUCCESS' from state 'RUNNING' {{(pid=120409) _flow_receiver /usr/local/lib/python3.8/dist-packages/taskflow/listeners/logging.py:141}}
Aug 24 07:55:27.464941 dv-cinder-854275-1-smb devstack@c-api.service[120409]: INFO cinder.volume.api [None req-d9a5b7ac-2a66-4ab3-89eb-bd984b0ebb03 tempest-GroupsV314Test-1441012762 tempest-GroupsV314Test-1441012762-project] Create volume request issued successfully.
Aug 24 07:55:27.466390 dv-cinder-854275-1-smb devstack@c-api.service[120409]: WARNING stevedore.named [None req-d9a5b7ac-2a66-4ab3-89eb-bd984b0ebb03 tempest-GroupsV314Test-1441012762 tempest-GroupsV314Test-1441012762-project] Could not load cinder.keymgr.conf_key_mgr.ConfKeyManager
Aug 24 07:55:27.466758 dv-cinder-854275-1-smb devstack@c-api.service[120409]: WARNING castellan.key_manager [None req-d9a5b7ac-2a66-4ab3-89eb-bd984b0ebb03 tempest-GroupsV314Test-1441012762 tempest-GroupsV314Test-1441012762-project] Deprecation Warning : cinder.keymgr.conf_key_mgr.ConfKeyManager is not a stevedore based driver, trying to load it as a class: stevedore.exception.NoMatches: No 'castellan.drivers' driver found, looking for 'cinder.keymgr.conf_key_mgr.ConfKeyManager'
Aug 24 07:55:27.474650 dv-cinder-854275-1-smb devstack@c-api.service[120409]: DEBUG oslo_db.sqlalchemy.engines [None req-d9a5b7ac-2a66-4ab3-89eb-bd984b0ebb03 tempest-GroupsV314Test-1441012762 tempest-GroupsV314Test-1441012762-project] MySQL server mode set to STRICT_TRANS_TABLES,STRICT_ALL_TABLES,NO_ZERO_IN_DATE,NO_ZERO_DATE,ERROR_FOR_DIVISION_BY_ZERO,TRADITIONAL,NO_ENGINE_SUBSTITUTION {{(pid=120409) _check_effective_sql_mode /usr/local/lib/python3.8/dist-packages/oslo_db/sqlalchemy/engines.py:314}}
Aug 24 07:55:27.484177 dv-cinder-854275-1-smb devstack@c-api.service[120409]: /usr/local/lib/python3.8/dist-packages/oslo_context/context.py:100: DeprecationWarning: Policy enforcement is depending on the value of is_admin. This key is deprecated. Please update your policy file to use the standard policy values.
Aug 24 07:55:27.484177 dv-cinder-854275-1-smb devstack@c-api.service[120409]: warnings.warn('Policy enforcement is depending on the value of '
Aug 24 07:55:27.493819 dv-cinder-854275-1-smb devstack@c-api.service[120409]: INFO cinder.api.openstack.wsgi [None req-d9a5b7ac-2a66-4ab3-89eb-bd984b0ebb03 tempest-GroupsV314Test-1441012762 tempest-GroupsV314Test-1441012762-project] http://10.222.0.17/volume/v3/c7e3512785d34d06ad4949de1f1dd235/volumes returned with HTTP 202
Aug 24 07:55:27.494878 dv-cinder-854275-1-smb devstack@c-api.service[120409]: [pid: 120409|app: 0|req: 142/284] 10.222.0.17 () {62 vars in 1277 bytes} [Wed Aug 24 07:55:26 2022] POST /volume/v3/c7e3512785d34d06ad4949de1f1dd235/volumes => generated 899 bytes in 779 msecs (HTTP/1.1 202) 7 headers in 292 bytes (1 switches on core 0)
Aug 24 07:55:27.502447 dv-cinder-854275-1-smb devstack@c-api.service[120408]: WARNING cinder.quota [None req-6eb0bb52-750b-4d7f-b134-98c81057435b tempest-VolumeSnapshotQuotasNegativeTestJSON-209691665 tempest-VolumeSnapshotQuotasNegativeTestJSON-209691665-project-admin] Deprecated: Default quota for resource: volumes_tempest-GroupSnapshotsTest-volume-type-1029354632 is set by the default quota flag: quota_volumes_tempest-GroupSnapshotsTest-volume-type-1029354632, it is now deprecated. Please use the default quota class for default quota.
Aug 24 07:55:27.503202 dv-cinder-854275-1-smb devstack@c-api.service[120408]: WARNING cinder.quota [None req-6eb0bb52-750b-4d7f-b134-98c81057435b tempest-VolumeSnapshotQuotasNegativeTestJSON-209691665 tempest-VolumeSnapshotQuotasNegativeTestJSON-209691665-project-admin] Deprecated: Default quota for resource: gigabytes_tempest-GroupSnapshotsTest-volume-type-1029354632 is set by the default quota flag: quota_gigabytes_tempest-GroupSnapshotsTest-volume-type-1029354632, it is now deprecated. Please use the default quota class for default quota.
