Aug 24 10:19:56.737381 dv-cinder-854273-2-smb devstack@keystone.service[81656]: DEBUG keystone.server.flask.request_processing.middleware.auth_context [None req-15bea94d-5840-4258-a5bb-5f04823f78af None admin] RBAC: auth_context: {'token': , 'domain_id': None, 'trust_id': None, 'trustor_id': None, 'trustee_id': None, 'domain_name': None, 'group_ids': [], 'user_id': 'b7197efde7064ffaa409cd8ec7c1f162', 'user_domain_id': 'default', 'system_scope': 'all', 'project_id': None, 'project_domain_id': None, 'roles': ['admin', 'member', 'reader'], 'is_admin_project': True, 'service_user_id': None, 'service_user_domain_id': None, 'service_project_id': None, 'service_project_domain_id': None, 'service_roles': []} {{(pid=81656) fill_context /opt/stack/keystone/keystone/server/flask/request_processing/middleware/auth_context.py:478}}
Aug 24 10:19:56.738178 dv-cinder-854273-2-smb devstack@keystone.service[81656]: DEBUG keystone.server.flask.request_processing.req_logging [None req-15bea94d-5840-4258-a5bb-5f04823f78af None admin] REQUEST_METHOD: `PUT` {{(pid=81656) log_request_info /opt/stack/keystone/keystone/server/flask/request_processing/req_logging.py:27}}
Aug 24 10:19:56.738461 dv-cinder-854273-2-smb devstack@keystone.service[81656]: DEBUG keystone.server.flask.request_processing.req_logging [None req-15bea94d-5840-4258-a5bb-5f04823f78af None admin] SCRIPT_NAME: `/identity` {{(pid=81656) log_request_info /opt/stack/keystone/keystone/server/flask/request_processing/req_logging.py:28}}
Aug 24 10:19:56.738732 dv-cinder-854273-2-smb devstack@keystone.service[81656]: DEBUG keystone.server.flask.request_processing.req_logging [None req-15bea94d-5840-4258-a5bb-5f04823f78af None admin] PATH_INFO: `/v3/domains/default/users/b7197efde7064ffaa409cd8ec7c1f162/roles/bbb06ed9c58640e3bc1ad8aad3773c29` {{(pid=81656) log_request_info /opt/stack/keystone/keystone/server/flask/request_processing/req_logging.py:29}}
Aug 24 10:19:56.742204 dv-cinder-854273-2-smb devstack@keystone.service[81656]: DEBUG keystone.common.rbac_enforcer.enforcer [None req-15bea94d-5840-4258-a5bb-5f04823f78af None admin] RBAC: Authorizing `identity:create_grant(domain_id=default, user_id=b7197efde7064ffaa409cd8ec7c1f162, role_id=bbb06ed9c58640e3bc1ad8aad3773c29)` {{(pid=81656) enforce_call /opt/stack/keystone/keystone/common/rbac_enforcer/enforcer.py:449}}
Aug 24 10:19:56.744666 dv-cinder-854273-2-smb devstack@keystone.service[81656]: DEBUG keystone.common.rbac_enforcer.enforcer [None req-15bea94d-5840-4258-a5bb-5f04823f78af None admin] RBAC: Authorization granted {{(pid=81656) enforce_call /opt/stack/keystone/keystone/common/rbac_enforcer/enforcer.py:457}}
Aug 24 10:19:56.801149 dv-cinder-854273-2-smb devstack@keystone.service[81655]: DEBUG dbcounter [-] [81655] Writing DB stats keystone:SELECT=99,keystone:INSERT=1 {{(pid=81655) stat_writer /usr/local/lib/python3.8/dist-packages/dbcounter.py:114}}
Aug 24 10:19:56.812742 dv-cinder-854273-2-smb devstack@keystone.service[81655]: [pid: 81655|app: 0|req: 21/42] 10.222.0.50 () {58 vars in 1024 bytes} [Wed Aug 24 10:19:56 2022] POST /identity/v3/auth/tokens => generated 799 bytes in 104 msecs (HTTP/1.1 201) 6 headers in 363 bytes (1 switches on core 0)
Aug 24 10:19:56.853816 dv-cinder-854273-2-smb devstack@keystone.service[81656]: [pid: 81656|app: 0|req: 22/43] 10.222.0.50 () {58 vars in 1361 bytes} [Wed Aug 24 10:19:56 2022] PUT /identity/v3/domains/default/users/b7197efde7064ffaa409cd8ec7c1f162/roles/bbb06ed9c58640e3bc1ad8aad3773c29 => generated 0 bytes in 327 msecs (HTTP/1.1 204) 3 headers in 132 bytes (0 switches on core 0)
Aug 24 10:19:56.991331 dv-cinder-854273-2-smb devstack@keystone.service[81655]: DEBUG keystone.server.flask.request_processing.middleware.auth_context [None req-06741ea9-8b7b-41f2-a2e2-75e410fc4486 None None] Authenticating user token {{(pid=81655) process_request /usr/local/lib/python3.8/dist-packages/keystonemiddleware/auth_token/__init__.py:407}}
Aug 24 10:19:57.084825 dv-cinder-854273-2-smb devstack@keystone.service[81656]: DEBUG keystone.server.flask.request_processing.middleware.auth_context [None req-15bea94d-5840-4258-a5bb-5f04823f78af None admin] Authenticating user token {{(pid=81656) process_request /usr/local/lib/python3.8/dist-packages/keystonemiddleware/auth_token/__init__.py:407}}
Aug 24 10:19:57.101585 dv-cinder-854273-2-smb devstack@keystone.service[81655]: DEBUG keystone.server.flask.request_processing.middleware.auth_context [None req-06741ea9-8b7b-41f2-a2e2-75e410fc4486 None None] Validating token access rules against request {{(pid=81655) validate_allowed_request /usr/local/lib/python3.8/dist-packages/keystonemiddleware/auth_token/__init__.py:545}}
Aug 24 10:19:57.139825 dv-cinder-854273-2-smb devstack@keystone.service[81656]: DEBUG dbcounter [-] [81656] Writing DB stats keystone:SELECT=98,keystone:INSERT=2 {{(pid=81656) stat_writer /usr/local/lib/python3.8/dist-packages/dbcounter.py:114}}
Aug 24 10:19:57.140735 dv-cinder-854273-2-smb devstack@keystone.service[81655]: DEBUG keystone.server.flask.request_processing.middleware.auth_context [None req-44241fd1-5f89-49a0-9bcc-f2db2d974a83 None admin] RBAC: auth_context: {'token': , 'domain_id': None, 'trust_id': None, 'trustor_id': None, 'trustee_id': None, 'domain_name': None, 'group_ids': [], 'user_id': 'b7197efde7064ffaa409cd8ec7c1f162', 'user_domain_id': 'default', 'system_scope': 'all', 'project_id': None, 'project_domain_id': None, 'roles': ['admin', 'member', 'reader'], 'is_admin_project': True, 'service_user_id': None, 'service_user_domain_id': None, 'service_project_id': None, 'service_project_domain_id': None, 'service_roles': []} {{(pid=81655) fill_context /opt/stack/keystone/keystone/server/flask/request_processing/middleware/auth_context.py:478}}
Aug 24 10:19:57.141350 dv-cinder-854273-2-smb devstack@keystone.service[81655]: DEBUG keystone.server.flask.request_processing.req_logging [None req-44241fd1-5f89-49a0-9bcc-f2db2d974a83 None admin] REQUEST_METHOD: `POST` {{(pid=81655) log_request_info /opt/stack/keystone/keystone/server/flask/request_processing/req_logging.py:27}}
Aug 24 10:19:57.141647 dv-cinder-854273-2-smb devstack@keystone.service[81655]: DEBUG keystone.server.flask.request_processing.req_logging [None req-44241fd1-5f89-49a0-9bcc-f2db2d974a83 None admin] SCRIPT_NAME: `/identity` {{(pid=81655) log_request_info /opt/stack/keystone/keystone/server/flask/request_processing/req_logging.py:28}}
Aug 24 10:19:57.141920 dv-cinder-854273-2-smb devstack@keystone.service[81655]: DEBUG keystone.server.flask.request_processing.req_logging [None req-44241fd1-5f89-49a0-9bcc-f2db2d974a83 None admin] PATH_INFO: `/v3/roles` {{(pid=81655) log_request_info /opt/stack/keystone/keystone/server/flask/request_processing/req_logging.py:29}}
Aug 24 10:19:57.142554 dv-cinder-854273-2-smb devstack@keystone.service[81655]: DEBUG keystone.common.rbac_enforcer.enforcer [None req-44241fd1-5f89-49a0-9bcc-f2db2d974a83 None admin] RBAC: Authorizing `identity:create_role()` {{(pid=81655) enforce_call /opt/stack/keystone/keystone/common/rbac_enforcer/enforcer.py:449}}
Aug 24 10:19:57.144099 dv-cinder-854273-2-smb devstack@keystone.service[81655]: DEBUG keystone.common.rbac_enforcer.enforcer [None req-44241fd1-5f89-49a0-9bcc-f2db2d974a83 None admin] RBAC: Authorization granted {{(pid=81655) enforce_call /opt/stack/keystone/keystone/common/rbac_enforcer/enforcer.py:457}}
Aug 24 10:19:57.189120 dv-cinder-854273-2-smb devstack@keystone.service[81656]: DEBUG keystone.server.flask.request_processing.middleware.auth_context [None req-15bea94d-5840-4258-a5bb-5f04823f78af None admin] Validating token access rules against request {{(pid=81656) validate_allowed_request /usr/local/lib/python3.8/dist-packages/keystonemiddleware/auth_token/__init__.py:545}}
Aug 24 10:19:57.202186 dv-cinder-854273-2-smb devstack@keystone.service[81655]: [pid: 81655|app: 0|req: 22/44] 10.222.0.50 () {60 vars in 1131 bytes} [Wed Aug 24 10:19:56 2022] POST /identity/v3/roles => generated 223 bytes in 211 msecs (HTTP/1.1 201) 5 headers in 182 bytes (1 switches on core 0)
Aug 24 10:19:57.227030 dv-cinder-854273-2-smb devstack@keystone.service[81656]: DEBUG keystone.server.flask.request_processing.middleware.auth_context [None req-923cbf7c-8898-4411-b96b-5989b12421f3 None admin] RBAC: auth_context: {'token': , 'domain_id': None, 'trust_id': None, 'trustor_id': None, 'trustee_id': None, 'domain_name': None, 'group_ids': [], 'user_id': 'b7197efde7064ffaa409cd8ec7c1f162', 'user_domain_id': 'default', 'system_scope': 'all', 'project_id': None, 'project_domain_id': None, 'roles': ['admin', 'member', 'reader'], 'is_admin_project': True, 'service_user_id': None, 'service_user_domain_id': None, 'service_project_id': None, 'service_project_domain_id': None, 'service_roles': []} {{(pid=81656) fill_context /opt/stack/keystone/keystone/server/flask/request_processing/middleware/auth_context.py:478}}
Aug 24 10:19:57.227694 dv-cinder-854273-2-smb devstack@keystone.service[81656]: DEBUG keystone.server.flask.request_processing.req_logging [None req-923cbf7c-8898-4411-b96b-5989b12421f3 None admin] REQUEST_METHOD: `GET` {{(pid=81656) log_request_info /opt/stack/keystone/keystone/server/flask/request_processing/req_logging.py:27}}
Aug 24 10:19:57.228008 dv-cinder-854273-2-smb devstack@keystone.service[81656]: DEBUG keystone.server.flask.request_processing.req_logging [None req-923cbf7c-8898-4411-b96b-5989b12421f3 None admin] SCRIPT_NAME: `/identity` {{(pid=81656) log_request_info /opt/stack/keystone/keystone/server/flask/request_processing/req_logging.py:28}}
Aug 24 10:19:57.228284 dv-cinder-854273-2-smb devstack@keystone.service[81656]: DEBUG keystone.server.flask.request_processing.req_logging [None req-923cbf7c-8898-4411-b96b-5989b12421f3 None admin] PATH_INFO: `/v3/domains/default` {{(pid=81656) log_request_info /opt/stack/keystone/keystone/server/flask/request_processing/req_logging.py:29}}
Aug 24 10:19:57.229476 dv-cinder-854273-2-smb devstack@keystone.service[81656]: DEBUG keystone.common.rbac_enforcer.enforcer [None req-923cbf7c-8898-4411-b96b-5989b12421f3 None admin] RBAC: Authorizing `identity:get_domain(domain_id=default)` {{(pid=81656) enforce_call /opt/stack/keystone/keystone/common/rbac_enforcer/enforcer.py:449}}
Aug 24 10:19:57.230966 dv-cinder-854273-2-smb devstack@keystone.service[81656]: DEBUG keystone.common.rbac_enforcer.enforcer [None req-923cbf7c-8898-4411-b96b-5989b12421f3 None admin] RBAC: Authorization granted {{(pid=81656) enforce_call /opt/stack/keystone/keystone/common/rbac_enforcer/enforcer.py:457}}
Aug 24 10:19:57.233281 dv-cinder-854273-2-smb devstack@keystone.service[81656]: [pid: 81656|app: 0|req: 23/45] 10.222.0.50 () {56 vars in 1108 bytes} [Wed Aug 24 10:19:57 2022] GET /identity/v3/domains/default => generated 199 bytes in 149 msecs (HTTP/1.1 200) 5 headers in 177 bytes (2 switches on core 0)
Aug 24 10:19:57.239334 dv-cinder-854273-2-smb devstack@keystone.service[81655]: DEBUG keystone.server.flask.request_processing.middleware.auth_context [None req-44241fd1-5f89-49a0-9bcc-f2db2d974a83 None admin] Authenticating user token {{(pid=81655) process_request /usr/local/lib/python3.8/dist-packages/keystonemiddleware/auth_token/__init__.py:407}}
Aug 24 10:19:57.300001 dv-cinder-854273-2-smb devstack@keystone.service[81655]: DEBUG dbcounter [-] [81655] Writing DB stats keystone:SELECT=99,keystone:INSERT=1 {{(pid=81655) stat_writer /usr/local/lib/python3.8/dist-packages/dbcounter.py:114}}
Aug 24 10:19:57.360076 dv-cinder-854273-2-smb devstack@keystone.service[81655]: DEBUG keystone.server.flask.request_processing.middleware.auth_context [None req-44241fd1-5f89-49a0-9bcc-f2db2d974a83 None admin] Validating token access rules against request {{(pid=81655) validate_allowed_request /usr/local/lib/python3.8/dist-packages/keystonemiddleware/auth_token/__init__.py:545}}
Aug 24 10:19:57.397542 dv-cinder-854273-2-smb devstack@keystone.service[81655]: DEBUG keystone.server.flask.request_processing.middleware.auth_context [None req-ed5d62fd-5097-41c7-8e22-50ced99abc03 None admin] RBAC: auth_context: {'token': , 'domain_id': None, 'trust_id': None, 'trustor_id': None, 'trustee_id': None, 'domain_name': None, 'group_ids': [], 'user_id': 'b7197efde7064ffaa409cd8ec7c1f162', 'user_domain_id': 'default', 'system_scope': 'all', 'project_id': None, 'project_domain_id': None, 'roles': ['admin', 'member', 'reader'], 'is_admin_project': True, 'service_user_id': None, 'service_user_domain_id': None, 'service_project_id': None, 'service_project_domain_id': None, 'service_roles': []} {{(pid=81655) fill_context /opt/stack/keystone/keystone/server/flask/request_processing/middleware/auth_context.py:478}}
Aug 24 10:19:57.397542 dv-cinder-854273-2-smb devstack@keystone.service[81655]: DEBUG keystone.server.flask.request_processing.req_logging [None req-ed5d62fd-5097-41c7-8e22-50ced99abc03 None admin] REQUEST_METHOD: `POST` {{(pid=81655) log_request_info /opt/stack/keystone/keystone/server/flask/request_processing/req_logging.py:27}}
Aug 24 10:19:57.397953 dv-cinder-854273-2-smb devstack@keystone.service[81655]: DEBUG keystone.server.flask.request_processing.req_logging [None req-ed5d62fd-5097-41c7-8e22-50ced99abc03 None admin] SCRIPT_NAME: `/identity` {{(pid=81655) log_request_info /opt/stack/keystone/keystone/server/flask/request_processing/req_logging.py:28}}
Aug 24 10:19:57.398124 dv-cinder-854273-2-smb devstack@keystone.service[81655]: DEBUG keystone.server.flask.request_processing.req_logging [None req-ed5d62fd-5097-41c7-8e22-50ced99abc03 None admin] PATH_INFO: `/v3/projects` {{(pid=81655) log_request_info /opt/stack/keystone/keystone/server/flask/request_processing/req_logging.py:29}}
Aug 24 10:19:57.400080 dv-cinder-854273-2-smb devstack@keystone.service[81655]: DEBUG keystone.common.rbac_enforcer.enforcer [None req-ed5d62fd-5097-41c7-8e22-50ced99abc03 None admin] RBAC: Authorizing `identity:create_project()` {{(pid=81655) enforce_call /opt/stack/keystone/keystone/common/rbac_enforcer/enforcer.py:449}}
Aug 24 10:19:57.400275 dv-cinder-854273-2-smb devstack@keystone.service[81655]: DEBUG keystone.common.rbac_enforcer.enforcer [None req-ed5d62fd-5097-41c7-8e22-50ced99abc03 None admin] RBAC: Authorization granted {{(pid=81655) enforce_call /opt/stack/keystone/keystone/common/rbac_enforcer/enforcer.py:457}}
Aug 24 10:19:57.477462 dv-cinder-854273-2-smb devstack@keystone.service[81655]: [pid: 81655|app: 0|req: 23/46] 10.222.0.50 () {60 vars in 1141 bytes} [Wed Aug 24 10:19:57 2022] POST /identity/v3/projects => generated 312 bytes in 239 msecs (HTTP/1.1 201) 5 headers in 182 bytes (2 switches on core 0)
Aug 24 10:19:58.782606 dv-cinder-854273-2-smb devstack@keystone.service[81656]: DEBUG keystone.server.flask.request_processing.req_logging [None req-b1b90d77-9d12-4a6e-bfe9-888bc528bf86 None None] REQUEST_METHOD: `GET` {{(pid=81656) log_request_info /opt/stack/keystone/keystone/server/flask/request_processing/req_logging.py:27}}
Aug 24 10:19:58.783164 dv-cinder-854273-2-smb devstack@keystone.service[81656]: DEBUG keystone.server.flask.request_processing.req_logging [None req-b1b90d77-9d12-4a6e-bfe9-888bc528bf86 None None] SCRIPT_NAME: `/identity` {{(pid=81656) log_request_info /opt/stack/keystone/keystone/server/flask/request_processing/req_logging.py:28}}
Aug 24 10:19:58.783164 dv-cinder-854273-2-smb devstack@keystone.service[81656]: DEBUG keystone.server.flask.request_processing.req_logging [None req-b1b90d77-9d12-4a6e-bfe9-888bc528bf86 None None] PATH_INFO: `/` {{(pid=81656) log_request_info /opt/stack/keystone/keystone/server/flask/request_processing/req_logging.py:29}}
Aug 24 10:19:58.784503 dv-cinder-854273-2-smb devstack@keystone.service[81656]: [pid: 81656|app: 0|req: 24/47] 10.222.0.50 () {54 vars in 927 bytes} [Wed Aug 24 10:19:58 2022] GET /identity => generated 270 bytes in 3 msecs (HTTP/1.1 300) 6 headers in 234 bytes (1 switches on core 0)
Aug 24 10:19:58.789992 dv-cinder-854273-2-smb devstack@keystone.service[81655]: DEBUG keystone.server.flask.request_processing.req_logging [None req-10f43679-2159-4537-bdf4-68af5950c403 None None] REQUEST_METHOD: `POST` {{(pid=81655) log_request_info /opt/stack/keystone/keystone/server/flask/request_processing/req_logging.py:27}}
Aug 24 10:19:58.790393 dv-cinder-854273-2-smb devstack@keystone.service[81655]: DEBUG keystone.server.flask.request_processing.req_logging [None req-10f43679-2159-4537-bdf4-68af5950c403 None None] SCRIPT_NAME: `/identity` {{(pid=81655) log_request_info /opt/stack/keystone/keystone/server/flask/request_processing/req_logging.py:28}}
Aug 24 10:19:58.790563 dv-cinder-854273-2-smb devstack@keystone.service[81655]: DEBUG keystone.server.flask.request_processing.req_logging [None req-10f43679-2159-4537-bdf4-68af5950c403 None None] PATH_INFO: `/v3/auth/tokens` {{(pid=81655) log_request_info /opt/stack/keystone/keystone/server/flask/request_processing/req_logging.py:29}}
Aug 24 10:19:58.809096 dv-cinder-854273-2-smb devstack@keystone.service[81655]: DEBUG keystone.auth.core [None req-10f43679-2159-4537-bdf4-68af5950c403 None None] MFA Rules not processed for user `b7197efde7064ffaa409cd8ec7c1f162`. Rule list: `[]` (Enabled: `True`). {{(pid=81655) check_auth_methods_against_rules /opt/stack/keystone/keystone/auth/core.py:438}}
Aug 24 10:19:58.810564 dv-cinder-854273-2-smb devstack@keystone.service[81655]: DEBUG keystone.common.fernet_utils [None req-10f43679-2159-4537-bdf4-68af5950c403 None None] Loaded 2 Fernet keys from /etc/keystone/fernet-keys/, but `[fernet_tokens] max_active_keys = 3`; perhaps there have not been enough key rotations to reach `max_active_keys` yet? {{(pid=81655) load_keys /opt/stack/keystone/keystone/common/fernet_utils.py:286}}
Aug 24 10:19:58.878809 dv-cinder-854273-2-smb devstack@keystone.service[81655]: [pid: 81655|app: 0|req: 24/48] 10.222.0.50 () {58 vars in 1024 bytes} [Wed Aug 24 10:19:58 2022] POST /identity/v3/auth/tokens => generated 799 bytes in 90 msecs (HTTP/1.1 201) 6 headers in 363 bytes (1 switches on core 0)
Aug 24 10:19:59.150992 dv-cinder-854273-2-smb devstack@keystone.service[81656]: DEBUG keystone.server.flask.request_processing.middleware.auth_context [None req-b1b90d77-9d12-4a6e-bfe9-888bc528bf86 None None] Authenticating user token {{(pid=81656) process_request /usr/local/lib/python3.8/dist-packages/keystonemiddleware/auth_token/__init__.py:407}}
Aug 24 10:19:59.255199 dv-cinder-854273-2-smb devstack@keystone.service[81656]: DEBUG keystone.server.flask.request_processing.middleware.auth_context [None req-b1b90d77-9d12-4a6e-bfe9-888bc528bf86 None None] Validating token access rules against request {{(pid=81656) validate_allowed_request /usr/local/lib/python3.8/dist-packages/keystonemiddleware/auth_token/__init__.py:545}}
Aug 24 10:19:59.275023 dv-cinder-854273-2-smb devstack@keystone.service[81656]: DEBUG dbcounter [-] [81656] Writing DB stats keystone:SELECT=100 {{(pid=81656) stat_writer /usr/local/lib/python3.8/dist-packages/dbcounter.py:114}}
Aug 24 10:19:59.289314 dv-cinder-854273-2-smb devstack@keystone.service[81656]: DEBUG keystone.server.flask.request_processing.middleware.auth_context [None req-2b81912e-8ebd-4e11-b840-5533d67da85c None admin] RBAC: auth_context: {'token': , 'domain_id': None, 'trust_id': None, 'trustor_id': None, 'trustee_id': None, 'domain_name': None, 'group_ids': [], 'user_id': 'b7197efde7064ffaa409cd8ec7c1f162', 'user_domain_id': 'default', 'system_scope': 'all', 'project_id': None, 'project_domain_id': None, 'roles': ['admin', 'member', 'reader'], 'is_admin_project': True, 'service_user_id': None, 'service_user_domain_id': None, 'service_project_id': None, 'service_project_domain_id': None, 'service_roles': []} {{(pid=81656) fill_context /opt/stack/keystone/keystone/server/flask/request_processing/middleware/auth_context.py:478}}
Aug 24 10:19:59.289948 dv-cinder-854273-2-smb devstack@keystone.service[81656]: DEBUG keystone.server.flask.request_processing.req_logging [None req-2b81912e-8ebd-4e11-b840-5533d67da85c None admin] REQUEST_METHOD: `GET` {{(pid=81656) log_request_info /opt/stack/keystone/keystone/server/flask/request_processing/req_logging.py:27}}
Aug 24 10:19:59.290226 dv-cinder-854273-2-smb devstack@keystone.service[81656]: DEBUG keystone.server.flask.request_processing.req_logging [None req-2b81912e-8ebd-4e11-b840-5533d67da85c None admin] SCRIPT_NAME: `/identity` {{(pid=81656) log_request_info /opt/stack/keystone/keystone/server/flask/request_processing/req_logging.py:28}}
Aug 24 10:19:59.298800 dv-cinder-854273-2-smb devstack@keystone.service[81656]: DEBUG keystone.server.flask.request_processing.req_logging [None req-2b81912e-8ebd-4e11-b840-5533d67da85c None admin] PATH_INFO: `/v3/roles/admin` {{(pid=81656) log_request_info /opt/stack/keystone/keystone/server/flask/request_processing/req_logging.py:29}}
Aug 24 10:19:59.302698 dv-cinder-854273-2-smb devstack@keystone.service[81656]: DEBUG keystone.common.rbac_enforcer.enforcer [None req-2b81912e-8ebd-4e11-b840-5533d67da85c None admin] Extracting inferred target data resulted in "NOT FOUND (404)". {{(pid=81656) enforce_call /opt/stack/keystone/keystone/common/rbac_enforcer/enforcer.py:409}}
Aug 24 10:19:59.307793 dv-cinder-854273-2-smb devstack@keystone.service[81656]: ERROR keystone.server.flask.application [None req-2b81912e-8ebd-4e11-b840-5533d67da85c None admin] Could not find role: admin.: keystone.exception.RoleNotFound: Could not find role: admin.
Aug 24 10:19:59.307793 dv-cinder-854273-2-smb devstack@keystone.service[81656]: ERROR keystone.server.flask.application
Traceback (most recent call last):
Aug 24 10:19:59.307793 dv-cinder-854273-2-smb devstack@keystone.service[81656]: ERROR keystone.server.flask.application
File "/usr/local/lib/python3.8/dist-packages/flask/app.py", line 1820, in full_dispatch_request
Aug 24 10:19:59.307793 dv-cinder-854273-2-smb devstack@keystone.service[81656]: ERROR keystone.server.flask.application rv = self.dispatch_request()
Aug 24 10:19:59.307793 dv-cinder-854273-2-smb devstack@keystone.service[81656]: ERROR keystone.server.flask.application
File "/usr/local/lib/python3.8/dist-packages/flask/app.py", line 1796, in dispatch_request
Aug 24 10:19:59.307793 dv-cinder-854273-2-smb devstack@keystone.service[81656]: ERROR keystone.server.flask.application return self.ensure_sync(self.view_functions[rule.endpoint])(**view_args)
Aug 24 10:19:59.307793 dv-cinder-854273-2-smb devstack@keystone.service[81656]: ERROR keystone.server.flask.application
File "/usr/local/lib/python3.8/dist-packages/flask_restful/__init__.py", line 467, in wrapper
Aug 24 10:19:59.307793 dv-cinder-854273-2-smb devstack@keystone.service[81656]: ERROR keystone.server.flask.application resp = resource(*args, **kwargs)
Aug 24 10:19:59.307793 dv-cinder-854273-2-smb devstack@keystone.service[81656]: ERROR keystone.server.flask.application
File "/usr/local/lib/python3.8/dist-packages/flask/views.py", line 107, in view
Aug 24 10:19:59.307793 dv-cinder-854273-2-smb devstack@keystone.service[81656]: ERROR keystone.server.flask.application return current_app.ensure_sync(self.dispatch_request)(**kwargs)
Aug 24 10:19:59.307793 dv-cinder-854273-2-smb devstack@keystone.service[81656]: ERROR keystone.server.flask.application
File "/usr/local/lib/python3.8/dist-packages/flask_restful/__init__.py", line 582, in dispatch_request
Aug 24 10:19:59.307793 dv-cinder-854273-2-smb devstack@keystone.service[81656]: ERROR keystone.server.flask.application resp = meth(*args, **kwargs)
Aug 24 10:19:59.307793 dv-cinder-854273-2-smb devstack@keystone.service[81656]: ERROR keystone.server.flask.application
File "/opt/stack/keystone/keystone/api/roles.py", line 50, in get
Aug 24 10:19:59.307793 dv-cinder-854273-2-smb devstack@keystone.service[81656]: ERROR keystone.server.flask.application return self._get_role(role_id)
Aug 24 10:19:59.307793 dv-cinder-854273-2-smb devstack@keystone.service[81656]: ERROR keystone.server.flask.application
File "/opt/stack/keystone/keystone/api/roles.py", line 70, in _get_role
Aug 24 10:19:59.307793 dv-cinder-854273-2-smb devstack@keystone.service[81656]: ERROR keystone.server.flask.application ENFORCER.enforce_call(action='identity:get_role')
Aug 24 10:19:59.308622 dv-cinder-854273-2-smb devstack@keystone.service[81656]: ERROR keystone.server.flask.application
File "/opt/stack/keystone/keystone/common/rbac_enforcer/enforcer.py", line 402, in enforce_call
Aug 24 10:19:59.308622 dv-cinder-854273-2-smb devstack@keystone.service[81656]: ERROR keystone.server.flask.application policy_dict.update(cls._extract_member_target_data(
Aug 24 10:19:59.308622 dv-cinder-854273-2-smb devstack@keystone.service[81656]: ERROR keystone.server.flask.application
File "/opt/stack/keystone/keystone/common/rbac_enforcer/enforcer.py", line 234, in _extract_member_target_data
Aug 24 10:19:59.308622 dv-cinder-854273-2-smb devstack@keystone.service[81656]: ERROR keystone.server.flask.application member_name: func(flask.request.view_args[key])
Aug 24 10:19:59.308622 dv-cinder-854273-2-smb devstack@keystone.service[81656]: ERROR keystone.server.flask.application
File "/opt/stack/keystone/keystone/common/manager.py", line 115, in wrapped
Aug 24 10:19:59.308622 dv-cinder-854273-2-smb devstack@keystone.service[81656]: ERROR keystone.server.flask.application __ret_val = __f(*args, **kwargs)
Aug 24 10:19:59.308622 dv-cinder-854273-2-smb devstack@keystone.service[81656]: ERROR keystone.server.flask.application
File "/usr/local/lib/python3.8/dist-packages/decorator.py", line 232, in fun
Aug 24 10:19:59.308622 dv-cinder-854273-2-smb devstack@keystone.service[81656]: ERROR keystone.server.flask.application return caller(func, *(extras + args), **kw)
Aug 24 10:19:59.308622 dv-cinder-854273-2-smb devstack@keystone.service[81656]: ERROR keystone.server.flask.application
File "/usr/local/lib/python3.8/dist-packages/dogpile/cache/region.py", line 1577, in get_or_create_for_user_func
Aug 24 10:19:59.308622 dv-cinder-854273-2-smb devstack@keystone.service[81656]: ERROR keystone.server.flask.application return self.get_or_create(
Aug 24 10:19:59.308622 dv-cinder-854273-2-smb devstack@keystone.service[81656]: ERROR keystone.server.flask.application
File "/usr/local/lib/python3.8/dist-packages/dogpile/cache/region.py", line 1042, in get_or_create
Aug 24 10:19:59.308622 dv-cinder-854273-2-smb devstack@keystone.service[81656]: ERROR keystone.server.flask.application with Lock(
Aug 24 10:19:59.308622 dv-cinder-854273-2-smb devstack@keystone.service[81656]: ERROR keystone.server.flask.application
File "/usr/local/lib/python3.8/dist-packages/dogpile/lock.py", line 185, in __enter__
Aug 24 10:19:59.308622 dv-cinder-854273-2-smb devstack@keystone.service[81656]: ERROR keystone.server.flask.application return self._enter()
Aug 24 10:19:59.308622 dv-cinder-854273-2-smb devstack@keystone.service[81656]: ERROR keystone.server.flask.application
File "/usr/local/lib/python3.8/dist-packages/dogpile/lock.py", line 94, in _enter
Aug 24 10:19:59.308622 dv-cinder-854273-2-smb devstack@keystone.service[81656]: ERROR keystone.server.flask.application generated = self._enter_create(value, createdtime)
Aug 24 10:19:59.310310 dv-cinder-854273-2-smb devstack@keystone.service[81656]: ERROR keystone.server.flask.application
File "/usr/local/lib/python3.8/dist-packages/dogpile/lock.py", line 178, in _enter_create
Aug 24 10:19:59.310310 dv-cinder-854273-2-smb devstack@keystone.service[81656]: ERROR keystone.server.flask.application return self.creator()
Aug 24 10:19:59.310310 dv-cinder-854273-2-smb devstack@keystone.service[81656]: ERROR keystone.server.flask.application
File "/usr/local/lib/python3.8/dist-packages/dogpile/cache/region.py", line 995, in gen_value
Aug 24 10:19:59.310310 dv-cinder-854273-2-smb devstack@keystone.service[81656]: ERROR keystone.server.flask.application created_value = creator(
Aug 24 10:19:59.310310 dv-cinder-854273-2-smb devstack@keystone.service[81656]: ERROR keystone.server.flask.application
File "/opt/stack/keystone/keystone/assignment/core.py", line 1276, in get_role
Aug 24 10:19:59.310310 dv-cinder-854273-2-smb devstack@keystone.service[81656]: ERROR keystone.server.flask.application return self.driver.get_role(role_id)
Aug 24 10:19:59.310310 dv-cinder-854273-2-smb devstack@keystone.service[81656]: ERROR keystone.server.flask.application
File "/opt/stack/keystone/keystone/assignment/role_backends/sql.py", line 70, in get_role
Aug 24 10:19:59.310310 dv-cinder-854273-2-smb devstack@keystone.service[81656]: ERROR keystone.server.flask.application return self._get_role(session, role_id).to_dict()
Aug 24 10:19:59.310310 dv-cinder-854273-2-smb devstack@keystone.service[81656]: ERROR keystone.server.flask.application
File "/opt/stack/keystone/keystone/assignment/role_backends/sql.py", line 65, in _get_role
Aug 24 10:19:59.310310 dv-cinder-854273-2-smb devstack@keystone.service[81656]: ERROR keystone.server.flask.application raise exception.RoleNotFound(role_id=role_id)
Aug 24 10:19:59.310310 dv-cinder-854273-2-smb devstack@keystone.service[81656]: ERROR keystone.server.flask.application keystone.exception.RoleNotFound: Could not find role: admin.
Aug 24 10:19:59.310310 dv-cinder-854273-2-smb devstack@keystone.service[81656]: ERROR keystone.server.flask.application
Aug 24 10:19:59.310310 dv-cinder-854273-2-smb devstack@keystone.service[81656]: [pid: 81656|app: 0|req: 25/49] 10.222.0.50 () {56 vars in 1096 bytes} [Wed Aug 24 10:19:59 2022] GET /identity/v3/roles/admin => generated 83 bytes in 159 msecs (HTTP/1.1 404) 5 headers in 183 bytes (1 switches on core 0)
Aug 24 10:19:59.316211 dv-cinder-854273-2-smb devstack@keystone.service[81655]: DEBUG keystone.server.flask.request_processing.middleware.auth_context [None req-10f43679-2159-4537-bdf4-68af5950c403 None None] Authenticating user token {{(pid=81655) process_request /usr/local/lib/python3.8/dist-packages/keystonemiddleware/auth_token/__init__.py:407}}
Aug 24 10:19:59.345660 dv-cinder-854273-2-smb devstack@keystone.service[81655]: DEBUG dbcounter [-] [81655] Writing DB stats keystone:SELECT=99,keystone:INSERT=1 {{(pid=81655) stat_writer /usr/local/lib/python3.8/dist-packages/dbcounter.py:114}}
Aug 24 10:19:59.390313 dv-cinder-854273-2-smb devstack@keystone.service[81656]: DEBUG keystone.server.flask.request_processing.req_logging [None req-af861583-a156-486c-b24a-2574668ec81d None None] REQUEST_METHOD: `GET` {{(pid=81656) log_request_info /opt/stack/keystone/keystone/server/flask/request_processing/req_logging.py:27}}
Aug 24 10:19:59.390606 dv-cinder-854273-2-smb devstack@keystone.service[81656]: DEBUG keystone.server.flask.request_processing.req_logging [None req-af861583-a156-486c-b24a-2574668ec81d None None] SCRIPT_NAME: `/identity` {{(pid=81656) log_request_info /opt/stack/keystone/keystone/server/flask/request_processing/req_logging.py:28}}
Aug 24 10:19:59.390886 dv-cinder-854273-2-smb devstack@keystone.service[81656]: DEBUG keystone.server.flask.request_processing.req_logging [None req-af861583-a156-486c-b24a-2574668ec81d None None] PATH_INFO: `/` {{(pid=81656) log_request_info /opt/stack/keystone/keystone/server/flask/request_processing/req_logging.py:29}}
Aug 24 10:19:59.392277 dv-cinder-854273-2-smb devstack@keystone.service[81656]: [pid: 81656|app: 0|req: 26/50] 10.222.0.50 () {54 vars in 927 bytes} [Wed Aug 24 10:19:59 2022] GET /identity => generated 270 bytes in 3 msecs (HTTP/1.1 300) 6 headers in 234 bytes (2 switches on core 0)
Aug 24 10:19:59.397234 dv-cinder-854273-2-smb devstack@keystone.service[81656]: DEBUG keystone.server.flask.request_processing.req_logging [None req-6c84aae6-6d13-4831-95ef-a473fa1948a4 None None] REQUEST_METHOD: `POST` {{(pid=81656) log_request_info /opt/stack/keystone/keystone/server/flask/request_processing/req_logging.py:27}}
Aug 24 10:19:59.397522 dv-cinder-854273-2-smb devstack@keystone.service[81656]: DEBUG keystone.server.flask.request_processing.req_logging [None req-6c84aae6-6d13-4831-95ef-a473fa1948a4 None None] SCRIPT_NAME: `/identity` {{(pid=81656) log_request_info /opt/stack/keystone/keystone/server/flask/request_processing/req_logging.py:28}}
Aug 24 10:19:59.397799 dv-cinder-854273-2-smb devstack@keystone.service[81656]: DEBUG keystone.server.flask.request_processing.req_logging [None req-6c84aae6-6d13-4831-95ef-a473fa1948a4 None None] PATH_INFO: `/v3/auth/tokens` {{(pid=81656) log_request_info /opt/stack/keystone/keystone/server/flask/request_processing/req_logging.py:29}}
Aug 24 10:19:59.415974 dv-cinder-854273-2-smb devstack@keystone.service[81656]: DEBUG keystone.auth.core [None req-6c84aae6-6d13-4831-95ef-a473fa1948a4 None None] MFA Rules not processed for user `b7197efde7064ffaa409cd8ec7c1f162`. Rule list: `[]` (Enabled: `True`). {{(pid=81656) check_auth_methods_against_rules /opt/stack/keystone/keystone/auth/core.py:438}}
Aug 24 10:19:59.417023 dv-cinder-854273-2-smb devstack@keystone.service[81655]: DEBUG keystone.server.flask.request_processing.middleware.auth_context [None req-10f43679-2159-4537-bdf4-68af5950c403 None None] Validating token access rules against request {{(pid=81655) validate_allowed_request /usr/local/lib/python3.8/dist-packages/keystonemiddleware/auth_token/__init__.py:545}}
Aug 24 10:19:59.417140 dv-cinder-854273-2-smb devstack@keystone.service[81656]: DEBUG keystone.common.fernet_utils [None req-6c84aae6-6d13-4831-95ef-a473fa1948a4 None None] Loaded 2 Fernet keys from /etc/keystone/fernet-keys/, but `[fernet_tokens] max_active_keys = 3`; perhaps there have not been enough key rotations to reach `max_active_keys` yet? {{(pid=81656) load_keys /opt/stack/keystone/keystone/common/fernet_utils.py:286}}
Aug 24 10:19:59.451160 dv-cinder-854273-2-smb devstack@keystone.service[81655]: DEBUG keystone.server.flask.request_processing.middleware.auth_context [None req-10c45536-4087-4f8d-8b87-08f323e2be1e None admin] RBAC: auth_context: {'token': , 'domain_id': None, 'trust_id': None, 'trustor_id': None, 'trustee_id': None, 'domain_name': None, 'group_ids': [], 'user_id': 'b7197efde7064ffaa409cd8ec7c1f162', 'user_domain_id': 'default', 'system_scope': 'all', 'project_id': None, 'project_domain_id': None, 'roles': ['admin', 'member', 'reader'], 'is_admin_project': True, 'service_user_id': None, 'service_user_domain_id': None, 'service_project_id': None, 'service_project_domain_id': None, 'service_roles': []} {{(pid=81655) fill_context /opt/stack/keystone/keystone/server/flask/request_processing/middleware/auth_context.py:478}}
Aug 24 10:19:59.451761 dv-cinder-854273-2-smb devstack@keystone.service[81655]: DEBUG keystone.server.flask.request_processing.req_logging [None req-10c45536-4087-4f8d-8b87-08f323e2be1e None admin] REQUEST_METHOD: `GET` {{(pid=81655) log_request_info /opt/stack/keystone/keystone/server/flask/request_processing/req_logging.py:27}}
Aug 24 10:19:59.452067 dv-cinder-854273-2-smb devstack@keystone.service[81655]: DEBUG keystone.server.flask.request_processing.req_logging [None req-10c45536-4087-4f8d-8b87-08f323e2be1e None admin] SCRIPT_NAME: `/identity` {{(pid=81655) log_request_info /opt/stack/keystone/keystone/server/flask/request_processing/req_logging.py:28}}
Aug 24 10:19:59.452345 dv-cinder-854273-2-smb devstack@keystone.service[81655]: DEBUG keystone.server.flask.request_processing.req_logging [None req-10c45536-4087-4f8d-8b87-08f323e2be1e None admin] PATH_INFO: `/v3/roles` {{(pid=81655) log_request_info /opt/stack/keystone/keystone/server/flask/request_processing/req_logging.py:29}}
Aug 24 10:19:59.453001 dv-cinder-854273-2-smb devstack@keystone.service[81655]: DEBUG keystone.common.rbac_enforcer.enforcer [None req-10c45536-4087-4f8d-8b87-08f323e2be1e None admin] RBAC: Adding query filter params (name=admin) {{(pid=81655) _extract_filter_values /opt/stack/keystone/keystone/common/rbac_enforcer/enforcer.py:167}}
Aug 24 10:19:59.453302 dv-cinder-854273-2-smb devstack@keystone.service[81655]: DEBUG keystone.common.rbac_enforcer.enforcer [None req-10c45536-4087-4f8d-8b87-08f323e2be1e None admin] RBAC: Authorizing `identity:list_roles()` {{(pid=81655) enforce_call /opt/stack/keystone/keystone/common/rbac_enforcer/enforcer.py:449}}
Aug 24 10:19:59.454686 dv-cinder-854273-2-smb devstack@keystone.service[81655]: DEBUG keystone.common.rbac_enforcer.enforcer [None req-10c45536-4087-4f8d-8b87-08f323e2be1e None admin] RBAC: Authorization granted {{(pid=81655) enforce_call /opt/stack/keystone/keystone/common/rbac_enforcer/enforcer.py:457}}
Aug 24 10:19:59.462750 dv-cinder-854273-2-smb devstack@keystone.service[81655]: [pid: 81655|app: 0|req: 25/51] 10.222.0.50 () {56 vars in 1099 bytes} [Wed Aug 24 10:19:59 2022] GET /identity/v3/roles?name=admin => generated 339 bytes in 147 msecs (HTTP/1.1 200) 5 headers in 177 bytes (2 switches on core 0)
Aug 24 10:19:59.468906 dv-cinder-854273-2-smb devstack@keystone.service[81655]: DEBUG keystone.server.flask.request_processing.middleware.auth_context [None req-10c45536-4087-4f8d-8b87-08f323e2be1e None admin] Authenticating user token {{(pid=81655) process_request /usr/local/lib/python3.8/dist-packages/keystonemiddleware/auth_token/__init__.py:407}}
Aug 24 10:19:59.487637 dv-cinder-854273-2-smb devstack@keystone.service[81656]: [pid: 81656|app: 0|req: 27/52] 10.222.0.50 () {58 vars in 1024 bytes} [Wed Aug 24 10:19:59 2022] POST /identity/v3/auth/tokens => generated 799 bytes in 91 msecs (HTTP/1.1 201) 6 headers in 363 bytes (2 switches on core 0)
Aug 24 10:19:59.560670 dv-cinder-854273-2-smb devstack@keystone.service[81655]: DEBUG dbcounter [-] [81655] Writing DB stats keystone:SELECT=100 {{(pid=81655) stat_writer /usr/local/lib/python3.8/dist-packages/dbcounter.py:114}}
Aug 24 10:19:59.567202 dv-cinder-854273-2-smb devstack@keystone.service[81655]: DEBUG keystone.server.flask.request_processing.middleware.auth_context [None req-10c45536-4087-4f8d-8b87-08f323e2be1e None admin] Validating token access rules against request {{(pid=81655) validate_allowed_request /usr/local/lib/python3.8/dist-packages/keystonemiddleware/auth_token/__init__.py:545}}
Aug 24 10:19:59.602241 dv-cinder-854273-2-smb devstack@keystone.service[81655]: DEBUG keystone.server.flask.request_processing.middleware.auth_context [None req-e9c85f29-ed92-463d-920f-30ba0018d941 None admin] RBAC: auth_context: {'token': , 'domain_id': None, 'trust_id': None, 'trustor_id': None, 'trustee_id': None, 'domain_name': None, 'group_ids': [], 'user_id': 'b7197efde7064ffaa409cd8ec7c1f162', 'user_domain_id': 'default', 'system_scope': 'all', 'project_id': None, 'project_domain_id': None, 'roles': ['admin', 'member', 'reader'], 'is_admin_project': True, 'service_user_id': None, 'service_user_domain_id': None, 'service_project_id': None, 'service_project_domain_id': None, 'service_roles': []} {{(pid=81655) fill_context /opt/stack/keystone/keystone/server/flask/request_processing/middleware/auth_context.py:478}}
Aug 24 10:19:59.602866 dv-cinder-854273-2-smb devstack@keystone.service[81655]: DEBUG keystone.server.flask.request_processing.req_logging [None req-e9c85f29-ed92-463d-920f-30ba0018d941 None admin] REQUEST_METHOD: `GET` {{(pid=81655) log_request_info /opt/stack/keystone/keystone/server/flask/request_processing/req_logging.py:27}}
Aug 24 10:19:59.603149 dv-cinder-854273-2-smb devstack@keystone.service[81655]: DEBUG keystone.server.flask.request_processing.req_logging [None req-e9c85f29-ed92-463d-920f-30ba0018d941 None admin] SCRIPT_NAME: `/identity` {{(pid=81655) log_request_info /opt/stack/keystone/keystone/server/flask/request_processing/req_logging.py:28}}
Aug 24 10:19:59.603424 dv-cinder-854273-2-smb devstack@keystone.service[81655]: DEBUG keystone.server.flask.request_processing.req_logging [None req-e9c85f29-ed92-463d-920f-30ba0018d941 None admin] PATH_INFO: `/v3/users/b7197efde7064ffaa409cd8ec7c1f162` {{(pid=81655) log_request_info /opt/stack/keystone/keystone/server/flask/request_processing/req_logging.py:29}}
Aug 24 10:19:59.604606 dv-cinder-854273-2-smb devstack@keystone.service[81655]: DEBUG keystone.common.rbac_enforcer.enforcer [None req-e9c85f29-ed92-463d-920f-30ba0018d941 None admin] RBAC: Authorizing `identity:get_user(user_id=b7197efde7064ffaa409cd8ec7c1f162)` {{(pid=81655) enforce_call /opt/stack/keystone/keystone/common/rbac_enforcer/enforcer.py:449}}
Aug 24 10:19:59.606120 dv-cinder-854273-2-smb devstack@keystone.service[81655]: DEBUG keystone.common.rbac_enforcer.enforcer [None req-e9c85f29-ed92-463d-920f-30ba0018d941 None admin] RBAC: Authorization granted {{(pid=81655) enforce_call /opt/stack/keystone/keystone/common/rbac_enforcer/enforcer.py:457}}
Aug 24 10:19:59.608368 dv-cinder-854273-2-smb devstack@keystone.service[81655]: [pid: 81655|app: 0|req: 26/53] 10.222.0.50 () {56 vars in 1177 bytes} [Wed Aug 24 10:19:59 2022] GET /identity/v3/users/b7197efde7064ffaa409cd8ec7c1f162 => generated 247 bytes in 140 msecs (HTTP/1.1 200) 5 headers in 177 bytes (2 switches on core 0)
Aug 24 10:19:59.613974 dv-cinder-854273-2-smb devstack@keystone.service[81656]: DEBUG keystone.server.flask.request_processing.middleware.auth_context [None req-6c84aae6-6d13-4831-95ef-a473fa1948a4 None None] Authenticating user token {{(pid=81656) process_request /usr/local/lib/python3.8/dist-packages/keystonemiddleware/auth_token/__init__.py:407}}
Aug 24 10:19:59.759415 dv-cinder-854273-2-smb devstack@keystone.service[81655]: DEBUG keystone.server.flask.request_processing.middleware.auth_context [None req-e9c85f29-ed92-463d-920f-30ba0018d941 None admin] Authenticating user token {{(pid=81655) process_request /usr/local/lib/python3.8/dist-packages/keystonemiddleware/auth_token/__init__.py:407}}
Aug 24 10:19:59.820568 dv-cinder-854273-2-smb devstack@keystone.service[81656]: DEBUG keystone.server.flask.request_processing.middleware.auth_context [None req-6c84aae6-6d13-4831-95ef-a473fa1948a4 None None] Validating token access rules against request {{(pid=81656) validate_allowed_request /usr/local/lib/python3.8/dist-packages/keystonemiddleware/auth_token/__init__.py:545}}
Aug 24 10:19:59.832446 dv-cinder-854273-2-smb devstack@keystone.service[81656]: DEBUG dbcounter [-] [81656] Writing DB stats keystone:SELECT=100 {{(pid=81656) stat_writer /usr/local/lib/python3.8/dist-packages/dbcounter.py:114}}
Aug 24 10:19:59.855772 dv-cinder-854273-2-smb devstack@keystone.service[81656]: DEBUG keystone.server.flask.request_processing.middleware.auth_context [None req-5477d010-6ff0-4cd2-a6e9-0f61841b8f77 None admin] RBAC: auth_context: {'token': , 'domain_id': None, 'trust_id': None, 'trustor_id': None, 'trustee_id': None, 'domain_name': None, 'group_ids': [], 'user_id': 'b7197efde7064ffaa409cd8ec7c1f162', 'user_domain_id': 'default', 'system_scope': 'all', 'project_id': None, 'project_domain_id': None, 'roles': ['admin', 'member', 'reader'], 'is_admin_project': True, 'service_user_id': None, 'service_user_domain_id': None, 'service_project_id': None, 'service_project_domain_id': None, 'service_roles': []} {{(pid=81656) fill_context /opt/stack/keystone/keystone/server/flask/request_processing/middleware/auth_context.py:478}}
Aug 24 10:19:59.856495 dv-cinder-854273-2-smb devstack@keystone.service[81656]: DEBUG keystone.server.flask.request_processing.req_logging [None req-5477d010-6ff0-4cd2-a6e9-0f61841b8f77 None admin] REQUEST_METHOD: `GET` {{(pid=81656) log_request_info /opt/stack/keystone/keystone/server/flask/request_processing/req_logging.py:27}}
Aug 24 10:19:59.856776 dv-cinder-854273-2-smb devstack@keystone.service[81656]: DEBUG keystone.server.flask.request_processing.req_logging [None req-5477d010-6ff0-4cd2-a6e9-0f61841b8f77 None admin] SCRIPT_NAME: `/identity` {{(pid=81656) log_request_info /opt/stack/keystone/keystone/server/flask/request_processing/req_logging.py:28}}
Aug 24 10:19:59.857054 dv-cinder-854273-2-smb devstack@keystone.service[81656]: DEBUG keystone.server.flask.request_processing.req_logging [None req-5477d010-6ff0-4cd2-a6e9-0f61841b8f77 None admin] PATH_INFO: `/v3/domains/default` {{(pid=81656) log_request_info /opt/stack/keystone/keystone/server/flask/request_processing/req_logging.py:29}}
Aug 24 10:19:59.858301 dv-cinder-854273-2-smb devstack@keystone.service[81656]: DEBUG keystone.common.rbac_enforcer.enforcer [None req-5477d010-6ff0-4cd2-a6e9-0f61841b8f77 None admin] RBAC: Authorizing `identity:get_domain(domain_id=default)` {{(pid=81656) enforce_call /opt/stack/keystone/keystone/common/rbac_enforcer/enforcer.py:449}}
Aug 24 10:19:59.860196 dv-cinder-854273-2-smb devstack@keystone.service[81656]: DEBUG keystone.common.rbac_enforcer.enforcer [None req-5477d010-6ff0-4cd2-a6e9-0f61841b8f77 None admin] RBAC: Authorization granted {{(pid=81656) enforce_call /opt/stack/keystone/keystone/common/rbac_enforcer/enforcer.py:457}}
Aug 24 10:19:59.861759 dv-cinder-854273-2-smb devstack@keystone.service[81656]: [pid: 81656|app: 0|req: 28/54] 10.222.0.50 () {56 vars in 1108 bytes} [Wed Aug 24 10:19:59 2022] GET /identity/v3/domains/default => generated 199 bytes in 248 msecs (HTTP/1.1 200) 5 headers in 177 bytes (2 switches on core 0)
Aug 24 10:19:59.862495 dv-cinder-854273-2-smb devstack@keystone.service[81655]: DEBUG keystone.server.flask.request_processing.middleware.auth_context [None req-e9c85f29-ed92-463d-920f-30ba0018d941 None admin] Validating token access rules against request {{(pid=81655) validate_allowed_request /usr/local/lib/python3.8/dist-packages/keystonemiddleware/auth_token/__init__.py:545}}
Aug 24 10:19:59.867527 dv-cinder-854273-2-smb devstack@keystone.service[81656]: DEBUG keystone.server.flask.request_processing.middleware.auth_context [None req-5477d010-6ff0-4cd2-a6e9-0f61841b8f77 None admin] Authenticating user token {{(pid=81656) process_request /usr/local/lib/python3.8/dist-packages/keystonemiddleware/auth_token/__init__.py:407}}
Aug 24 10:19:59.897562 dv-cinder-854273-2-smb devstack@keystone.service[81655]: DEBUG keystone.server.flask.request_processing.middleware.auth_context [None req-ba2e64cd-098b-4864-8cc3-158cddb67042 None admin] RBAC: auth_context: {'token': , 'domain_id': None, 'trust_id': None, 'trustor_id': None, 'trustee_id': None, 'domain_name': None, 'group_ids': [], 'user_id': 'b7197efde7064ffaa409cd8ec7c1f162', 'user_domain_id': 'default', 'system_scope': 'all', 'project_id': None, 'project_domain_id': None, 'roles': ['admin', 'member', 'reader'], 'is_admin_project': True, 'service_user_id': None, 'service_user_domain_id': None, 'service_project_id': None, 'service_project_domain_id': None, 'service_roles': []} {{(pid=81655) fill_context /opt/stack/keystone/keystone/server/flask/request_processing/middleware/auth_context.py:478}}
Aug 24 10:19:59.898191 dv-cinder-854273-2-smb devstack@keystone.service[81655]: DEBUG keystone.server.flask.request_processing.req_logging [None req-ba2e64cd-098b-4864-8cc3-158cddb67042 None admin] REQUEST_METHOD: `GET` {{(pid=81655) log_request_info /opt/stack/keystone/keystone/server/flask/request_processing/req_logging.py:27}}
Aug 24 10:19:59.898471 dv-cinder-854273-2-smb devstack@keystone.service[81655]: DEBUG keystone.server.flask.request_processing.req_logging [None req-ba2e64cd-098b-4864-8cc3-158cddb67042 None admin] SCRIPT_NAME: `/identity` {{(pid=81655) log_request_info /opt/stack/keystone/keystone/server/flask/request_processing/req_logging.py:28}}
Aug 24 10:19:59.898745 dv-cinder-854273-2-smb devstack@keystone.service[81655]: DEBUG keystone.server.flask.request_processing.req_logging [None req-ba2e64cd-098b-4864-8cc3-158cddb67042 None admin] PATH_INFO: `/v3/domains/default` {{(pid=81655) log_request_info /opt/stack/keystone/keystone/server/flask/request_processing/req_logging.py:29}}
Aug 24 10:19:59.899878 dv-cinder-854273-2-smb devstack@keystone.service[81655]: DEBUG keystone.common.rbac_enforcer.enforcer [None req-ba2e64cd-098b-4864-8cc3-158cddb67042 None admin] RBAC: Authorizing `identity:get_domain(domain_id=default)` {{(pid=81655) enforce_call /opt/stack/keystone/keystone/common/rbac_enforcer/enforcer.py:449}}
Aug 24 10:19:59.901328 dv-cinder-854273-2-smb devstack@keystone.service[81655]: DEBUG keystone.common.rbac_enforcer.enforcer [None req-ba2e64cd-098b-4864-8cc3-158cddb67042 None admin] RBAC: Authorization granted {{(pid=81655) enforce_call /opt/stack/keystone/keystone/common/rbac_enforcer/enforcer.py:457}}
Aug 24 10:19:59.902892 dv-cinder-854273-2-smb devstack@keystone.service[81655]: [pid: 81655|app: 0|req: 27/55] 10.222.0.50 () {56 vars in 1108 bytes} [Wed Aug 24 10:19:59 2022] GET /identity/v3/domains/default => generated 199 bytes in 144 msecs (HTTP/1.1 200) 5 headers in 177 bytes (2 switches on core 0)
Aug 24 10:19:59.908951 dv-cinder-854273-2-smb devstack@keystone.service[81655]: DEBUG keystone.server.flask.request_processing.middleware.auth_context [None req-ba2e64cd-098b-4864-8cc3-158cddb67042 None admin] Authenticating user token {{(pid=81655) process_request /usr/local/lib/python3.8/dist-packages/keystonemiddleware/auth_token/__init__.py:407}}
Aug 24 10:19:59.942053 dv-cinder-854273-2-smb devstack@keystone.service[81655]: DEBUG dbcounter [-] [81655] Writing DB stats keystone:SELECT=100 {{(pid=81655) stat_writer /usr/local/lib/python3.8/dist-packages/dbcounter.py:114}}
Aug 24 10:19:59.965445 dv-cinder-854273-2-smb devstack@keystone.service[81656]: DEBUG keystone.server.flask.request_processing.middleware.auth_context [None req-5477d010-6ff0-4cd2-a6e9-0f61841b8f77 None admin] Validating token access rules against request {{(pid=81656) validate_allowed_request /usr/local/lib/python3.8/dist-packages/keystonemiddleware/auth_token/__init__.py:545}}
