Aug 24 11:24:42.203725 dv-cinder-854273-2-iscsi devstack@c-api.service[114026]: INFO cinder.api.openstack.wsgi [None req-f9f27627-e9a6-48d0-bfb7-b0be3c966a85 tempest-GroupSnapshotsTest-1677703553 tempest-GroupSnapshotsTest-1677703553-project-admin] http://10.222.0.83/volume/v3/c5ec4c189693458ab07bde1354c2a439/types returned with HTTP 200
Aug 24 11:24:42.204604 dv-cinder-854273-2-iscsi devstack@c-api.service[114026]: [pid: 114026|app: 0|req: 5/11] 10.222.0.83 () {60 vars in 1229 bytes} [Wed Aug 24 11:24:41 2022] POST /volume/v3/c5ec4c189693458ab07bde1354c2a439/types => generated 223 bytes in 416 msecs (HTTP/1.1 200) 7 headers in 285 bytes (1 switches on core 0)
Aug 24 11:24:42.212274 dv-cinder-854273-2-iscsi devstack@c-api.service[114026]: DEBUG cinder.api.middleware.request_id [req-de58cd3d-d052-469e-89af-5a66ce831089 req-89c625a9-0516-4ee8-abea-59a715047863 None None] RequestId filter calling following filter/app {{(pid=114026) _context_setter /opt/stack/cinder/cinder/api/middleware/request_id.py:62}}
Aug 24 11:24:42.212274 dv-cinder-854273-2-iscsi devstack@c-api.service[114026]: WARNING keystonemiddleware.auth_token [req-de58cd3d-d052-469e-89af-5a66ce831089 req-89c625a9-0516-4ee8-abea-59a715047863 None None] A valid token was submitted as a service token, but it was not a valid service token. This is incorrect but backwards compatible behaviour. This will be removed in future releases.
Aug 24 11:24:42.213500 dv-cinder-854273-2-iscsi devstack@c-api.service[114026]: INFO cinder.api.openstack.wsgi [req-de58cd3d-d052-469e-89af-5a66ce831089 req-89c625a9-0516-4ee8-abea-59a715047863 tempest-VolumesGetTestJSON-315876759 tempest-VolumesGetTestJSON-315876759-project] GET http://10.222.0.83/volume/v3/4261e17a79fa4878a2fd3da019e13b5b/volumes/c6ddfed0-f30f-4770-ba21-74057c0c046a
Aug 24 11:24:42.214005 dv-cinder-854273-2-iscsi devstack@c-api.service[114026]: DEBUG cinder.api.openstack.wsgi [req-de58cd3d-d052-469e-89af-5a66ce831089 req-89c625a9-0516-4ee8-abea-59a715047863 tempest-VolumesGetTestJSON-315876759 tempest-VolumesGetTestJSON-315876759-project] Empty body provided in request {{(pid=114026) get_body /opt/stack/cinder/cinder/api/openstack/wsgi.py:715}}
Aug 24 11:24:42.214492 dv-cinder-854273-2-iscsi devstack@c-api.service[114026]: DEBUG cinder.api.openstack.wsgi [req-de58cd3d-d052-469e-89af-5a66ce831089 req-89c625a9-0516-4ee8-abea-59a715047863 tempest-VolumesGetTestJSON-315876759 tempest-VolumesGetTestJSON-315876759-project] Calling method 'show' {{(pid=114026) _process_stack /opt/stack/cinder/cinder/api/openstack/wsgi.py:868}}
Aug 24 11:24:42.234216 dv-cinder-854273-2-iscsi devstack@c-api.service[114026]: /usr/local/lib/python3.8/dist-packages/oslo_context/context.py:100: DeprecationWarning: Policy enforcement is depending on the value of is_admin. This key is deprecated. Please update your policy file to use the standard policy values.
Aug 24 11:24:42.234216 dv-cinder-854273-2-iscsi devstack@c-api.service[114026]: warnings.warn('Policy enforcement is depending on the value of '
Aug 24 11:24:42.246586 dv-cinder-854273-2-iscsi devstack@c-api.service[114026]: INFO cinder.volume.api [req-de58cd3d-d052-469e-89af-5a66ce831089 req-89c625a9-0516-4ee8-abea-59a715047863 tempest-VolumesGetTestJSON-315876759 tempest-VolumesGetTestJSON-315876759-project] Volume info retrieved successfully.
Aug 24 11:24:42.262438 dv-cinder-854273-2-iscsi devstack@c-api.service[114026]: INFO cinder.api.openstack.wsgi [req-de58cd3d-d052-469e-89af-5a66ce831089 req-89c625a9-0516-4ee8-abea-59a715047863 tempest-VolumesGetTestJSON-315876759 tempest-VolumesGetTestJSON-315876759-project] http://10.222.0.83/volume/v3/4261e17a79fa4878a2fd3da019e13b5b/volumes/c6ddfed0-f30f-4770-ba21-74057c0c046a returned with HTTP 200
Aug 24 11:24:42.263779 dv-cinder-854273-2-iscsi devstack@c-api.service[114026]: [pid: 114026|app: 0|req: 6/12] 10.222.0.83 () {60 vars in 1578 bytes} [Wed Aug 24 11:24:42 2022] GET /volume/v3/4261e17a79fa4878a2fd3da019e13b5b/volumes/c6ddfed0-f30f-4770-ba21-74057c0c046a => generated 899 bytes in 57 msecs (HTTP/1.1 200) 7 headers in 285 bytes (1 switches on core 0)
Aug 24 11:24:42.265855 dv-cinder-854273-2-iscsi devstack@c-api.service[114026]: DEBUG cinder.api.middleware.request_id [None req-a90b926d-039f-4ff8-89d6-dee4f64dadc4 None None] RequestId filter calling following filter/app {{(pid=114026) _context_setter /opt/stack/cinder/cinder/api/middleware/request_id.py:62}}
Aug 24 11:24:42.341008 dv-cinder-854273-2-iscsi devstack@c-api.service[114025]: INFO cinder.api.openstack.wsgi [req-d1d1a560-0a1c-4b4e-b4a2-affe1ef80db2 req-9b351195-cb66-43da-a31d-ae01b1c565e8 tempest-VolumesSnapshotsTestJSON-1793445209 tempest-VolumesSnapshotsTestJSON-1793445209-project] POST http://10.222.0.83/volume/v3/6546cd2088ee4c29890d6841ac1a2686/volumes
Aug 24 11:24:42.341472 dv-cinder-854273-2-iscsi devstack@c-api.service[114025]: DEBUG cinder.api.openstack.wsgi [req-d1d1a560-0a1c-4b4e-b4a2-affe1ef80db2 req-9b351195-cb66-43da-a31d-ae01b1c565e8 tempest-VolumesSnapshotsTestJSON-1793445209 tempest-VolumesSnapshotsTestJSON-1793445209-project] Action: 'create', calling method: create, body: {"volume": {"size": 1, "consistencygroup_id": null, "snapshot_id": null, "name": "tempest-VolumesSnapshotsTestJSON-volume-2124724848", "description": null, "volume_type": null, "availability_zone": null, "metadata": {}, "imageRef": null, "source_volid": null, "backup_id": null}} {{(pid=114025) _process_stack /opt/stack/cinder/cinder/api/openstack/wsgi.py:866}}
Aug 24 11:24:42.344662 dv-cinder-854273-2-iscsi devstack@c-api.service[114025]: DEBUG cinder.api.v3.volumes [req-d1d1a560-0a1c-4b4e-b4a2-affe1ef80db2 req-9b351195-cb66-43da-a31d-ae01b1c565e8 tempest-VolumesSnapshotsTestJSON-1793445209 tempest-VolumesSnapshotsTestJSON-1793445209-project] Create volume request body: {'volume': {'size': 1, 'consistencygroup_id': None, 'snapshot_id': None, 'name': 'tempest-VolumesSnapshotsTestJSON-volume-2124724848', 'description': None, 'volume_type': None, 'availability_zone': None, 'metadata': {}, 'imageRef': None, 'source_volid': None, 'backup_id': None}} {{(pid=114025) create /opt/stack/cinder/cinder/api/v3/volumes.py:298}}
Aug 24 11:24:42.344982 dv-cinder-854273-2-iscsi devstack@c-api.service[114025]: INFO cinder.api.v3.volumes [req-d1d1a560-0a1c-4b4e-b4a2-affe1ef80db2 req-9b351195-cb66-43da-a31d-ae01b1c565e8 tempest-VolumesSnapshotsTestJSON-1793445209 tempest-VolumesSnapshotsTestJSON-1793445209-project] Create volume of 1 GB
Aug 24 11:24:42.364213 dv-cinder-854273-2-iscsi devstack@c-api.service[114026]: INFO cinder.api.openstack.wsgi [None req-a90b926d-039f-4ff8-89d6-dee4f64dadc4 tempest-VolumePoolsAdminTestsJSON-937847207 tempest-VolumePoolsAdminTestsJSON-937847207-project-admin] GET http://10.222.0.83/volume/v3/aa9c2c5da9224168879d73b0877c35f1/scheduler-stats/get_pools?detail=True
Aug 24 11:24:42.364890 dv-cinder-854273-2-iscsi devstack@c-api.service[114026]: DEBUG cinder.api.openstack.wsgi [None req-a90b926d-039f-4ff8-89d6-dee4f64dadc4 tempest-VolumePoolsAdminTestsJSON-937847207 tempest-VolumePoolsAdminTestsJSON-937847207-project-admin] Empty body provided in request {{(pid=114026) get_body /opt/stack/cinder/cinder/api/openstack/wsgi.py:715}}
Aug 24 11:24:42.365517 dv-cinder-854273-2-iscsi devstack@c-api.service[114026]: DEBUG cinder.api.openstack.wsgi [None req-a90b926d-039f-4ff8-89d6-dee4f64dadc4 tempest-VolumePoolsAdminTestsJSON-937847207 tempest-VolumePoolsAdminTestsJSON-937847207-project-admin] Calling method 'get_pools' {{(pid=114026) _process_stack /opt/stack/cinder/cinder/api/openstack/wsgi.py:868}}
Aug 24 11:24:42.372568 dv-cinder-854273-2-iscsi devstack@c-api.service[114025]: INFO cinder.volume.api [req-d1d1a560-0a1c-4b4e-b4a2-affe1ef80db2 req-9b351195-cb66-43da-a31d-ae01b1c565e8 tempest-VolumesSnapshotsTestJSON-1793445209 tempest-VolumesSnapshotsTestJSON-1793445209-project] Availability Zones retrieved successfully.
Aug 24 11:24:42.400990 dv-cinder-854273-2-iscsi devstack@c-api.service[114025]: DEBUG cinder.volume.api [req-d1d1a560-0a1c-4b4e-b4a2-affe1ef80db2 req-9b351195-cb66-43da-a31d-ae01b1c565e8 tempest-VolumesSnapshotsTestJSON-1793445209 tempest-VolumesSnapshotsTestJSON-1793445209-project] Flow 'volume_create_api' (62319d9f-c271-4209-a8b3-7df3b827f8da) transitioned into state 'RUNNING' from state 'PENDING' {{(pid=114025) _flow_receiver /usr/local/lib/python3.8/dist-packages/taskflow/listeners/logging.py:141}}
Aug 24 11:24:42.426862 dv-cinder-854273-2-iscsi devstack@c-api.service[114025]: DEBUG cinder.volume.api [req-d1d1a560-0a1c-4b4e-b4a2-affe1ef80db2 req-9b351195-cb66-43da-a31d-ae01b1c565e8 tempest-VolumesSnapshotsTestJSON-1793445209 tempest-VolumesSnapshotsTestJSON-1793445209-project] Task 'cinder.volume.flows.api.create_volume.ExtractVolumeRequestTask;volume:create' (c55fbce1-0edc-4372-a084-017e7a4d27cc) transitioned into state 'RUNNING' from state 'PENDING' {{(pid=114025) _task_receiver /usr/local/lib/python3.8/dist-packages/taskflow/listeners/logging.py:190}}
Aug 24 11:24:42.426862 dv-cinder-854273-2-iscsi devstack@c-api.service[114025]: DEBUG cinder.volume.flows.api.create_volume [req-d1d1a560-0a1c-4b4e-b4a2-affe1ef80db2 req-9b351195-cb66-43da-a31d-ae01b1c565e8 tempest-VolumesSnapshotsTestJSON-1793445209 tempest-VolumesSnapshotsTestJSON-1793445209-project] Validating volume size '1' using validate_int {{(pid=114025) _extract_size /opt/stack/cinder/cinder/volume/flows/api/create_volume.py:228}}
Aug 24 11:24:42.462883 dv-cinder-854273-2-iscsi devstack@c-api.service[114026]: INFO cinder.api.openstack.wsgi [None req-a90b926d-039f-4ff8-89d6-dee4f64dadc4 tempest-VolumePoolsAdminTestsJSON-937847207 tempest-VolumePoolsAdminTestsJSON-937847207-project-admin] http://10.222.0.83/volume/v3/aa9c2c5da9224168879d73b0877c35f1/scheduler-stats/get_pools?detail=True returned with HTTP 200
Aug 24 11:24:42.463666 dv-cinder-854273-2-iscsi devstack@c-api.service[114026]: [pid: 114026|app: 0|req: 7/13] 10.222.0.83 () {58 vars in 1291 bytes} [Wed Aug 24 11:24:42 2022] GET /volume/v3/aa9c2c5da9224168879d73b0877c35f1/scheduler-stats/get_pools?detail=True => generated 482 bytes in 199 msecs (HTTP/1.1 200) 7 headers in 285 bytes (1 switches on core 0)
Aug 24 11:24:42.465298 dv-cinder-854273-2-iscsi devstack@c-api.service[114026]: DEBUG cinder.api.middleware.request_id [None req-3468abfe-8608-49cd-b9ec-611d8792064a None None] RequestId filter calling following filter/app {{(pid=114026) _context_setter /opt/stack/cinder/cinder/api/middleware/request_id.py:62}}
Aug 24 11:24:42.471254 dv-cinder-854273-2-iscsi devstack@c-api.service[114026]: INFO cinder.api.openstack.wsgi [None req-3468abfe-8608-49cd-b9ec-611d8792064a tempest-GroupSnapshotsTest-1677703553 tempest-GroupSnapshotsTest-1677703553-project-admin] POST http://10.222.0.83/volume/v3/c5ec4c189693458ab07bde1354c2a439/group_types
Aug 24 11:24:42.472337 dv-cinder-854273-2-iscsi devstack@c-api.service[114026]: DEBUG cinder.api.openstack.wsgi [None req-3468abfe-8608-49cd-b9ec-611d8792064a tempest-GroupSnapshotsTest-1677703553 tempest-GroupSnapshotsTest-1677703553-project-admin] Action: 'create', calling method: version_select, body: {"group_type": {"name": "tempest-GroupSnapshotsTest-group-type-341803279"}} {{(pid=114026) _process_stack /opt/stack/cinder/cinder/api/openstack/wsgi.py:866}}
Aug 24 11:24:42.485690 dv-cinder-854273-2-iscsi devstack@c-api.service[114025]: DEBUG cinder.volume.api [req-d1d1a560-0a1c-4b4e-b4a2-affe1ef80db2 req-9b351195-cb66-43da-a31d-ae01b1c565e8 tempest-VolumesSnapshotsTestJSON-1793445209 tempest-VolumesSnapshotsTestJSON-1793445209-project] Task 'cinder.volume.flows.api.create_volume.ExtractVolumeRequestTask;volume:create' (c55fbce1-0edc-4372-a084-017e7a4d27cc) transitioned into state 'SUCCESS' from state 'RUNNING' with result '{'size': 1, 'snapshot_id': None, 'source_volid': None, 'volume_type': VolumeType(created_at=2022-08-24T11:08:59Z,deleted=False,deleted_at=None,description='Default Volume Type',extra_specs={},id=fd3c20e9-8369-4a6b-a32a-4703739ec2a9,is_public=True,name='__DEFAULT__',projects=[],qos_specs=,qos_specs_id=None,updated_at=2022-08-24T11:08:59Z), 'volume_type_id': 'fd3c20e9-8369-4a6b-a32a-4703739ec2a9', 'encryption_key_id': None, 'qos_specs': None, 'consistencygroup_id': None, 'cgsnapshot_id': None, 'group_id': None, 'replication_status': 'disabled', 'refresh_az': False, 'backup_id': None, 'multiattach': False, 'availability_zones': ['nova']}' {{(pid=114025) _task_receiver /usr/local/lib/python3.8/dist-packages/taskflow/listeners/logging.py:178}}
Aug 24 11:24:42.488416 dv-cinder-854273-2-iscsi devstack@c-api.service[114025]: DEBUG cinder.volume.api [req-d1d1a560-0a1c-4b4e-b4a2-affe1ef80db2 req-9b351195-cb66-43da-a31d-ae01b1c565e8 tempest-VolumesSnapshotsTestJSON-1793445209 tempest-VolumesSnapshotsTestJSON-1793445209-project] Task 'cinder.volume.flows.api.create_volume.QuotaReserveTask;volume:create' (c7d2735b-90ff-4891-8758-233752f0ba00) transitioned into state 'RUNNING' from state 'PENDING' {{(pid=114025) _task_receiver /usr/local/lib/python3.8/dist-packages/taskflow/listeners/logging.py:190}}
Aug 24 11:24:42.508104 dv-cinder-854273-2-iscsi devstack@c-api.service[114025]: DEBUG dbcounter [-] [114025] Writing DB stats cinder:SELECT=77,cinder:INSERT=11,cinder:UPDATE=12 {{(pid=114025) stat_writer /usr/local/lib/python3.8/dist-packages/dbcounter.py:114}}
Aug 24 11:24:42.641300 dv-cinder-854273-2-iscsi devstack@c-api.service[114026]: INFO cinder.api.openstack.wsgi [None req-3468abfe-8608-49cd-b9ec-611d8792064a tempest-GroupSnapshotsTest-1677703553 tempest-GroupSnapshotsTest-1677703553-project-admin] http://10.222.0.83/volume/v3/c5ec4c189693458ab07bde1354c2a439/group_types returned with HTTP 202
Aug 24 11:24:42.642094 dv-cinder-854273-2-iscsi devstack@c-api.service[114026]: [pid: 114026|app: 0|req: 8/14] 10.222.0.83 () {62 vars in 1288 bytes} [Wed Aug 24 11:24:42 2022] POST /volume/v3/c5ec4c189693458ab07bde1354c2a439/group_types => generated 180 bytes in 178 msecs (HTTP/1.1 202) 7 headers in 292 bytes (1 switches on core 0)
Aug 24 11:24:42.643508 dv-cinder-854273-2-iscsi devstack@c-api.service[114026]: DEBUG cinder.api.middleware.request_id [req-6ed89eac-f4ca-40f4-9f8e-ad11d680873c req-f0fad3c9-e4a7-456e-a33f-5ad5f19a3bb6 None None] RequestId filter calling following filter/app {{(pid=114026) _context_setter /opt/stack/cinder/cinder/api/middleware/request_id.py:62}}
Aug 24 11:24:42.651452 dv-cinder-854273-2-iscsi devstack@c-api.service[114026]: INFO cinder.api.openstack.wsgi [req-6ed89eac-f4ca-40f4-9f8e-ad11d680873c req-f0fad3c9-e4a7-456e-a33f-5ad5f19a3bb6 tempest-VolumesGetTestJSON-315876759 tempest-VolumesGetTestJSON-315876759-project] GET http://10.222.0.83/volume/v3/4261e17a79fa4878a2fd3da019e13b5b/volumes/c6ddfed0-f30f-4770-ba21-74057c0c046a
Aug 24 11:24:42.651907 dv-cinder-854273-2-iscsi devstack@c-api.service[114026]: DEBUG cinder.api.openstack.wsgi [req-6ed89eac-f4ca-40f4-9f8e-ad11d680873c req-f0fad3c9-e4a7-456e-a33f-5ad5f19a3bb6 tempest-VolumesGetTestJSON-315876759 tempest-VolumesGetTestJSON-315876759-project] Empty body provided in request {{(pid=114026) get_body /opt/stack/cinder/cinder/api/openstack/wsgi.py:715}}
Aug 24 11:24:42.652366 dv-cinder-854273-2-iscsi devstack@c-api.service[114026]: DEBUG cinder.api.openstack.wsgi [req-6ed89eac-f4ca-40f4-9f8e-ad11d680873c req-f0fad3c9-e4a7-456e-a33f-5ad5f19a3bb6 tempest-VolumesGetTestJSON-315876759 tempest-VolumesGetTestJSON-315876759-project] Calling method 'show' {{(pid=114026) _process_stack /opt/stack/cinder/cinder/api/openstack/wsgi.py:868}}
Aug 24 11:24:42.696850 dv-cinder-854273-2-iscsi devstack@c-api.service[114026]: /usr/local/lib/python3.8/dist-packages/oslo_context/context.py:100: DeprecationWarning: Policy enforcement is depending on the value of is_admin. This key is deprecated. Please update your policy file to use the standard policy values.
Aug 24 11:24:42.696850 dv-cinder-854273-2-iscsi devstack@c-api.service[114026]: warnings.warn('Policy enforcement is depending on the value of '
Aug 24 11:24:42.908664 dv-cinder-854273-2-iscsi devstack@c-api.service[114026]: INFO cinder.volume.api [req-6ed89eac-f4ca-40f4-9f8e-ad11d680873c req-f0fad3c9-e4a7-456e-a33f-5ad5f19a3bb6 tempest-VolumesGetTestJSON-315876759 tempest-VolumesGetTestJSON-315876759-project] Volume info retrieved successfully.
Aug 24 11:24:42.908664 dv-cinder-854273-2-iscsi devstack@c-api.service[114026]: INFO cinder.api.openstack.wsgi [req-6ed89eac-f4ca-40f4-9f8e-ad11d680873c req-f0fad3c9-e4a7-456e-a33f-5ad5f19a3bb6 tempest-VolumesGetTestJSON-315876759 tempest-VolumesGetTestJSON-315876759-project] http://10.222.0.83/volume/v3/4261e17a79fa4878a2fd3da019e13b5b/volumes/c6ddfed0-f30f-4770-ba21-74057c0c046a returned with HTTP 200
Aug 24 11:24:42.908664 dv-cinder-854273-2-iscsi devstack@c-api.service[114026]: [pid: 114026|app: 0|req: 9/15] 10.222.0.83 () {60 vars in 1578 bytes} [Wed Aug 24 11:24:42 2022] GET /volume/v3/4261e17a79fa4878a2fd3da019e13b5b/volumes/c6ddfed0-f30f-4770-ba21-74057c0c046a => generated 923 bytes in 90 msecs (HTTP/1.1 200) 7 headers in 285 bytes (1 switches on core 0)
Aug 24 11:24:42.908664 dv-cinder-854273-2-iscsi devstack@c-api.service[114026]: DEBUG cinder.api.middleware.request_id [None req-8b3fa5c4-e66f-44bb-bc53-da83b2401790 None None] RequestId filter calling following filter/app {{(pid=114026) _context_setter /opt/stack/cinder/cinder/api/middleware/request_id.py:62}}
Aug 24 11:24:42.908664 dv-cinder-854273-2-iscsi devstack@c-api.service[114026]: INFO cinder.api.openstack.wsgi [None req-8b3fa5c4-e66f-44bb-bc53-da83b2401790 tempest-VolumePoolsAdminTestsJSON-937847207 tempest-VolumePoolsAdminTestsJSON-937847207-project-admin] GET http://10.222.0.83/volume/v3/aa9c2c5da9224168879d73b0877c35f1/scheduler-stats/get_pools
Aug 24 11:24:42.908664 dv-cinder-854273-2-iscsi devstack@c-api.service[114026]: DEBUG cinder.api.openstack.wsgi [None req-8b3fa5c4-e66f-44bb-bc53-da83b2401790 tempest-VolumePoolsAdminTestsJSON-937847207 tempest-VolumePoolsAdminTestsJSON-937847207-project-admin] Empty body provided in request {{(pid=114026) get_body /opt/stack/cinder/cinder/api/openstack/wsgi.py:715}}
Aug 24 11:24:42.908664 dv-cinder-854273-2-iscsi devstack@c-api.service[114026]: DEBUG cinder.api.openstack.wsgi [None req-8b3fa5c4-e66f-44bb-bc53-da83b2401790 tempest-VolumePoolsAdminTestsJSON-937847207 tempest-VolumePoolsAdminTestsJSON-937847207-project-admin] Calling method 'get_pools' {{(pid=114026) _process_stack /opt/stack/cinder/cinder/api/openstack/wsgi.py:868}}
Aug 24 11:24:42.908664 dv-cinder-854273-2-iscsi devstack@c-api.service[114026]: INFO cinder.api.openstack.wsgi [None req-8b3fa5c4-e66f-44bb-bc53-da83b2401790 tempest-VolumePoolsAdminTestsJSON-937847207 tempest-VolumePoolsAdminTestsJSON-937847207-project-admin] http://10.222.0.83/volume/v3/aa9c2c5da9224168879d73b0877c35f1/scheduler-stats/get_pools returned with HTTP 200
Aug 24 11:24:42.912649 dv-cinder-854273-2-iscsi devstack@c-api.service[114025]: DEBUG cinder.quota [req-d1d1a560-0a1c-4b4e-b4a2-affe1ef80db2 req-9b351195-cb66-43da-a31d-ae01b1c565e8 tempest-VolumesSnapshotsTestJSON-1793445209 tempest-VolumesSnapshotsTestJSON-1793445209-project] Created reservations ['c53d91fd-85c3-4e08-8297-4ba696a0ea6d', '56b5577d-799c-4548-a29a-bf4cde94aefe', 'de03accb-2b42-441d-ab3c-d196b588c860', 'd64418ec-9070-44c6-ae84-0ccbf9495a56'] {{(pid=114025) reserve /opt/stack/cinder/cinder/quota.py:755}}
Aug 24 11:24:42.912649 dv-cinder-854273-2-iscsi devstack@c-api.service[114025]: DEBUG cinder.volume.api [req-d1d1a560-0a1c-4b4e-b4a2-affe1ef80db2 req-9b351195-cb66-43da-a31d-ae01b1c565e8 tempest-VolumesSnapshotsTestJSON-1793445209 tempest-VolumesSnapshotsTestJSON-1793445209-project] Task 'cinder.volume.flows.api.create_volume.QuotaReserveTask;volume:create' (c7d2735b-90ff-4891-8758-233752f0ba00) transitioned into state 'SUCCESS' from state 'RUNNING' with result '{'reservations': ['c53d91fd-85c3-4e08-8297-4ba696a0ea6d', '56b5577d-799c-4548-a29a-bf4cde94aefe', 'de03accb-2b42-441d-ab3c-d196b588c860', 'd64418ec-9070-44c6-ae84-0ccbf9495a56']}' {{(pid=114025) _task_receiver /usr/local/lib/python3.8/dist-packages/taskflow/listeners/logging.py:178}}
Aug 24 11:24:42.912649 dv-cinder-854273-2-iscsi devstack@c-api.service[114025]: DEBUG cinder.volume.api [req-d1d1a560-0a1c-4b4e-b4a2-affe1ef80db2 req-9b351195-cb66-43da-a31d-ae01b1c565e8 tempest-VolumesSnapshotsTestJSON-1793445209 tempest-VolumesSnapshotsTestJSON-1793445209-project] Task 'cinder.volume.flows.api.create_volume.EntryCreateTask;volume:create' (8f59c7b2-b505-4998-a222-1087addec02e) transitioned into state 'RUNNING' from state 'PENDING' {{(pid=114025) _task_receiver /usr/local/lib/python3.8/dist-packages/taskflow/listeners/logging.py:190}}
Aug 24 11:24:42.914933 dv-cinder-854273-2-iscsi devstack@c-api.service[114026]: [pid: 114026|app: 0|req: 10/16] 10.222.0.83 () {58 vars in 1268 bytes} [Wed Aug 24 11:24:42 2022] GET /volume/v3/aa9c2c5da9224168879d73b0877c35f1/scheduler-stats/get_pools => generated 66 bytes in 33 msecs (HTTP/1.1 200) 7 headers in 284 bytes (1 switches on core 0)
Aug 24 11:24:42.914933 dv-cinder-854273-2-iscsi devstack@c-api.service[114026]: DEBUG cinder.api.middleware.request_id [None req-f90b7133-94b2-486c-89f3-0023fd39bab2 None None] RequestId filter calling following filter/app {{(pid=114026) _context_setter /opt/stack/cinder/cinder/api/middleware/request_id.py:62}}
Aug 24 11:24:43.000397 dv-cinder-854273-2-iscsi devstack@c-api.service[114026]: INFO cinder.api.openstack.wsgi [None req-f90b7133-94b2-486c-89f3-0023fd39bab2 tempest-GroupSnapshotsTest-751659517 tempest-GroupSnapshotsTest-751659517-project] POST http://10.222.0.83/volume/v3/7f363d569e794bdc94d4ec77f637dd5e/groups
Aug 24 11:24:43.000397 dv-cinder-854273-2-iscsi devstack@c-api.service[114026]: DEBUG cinder.api.openstack.wsgi [None req-f90b7133-94b2-486c-89f3-0023fd39bab2 tempest-GroupSnapshotsTest-751659517 tempest-GroupSnapshotsTest-751659517-project] Action: 'create', calling method: version_select, body: {"group": {"group_type": "9d89d4a9-6029-4d5f-9379-e53257910a3a", "volume_types": ["43aa898b-1487-4db2-9a04-807779436722"], "name": "tempest-GroupSnapshotsTest-Group-1232444230"}} {{(pid=114026) _process_stack /opt/stack/cinder/cinder/api/openstack/wsgi.py:866}}
Aug 24 11:24:43.000397 dv-cinder-854273-2-iscsi devstack@c-api.service[114026]: DEBUG cinder.api.v3.groups [None req-f90b7133-94b2-486c-89f3-0023fd39bab2 tempest-GroupSnapshotsTest-751659517 tempest-GroupSnapshotsTest-751659517-project] Creating new group {'group': {'group_type': '9d89d4a9-6029-4d5f-9379-e53257910a3a', 'volume_types': ['43aa898b-1487-4db2-9a04-807779436722'], 'name': 'tempest-GroupSnapshotsTest-Group-1232444230'}} {{(pid=114026) create /opt/stack/cinder/cinder/api/v3/groups.py:190}}
Aug 24 11:24:43.000397 dv-cinder-854273-2-iscsi devstack@c-api.service[114026]: INFO cinder.api.v3.groups [None req-f90b7133-94b2-486c-89f3-0023fd39bab2 tempest-GroupSnapshotsTest-751659517 tempest-GroupSnapshotsTest-751659517-project] Creating group tempest-GroupSnapshotsTest-Group-1232444230.
Aug 24 11:24:43.000397 dv-cinder-854273-2-iscsi devstack@c-api.service[114026]: DEBUG dbcounter [-] [114026] Writing DB stats cinder:SELECT=75,cinder:INSERT=13,cinder:UPDATE=12 {{(pid=114026) stat_writer /usr/local/lib/python3.8/dist-packages/dbcounter.py:114}}
Aug 24 11:24:43.024327 dv-cinder-854273-2-iscsi devstack@c-api.service[114026]: DEBUG cinder.volume.api [None req-f90b7133-94b2-486c-89f3-0023fd39bab2 tempest-GroupSnapshotsTest-751659517 tempest-GroupSnapshotsTest-751659517-project] Availability zone cache updated, next update will occur around 2022-08-24 12:24:43.023778. {{(pid=114026) list_availability_zones /opt/stack/cinder/cinder/volume/api.py:153}}
Aug 24 11:24:43.024619 dv-cinder-854273-2-iscsi devstack@c-api.service[114026]: INFO cinder.volume.api [None req-f90b7133-94b2-486c-89f3-0023fd39bab2 tempest-GroupSnapshotsTest-751659517 tempest-GroupSnapshotsTest-751659517-project] Availability Zones retrieved successfully.
Aug 24 11:24:43.054617 dv-cinder-854273-2-iscsi devstack@c-api.service[114025]: DEBUG cinder.volume.api [req-d1d1a560-0a1c-4b4e-b4a2-affe1ef80db2 req-9b351195-cb66-43da-a31d-ae01b1c565e8 tempest-VolumesSnapshotsTestJSON-1793445209 tempest-VolumesSnapshotsTestJSON-1793445209-project] Task 'cinder.volume.flows.api.create_volume.EntryCreateTask;volume:create' (8f59c7b2-b505-4998-a222-1087addec02e) transitioned into state 'SUCCESS' from state 'RUNNING' with result '{'volume_id': 'f1f3a1a1-fe81-4980-8fa1-e673b12a152b', 'volume_properties': VolumeProperties(attach_status='detached',availability_zone='nova',cgsnapshot_id=None,consistencygroup_id=None,display_description=None,display_name='tempest-VolumesSnapshotsTestJSON-volume-2124724848',encryption_key_id=None,group_id=None,group_type_id=,metadata={},multiattach=False,project_id='6546cd2088ee4c29890d6841ac1a2686',qos_specs=None,replication_status=,reservations=['c53d91fd-85c3-4e08-8297-4ba696a0ea6d','56b5577d-799c-4548-a29a-bf4cde94aefe','de03accb-2b42-441d-ab3c-d196b588c860','d64418ec-9070-44c6-ae84-0ccbf9495a56'],size=1,snapshot_id=None,source_replicaid=,source_volid=None,status='creating',user_id='64db87b93e5544f1a6b8167e2003e200',volume_type_id=fd3c20e9-8369-4a6b-a32a-4703739ec2a9), 'volume': Volume(_name_id=None,admin_metadata=,attach_status='detached',availability_zone='nova',bootable=False,cluster=,cluster_name=None,consistencygroup=,consistencygroup_id=None,created_at=2022-08-24T11:24:42Z,deleted=False,deleted_at=None,display_description=None,display_name='tempest-VolumesSnapshotsTestJSON-volume-2124724848',ec2_id=None,encryption_key_id=None,glance_metadata=,group=,group_id=None,host=None,id=f1f3a1a1-fe81-4980-8fa1-e673b12a152b,launched_at=None,metadata={},migration_status=None,multiattach=False,previous_status=None,project_id='6546cd2088ee4c29890d6841ac1a2686',provider_auth=None,provider_geometry=None,provider_id=None,provider_location=None,replication_driver_data=None,replication_extended_status=None,replication_status=None,scheduled_at=None,service_uuid=None,shared_targets=True,size=1,snapshot_id=None,snapshots=,source_volid=None,status='creating',terminated_at=None,updated_at=None,use_quota=True,user_id='64db87b93e5544f1a6b8167e2003e200',volume_attachment=VolumeAttachmentList,volume_type=VolumeType(fd3c20e9-8369-4a6b-a32a-4703739ec2a9),volume_type_id=fd3c20e9-8369-4a6b-a32a-4703739ec2a9)}' {{(pid=114025) _task_receiver /usr/local/lib/python3.8/dist-packages/taskflow/listeners/logging.py:178}}
Aug 24 11:24:43.056655 dv-cinder-854273-2-iscsi devstack@c-api.service[114025]: DEBUG cinder.volume.api [req-d1d1a560-0a1c-4b4e-b4a2-affe1ef80db2 req-9b351195-cb66-43da-a31d-ae01b1c565e8 tempest-VolumesSnapshotsTestJSON-1793445209 tempest-VolumesSnapshotsTestJSON-1793445209-project] Task 'cinder.volume.flows.api.create_volume.QuotaCommitTask;volume:create' (076d25f4-b86f-4190-a7e2-d26f5bfb1093) transitioned into state 'RUNNING' from state 'PENDING' {{(pid=114025) _task_receiver /usr/local/lib/python3.8/dist-packages/taskflow/listeners/logging.py:190}}
Aug 24 11:24:43.207961 dv-cinder-854273-2-iscsi devstack@c-api.service[114025]: DEBUG cinder.volume.api [req-d1d1a560-0a1c-4b4e-b4a2-affe1ef80db2 req-9b351195-cb66-43da-a31d-ae01b1c565e8 tempest-VolumesSnapshotsTestJSON-1793445209 tempest-VolumesSnapshotsTestJSON-1793445209-project] Task 'cinder.volume.flows.api.create_volume.QuotaCommitTask;volume:create' (076d25f4-b86f-4190-a7e2-d26f5bfb1093) transitioned into state 'SUCCESS' from state 'RUNNING' with result '{'volume_properties': VolumeProperties(attach_status='detached',availability_zone='nova',cgsnapshot_id=None,consistencygroup_id=None,display_description=None,display_name='tempest-VolumesSnapshotsTestJSON-volume-2124724848',encryption_key_id=None,group_id=None,group_type_id=,metadata={},multiattach=False,project_id='6546cd2088ee4c29890d6841ac1a2686',qos_specs=None,replication_status=,reservations=['c53d91fd-85c3-4e08-8297-4ba696a0ea6d','56b5577d-799c-4548-a29a-bf4cde94aefe','de03accb-2b42-441d-ab3c-d196b588c860','d64418ec-9070-44c6-ae84-0ccbf9495a56'],size=1,snapshot_id=None,source_replicaid=,source_volid=None,status='creating',user_id='64db87b93e5544f1a6b8167e2003e200',volume_type_id=fd3c20e9-8369-4a6b-a32a-4703739ec2a9)}' {{(pid=114025) _task_receiver /usr/local/lib/python3.8/dist-packages/taskflow/listeners/logging.py:178}}
Aug 24 11:24:43.210503 dv-cinder-854273-2-iscsi devstack@c-api.service[114025]: DEBUG cinder.volume.api [req-d1d1a560-0a1c-4b4e-b4a2-affe1ef80db2 req-9b351195-cb66-43da-a31d-ae01b1c565e8 tempest-VolumesSnapshotsTestJSON-1793445209 tempest-VolumesSnapshotsTestJSON-1793445209-project] Task 'cinder.volume.flows.api.create_volume.VolumeCastTask;volume:create' (fab6a8da-1ae9-49d8-9252-71edf2333832) transitioned into state 'RUNNING' from state 'PENDING' {{(pid=114025) _task_receiver /usr/local/lib/python3.8/dist-packages/taskflow/listeners/logging.py:190}}
Aug 24 11:24:43.309610 dv-cinder-854273-2-iscsi devstack@c-api.service[114026]: DEBUG cinder.quota [None req-f90b7133-94b2-486c-89f3-0023fd39bab2 tempest-GroupSnapshotsTest-751659517 tempest-GroupSnapshotsTest-751659517-project] Created reservations ['e099cea0-777a-474b-b1b7-d1b37327b95c'] {{(pid=114026) reserve /opt/stack/cinder/cinder/quota.py:755}}
Aug 24 11:24:43.363928 dv-cinder-854273-2-iscsi devstack@c-api.service[114025]: DEBUG cinder.volume.api [req-d1d1a560-0a1c-4b4e-b4a2-affe1ef80db2 req-9b351195-cb66-43da-a31d-ae01b1c565e8 tempest-VolumesSnapshotsTestJSON-1793445209 tempest-VolumesSnapshotsTestJSON-1793445209-project] Task 'cinder.volume.flows.api.create_volume.VolumeCastTask;volume:create' (fab6a8da-1ae9-49d8-9252-71edf2333832) transitioned into state 'SUCCESS' from state 'RUNNING' with result 'None' {{(pid=114025) _task_receiver /usr/local/lib/python3.8/dist-packages/taskflow/listeners/logging.py:178}}
Aug 24 11:24:43.373489 dv-cinder-854273-2-iscsi devstack@c-api.service[114025]: DEBUG cinder.volume.api [req-d1d1a560-0a1c-4b4e-b4a2-affe1ef80db2 req-9b351195-cb66-43da-a31d-ae01b1c565e8 tempest-VolumesSnapshotsTestJSON-1793445209 tempest-VolumesSnapshotsTestJSON-1793445209-project] Flow 'volume_create_api' (62319d9f-c271-4209-a8b3-7df3b827f8da) transitioned into state 'SUCCESS' from state 'RUNNING' {{(pid=114025) _flow_receiver /usr/local/lib/python3.8/dist-packages/taskflow/listeners/logging.py:141}}
Aug 24 11:24:43.381350 dv-cinder-854273-2-iscsi devstack@c-api.service[114025]: INFO cinder.volume.api [req-d1d1a560-0a1c-4b4e-b4a2-affe1ef80db2 req-9b351195-cb66-43da-a31d-ae01b1c565e8 tempest-VolumesSnapshotsTestJSON-1793445209 tempest-VolumesSnapshotsTestJSON-1793445209-project] Create volume request issued successfully.
Aug 24 11:24:43.384022 dv-cinder-854273-2-iscsi devstack@c-api.service[114025]: INFO cinder.api.openstack.wsgi [req-d1d1a560-0a1c-4b4e-b4a2-affe1ef80db2 req-9b351195-cb66-43da-a31d-ae01b1c565e8 tempest-VolumesSnapshotsTestJSON-1793445209 tempest-VolumesSnapshotsTestJSON-1793445209-project] http://10.222.0.83/volume/v3/6546cd2088ee4c29890d6841ac1a2686/volumes returned with HTTP 202
Aug 24 11:24:43.385125 dv-cinder-854273-2-iscsi devstack@c-api.service[114025]: [pid: 114025|app: 0|req: 7/17] 10.222.0.83 () {64 vars in 1521 bytes} [Wed Aug 24 11:24:42 2022] POST /volume/v3/6546cd2088ee4c29890d6841ac1a2686/volumes => generated 824 bytes in 1295 msecs (HTTP/1.1 202) 7 headers in 291 bytes (1 switches on core 0)
Aug 24 11:24:43.387824 dv-cinder-854273-2-iscsi devstack@c-api.service[114025]: DEBUG cinder.api.middleware.request_id [None req-0278b36f-42a5-4151-bf50-43b53dc351b2 None None] RequestId filter calling following filter/app {{(pid=114025) _context_setter /opt/stack/cinder/cinder/api/middleware/request_id.py:62}}
Aug 24 11:24:43.393194 dv-cinder-854273-2-iscsi devstack@c-api.service[114025]: INFO cinder.api.openstack.wsgi [None req-0278b36f-42a5-4151-bf50-43b53dc351b2 tempest-VolumesTestJSON-1478925596 tempest-VolumesTestJSON-1478925596-project] GET http://10.222.0.83/volume/v3/6cb495e455b848aba1d66a45c85f1f61/volumes/619ab0f4-0203-4d75-9fad-410415aca0d1
Aug 24 11:24:43.393647 dv-cinder-854273-2-iscsi devstack@c-api.service[114025]: DEBUG cinder.api.openstack.wsgi [None req-0278b36f-42a5-4151-bf50-43b53dc351b2 tempest-VolumesTestJSON-1478925596 tempest-VolumesTestJSON-1478925596-project] Empty body provided in request {{(pid=114025) get_body /opt/stack/cinder/cinder/api/openstack/wsgi.py:715}}
Aug 24 11:24:43.394391 dv-cinder-854273-2-iscsi devstack@c-api.service[114025]: DEBUG cinder.api.openstack.wsgi [None req-0278b36f-42a5-4151-bf50-43b53dc351b2 tempest-VolumesTestJSON-1478925596 tempest-VolumesTestJSON-1478925596-project] Calling method 'show' {{(pid=114025) _process_stack /opt/stack/cinder/cinder/api/openstack/wsgi.py:868}}
Aug 24 11:24:43.418370 dv-cinder-854273-2-iscsi devstack@c-api.service[114025]: /usr/local/lib/python3.8/dist-packages/oslo_context/context.py:100: DeprecationWarning: Policy enforcement is depending on the value of is_admin. This key is deprecated. Please update your policy file to use the standard policy values.
Aug 24 11:24:43.418370 dv-cinder-854273-2-iscsi devstack@c-api.service[114025]: warnings.warn('Policy enforcement is depending on the value of '
Aug 24 11:24:43.429479 dv-cinder-854273-2-iscsi devstack@c-api.service[114025]: INFO cinder.volume.api [None req-0278b36f-42a5-4151-bf50-43b53dc351b2 tempest-VolumesTestJSON-1478925596 tempest-VolumesTestJSON-1478925596-project] Volume info retrieved successfully.
Aug 24 11:24:43.444995 dv-cinder-854273-2-iscsi devstack@c-api.service[114025]: INFO cinder.api.openstack.wsgi [None req-0278b36f-42a5-4151-bf50-43b53dc351b2 tempest-VolumesTestJSON-1478925596 tempest-VolumesTestJSON-1478925596-project] http://10.222.0.83/volume/v3/6cb495e455b848aba1d66a45c85f1f61/volumes/619ab0f4-0203-4d75-9fad-410415aca0d1 returned with HTTP 200
Aug 24 11:24:43.445786 dv-cinder-854273-2-iscsi devstack@c-api.service[114025]: [pid: 114025|app: 0|req: 8/18] 10.222.0.83 () {58 vars in 1325 bytes} [Wed Aug 24 11:24:43 2022] GET /volume/v3/6cb495e455b848aba1d66a45c85f1f61/volumes/619ab0f4-0203-4d75-9fad-410415aca0d1 => generated 921 bytes in 60 msecs (HTTP/1.1 200) 7 headers in 285 bytes (1 switches on core 0)
Aug 24 11:24:43.447098 dv-cinder-854273-2-iscsi devstack@c-api.service[114025]: DEBUG cinder.api.middleware.request_id [req-d1d1a560-0a1c-4b4e-b4a2-affe1ef80db2 req-262c3f91-2edf-473a-a892-666af3dac1e6 None None] RequestId filter calling following filter/app {{(pid=114025) _context_setter /opt/stack/cinder/cinder/api/middleware/request_id.py:62}}
Aug 24 11:24:43.454202 dv-cinder-854273-2-iscsi devstack@c-api.service[114025]: INFO cinder.api.openstack.wsgi [req-d1d1a560-0a1c-4b4e-b4a2-affe1ef80db2 req-262c3f91-2edf-473a-a892-666af3dac1e6 tempest-VolumesSnapshotsTestJSON-1793445209 tempest-VolumesSnapshotsTestJSON-1793445209-project] GET http://10.222.0.83/volume/v3/6546cd2088ee4c29890d6841ac1a2686/volumes/f1f3a1a1-fe81-4980-8fa1-e673b12a152b
Aug 24 11:24:43.455225 dv-cinder-854273-2-iscsi devstack@c-api.service[114025]: DEBUG cinder.api.openstack.wsgi [req-d1d1a560-0a1c-4b4e-b4a2-affe1ef80db2 req-262c3f91-2edf-473a-a892-666af3dac1e6 tempest-VolumesSnapshotsTestJSON-1793445209 tempest-VolumesSnapshotsTestJSON-1793445209-project] Empty body provided in request {{(pid=114025) get_body /opt/stack/cinder/cinder/api/openstack/wsgi.py:715}}
Aug 24 11:24:43.455691 dv-cinder-854273-2-iscsi devstack@c-api.service[114025]: DEBUG cinder.api.openstack.wsgi [req-d1d1a560-0a1c-4b4e-b4a2-affe1ef80db2 req-262c3f91-2edf-473a-a892-666af3dac1e6 tempest-VolumesSnapshotsTestJSON-1793445209 tempest-VolumesSnapshotsTestJSON-1793445209-project] Calling method 'show' {{(pid=114025) _process_stack /opt/stack/cinder/cinder/api/openstack/wsgi.py:868}}
Aug 24 11:24:43.513628 dv-cinder-854273-2-iscsi devstack@c-api.service[114025]: /usr/local/lib/python3.8/dist-packages/oslo_context/context.py:100: DeprecationWarning: Policy enforcement is depending on the value of is_admin. This key is deprecated. Please update your policy file to use the standard policy values.
Aug 24 11:24:43.513628 dv-cinder-854273-2-iscsi devstack@c-api.service[114025]: warnings.warn('Policy enforcement is depending on the value of '
Aug 24 11:24:43.535211 dv-cinder-854273-2-iscsi devstack@c-api.service[114025]: INFO cinder.volume.api [req-d1d1a560-0a1c-4b4e-b4a2-affe1ef80db2 req-262c3f91-2edf-473a-a892-666af3dac1e6 tempest-VolumesSnapshotsTestJSON-1793445209 tempest-VolumesSnapshotsTestJSON-1793445209-project] Volume info retrieved successfully.
Aug 24 11:24:43.568493 dv-cinder-854273-2-iscsi devstack@c-api.service[114026]: INFO cinder.api.openstack.wsgi [None req-f90b7133-94b2-486c-89f3-0023fd39bab2 tempest-GroupSnapshotsTest-751659517 tempest-GroupSnapshotsTest-751659517-project] http://10.222.0.83/volume/v3/7f363d569e794bdc94d4ec77f637dd5e/groups returned with HTTP 202
Aug 24 11:24:43.571375 dv-cinder-854273-2-iscsi devstack@c-api.service[114025]: INFO cinder.api.openstack.wsgi [req-d1d1a560-0a1c-4b4e-b4a2-affe1ef80db2 req-262c3f91-2edf-473a-a892-666af3dac1e6 tempest-VolumesSnapshotsTestJSON-1793445209 tempest-VolumesSnapshotsTestJSON-1793445209-project] http://10.222.0.83/volume/v3/6546cd2088ee4c29890d6841ac1a2686/volumes/f1f3a1a1-fe81-4980-8fa1-e673b12a152b returned with HTTP 200
Aug 24 11:24:43.572299 dv-cinder-854273-2-iscsi devstack@c-api.service[114026]: [pid: 114026|app: 0|req: 11/19] 10.222.0.83 () {62 vars in 1274 bytes} [Wed Aug 24 11:24:42 2022] POST /volume/v3/7f363d569e794bdc94d4ec77f637dd5e/groups => generated 112 bytes in 805 msecs (HTTP/1.1 202) 7 headers in 292 bytes (1 switches on core 0)
Aug 24 11:24:43.580267 dv-cinder-854273-2-iscsi devstack@c-api.service[114026]: DEBUG cinder.api.middleware.request_id [None req-50e9e47d-e5b0-4982-8440-127ff363ba8e None None] RequestId filter calling following filter/app {{(pid=114026) _context_setter /opt/stack/cinder/cinder/api/middleware/request_id.py:62}}
Aug 24 11:24:43.582433 dv-cinder-854273-2-iscsi devstack@c-api.service[114025]: [pid: 114025|app: 0|req: 9/20] 10.222.0.83 () {60 vars in 1578 bytes} [Wed Aug 24 11:24:43 2022] GET /volume/v3/6546cd2088ee4c29890d6841ac1a2686/volumes/f1f3a1a1-fe81-4980-8fa1-e673b12a152b => generated 892 bytes in 135 msecs (HTTP/1.1 200) 7 headers in 285 bytes (1 switches on core 0)
Aug 24 11:24:43.596623 dv-cinder-854273-2-iscsi devstack@c-api.service[114026]: INFO cinder.api.openstack.wsgi [None req-50e9e47d-e5b0-4982-8440-127ff363ba8e tempest-GroupSnapshotsTest-751659517 tempest-GroupSnapshotsTest-751659517-project] GET http://10.222.0.83/volume/v3/7f363d569e794bdc94d4ec77f637dd5e/groups/d25e572b-0ee8-4aa9-b93c-6a022853a356
Aug 24 11:24:43.597628 dv-cinder-854273-2-iscsi devstack@c-api.service[114026]: DEBUG cinder.api.openstack.wsgi [None req-50e9e47d-e5b0-4982-8440-127ff363ba8e tempest-GroupSnapshotsTest-751659517 tempest-GroupSnapshotsTest-751659517-project] Empty body provided in request {{(pid=114026) get_body /opt/stack/cinder/cinder/api/openstack/wsgi.py:715}}
Aug 24 11:24:43.598774 dv-cinder-854273-2-iscsi devstack@c-api.service[114026]: DEBUG cinder.api.openstack.wsgi [None req-50e9e47d-e5b0-4982-8440-127ff363ba8e tempest-GroupSnapshotsTest-751659517 tempest-GroupSnapshotsTest-751659517-project] Calling method 'version_select' {{(pid=114026) _process_stack /opt/stack/cinder/cinder/api/openstack/wsgi.py:868}}
Aug 24 11:24:43.599467 dv-cinder-854273-2-iscsi devstack@c-api.service[114026]: DEBUG cinder.api.v3.groups [None req-50e9e47d-e5b0-4982-8440-127ff363ba8e tempest-GroupSnapshotsTest-751659517 tempest-GroupSnapshotsTest-751659517-project] show called for member d25e572b-0ee8-4aa9-b93c-6a022853a356 {{(pid=114026) show /opt/stack/cinder/cinder/api/v3/groups.py:58}}
Aug 24 11:24:43.610045 dv-cinder-854273-2-iscsi devstack@c-api.service[114025]: DEBUG cinder.api.middleware.request_id [req-5b2629f3-ad31-49b5-9dd8-0204858298cd req-fbd8f7e1-a769-419f-a3ee-30f9b59cc842 None None] RequestId filter calling following filter/app {{(pid=114025) _context_setter /opt/stack/cinder/cinder/api/middleware/request_id.py:62}}
Aug 24 11:24:43.612889 dv-cinder-854273-2-iscsi devstack@c-api.service[114026]: /usr/local/lib/python3.8/dist-packages/oslo_context/context.py:100: DeprecationWarning: Policy enforcement is depending on the value of is_admin. This key is deprecated. Please update your policy file to use the standard policy values.
Aug 24 11:24:43.612889 dv-cinder-854273-2-iscsi devstack@c-api.service[114026]: warnings.warn('Policy enforcement is depending on the value of '
Aug 24 11:24:43.616898 dv-cinder-854273-2-iscsi devstack@c-api.service[114025]: INFO cinder.api.openstack.wsgi [req-5b2629f3-ad31-49b5-9dd8-0204858298cd req-fbd8f7e1-a769-419f-a3ee-30f9b59cc842 tempest-VolumesSnapshotsTestJSON-1793445209 tempest-VolumesSnapshotsTestJSON-1793445209-project] GET http://10.222.0.83/volume/v3/6546cd2088ee4c29890d6841ac1a2686/volumes/f1f3a1a1-fe81-4980-8fa1-e673b12a152b
Aug 24 11:24:43.616898 dv-cinder-854273-2-iscsi devstack@c-api.service[114025]: DEBUG cinder.api.openstack.wsgi [req-5b2629f3-ad31-49b5-9dd8-0204858298cd req-fbd8f7e1-a769-419f-a3ee-30f9b59cc842 tempest-VolumesSnapshotsTestJSON-1793445209 tempest-VolumesSnapshotsTestJSON-1793445209-project] Empty body provided in request {{(pid=114025) get_body /opt/stack/cinder/cinder/api/openstack/wsgi.py:715}}
Aug 24 11:24:43.616898 dv-cinder-854273-2-iscsi devstack@c-api.service[114025]: DEBUG cinder.api.openstack.wsgi [req-5b2629f3-ad31-49b5-9dd8-0204858298cd req-fbd8f7e1-a769-419f-a3ee-30f9b59cc842 tempest-VolumesSnapshotsTestJSON-1793445209 tempest-VolumesSnapshotsTestJSON-1793445209-project] Calling method 'show' {{(pid=114025) _process_stack /opt/stack/cinder/cinder/api/openstack/wsgi.py:868}}
Aug 24 11:24:43.652839 dv-cinder-854273-2-iscsi devstack@c-api.service[114026]: INFO cinder.api.openstack.wsgi [None req-50e9e47d-e5b0-4982-8440-127ff363ba8e tempest-GroupSnapshotsTest-751659517 tempest-GroupSnapshotsTest-751659517-project] http://10.222.0.83/volume/v3/7f363d569e794bdc94d4ec77f637dd5e/groups/d25e572b-0ee8-4aa9-b93c-6a022853a356 returned with HTTP 200
Aug 24 11:24:43.654518 dv-cinder-854273-2-iscsi devstack@c-api.service[114026]: [pid: 114026|app: 0|req: 12/21] 10.222.0.83 () {60 vars in 1363 bytes} [Wed Aug 24 11:24:43 2022] GET /volume/v3/7f363d569e794bdc94d4ec77f637dd5e/groups/d25e572b-0ee8-4aa9-b93c-6a022853a356 => generated 392 bytes in 76 msecs (HTTP/1.1 200) 7 headers in 286 bytes (1 switches on core 0)
Aug 24 11:24:43.663968 dv-cinder-854273-2-iscsi devstack@c-api.service[114025]: /usr/local/lib/python3.8/dist-packages/oslo_context/context.py:100: DeprecationWarning: Policy enforcement is depending on the value of is_admin. This key is deprecated. Please update your policy file to use the standard policy values.
Aug 24 11:24:43.663968 dv-cinder-854273-2-iscsi devstack@c-api.service[114025]: warnings.warn('Policy enforcement is depending on the value of '
Aug 24 11:24:43.682402 dv-cinder-854273-2-iscsi devstack@c-api.service[114025]: INFO cinder.volume.api [req-5b2629f3-ad31-49b5-9dd8-0204858298cd req-fbd8f7e1-a769-419f-a3ee-30f9b59cc842 tempest-VolumesSnapshotsTestJSON-1793445209 tempest-VolumesSnapshotsTestJSON-1793445209-project] Volume info retrieved successfully.
Aug 24 11:24:43.712934 dv-cinder-854273-2-iscsi devstack@c-api.service[114025]: INFO cinder.api.openstack.wsgi [req-5b2629f3-ad31-49b5-9dd8-0204858298cd req-fbd8f7e1-a769-419f-a3ee-30f9b59cc842 tempest-VolumesSnapshotsTestJSON-1793445209 tempest-VolumesSnapshotsTestJSON-1793445209-project] http://10.222.0.83/volume/v3/6546cd2088ee4c29890d6841ac1a2686/volumes/f1f3a1a1-fe81-4980-8fa1-e673b12a152b returned with HTTP 200
Aug 24 11:24:43.716293 dv-cinder-854273-2-iscsi devstack@c-api.service[114025]: [pid: 114025|app: 0|req: 10/22] 10.222.0.83 () {60 vars in 1578 bytes} [Wed Aug 24 11:24:43 2022] GET /volume/v3/6546cd2088ee4c29890d6841ac1a2686/volumes/f1f3a1a1-fe81-4980-8fa1-e673b12a152b => generated 892 bytes in 107 msecs (HTTP/1.1 200) 7 headers in 285 bytes (1 switches on core 0)
Aug 24 11:24:43.776988 dv-cinder-854273-2-iscsi devstack@c-api.service[114026]: DEBUG cinder.api.middleware.request_id [req-f3fb4a04-99e6-42fc-92e0-1d6b7f158ee4 req-029983cb-c7a2-4dd4-a618-b9d293bbd17d None None] RequestId filter calling following filter/app {{(pid=114026) _context_setter /opt/stack/cinder/cinder/api/middleware/request_id.py:62}}
Aug 24 11:24:43.784624 dv-cinder-854273-2-iscsi devstack@c-api.service[114026]: INFO cinder.api.openstack.wsgi [req-f3fb4a04-99e6-42fc-92e0-1d6b7f158ee4 req-029983cb-c7a2-4dd4-a618-b9d293bbd17d tempest-VolumesGetTestJSON-315876759 tempest-VolumesGetTestJSON-315876759-project] GET http://10.222.0.83/volume/v3/4261e17a79fa4878a2fd3da019e13b5b/volumes/c6ddfed0-f30f-4770-ba21-74057c0c046a
Aug 24 11:24:43.785620 dv-cinder-854273-2-iscsi devstack@c-api.service[114026]: DEBUG cinder.api.openstack.wsgi [req-f3fb4a04-99e6-42fc-92e0-1d6b7f158ee4 req-029983cb-c7a2-4dd4-a618-b9d293bbd17d tempest-VolumesGetTestJSON-315876759 tempest-VolumesGetTestJSON-315876759-project] Empty body provided in request {{(pid=114026) get_body /opt/stack/cinder/cinder/api/openstack/wsgi.py:715}}
Aug 24 11:24:43.786326 dv-cinder-854273-2-iscsi devstack@c-api.service[114026]: DEBUG cinder.api.openstack.wsgi [req-f3fb4a04-99e6-42fc-92e0-1d6b7f158ee4 req-029983cb-c7a2-4dd4-a618-b9d293bbd17d tempest-VolumesGetTestJSON-315876759 tempest-VolumesGetTestJSON-315876759-project] Calling method 'show' {{(pid=114026) _process_stack /opt/stack/cinder/cinder/api/openstack/wsgi.py:868}}
Aug 24 11:24:43.844134 dv-cinder-854273-2-iscsi devstack@c-api.service[114026]: /usr/local/lib/python3.8/dist-packages/oslo_context/context.py:100: DeprecationWarning: Policy enforcement is depending on the value of is_admin. This key is deprecated. Please update your policy file to use the standard policy values.
Aug 24 11:24:43.844134 dv-cinder-854273-2-iscsi devstack@c-api.service[114026]: warnings.warn('Policy enforcement is depending on the value of '
Aug 24 11:24:43.861653 dv-cinder-854273-2-iscsi devstack@c-api.service[114026]: INFO cinder.volume.api [req-f3fb4a04-99e6-42fc-92e0-1d6b7f158ee4 req-029983cb-c7a2-4dd4-a618-b9d293bbd17d tempest-VolumesGetTestJSON-315876759 tempest-VolumesGetTestJSON-315876759-project] Volume info retrieved successfully.
Aug 24 11:24:43.880966 dv-cinder-854273-2-iscsi devstack@c-api.service[114026]: INFO cinder.api.openstack.wsgi [req-f3fb4a04-99e6-42fc-92e0-1d6b7f158ee4 req-029983cb-c7a2-4dd4-a618-b9d293bbd17d tempest-VolumesGetTestJSON-315876759 tempest-VolumesGetTestJSON-315876759-project] http://10.222.0.83/volume/v3/4261e17a79fa4878a2fd3da019e13b5b/volumes/c6ddfed0-f30f-4770-ba21-74057c0c046a returned with HTTP 200
Aug 24 11:24:43.883150 dv-cinder-854273-2-iscsi devstack@c-api.service[114026]: [pid: 114026|app: 0|req: 13/23] 10.222.0.83 () {60 vars in 1578 bytes} [Wed Aug 24 11:24:43 2022] GET /volume/v3/4261e17a79fa4878a2fd3da019e13b5b/volumes/c6ddfed0-f30f-4770-ba21-74057c0c046a => generated 923 bytes in 108 msecs (HTTP/1.1 200) 7 headers in 285 bytes (1 switches on core 0)
Aug 24 11:24:44.461244 dv-cinder-854273-2-iscsi devstack@c-api.service[114025]: DEBUG cinder.api.middleware.request_id [None req-cb51c3be-9c6d-42d1-8f87-bb08442d2944 None None] RequestId filter calling following filter/app {{(pid=114025) _context_setter /opt/stack/cinder/cinder/api/middleware/request_id.py:62}}
Aug 24 11:24:44.465228 dv-cinder-854273-2-iscsi devstack@c-api.service[114025]: INFO cinder.api.openstack.wsgi [None req-cb51c3be-9c6d-42d1-8f87-bb08442d2944 tempest-VolumesTestJSON-1478925596 tempest-VolumesTestJSON-1478925596-project] GET http://10.222.0.83/volume/v3/6cb495e455b848aba1d66a45c85f1f61/volumes/619ab0f4-0203-4d75-9fad-410415aca0d1
Aug 24 11:24:44.466000 dv-cinder-854273-2-iscsi devstack@c-api.service[114025]: DEBUG cinder.api.openstack.wsgi [None req-cb51c3be-9c6d-42d1-8f87-bb08442d2944 tempest-VolumesTestJSON-1478925596 tempest-VolumesTestJSON-1478925596-project] Empty body provided in request {{(pid=114025) get_body /opt/stack/cinder/cinder/api/openstack/wsgi.py:715}}
Aug 24 11:24:44.466766 dv-cinder-854273-2-iscsi devstack@c-api.service[114025]: DEBUG cinder.api.openstack.wsgi [None req-cb51c3be-9c6d-42d1-8f87-bb08442d2944 tempest-VolumesTestJSON-1478925596 tempest-VolumesTestJSON-1478925596-project] Calling method 'show' {{(pid=114025) _process_stack /opt/stack/cinder/cinder/api/openstack/wsgi.py:868}}
Aug 24 11:24:44.498613 dv-cinder-854273-2-iscsi devstack@c-api.service[114025]: /usr/local/lib/python3.8/dist-packages/oslo_context/context.py:100: DeprecationWarning: Policy enforcement is depending on the value of is_admin. This key is deprecated. Please update your policy file to use the standard policy values.
Aug 24 11:24:44.498613 dv-cinder-854273-2-iscsi devstack@c-api.service[114025]: warnings.warn('Policy enforcement is depending on the value of '
Aug 24 11:24:44.516999 dv-cinder-854273-2-iscsi devstack@c-api.service[114025]: INFO cinder.volume.api [None req-cb51c3be-9c6d-42d1-8f87-bb08442d2944 tempest-VolumesTestJSON-1478925596 tempest-VolumesTestJSON-1478925596-project] Volume info retrieved successfully.
Aug 24 11:24:44.531142 dv-cinder-854273-2-iscsi devstack@c-api.service[114025]: INFO cinder.api.openstack.wsgi [None req-cb51c3be-9c6d-42d1-8f87-bb08442d2944 tempest-VolumesTestJSON-1478925596 tempest-VolumesTestJSON-1478925596-project] http://10.222.0.83/volume/v3/6cb495e455b848aba1d66a45c85f1f61/volumes/619ab0f4-0203-4d75-9fad-410415aca0d1 returned with HTTP 200
Aug 24 11:24:44.532087 dv-cinder-854273-2-iscsi devstack@c-api.service[114025]: [pid: 114025|app: 0|req: 11/24] 10.222.0.83 () {58 vars in 1325 bytes} [Wed Aug 24 11:24:44 2022] GET /volume/v3/6cb495e455b848aba1d66a45c85f1f61/volumes/619ab0f4-0203-4d75-9fad-410415aca0d1 => generated 922 bytes in 72 msecs (HTTP/1.1 200) 7 headers in 285 bytes (1 switches on core 0)
