Aug 29 23:21:47.649416 dv-cinder-854272-4-smb devstack@n-api.service[120458]: INFO dbcounter [None req-0e3e9543-0aba-427b-b336-6dd430e7dca4 None None] Registered counter for database nova_api
Aug 29 23:21:47.669726 dv-cinder-854272-4-smb devstack@n-api.service[120457]: DEBUG oslo_db.sqlalchemy.engines [None req-ca6b5e33-5288-43a4-a806-b9592f47f89d None None] MySQL server mode set to STRICT_TRANS_TABLES,STRICT_ALL_TABLES,NO_ZERO_IN_DATE,NO_ZERO_DATE,ERROR_FOR_DIVISION_BY_ZERO,TRADITIONAL,NO_ENGINE_SUBSTITUTION {{(pid=120457) _check_effective_sql_mode /usr/local/lib/python3.8/dist-packages/oslo_db/sqlalchemy/engines.py:314}}
Aug 29 23:21:47.671165 dv-cinder-854272-4-smb devstack@n-api.service[120458]: DEBUG oslo_db.sqlalchemy.engines [None req-0e3e9543-0aba-427b-b336-6dd430e7dca4 None None] MySQL server mode set to STRICT_TRANS_TABLES,STRICT_ALL_TABLES,NO_ZERO_IN_DATE,NO_ZERO_DATE,ERROR_FOR_DIVISION_BY_ZERO,TRADITIONAL,NO_ENGINE_SUBSTITUTION {{(pid=120458) _check_effective_sql_mode /usr/local/lib/python3.8/dist-packages/oslo_db/sqlalchemy/engines.py:314}}
Aug 29 23:21:47.676413 dv-cinder-854272-4-smb devstack@n-api.service[120457]: DEBUG dbcounter [-] [120457] Writer thread running {{(pid=120457) stat_writer /usr/local/lib/python3.8/dist-packages/dbcounter.py:99}}
Aug 29 23:21:47.677561 dv-cinder-854272-4-smb devstack@n-api.service[120458]: DEBUG dbcounter [-] [120458] Writer thread running {{(pid=120458) stat_writer /usr/local/lib/python3.8/dist-packages/dbcounter.py:99}}
Aug 29 23:21:47.733545 dv-cinder-854272-4-smb devstack@n-api.service[120457]: DEBUG nova.context [None req-ca6b5e33-5288-43a4-a806-b9592f47f89d None None] Found 2 cells: 00000000-0000-0000-0000-000000000000(cell0),96844b3e-fba3-44e8-b73c-6d10eee8ffaf(cell1) {{(pid=120457) load_cells /opt/stack/nova/nova/context.py:464}}
Aug 29 23:21:47.733821 dv-cinder-854272-4-smb devstack@n-api.service[120458]: DEBUG nova.context [None req-0e3e9543-0aba-427b-b336-6dd430e7dca4 None None] Found 2 cells: 00000000-0000-0000-0000-000000000000(cell0),96844b3e-fba3-44e8-b73c-6d10eee8ffaf(cell1) {{(pid=120458) load_cells /opt/stack/nova/nova/context.py:464}}
Aug 29 23:21:47.737595 dv-cinder-854272-4-smb devstack@n-api.service[120457]: DEBUG oslo_concurrency.lockutils [None req-ca6b5e33-5288-43a4-a806-b9592f47f89d None None] Acquiring lock "00000000-0000-0000-0000-000000000000" by "nova.context.set_target_cell..get_or_set_cached_cell_and_set_connections" {{(pid=120457) inner /usr/local/lib/python3.8/dist-packages/oslo_concurrency/lockutils.py:385}}
Aug 29 23:21:47.737844 dv-cinder-854272-4-smb devstack@n-api.service[120458]: DEBUG oslo_concurrency.lockutils [None req-0e3e9543-0aba-427b-b336-6dd430e7dca4 None None] Acquiring lock "00000000-0000-0000-0000-000000000000" by "nova.context.set_target_cell..get_or_set_cached_cell_and_set_connections" {{(pid=120458) inner /usr/local/lib/python3.8/dist-packages/oslo_concurrency/lockutils.py:385}}
Aug 29 23:21:47.738068 dv-cinder-854272-4-smb devstack@n-api.service[120457]: DEBUG oslo_concurrency.lockutils [None req-ca6b5e33-5288-43a4-a806-b9592f47f89d None None] Lock "00000000-0000-0000-0000-000000000000" acquired by "nova.context.set_target_cell..get_or_set_cached_cell_and_set_connections" :: waited 0.001s {{(pid=120457) inner /usr/local/lib/python3.8/dist-packages/oslo_concurrency/lockutils.py:390}}
Aug 29 23:21:47.738319 dv-cinder-854272-4-smb devstack@n-api.service[120458]: DEBUG oslo_concurrency.lockutils [None req-0e3e9543-0aba-427b-b336-6dd430e7dca4 None None] Lock "00000000-0000-0000-0000-000000000000" acquired by "nova.context.set_target_cell..get_or_set_cached_cell_and_set_connections" :: waited 0.001s {{(pid=120458) inner /usr/local/lib/python3.8/dist-packages/oslo_concurrency/lockutils.py:390}}
Aug 29 23:21:47.739638 dv-cinder-854272-4-smb devstack@n-api.service[120457]: DEBUG oslo_concurrency.lockutils [None req-ca6b5e33-5288-43a4-a806-b9592f47f89d None None] Lock "00000000-0000-0000-0000-000000000000" "released" by "nova.context.set_target_cell..get_or_set_cached_cell_and_set_connections" :: held 0.002s {{(pid=120457) inner /usr/local/lib/python3.8/dist-packages/oslo_concurrency/lockutils.py:404}}
Aug 29 23:21:47.739916 dv-cinder-854272-4-smb devstack@n-api.service[120458]: DEBUG oslo_concurrency.lockutils [None req-0e3e9543-0aba-427b-b336-6dd430e7dca4 None None] Lock "00000000-0000-0000-0000-000000000000" "released" by "nova.context.set_target_cell..get_or_set_cached_cell_and_set_connections" :: held 0.002s {{(pid=120458) inner /usr/local/lib/python3.8/dist-packages/oslo_concurrency/lockutils.py:404}}
Aug 29 23:21:47.740356 dv-cinder-854272-4-smb devstack@n-api.service[120457]: DEBUG oslo_concurrency.lockutils [None req-ca6b5e33-5288-43a4-a806-b9592f47f89d None None] Acquiring lock "96844b3e-fba3-44e8-b73c-6d10eee8ffaf" by "nova.context.set_target_cell..get_or_set_cached_cell_and_set_connections" {{(pid=120457) inner /usr/local/lib/python3.8/dist-packages/oslo_concurrency/lockutils.py:385}}
Aug 29 23:21:47.740669 dv-cinder-854272-4-smb devstack@n-api.service[120458]: DEBUG oslo_concurrency.lockutils [None req-0e3e9543-0aba-427b-b336-6dd430e7dca4 None None] Acquiring lock "96844b3e-fba3-44e8-b73c-6d10eee8ffaf" by "nova.context.set_target_cell..get_or_set_cached_cell_and_set_connections" {{(pid=120458) inner /usr/local/lib/python3.8/dist-packages/oslo_concurrency/lockutils.py:385}}
Aug 29 23:21:47.740776 dv-cinder-854272-4-smb devstack@n-api.service[120457]: DEBUG oslo_concurrency.lockutils [None req-ca6b5e33-5288-43a4-a806-b9592f47f89d None None] Lock "96844b3e-fba3-44e8-b73c-6d10eee8ffaf" acquired by "nova.context.set_target_cell..get_or_set_cached_cell_and_set_connections" :: waited 0.000s {{(pid=120457) inner /usr/local/lib/python3.8/dist-packages/oslo_concurrency/lockutils.py:390}}
Aug 29 23:21:47.741130 dv-cinder-854272-4-smb devstack@n-api.service[120458]: DEBUG oslo_concurrency.lockutils [None req-0e3e9543-0aba-427b-b336-6dd430e7dca4 None None] Lock "96844b3e-fba3-44e8-b73c-6d10eee8ffaf" acquired by "nova.context.set_target_cell..get_or_set_cached_cell_and_set_connections" :: waited 0.000s {{(pid=120458) inner /usr/local/lib/python3.8/dist-packages/oslo_concurrency/lockutils.py:390}}
Aug 29 23:21:47.742805 dv-cinder-854272-4-smb devstack@n-api.service[120457]: DEBUG oslo_concurrency.lockutils [None req-ca6b5e33-5288-43a4-a806-b9592f47f89d None None] Lock "96844b3e-fba3-44e8-b73c-6d10eee8ffaf" "released" by "nova.context.set_target_cell..get_or_set_cached_cell_and_set_connections" :: held 0.002s {{(pid=120457) inner /usr/local/lib/python3.8/dist-packages/oslo_concurrency/lockutils.py:404}}
Aug 29 23:21:47.743148 dv-cinder-854272-4-smb devstack@n-api.service[120458]: DEBUG oslo_concurrency.lockutils [None req-0e3e9543-0aba-427b-b336-6dd430e7dca4 None None] Lock "96844b3e-fba3-44e8-b73c-6d10eee8ffaf" "released" by "nova.context.set_target_cell..get_or_set_cached_cell_and_set_connections" :: held 0.002s {{(pid=120458) inner /usr/local/lib/python3.8/dist-packages/oslo_concurrency/lockutils.py:404}}
Aug 29 23:21:47.745495 dv-cinder-854272-4-smb devstack@n-api.service[120457]: INFO dbcounter [None req-ca6b5e33-5288-43a4-a806-b9592f47f89d None None] Registered counter for database nova_cell0
Aug 29 23:21:47.745703 dv-cinder-854272-4-smb devstack@n-api.service[120458]: INFO dbcounter [None req-0e3e9543-0aba-427b-b336-6dd430e7dca4 None None] Registered counter for database nova_cell0
Aug 29 23:21:47.749754 dv-cinder-854272-4-smb devstack@n-api.service[120457]: INFO dbcounter [None req-ca6b5e33-5288-43a4-a806-b9592f47f89d None None] Registered counter for database nova_cell1
Aug 29 23:21:47.749872 dv-cinder-854272-4-smb devstack@n-api.service[120458]: INFO dbcounter [None req-0e3e9543-0aba-427b-b336-6dd430e7dca4 None None] Registered counter for database nova_cell1
Aug 29 23:21:47.757141 dv-cinder-854272-4-smb devstack@n-api.service[120458]: DEBUG oslo_db.sqlalchemy.engines [None req-0e3e9543-0aba-427b-b336-6dd430e7dca4 None None] MySQL server mode set to STRICT_TRANS_TABLES,STRICT_ALL_TABLES,NO_ZERO_IN_DATE,NO_ZERO_DATE,ERROR_FOR_DIVISION_BY_ZERO,TRADITIONAL,NO_ENGINE_SUBSTITUTION {{(pid=120458) _check_effective_sql_mode /usr/local/lib/python3.8/dist-packages/oslo_db/sqlalchemy/engines.py:314}}
Aug 29 23:21:47.758566 dv-cinder-854272-4-smb devstack@n-api.service[120457]: DEBUG oslo_db.sqlalchemy.engines [None req-ca6b5e33-5288-43a4-a806-b9592f47f89d None None] MySQL server mode set to STRICT_TRANS_TABLES,STRICT_ALL_TABLES,NO_ZERO_IN_DATE,NO_ZERO_DATE,ERROR_FOR_DIVISION_BY_ZERO,TRADITIONAL,NO_ENGINE_SUBSTITUTION {{(pid=120457) _check_effective_sql_mode /usr/local/lib/python3.8/dist-packages/oslo_db/sqlalchemy/engines.py:314}}
Aug 29 23:21:47.761550 dv-cinder-854272-4-smb devstack@n-api.service[120458]: DEBUG oslo_db.sqlalchemy.engines [None req-0e3e9543-0aba-427b-b336-6dd430e7dca4 None None] MySQL server mode set to STRICT_TRANS_TABLES,STRICT_ALL_TABLES,NO_ZERO_IN_DATE,NO_ZERO_DATE,ERROR_FOR_DIVISION_BY_ZERO,TRADITIONAL,NO_ENGINE_SUBSTITUTION {{(pid=120458) _check_effective_sql_mode /usr/local/lib/python3.8/dist-packages/oslo_db/sqlalchemy/engines.py:314}}
Aug 29 23:21:47.764002 dv-cinder-854272-4-smb devstack@n-api.service[120457]: DEBUG oslo_db.sqlalchemy.engines [None req-ca6b5e33-5288-43a4-a806-b9592f47f89d None None] MySQL server mode set to STRICT_TRANS_TABLES,STRICT_ALL_TABLES,NO_ZERO_IN_DATE,NO_ZERO_DATE,ERROR_FOR_DIVISION_BY_ZERO,TRADITIONAL,NO_ENGINE_SUBSTITUTION {{(pid=120457) _check_effective_sql_mode /usr/local/lib/python3.8/dist-packages/oslo_db/sqlalchemy/engines.py:314}}
Aug 29 23:21:47.764415 dv-cinder-854272-4-smb devstack@n-api.service[120458]: DEBUG dbcounter [-] [120458] Writer thread running {{(pid=120458) stat_writer /usr/local/lib/python3.8/dist-packages/dbcounter.py:99}}
Aug 29 23:21:47.771988 dv-cinder-854272-4-smb devstack@n-api.service[120457]: DEBUG dbcounter [-] [120457] Writer thread running {{(pid=120457) stat_writer /usr/local/lib/python3.8/dist-packages/dbcounter.py:99}}
Aug 29 23:21:47.772293 dv-cinder-854272-4-smb devstack@n-api.service[120457]: DEBUG dbcounter [-] [120457] Writer thread running {{(pid=120457) stat_writer /usr/local/lib/python3.8/dist-packages/dbcounter.py:99}}
Aug 29 23:21:47.910005 dv-cinder-854272-4-smb devstack@n-api.service[120458]: DEBUG dbcounter [-] [120458] Writer thread running {{(pid=120458) stat_writer /usr/local/lib/python3.8/dist-packages/dbcounter.py:99}}
Aug 29 23:21:47.921029 dv-cinder-854272-4-smb devstack@n-api.service[120458]: INFO dbcounter [None req-0e3e9543-0aba-427b-b336-6dd430e7dca4 None None] Registered counter for database nova_cell0
Aug 29 23:21:47.924144 dv-cinder-854272-4-smb devstack@n-api.service[120457]: INFO dbcounter [None req-ca6b5e33-5288-43a4-a806-b9592f47f89d None None] Registered counter for database nova_cell0
Aug 29 23:21:47.927964 dv-cinder-854272-4-smb devstack@n-api.service[120458]: DEBUG oslo_db.sqlalchemy.engines [None req-0e3e9543-0aba-427b-b336-6dd430e7dca4 None None] MySQL server mode set to STRICT_TRANS_TABLES,STRICT_ALL_TABLES,NO_ZERO_IN_DATE,NO_ZERO_DATE,ERROR_FOR_DIVISION_BY_ZERO,TRADITIONAL,NO_ENGINE_SUBSTITUTION {{(pid=120458) _check_effective_sql_mode /usr/local/lib/python3.8/dist-packages/oslo_db/sqlalchemy/engines.py:314}}
Aug 29 23:21:47.932525 dv-cinder-854272-4-smb devstack@n-api.service[120457]: DEBUG oslo_db.sqlalchemy.engines [None req-ca6b5e33-5288-43a4-a806-b9592f47f89d None None] MySQL server mode set to STRICT_TRANS_TABLES,STRICT_ALL_TABLES,NO_ZERO_IN_DATE,NO_ZERO_DATE,ERROR_FOR_DIVISION_BY_ZERO,TRADITIONAL,NO_ENGINE_SUBSTITUTION {{(pid=120457) _check_effective_sql_mode /usr/local/lib/python3.8/dist-packages/oslo_db/sqlalchemy/engines.py:314}}
Aug 29 23:21:47.936503 dv-cinder-854272-4-smb devstack@n-api.service[120458]: DEBUG dbcounter [-] [120458] Writer thread running {{(pid=120458) stat_writer /usr/local/lib/python3.8/dist-packages/dbcounter.py:99}}
Aug 29 23:21:47.936948 dv-cinder-854272-4-smb devstack@n-api.service[120457]: DEBUG dbcounter [-] [120457] Writer thread running {{(pid=120457) stat_writer /usr/local/lib/python3.8/dist-packages/dbcounter.py:99}}
Aug 29 23:21:48.262318 dv-cinder-854272-4-smb devstack@n-api.service[120457]: WARNING keystonemiddleware.auth_token [None req-ca6b5e33-5288-43a4-a806-b9592f47f89d None None] AuthToken middleware is set with keystone_authtoken.service_token_roles_required set to False. This is backwards compatible but deprecated behaviour. Please set this to True.
Aug 29 23:21:48.269680 dv-cinder-854272-4-smb devstack@n-api.service[120457]: WARNING keystonemiddleware.auth_token [None req-ca6b5e33-5288-43a4-a806-b9592f47f89d None None] Configuring www_authenticate_uri to point to the public identity endpoint is required; clients may not be able to authenticate against an admin endpoint
Aug 29 23:21:48.273794 dv-cinder-854272-4-smb devstack@n-api.service[120458]: WARNING keystonemiddleware.auth_token [None req-0e3e9543-0aba-427b-b336-6dd430e7dca4 None None] AuthToken middleware is set with keystone_authtoken.service_token_roles_required set to False. This is backwards compatible but deprecated behaviour. Please set this to True.
Aug 29 23:21:48.281716 dv-cinder-854272-4-smb devstack@n-api.service[120458]: WARNING keystonemiddleware.auth_token [None req-0e3e9543-0aba-427b-b336-6dd430e7dca4 None None] Configuring www_authenticate_uri to point to the public identity endpoint is required; clients may not be able to authenticate against an admin endpoint
Aug 29 23:21:48.622020 dv-cinder-854272-4-smb devstack@n-api.service[120457]: WARNING keystonemiddleware.auth_token [None req-ca6b5e33-5288-43a4-a806-b9592f47f89d None None] AuthToken middleware is set with keystone_authtoken.service_token_roles_required set to False. This is backwards compatible but deprecated behaviour. Please set this to True.
Aug 29 23:21:48.629318 dv-cinder-854272-4-smb devstack@n-api.service[120457]: WARNING keystonemiddleware.auth_token [None req-ca6b5e33-5288-43a4-a806-b9592f47f89d None None] Configuring www_authenticate_uri to point to the public identity endpoint is required; clients may not be able to authenticate against an admin endpoint
Aug 29 23:21:48.634993 dv-cinder-854272-4-smb devstack@n-api.service[120457]: WSGI app 0 (mountpoint='') ready in 5 seconds on interpreter 0x5642ba74b9c0 pid: 120457 (default app)
Aug 29 23:21:48.639500 dv-cinder-854272-4-smb devstack@n-api.service[120458]: WARNING keystonemiddleware.auth_token [None req-0e3e9543-0aba-427b-b336-6dd430e7dca4 None None] AuthToken middleware is set with keystone_authtoken.service_token_roles_required set to False. This is backwards compatible but deprecated behaviour. Please set this to True.
Aug 29 23:21:48.645620 dv-cinder-854272-4-smb devstack@n-api.service[120458]: WARNING keystonemiddleware.auth_token [None req-0e3e9543-0aba-427b-b336-6dd430e7dca4 None None] Configuring www_authenticate_uri to point to the public identity endpoint is required; clients may not be able to authenticate against an admin endpoint
Aug 29 23:21:48.651011 dv-cinder-854272-4-smb devstack@n-api.service[120458]: WSGI app 0 (mountpoint='') ready in 5 seconds on interpreter 0x5642ba74b9c0 pid: 120458 (default app)
Aug 29 23:22:24.427588 dv-cinder-854272-4-smb devstack@n-api.service[120457]: DEBUG dbcounter [-] [120457] Writing DB stats nova_api:SELECT=3 {{(pid=120457) stat_writer /usr/local/lib/python3.8/dist-packages/dbcounter.py:114}}
Aug 29 23:22:24.428617 dv-cinder-854272-4-smb devstack@n-api.service[120457]: DEBUG dbcounter [-] [120457] Writing DB stats nova_cell1:SELECT=3 {{(pid=120457) stat_writer /usr/local/lib/python3.8/dist-packages/dbcounter.py:114}}
Aug 29 23:22:24.429461 dv-cinder-854272-4-smb devstack@n-api.service[120457]: DEBUG dbcounter [-] [120457] Writing DB stats nova_cell0:SELECT=3 {{(pid=120457) stat_writer /usr/local/lib/python3.8/dist-packages/dbcounter.py:114}}
Aug 29 23:22:24.430550 dv-cinder-854272-4-smb devstack@n-api.service[120457]: DEBUG dbcounter [-] [120457] Writing DB stats nova_cell0:SELECT=3 {{(pid=120457) stat_writer /usr/local/lib/python3.8/dist-packages/dbcounter.py:114}}
Aug 29 23:22:25.611762 dv-cinder-854272-4-smb devstack@n-api.service[120457]: DEBUG nova.api.openstack.wsgi [None req-acd7cbbc-c0d6-4f2b-8602-b9735b7fe321 tempest-VolumesGetTestJSON-1545665489 tempest-VolumesGetTestJSON-1545665489-project] Action: 'create', calling method: .version_select at 0x7f74f0c69e50>, body: {"volume": {"size": 1, "display_name": "tempest-VolumesGetTestJSON-Volume-1560697470", "metadata": {"Type": "work"}}} {{(pid=120457) _process_stack /opt/stack/nova/nova/api/openstack/wsgi.py:511}}
Aug 29 23:22:25.741448 dv-cinder-854272-4-smb devstack@n-api.service[120458]: DEBUG dbcounter [-] [120458] Writing DB stats nova_api:SELECT=3 {{(pid=120458) stat_writer /usr/local/lib/python3.8/dist-packages/dbcounter.py:114}}
Aug 29 23:22:25.744571 dv-cinder-854272-4-smb devstack@n-api.service[120458]: DEBUG dbcounter [-] [120458] Writing DB stats nova_cell0:SELECT=3 {{(pid=120458) stat_writer /usr/local/lib/python3.8/dist-packages/dbcounter.py:114}}
Aug 29 23:22:25.745891 dv-cinder-854272-4-smb devstack@n-api.service[120458]: DEBUG dbcounter [-] [120458] Writing DB stats nova_cell1:SELECT=3 {{(pid=120458) stat_writer /usr/local/lib/python3.8/dist-packages/dbcounter.py:114}}
Aug 29 23:22:25.747067 dv-cinder-854272-4-smb devstack@n-api.service[120458]: DEBUG dbcounter [-] [120458] Writing DB stats nova_cell0:SELECT=3 {{(pid=120458) stat_writer /usr/local/lib/python3.8/dist-packages/dbcounter.py:114}}
Aug 29 23:22:26.745991 dv-cinder-854272-4-smb devstack@n-api.service[120458]: DEBUG nova.api.openstack.wsgi [None req-e37f226a-2262-443a-bcc3-95f24590dd9f tempest-VolumesSnapshotsTestJSON-314771432 tempest-VolumesSnapshotsTestJSON-314771432-project] Action: 'create', calling method: .version_select at 0x7f74f0d08e50>, body: {"volume": {"size": 1, "display_name": "tempest-VolumesSnapshotsTestJSON-volume-526988647"}} {{(pid=120458) _process_stack /opt/stack/nova/nova/api/openstack/wsgi.py:511}}
Aug 29 23:22:27.481429 dv-cinder-854272-4-smb devstack@n-api.service[120457]: INFO nova.api.openstack.requestlog [None req-acd7cbbc-c0d6-4f2b-8602-b9735b7fe321 tempest-VolumesGetTestJSON-1545665489 tempest-VolumesGetTestJSON-1545665489-project] 10.222.0.88 "POST /compute/v2.1/os-volumes" status: 200 len: 353 microversion: 2.1 time: 3.062122
Aug 29 23:22:27.481933 dv-cinder-854272-4-smb devstack@n-api.service[120457]: [pid: 120457|app: 0|req: 1/1] 10.222.0.88 () {60 vars in 1156 bytes} [Mon Aug 29 23:22:24 2022] POST /compute/v2.1/os-volumes => generated 353 bytes in 3066 msecs (HTTP/1.1 200) 10 headers in 448 bytes (1 switches on core 0)
Aug 29 23:22:27.498475 dv-cinder-854272-4-smb devstack@n-api.service[120457]: DEBUG nova.api.openstack.wsgi [None req-d0ab4acf-ff42-4a56-948c-3e339f1c0a7c tempest-VolumesGetTestJSON-1545665489 tempest-VolumesGetTestJSON-1545665489-project] Calling method '.version_select at 0x7f74f0aebca0>' {{(pid=120457) _process_stack /opt/stack/nova/nova/api/openstack/wsgi.py:513}}
Aug 29 23:22:27.596471 dv-cinder-854272-4-smb devstack@n-api.service[120457]: INFO nova.api.openstack.requestlog [None req-d0ab4acf-ff42-4a56-948c-3e339f1c0a7c tempest-VolumesGetTestJSON-1545665489 tempest-VolumesGetTestJSON-1545665489-project] 10.222.0.88 "GET /compute/v2.1/os-volumes/525f30e6-6581-435a-a03a-1656a27a9bf2" status: 200 len: 353 microversion: 2.1 time: 0.104041
Aug 29 23:22:27.597163 dv-cinder-854272-4-smb devstack@n-api.service[120457]: [pid: 120457|app: 0|req: 2/2] 10.222.0.88 () {58 vars in 1245 bytes} [Mon Aug 29 23:22:27 2022] GET /compute/v2.1/os-volumes/525f30e6-6581-435a-a03a-1656a27a9bf2 => generated 353 bytes in 105 msecs (HTTP/1.1 200) 9 headers in 357 bytes (1 switches on core 0)
Aug 29 23:22:28.207291 dv-cinder-854272-4-smb devstack@n-api.service[120458]: INFO nova.api.openstack.requestlog [None req-e37f226a-2262-443a-bcc3-95f24590dd9f tempest-VolumesSnapshotsTestJSON-314771432 tempest-VolumesSnapshotsTestJSON-314771432-project] 10.222.0.88 "POST /compute/v2.1/os-volumes" status: 200 len: 344 microversion: 2.1 time: 2.479817
Aug 29 23:22:28.213678 dv-cinder-854272-4-smb devstack@n-api.service[120458]: [pid: 120458|app: 0|req: 1/3] 10.222.0.88 () {60 vars in 1155 bytes} [Mon Aug 29 23:22:25 2022] POST /compute/v2.1/os-volumes => generated 344 bytes in 2488 msecs (HTTP/1.1 200) 10 headers in 448 bytes (2 switches on core 0)
Aug 29 23:22:28.228968 dv-cinder-854272-4-smb devstack@n-api.service[120457]: DEBUG nova.api.openstack.wsgi [None req-a0d1a83b-53e9-48d6-b82e-b37b0858a15f tempest-VolumesSnapshotsTestJSON-314771432 tempest-VolumesSnapshotsTestJSON-314771432-project] Calling method '.version_select at 0x7f74f0b023a0>' {{(pid=120457) _process_stack /opt/stack/nova/nova/api/openstack/wsgi.py:513}}
Aug 29 23:22:28.416568 dv-cinder-854272-4-smb devstack@n-api.service[120457]: INFO nova.api.openstack.requestlog [None req-a0d1a83b-53e9-48d6-b82e-b37b0858a15f tempest-VolumesSnapshotsTestJSON-314771432 tempest-VolumesSnapshotsTestJSON-314771432-project] 10.222.0.88 "GET /compute/v2.1/os-volumes/b01f4584-9c14-4882-942d-57fe0d28a3fb" status: 200 len: 344 microversion: 2.1 time: 0.192269
Aug 29 23:22:28.423745 dv-cinder-854272-4-smb devstack@n-api.service[120457]: [pid: 120457|app: 0|req: 3/4] 10.222.0.88 () {58 vars in 1245 bytes} [Mon Aug 29 23:22:28 2022] GET /compute/v2.1/os-volumes/b01f4584-9c14-4882-942d-57fe0d28a3fb => generated 344 bytes in 201 msecs (HTTP/1.1 200) 9 headers in 357 bytes (1 switches on core 0)
Aug 29 23:22:28.611207 dv-cinder-854272-4-smb devstack@n-api.service[120458]: DEBUG nova.api.openstack.wsgi [None req-9fedc5cb-35ac-442c-87e1-73dad62764ec tempest-VolumesGetTestJSON-1545665489 tempest-VolumesGetTestJSON-1545665489-project] Calling method '.version_select at 0x7f74f0aedca0>' {{(pid=120458) _process_stack /opt/stack/nova/nova/api/openstack/wsgi.py:513}}
Aug 29 23:22:28.691349 dv-cinder-854272-4-smb devstack@n-api.service[120458]: INFO nova.api.openstack.requestlog [None req-9fedc5cb-35ac-442c-87e1-73dad62764ec tempest-VolumesGetTestJSON-1545665489 tempest-VolumesGetTestJSON-1545665489-project] 10.222.0.88 "GET /compute/v2.1/os-volumes/525f30e6-6581-435a-a03a-1656a27a9bf2" status: 200 len: 354 microversion: 2.1 time: 0.084211
Aug 29 23:22:28.692223 dv-cinder-854272-4-smb devstack@n-api.service[120458]: [pid: 120458|app: 0|req: 2/5] 10.222.0.88 () {58 vars in 1245 bytes} [Mon Aug 29 23:22:28 2022] GET /compute/v2.1/os-volumes/525f30e6-6581-435a-a03a-1656a27a9bf2 => generated 354 bytes in 86 msecs (HTTP/1.1 200) 9 headers in 357 bytes (1 switches on core 0)
Aug 29 23:22:28.705939 dv-cinder-854272-4-smb devstack@n-api.service[120457]: DEBUG nova.api.openstack.wsgi [None req-1f75722a-f421-4cd6-93ea-fb731a065914 tempest-VolumesGetTestJSON-1545665489 tempest-VolumesGetTestJSON-1545665489-project] Calling method '.version_select at 0x7f74f0b02af0>' {{(pid=120457) _process_stack /opt/stack/nova/nova/api/openstack/wsgi.py:513}}
Aug 29 23:22:28.808374 dv-cinder-854272-4-smb devstack@n-api.service[120457]: INFO nova.api.openstack.requestlog [None req-1f75722a-f421-4cd6-93ea-fb731a065914 tempest-VolumesGetTestJSON-1545665489 tempest-VolumesGetTestJSON-1545665489-project] 10.222.0.88 "GET /compute/v2.1/os-volumes/525f30e6-6581-435a-a03a-1656a27a9bf2" status: 200 len: 354 microversion: 2.1 time: 0.106263
Aug 29 23:22:28.808946 dv-cinder-854272-4-smb devstack@n-api.service[120457]: [pid: 120457|app: 0|req: 4/6] 10.222.0.88 () {58 vars in 1245 bytes} [Mon Aug 29 23:22:28 2022] GET /compute/v2.1/os-volumes/525f30e6-6581-435a-a03a-1656a27a9bf2 => generated 354 bytes in 108 msecs (HTTP/1.1 200) 9 headers in 357 bytes (2 switches on core 0)
Aug 29 23:22:28.828436 dv-cinder-854272-4-smb devstack@n-api.service[120458]: DEBUG nova.api.openstack.wsgi [None req-7f213904-fa90-4cfb-8226-d221858a2385 tempest-VolumesGetTestJSON-1545665489 tempest-VolumesGetTestJSON-1545665489-project] Calling method '.version_select at 0x7f74f0b03430>' {{(pid=120458) _process_stack /opt/stack/nova/nova/api/openstack/wsgi.py:513}}
Aug 29 23:22:28.985061 dv-cinder-854272-4-smb devstack@n-api.service[120458]: INFO nova.api.openstack.requestlog [None req-7f213904-fa90-4cfb-8226-d221858a2385 tempest-VolumesGetTestJSON-1545665489 tempest-VolumesGetTestJSON-1545665489-project] 10.222.0.88 "DELETE /compute/v2.1/os-volumes/525f30e6-6581-435a-a03a-1656a27a9bf2" status: 202 len: 0 microversion: 2.1 time: 0.160973
Aug 29 23:22:28.985679 dv-cinder-854272-4-smb devstack@n-api.service[120458]: [pid: 120458|app: 0|req: 3/7] 10.222.0.88 () {58 vars in 1248 bytes} [Mon Aug 29 23:22:28 2022] DELETE /compute/v2.1/os-volumes/525f30e6-6581-435a-a03a-1656a27a9bf2 => generated 0 bytes in 162 msecs (HTTP/1.1 202) 9 headers in 361 bytes (1 switches on core 0)
Aug 29 23:22:28.999104 dv-cinder-854272-4-smb devstack@n-api.service[120457]: DEBUG nova.api.openstack.wsgi [None req-52ec901d-0f47-49ba-950f-0eb87e6d96dd tempest-VolumesGetTestJSON-1545665489 tempest-VolumesGetTestJSON-1545665489-project] Calling method '.version_select at 0x7f74f0aebca0>' {{(pid=120457) _process_stack /opt/stack/nova/nova/api/openstack/wsgi.py:513}}
Aug 29 23:22:29.089641 dv-cinder-854272-4-smb devstack@n-api.service[120457]: INFO nova.api.openstack.requestlog [None req-52ec901d-0f47-49ba-950f-0eb87e6d96dd tempest-VolumesGetTestJSON-1545665489 tempest-VolumesGetTestJSON-1545665489-project] 10.222.0.88 "GET /compute/v2.1/os-volumes/525f30e6-6581-435a-a03a-1656a27a9bf2" status: 200 len: 353 microversion: 2.1 time: 0.099469
Aug 29 23:22:29.099062 dv-cinder-854272-4-smb devstack@n-api.service[120457]: [pid: 120457|app: 0|req: 5/8] 10.222.0.88 () {58 vars in 1245 bytes} [Mon Aug 29 23:22:28 2022] GET /compute/v2.1/os-volumes/525f30e6-6581-435a-a03a-1656a27a9bf2 => generated 353 bytes in 110 msecs (HTTP/1.1 200) 9 headers in 357 bytes (1 switches on core 0)
Aug 29 23:22:29.439997 dv-cinder-854272-4-smb devstack@n-api.service[120458]: DEBUG nova.api.openstack.wsgi [None req-47522dab-368b-4122-af2b-3325c6b28983 tempest-VolumesSnapshotsTestJSON-314771432 tempest-VolumesSnapshotsTestJSON-314771432-project] Calling method '.version_select at 0x7f74f0b03af0>' {{(pid=120458) _process_stack /opt/stack/nova/nova/api/openstack/wsgi.py:513}}
Aug 29 23:22:29.519637 dv-cinder-854272-4-smb devstack@n-api.service[120458]: INFO nova.api.openstack.requestlog [None req-47522dab-368b-4122-af2b-3325c6b28983 tempest-VolumesSnapshotsTestJSON-314771432 tempest-VolumesSnapshotsTestJSON-314771432-project] 10.222.0.88 "GET /compute/v2.1/os-volumes/b01f4584-9c14-4882-942d-57fe0d28a3fb" status: 200 len: 345 microversion: 2.1 time: 0.086685
Aug 29 23:22:29.520680 dv-cinder-854272-4-smb devstack@n-api.service[120458]: [pid: 120458|app: 0|req: 4/9] 10.222.0.88 () {58 vars in 1245 bytes} [Mon Aug 29 23:22:29 2022] GET /compute/v2.1/os-volumes/b01f4584-9c14-4882-942d-57fe0d28a3fb => generated 345 bytes in 90 msecs (HTTP/1.1 200) 9 headers in 357 bytes (1 switches on core 0)
Aug 29 23:22:29.533960 dv-cinder-854272-4-smb devstack@n-api.service[120457]: DEBUG nova.api.openstack.wsgi [None req-d4160af0-2fb6-4256-95a4-593ee2531a52 tempest-VolumesSnapshotsTestJSON-314771432 tempest-VolumesSnapshotsTestJSON-314771432-project] Action: 'create', calling method: .version_select at 0x7f74f0b02ca0>, body: {"snapshot": {"volume_id": "b01f4584-9c14-4882-942d-57fe0d28a3fb", "display_name": "tempest-VolumesSnapshotsTestJSON-Snapshot-1373848341"}} {{(pid=120457) _process_stack /opt/stack/nova/nova/api/openstack/wsgi.py:511}}
Aug 29 23:22:30.112847 dv-cinder-854272-4-smb devstack@n-api.service[120458]: DEBUG nova.api.openstack.wsgi [None req-15ecb563-c993-4f74-82a7-f36ad68a8c78 tempest-VolumesGetTestJSON-1545665489 tempest-VolumesGetTestJSON-1545665489-project] Calling method '.version_select at 0x7f74f0aedca0>' {{(pid=120458) _process_stack /opt/stack/nova/nova/api/openstack/wsgi.py:513}}
Aug 29 23:22:30.173749 dv-cinder-854272-4-smb devstack@n-api.service[120458]: INFO nova.api.openstack.wsgi [None req-15ecb563-c993-4f74-82a7-f36ad68a8c78 tempest-VolumesGetTestJSON-1545665489 tempest-VolumesGetTestJSON-1545665489-project] HTTP exception thrown: Volume 525f30e6-6581-435a-a03a-1656a27a9bf2 could not be found.
Aug 29 23:22:30.180785 dv-cinder-854272-4-smb devstack@n-api.service[120458]: DEBUG nova.api.openstack.wsgi [None req-15ecb563-c993-4f74-82a7-f36ad68a8c78 tempest-VolumesGetTestJSON-1545665489 tempest-VolumesGetTestJSON-1545665489-project] Request method failure captured:
Aug 29 23:22:30.180785 dv-cinder-854272-4-smb devstack@n-api.service[120458]: request: GET /compute/v2.1/os-volumes/525f30e6-6581-435a-a03a-1656a27a9bf2 HTTP/1.1
Aug 29 23:22:30.180785 dv-cinder-854272-4-smb devstack@n-api.service[120458]: Accept: application/json
Aug 29 23:22:30.180785 dv-cinder-854272-4-smb devstack@n-api.service[120458]: Accept-Encoding: identity
Aug 29 23:22:30.180785 dv-cinder-854272-4-smb devstack@n-api.service[120458]: Connection: close
Aug 29 23:22:30.180785 dv-cinder-854272-4-smb devstack@n-api.service[120458]: Content-Length: 0
Aug 29 23:22:30.180785 dv-cinder-854272-4-smb devstack@n-api.service[120458]: Content-Type: application/json
Aug 29 23:22:30.180785 dv-cinder-854272-4-smb devstack@n-api.service[120458]: Host: 10.222.0.88
Aug 29 23:22:30.180785 dv-cinder-854272-4-smb devstack@n-api.service[120458]: Openstack-System-Scope: None
Aug 29 23:22:30.180785 dv-cinder-854272-4-smb devstack@n-api.service[120458]: User-Agent: python-urllib3/1.26.12
Aug 29 23:22:30.180785 dv-cinder-854272-4-smb devstack@n-api.service[120458]: X-Auth-Token: gAAAAABjDUow-2vWygLIGEWgYHpiM67MTvx1nB7sCe-l8wVl7kUuckRhSEpm5vuN1d8FdIgnoQ3DQn0pPV8Xbdeg6qmbICu9ztLO6C4YKIoPsPQXrEPl9I6Fgi84Ysq3HssrHWgXrsXrEkNW2fC8GrOLlX3XuC8tNSzcICHY7B-eTUcC0eMJTu4
Aug 29 23:22:30.180785 dv-cinder-854272-4-smb devstack@n-api.service[120458]: X-Domain-Id: None
Aug 29 23:22:30.180785 dv-cinder-854272-4-smb devstack@n-api.service[120458]: X-Domain-Name: None
Aug 29 23:22:30.180785 dv-cinder-854272-4-smb devstack@n-api.service[120458]: X-Identity-Status: Confirmed
Aug 29 23:22:30.180785 dv-cinder-854272-4-smb devstack@n-api.service[120458]: X-Is-Admin-Project: True
Aug 29 23:22:30.180785 dv-cinder-854272-4-smb devstack@n-api.service[120458]: X-Project-Domain-Id: default
Aug 29 23:22:30.180785 dv-cinder-854272-4-smb devstack@n-api.service[120458]: X-Project-Domain-Name: Default
Aug 29 23:22:30.180785 dv-cinder-854272-4-smb devstack@n-api.service[120458]: X-Project-Id: 83734562e27946119f6f398fb504b83a
Aug 29 23:22:30.180785 dv-cinder-854272-4-smb devstack@n-api.service[120458]: X-Project-Name: tempest-VolumesGetTestJSON-1545665489
Aug 29 23:22:30.180785 dv-cinder-854272-4-smb devstack@n-api.service[120458]: X-Role: member,reader
Aug 29 23:22:30.180785 dv-cinder-854272-4-smb devstack@n-api.service[120458]: X-Roles: member,reader
Aug 29 23:22:30.182046 dv-cinder-854272-4-smb devstack@n-api.service[120458]: X-Service-Catalog: [{"type": "image", "name": "glance", "endpoints": [{"region": "RegionOne", "publicURL": "http://10.222.0.88/image"}]}, {"type": "compute", "name": "nova", "endpoints": [{"region": "RegionOne", "publicURL": "http://10.222.0.88/compute/v2.1"}]}, {"type": "block-storage", "name": "cinder", "endpoints": [{"region": "RegionOne", "publicURL": "http://10.222.0.88/volume/v3/83734562e27946119f6f398fb504b83a"}]}, {"type": "compute_legacy", "name": "nova_legacy", "endpoints": [{"region": "RegionOne", "publicURL": "http://10.222.0.88/compute/v2/83734562e27946119f6f398fb504b83a"}]}, {"type": "network", "name": "neutron", "endpoints": [{"region": "RegionOne", "publicURL": "http://10.222.0.88:9696/networking"}]}, {"type": "identity", "name": "keystone", "endpoints": [{"region": "RegionOne", "publicURL": "http://10.222.0.88/identity"}]}, {"type": "object-store", "name": "swift", "endpoints": [{"region": "RegionOne", "adminURL": "http://10.222.0.88:8080", "publicURL": "http://10.222.0.88:8080/v1/AUTH_83734562e27946119f6f398fb504b83a"}]}, {"type": "placement", "name": "placement", "endpoints": [{"region": "RegionOne", "publicURL": "http://10.222.0.88/placement"}]}, {"type": "volumev3", "name": "cinderv3", "endpoints": [{"region": "RegionOne", "publicURL": "http://10.222.0.88/volume/v3/83734562e27946119f6f398fb504b83a"}]}]
Aug 29 23:22:30.182046 dv-cinder-854272-4-smb devstack@n-api.service[120458]: X-Tenant: tempest-VolumesGetTestJSON-1545665489
Aug 29 23:22:30.182046 dv-cinder-854272-4-smb devstack@n-api.service[120458]: X-Tenant-Id: 83734562e27946119f6f398fb504b83a
Aug 29 23:22:30.182046 dv-cinder-854272-4-smb devstack@n-api.service[120458]: X-Tenant-Name: tempest-VolumesGetTestJSON-1545665489
Aug 29 23:22:30.182046 dv-cinder-854272-4-smb devstack@n-api.service[120458]: X-User: tempest-VolumesGetTestJSON-1545665489-project
Aug 29 23:22:30.182046 dv-cinder-854272-4-smb devstack@n-api.service[120458]: X-User-Domain-Id: default
Aug 29 23:22:30.182046 dv-cinder-854272-4-smb devstack@n-api.service[120458]: X-User-Domain-Name: Default
Aug 29 23:22:30.182046 dv-cinder-854272-4-smb devstack@n-api.service[120458]: X-User-Id: 35810d5e373e4ee3ad0f991bb8357eda
Aug 29 23:22:30.182046 dv-cinder-854272-4-smb devstack@n-api.service[120458]: X-User-Name: tempest-VolumesGetTestJSON-1545665489-project
Aug 29 23:22:30.182046 dv-cinder-854272-4-smb devstack@n-api.service[120458]: method:
Aug 29 23:22:30.182046 dv-cinder-854272-4-smb devstack@n-api.service[120458]: exception: Volume 525f30e6-6581-435a-a03a-1656a27a9bf2 could not be found.
Aug 29 23:22:30.182046 dv-cinder-854272-4-smb devstack@n-api.service[120458]: action_args: {'id': '525f30e6-6581-435a-a03a-1656a27a9bf2'}
Aug 29 23:22:30.182046 dv-cinder-854272-4-smb devstack@n-api.service[120458]: {{(pid=120458) _process_stack /opt/stack/nova/nova/api/openstack/wsgi.py:541}}
Aug 29 23:22:30.182848 dv-cinder-854272-4-smb devstack@n-api.service[120458]: ERROR nova.api.openstack.wsgi
Traceback (most recent call last):
Aug 29 23:22:30.182848 dv-cinder-854272-4-smb devstack@n-api.service[120458]: ERROR nova.api.openstack.wsgi
File "/opt/stack/nova/nova/volume/cinder.py", line 433, in wrapper
Aug 29 23:22:30.182848 dv-cinder-854272-4-smb devstack@n-api.service[120458]: ERROR nova.api.openstack.wsgi res = method(self, ctx, volume_id, *args, **kwargs)
Aug 29 23:22:30.182848 dv-cinder-854272-4-smb devstack@n-api.service[120458]: ERROR nova.api.openstack.wsgi
File "/opt/stack/nova/nova/volume/cinder.py", line 502, in get
Aug 29 23:22:30.182848 dv-cinder-854272-4-smb devstack@n-api.service[120458]: ERROR nova.api.openstack.wsgi item = cinderclient(
Aug 29 23:22:30.182848 dv-cinder-854272-4-smb devstack@n-api.service[120458]: ERROR nova.api.openstack.wsgi
File "/usr/local/lib/python3.8/dist-packages/cinderclient/v3/volumes_base.py", line 202, in get
Aug 29 23:22:30.182848 dv-cinder-854272-4-smb devstack@n-api.service[120458]: ERROR nova.api.openstack.wsgi return self._get("/volumes/%s" % volume_id, "volume")
Aug 29 23:22:30.182848 dv-cinder-854272-4-smb devstack@n-api.service[120458]: ERROR nova.api.openstack.wsgi
File "/usr/local/lib/python3.8/dist-packages/cinderclient/base.py", line 297, in _get
Aug 29 23:22:30.182848 dv-cinder-854272-4-smb devstack@n-api.service[120458]: ERROR nova.api.openstack.wsgi resp, body = self.api.client.get(url)
Aug 29 23:22:30.182848 dv-cinder-854272-4-smb devstack@n-api.service[120458]: ERROR nova.api.openstack.wsgi
File "/usr/local/lib/python3.8/dist-packages/cinderclient/client.py", line 224, in get
Aug 29 23:22:30.182848 dv-cinder-854272-4-smb devstack@n-api.service[120458]: ERROR nova.api.openstack.wsgi return self._cs_request(url, 'GET', **kwargs)
Aug 29 23:22:30.182848 dv-cinder-854272-4-smb devstack@n-api.service[120458]: ERROR nova.api.openstack.wsgi
File "/usr/local/lib/python3.8/dist-packages/cinderclient/client.py", line 215, in _cs_request
Aug 29 23:22:30.182848 dv-cinder-854272-4-smb devstack@n-api.service[120458]: ERROR nova.api.openstack.wsgi return self.request(url, method, **kwargs)
Aug 29 23:22:30.182848 dv-cinder-854272-4-smb devstack@n-api.service[120458]: ERROR nova.api.openstack.wsgi
File "/usr/local/lib/python3.8/dist-packages/cinderclient/client.py", line 201, in request
Aug 29 23:22:30.182848 dv-cinder-854272-4-smb devstack@n-api.service[120458]: ERROR nova.api.openstack.wsgi raise exceptions.from_response(resp, body)
Aug 29 23:22:30.182848 dv-cinder-854272-4-smb devstack@n-api.service[120458]: ERROR nova.api.openstack.wsgi cinderclient.exceptions.NotFound: Volume 525f30e6-6581-435a-a03a-1656a27a9bf2 could not be found. (HTTP 404) (Request-ID: req-8f2afc1b-16bd-4a91-b035-f41a9b468852)
Aug 29 23:22:30.182848 dv-cinder-854272-4-smb devstack@n-api.service[120458]: ERROR nova.api.openstack.wsgi
Aug 29 23:22:30.182848 dv-cinder-854272-4-smb devstack@n-api.service[120458]: ERROR nova.api.openstack.wsgi During handling of the above exception, another exception occurred:
Aug 29 23:22:30.182848 dv-cinder-854272-4-smb devstack@n-api.service[120458]: ERROR nova.api.openstack.wsgi
Aug 29 23:22:30.183770 dv-cinder-854272-4-smb devstack@n-api.service[120458]: ERROR nova.api.openstack.wsgi
Traceback (most recent call last):
Aug 29 23:22:30.183770 dv-cinder-854272-4-smb devstack@n-api.service[120458]: ERROR nova.api.openstack.wsgi
File "/opt/stack/nova/nova/api/openstack/compute/volumes.py", line 120, in show
Aug 29 23:22:30.183770 dv-cinder-854272-4-smb devstack@n-api.service[120458]: ERROR nova.api.openstack.wsgi vol = self.volume_api.get(context, id)
Aug 29 23:22:30.183770 dv-cinder-854272-4-smb devstack@n-api.service[120458]: ERROR nova.api.openstack.wsgi
File "/opt/stack/nova/nova/volume/cinder.py", line 395, in wrapper
Aug 29 23:22:30.183770 dv-cinder-854272-4-smb devstack@n-api.service[120458]: ERROR nova.api.openstack.wsgi res = method(self, ctx, *args, **kwargs)
Aug 29 23:22:30.183770 dv-cinder-854272-4-smb devstack@n-api.service[120458]: ERROR nova.api.openstack.wsgi
File "/opt/stack/nova/nova/volume/cinder.py", line 435, in wrapper
Aug 29 23:22:30.183770 dv-cinder-854272-4-smb devstack@n-api.service[120458]: ERROR nova.api.openstack.wsgi _reraise(exception.VolumeNotFound(volume_id=volume_id))
Aug 29 23:22:30.183770 dv-cinder-854272-4-smb devstack@n-api.service[120458]: ERROR nova.api.openstack.wsgi
File "/opt/stack/nova/nova/volume/cinder.py", line 486, in _reraise
Aug 29 23:22:30.183770 dv-cinder-854272-4-smb devstack@n-api.service[120458]: ERROR nova.api.openstack.wsgi raise desired_exc.with_traceback(sys.exc_info()[2])
Aug 29 23:22:30.183770 dv-cinder-854272-4-smb devstack@n-api.service[120458]: ERROR nova.api.openstack.wsgi
File "/opt/stack/nova/nova/volume/cinder.py", line 433, in wrapper
Aug 29 23:22:30.183770 dv-cinder-854272-4-smb devstack@n-api.service[120458]: ERROR nova.api.openstack.wsgi res = method(self, ctx, volume_id, *args, **kwargs)
Aug 29 23:22:30.183770 dv-cinder-854272-4-smb devstack@n-api.service[120458]: ERROR nova.api.openstack.wsgi
File "/opt/stack/nova/nova/volume/cinder.py", line 502, in get
Aug 29 23:22:30.183770 dv-cinder-854272-4-smb devstack@n-api.service[120458]: ERROR nova.api.openstack.wsgi item = cinderclient(
Aug 29 23:22:30.183770 dv-cinder-854272-4-smb devstack@n-api.service[120458]: ERROR nova.api.openstack.wsgi
File "/usr/local/lib/python3.8/dist-packages/cinderclient/v3/volumes_base.py", line 202, in get
Aug 29 23:22:30.183770 dv-cinder-854272-4-smb devstack@n-api.service[120458]: ERROR nova.api.openstack.wsgi return self._get("/volumes/%s" % volume_id, "volume")
Aug 29 23:22:30.183770 dv-cinder-854272-4-smb devstack@n-api.service[120458]: ERROR nova.api.openstack.wsgi
File "/usr/local/lib/python3.8/dist-packages/cinderclient/base.py", line 297, in _get
Aug 29 23:22:30.183770 dv-cinder-854272-4-smb devstack@n-api.service[120458]: ERROR nova.api.openstack.wsgi resp, body = self.api.client.get(url)
Aug 29 23:22:30.183770 dv-cinder-854272-4-smb devstack@n-api.service[120458]: ERROR nova.api.openstack.wsgi
File "/usr/local/lib/python3.8/dist-packages/cinderclient/client.py", line 224, in get
Aug 29 23:22:30.183770 dv-cinder-854272-4-smb devstack@n-api.service[120458]: ERROR nova.api.openstack.wsgi return self._cs_request(url, 'GET', **kwargs)
Aug 29 23:22:30.184732 dv-cinder-854272-4-smb devstack@n-api.service[120458]: ERROR nova.api.openstack.wsgi
File "/usr/local/lib/python3.8/dist-packages/cinderclient/client.py", line 215, in _cs_request
Aug 29 23:22:30.184732 dv-cinder-854272-4-smb devstack@n-api.service[120458]: ERROR nova.api.openstack.wsgi return self.request(url, method, **kwargs)
Aug 29 23:22:30.184732 dv-cinder-854272-4-smb devstack@n-api.service[120458]: ERROR nova.api.openstack.wsgi
File "/usr/local/lib/python3.8/dist-packages/cinderclient/client.py", line 201, in request
Aug 29 23:22:30.184732 dv-cinder-854272-4-smb devstack@n-api.service[120458]: ERROR nova.api.openstack.wsgi raise exceptions.from_response(resp, body)
Aug 29 23:22:30.184732 dv-cinder-854272-4-smb devstack@n-api.service[120458]: ERROR nova.api.openstack.wsgi nova.exception.VolumeNotFound: Volume 525f30e6-6581-435a-a03a-1656a27a9bf2 could not be found.
Aug 29 23:22:30.184732 dv-cinder-854272-4-smb devstack@n-api.service[120458]: ERROR nova.api.openstack.wsgi
Aug 29 23:22:30.184732 dv-cinder-854272-4-smb devstack@n-api.service[120458]: ERROR nova.api.openstack.wsgi During handling of the above exception, another exception occurred:
Aug 29 23:22:30.184732 dv-cinder-854272-4-smb devstack@n-api.service[120458]: ERROR nova.api.openstack.wsgi
Aug 29 23:22:30.184732 dv-cinder-854272-4-smb devstack@n-api.service[120458]: ERROR nova.api.openstack.wsgi
Traceback (most recent call last):
Aug 29 23:22:30.184732 dv-cinder-854272-4-smb devstack@n-api.service[120458]: ERROR nova.api.openstack.wsgi
File "/opt/stack/nova/nova/api/openstack/wsgi.py", line 539, in _process_stack
Aug 29 23:22:30.184732 dv-cinder-854272-4-smb devstack@n-api.service[120458]: ERROR nova.api.openstack.wsgi action_result = self.dispatch(meth, request, action_args)
Aug 29 23:22:30.184732 dv-cinder-854272-4-smb devstack@n-api.service[120458]: ERROR nova.api.openstack.wsgi
File "/opt/stack/nova/nova/api/openstack/wsgi.py", line 630, in dispatch
Aug 29 23:22:30.184732 dv-cinder-854272-4-smb devstack@n-api.service[120458]: ERROR nova.api.openstack.wsgi return method(req=request, **action_args)
Aug 29 23:22:30.184732 dv-cinder-854272-4-smb devstack@n-api.service[120458]: ERROR nova.api.openstack.wsgi
File "/opt/stack/nova/nova/api/openstack/wsgi.py", line 794, in version_select
Aug 29 23:22:30.184732 dv-cinder-854272-4-smb devstack@n-api.service[120458]: ERROR nova.api.openstack.wsgi return func.func(self, *args, **kwargs)
Aug 29 23:22:30.184732 dv-cinder-854272-4-smb devstack@n-api.service[120458]: ERROR nova.api.openstack.wsgi
File "/opt/stack/nova/nova/api/openstack/wsgi.py", line 664, in wrapped
Aug 29 23:22:30.184732 dv-cinder-854272-4-smb devstack@n-api.service[120458]: ERROR nova.api.openstack.wsgi return f(*args, **kwargs)
Aug 29 23:22:30.184732 dv-cinder-854272-4-smb devstack@n-api.service[120458]: ERROR nova.api.openstack.wsgi
File "/opt/stack/nova/nova/api/openstack/compute/volumes.py", line 122, in show
Aug 29 23:22:30.184732 dv-cinder-854272-4-smb devstack@n-api.service[120458]: ERROR nova.api.openstack.wsgi raise exc.HTTPNotFound(explanation=e.format_message())
Aug 29 23:22:30.185805 dv-cinder-854272-4-smb devstack@n-api.service[120458]: ERROR nova.api.openstack.wsgi webob.exc.HTTPNotFound: Volume 525f30e6-6581-435a-a03a-1656a27a9bf2 could not be found.
Aug 29 23:22:30.185805 dv-cinder-854272-4-smb devstack@n-api.service[120458]: ERROR nova.api.openstack.wsgi
Aug 29 23:22:30.185805 dv-cinder-854272-4-smb devstack@n-api.service[120458]: ERROR nova.api.openstack.wsgi During handling of the above exception, another exception occurred:
Aug 29 23:22:30.185805 dv-cinder-854272-4-smb devstack@n-api.service[120458]: ERROR nova.api.openstack.wsgi
Aug 29 23:22:30.185805 dv-cinder-854272-4-smb devstack@n-api.service[120458]: ERROR nova.api.openstack.wsgi
Traceback (most recent call last):
Aug 29 23:22:30.185805 dv-cinder-854272-4-smb devstack@n-api.service[120458]: ERROR nova.api.openstack.wsgi
File "/opt/stack/nova/nova/api/openstack/wsgi.py", line 539, in _process_stack
Aug 29 23:22:30.185805 dv-cinder-854272-4-smb devstack@n-api.service[120458]: ERROR nova.api.openstack.wsgi action_result = self.dispatch(meth, request, action_args)
Aug 29 23:22:30.185805 dv-cinder-854272-4-smb devstack@n-api.service[120458]: ERROR nova.api.openstack.wsgi
File "/opt/stack/nova/nova/api/openstack/wsgi.py", line 372, in __exit__
Aug 29 23:22:30.185805 dv-cinder-854272-4-smb devstack@n-api.service[120458]: ERROR nova.api.openstack.wsgi raise Fault(ex_value)
Aug 29 23:22:30.185805 dv-cinder-854272-4-smb devstack@n-api.service[120458]: ERROR nova.api.openstack.wsgi nova.api.openstack.wsgi.Fault: Volume 525f30e6-6581-435a-a03a-1656a27a9bf2 could not be found.
Aug 29 23:22:30.185805 dv-cinder-854272-4-smb devstack@n-api.service[120458]: ERROR nova.api.openstack.wsgi
Aug 29 23:22:30.185805 dv-cinder-854272-4-smb devstack@n-api.service[120458]: DEBUG nova.api.openstack.wsgi [None req-15ecb563-c993-4f74-82a7-f36ad68a8c78 tempest-VolumesGetTestJSON-1545665489 tempest-VolumesGetTestJSON-1545665489-project] Returning 404 to user: Volume 525f30e6-6581-435a-a03a-1656a27a9bf2 could not be found. {{(pid=120458) __call__ /opt/stack/nova/nova/api/openstack/wsgi.py:942}}
Aug 29 23:22:30.185805 dv-cinder-854272-4-smb devstack@n-api.service[120458]: INFO nova.api.openstack.requestlog [None req-15ecb563-c993-4f74-82a7-f36ad68a8c78 tempest-VolumesGetTestJSON-1545665489 tempest-VolumesGetTestJSON-1545665489-project] 10.222.0.88 "GET /compute/v2.1/os-volumes/525f30e6-6581-435a-a03a-1656a27a9bf2" status: 404 len: 109 microversion: 2.1 time: 0.077402
Aug 29 23:22:30.190159 dv-cinder-854272-4-smb devstack@n-api.service[120458]: [pid: 120458|app: 0|req: 5/10] 10.222.0.88 () {58 vars in 1245 bytes} [Mon Aug 29 23:22:30 2022] GET /compute/v2.1/os-volumes/525f30e6-6581-435a-a03a-1656a27a9bf2 => generated 109 bytes in 79 msecs (HTTP/1.1 404) 9 headers in 379 bytes (1 switches on core 0)
Aug 29 23:22:30.221308 dv-cinder-854272-4-smb devstack@n-api.service[120457]: INFO nova.api.openstack.requestlog [None req-d4160af0-2fb6-4256-95a4-593ee2531a52 tempest-VolumesSnapshotsTestJSON-314771432 tempest-VolumesSnapshotsTestJSON-314771432-project] 10.222.0.88 "POST /compute/v2.1/os-snapshots" status: 200 len: 287 microversion: 2.1 time: 0.691017
Aug 29 23:22:30.227791 dv-cinder-854272-4-smb devstack@n-api.service[120457]: [pid: 120457|app: 0|req: 6/11] 10.222.0.88 () {60 vars in 1162 bytes} [Mon Aug 29 23:22:29 2022] POST /compute/v2.1/os-snapshots => generated 287 bytes in 698 msecs (HTTP/1.1 200) 9 headers in 357 bytes (1 switches on core 0)
Aug 29 23:22:30.239086 dv-cinder-854272-4-smb devstack@n-api.service[120458]: DEBUG nova.api.openstack.wsgi [None req-11edd4c0-1c7d-44ab-a5db-230c1e21bbfa tempest-VolumesSnapshotsTestJSON-314771432 tempest-VolumesSnapshotsTestJSON-314771432-project] Calling method '.version_select at 0x7f74f147a3a0>' {{(pid=120458) _process_stack /opt/stack/nova/nova/api/openstack/wsgi.py:513}}
Aug 29 23:22:30.641905 dv-cinder-854272-4-smb devstack@n-api.service[120458]: INFO nova.api.openstack.requestlog [None req-11edd4c0-1c7d-44ab-a5db-230c1e21bbfa tempest-VolumesSnapshotsTestJSON-314771432 tempest-VolumesSnapshotsTestJSON-314771432-project] 10.222.0.88 "GET /compute/v2.1/os-snapshots/da5c97cd-15c3-4af6-83be-4d1e69d0cced" status: 200 len: 287 microversion: 2.1 time: 0.407233
Aug 29 23:22:30.642717 dv-cinder-854272-4-smb devstack@n-api.service[120458]: [pid: 120458|app: 0|req: 6/12] 10.222.0.88 () {58 vars in 1251 bytes} [Mon Aug 29 23:22:30 2022] GET /compute/v2.1/os-snapshots/da5c97cd-15c3-4af6-83be-4d1e69d0cced => generated 287 bytes in 409 msecs (HTTP/1.1 200) 9 headers in 357 bytes (1 switches on core 0)
Aug 29 23:22:30.654070 dv-cinder-854272-4-smb devstack@n-api.service[120457]: DEBUG nova.api.openstack.wsgi [None req-98ea03e6-eabd-40c5-9535-f448765d5ad6 tempest-VolumesSnapshotsTestJSON-314771432 tempest-VolumesSnapshotsTestJSON-314771432-project] Calling method '.version_select at 0x7f74f0a8d430>' {{(pid=120457) _process_stack /opt/stack/nova/nova/api/openstack/wsgi.py:513}}
Aug 29 23:22:30.736978 dv-cinder-854272-4-smb devstack@n-api.service[120457]: INFO nova.api.openstack.requestlog [None req-98ea03e6-eabd-40c5-9535-f448765d5ad6 tempest-VolumesSnapshotsTestJSON-314771432 tempest-VolumesSnapshotsTestJSON-314771432-project] 10.222.0.88 "GET /compute/v2.1/os-snapshots" status: 200 len: 291 microversion: 2.1 time: 0.087346
Aug 29 23:22:30.737865 dv-cinder-854272-4-smb devstack@n-api.service[120457]: [pid: 120457|app: 0|req: 7/13] 10.222.0.88 () {58 vars in 1140 bytes} [Mon Aug 29 23:22:30 2022] GET /compute/v2.1/os-snapshots => generated 291 bytes in 89 msecs (HTTP/1.1 200) 9 headers in 357 bytes (1 switches on core 0)
Aug 29 23:22:30.751014 dv-cinder-854272-4-smb devstack@n-api.service[120458]: DEBUG nova.api.openstack.wsgi [None req-20386d31-d749-401a-a432-0d9aa3b723ab tempest-VolumesSnapshotsTestJSON-314771432 tempest-VolumesSnapshotsTestJSON-314771432-project] Calling method '.version_select at 0x7f74f0a595e0>' {{(pid=120458) _process_stack /opt/stack/nova/nova/api/openstack/wsgi.py:513}}
Aug 29 23:22:30.809367 dv-cinder-854272-4-smb devstack@n-api.service[120458]: INFO nova.api.openstack.requestlog [None req-20386d31-d749-401a-a432-0d9aa3b723ab tempest-VolumesSnapshotsTestJSON-314771432 tempest-VolumesSnapshotsTestJSON-314771432-project] 10.222.0.88 "GET /compute/v2.1/os-snapshots/da5c97cd-15c3-4af6-83be-4d1e69d0cced" status: 200 len: 288 microversion: 2.1 time: 0.062351
Aug 29 23:22:30.810190 dv-cinder-854272-4-smb devstack@n-api.service[120458]: [pid: 120458|app: 0|req: 7/14] 10.222.0.88 () {58 vars in 1251 bytes} [Mon Aug 29 23:22:30 2022] GET /compute/v2.1/os-snapshots/da5c97cd-15c3-4af6-83be-4d1e69d0cced => generated 288 bytes in 64 msecs (HTTP/1.1 200) 9 headers in 357 bytes (2 switches on core 0)
