Aug 29 22:57:12.632725 dv-cinder-854271-4-smb devstack@n-api.service[128303]: DEBUG oslo_db.sqlalchemy.engines [None req-240d6835-36c4-486b-8564-2f7a2896847e None None] MySQL server mode set to STRICT_TRANS_TABLES,STRICT_ALL_TABLES,NO_ZERO_IN_DATE,NO_ZERO_DATE,ERROR_FOR_DIVISION_BY_ZERO,TRADITIONAL,NO_ENGINE_SUBSTITUTION {{(pid=128303) _check_effective_sql_mode /usr/local/lib/python3.8/dist-packages/oslo_db/sqlalchemy/engines.py:314}}
Aug 29 22:57:12.640283 dv-cinder-854271-4-smb devstack@n-api.service[128303]: DEBUG dbcounter [-] [128303] Writer thread running {{(pid=128303) stat_writer /usr/local/lib/python3.8/dist-packages/dbcounter.py:99}}
Aug 29 22:57:12.641984 dv-cinder-854271-4-smb devstack@n-api.service[128304]: DEBUG oslo_db.sqlalchemy.engines [None req-b1a0c4a1-6f60-42c9-942b-95ee4cf03097 None None] MySQL server mode set to STRICT_TRANS_TABLES,STRICT_ALL_TABLES,NO_ZERO_IN_DATE,NO_ZERO_DATE,ERROR_FOR_DIVISION_BY_ZERO,TRADITIONAL,NO_ENGINE_SUBSTITUTION {{(pid=128304) _check_effective_sql_mode /usr/local/lib/python3.8/dist-packages/oslo_db/sqlalchemy/engines.py:314}}
Aug 29 22:57:12.648631 dv-cinder-854271-4-smb devstack@n-api.service[128304]: DEBUG dbcounter [-] [128304] Writer thread running {{(pid=128304) stat_writer /usr/local/lib/python3.8/dist-packages/dbcounter.py:99}}
Aug 29 22:57:12.697303 dv-cinder-854271-4-smb devstack@n-api.service[128303]: DEBUG nova.context [None req-240d6835-36c4-486b-8564-2f7a2896847e None None] Found 2 cells: 00000000-0000-0000-0000-000000000000(cell0),d0e66eb2-13ed-432b-ae48-fd56718858ed(cell1) {{(pid=128303) load_cells /opt/stack/nova/nova/context.py:464}}
Aug 29 22:57:12.701437 dv-cinder-854271-4-smb devstack@n-api.service[128303]: DEBUG oslo_concurrency.lockutils [None req-240d6835-36c4-486b-8564-2f7a2896847e None None] Acquiring lock "00000000-0000-0000-0000-000000000000" by "nova.context.set_target_cell..get_or_set_cached_cell_and_set_connections" {{(pid=128303) inner /usr/local/lib/python3.8/dist-packages/oslo_concurrency/lockutils.py:385}}
Aug 29 22:57:12.701911 dv-cinder-854271-4-smb devstack@n-api.service[128303]: DEBUG oslo_concurrency.lockutils [None req-240d6835-36c4-486b-8564-2f7a2896847e None None] Lock "00000000-0000-0000-0000-000000000000" acquired by "nova.context.set_target_cell..get_or_set_cached_cell_and_set_connections" :: waited 0.001s {{(pid=128303) inner /usr/local/lib/python3.8/dist-packages/oslo_concurrency/lockutils.py:390}}
Aug 29 22:57:12.703555 dv-cinder-854271-4-smb devstack@n-api.service[128303]: DEBUG oslo_concurrency.lockutils [None req-240d6835-36c4-486b-8564-2f7a2896847e None None] Lock "00000000-0000-0000-0000-000000000000" "released" by "nova.context.set_target_cell..get_or_set_cached_cell_and_set_connections" :: held 0.002s {{(pid=128303) inner /usr/local/lib/python3.8/dist-packages/oslo_concurrency/lockutils.py:404}}
Aug 29 22:57:12.704322 dv-cinder-854271-4-smb devstack@n-api.service[128303]: DEBUG oslo_concurrency.lockutils [None req-240d6835-36c4-486b-8564-2f7a2896847e None None] Acquiring lock "d0e66eb2-13ed-432b-ae48-fd56718858ed" by "nova.context.set_target_cell..get_or_set_cached_cell_and_set_connections" {{(pid=128303) inner /usr/local/lib/python3.8/dist-packages/oslo_concurrency/lockutils.py:385}}
Aug 29 22:57:12.704775 dv-cinder-854271-4-smb devstack@n-api.service[128303]: DEBUG oslo_concurrency.lockutils [None req-240d6835-36c4-486b-8564-2f7a2896847e None None] Lock "d0e66eb2-13ed-432b-ae48-fd56718858ed" acquired by "nova.context.set_target_cell..get_or_set_cached_cell_and_set_connections" :: waited 0.000s {{(pid=128303) inner /usr/local/lib/python3.8/dist-packages/oslo_concurrency/lockutils.py:390}}
Aug 29 22:57:12.706650 dv-cinder-854271-4-smb devstack@n-api.service[128304]: DEBUG nova.context [None req-b1a0c4a1-6f60-42c9-942b-95ee4cf03097 None None] Found 2 cells: 00000000-0000-0000-0000-000000000000(cell0),d0e66eb2-13ed-432b-ae48-fd56718858ed(cell1) {{(pid=128304) load_cells /opt/stack/nova/nova/context.py:464}}
Aug 29 22:57:12.706815 dv-cinder-854271-4-smb devstack@n-api.service[128303]: DEBUG oslo_concurrency.lockutils [None req-240d6835-36c4-486b-8564-2f7a2896847e None None] Lock "d0e66eb2-13ed-432b-ae48-fd56718858ed" "released" by "nova.context.set_target_cell..get_or_set_cached_cell_and_set_connections" :: held 0.002s {{(pid=128303) inner /usr/local/lib/python3.8/dist-packages/oslo_concurrency/lockutils.py:404}}
Aug 29 22:57:12.708858 dv-cinder-854271-4-smb devstack@n-api.service[128303]: INFO dbcounter [None req-240d6835-36c4-486b-8564-2f7a2896847e None None] Registered counter for database nova_cell0
Aug 29 22:57:12.710732 dv-cinder-854271-4-smb devstack@n-api.service[128304]: DEBUG oslo_concurrency.lockutils [None req-b1a0c4a1-6f60-42c9-942b-95ee4cf03097 None None] Acquiring lock "00000000-0000-0000-0000-000000000000" by "nova.context.set_target_cell..get_or_set_cached_cell_and_set_connections" {{(pid=128304) inner /usr/local/lib/python3.8/dist-packages/oslo_concurrency/lockutils.py:385}}
Aug 29 22:57:12.711215 dv-cinder-854271-4-smb devstack@n-api.service[128304]: DEBUG oslo_concurrency.lockutils [None req-b1a0c4a1-6f60-42c9-942b-95ee4cf03097 None None] Lock "00000000-0000-0000-0000-000000000000" acquired by "nova.context.set_target_cell..get_or_set_cached_cell_and_set_connections" :: waited 0.001s {{(pid=128304) inner /usr/local/lib/python3.8/dist-packages/oslo_concurrency/lockutils.py:390}}
Aug 29 22:57:12.712865 dv-cinder-854271-4-smb devstack@n-api.service[128304]: DEBUG oslo_concurrency.lockutils [None req-b1a0c4a1-6f60-42c9-942b-95ee4cf03097 None None] Lock "00000000-0000-0000-0000-000000000000" "released" by "nova.context.set_target_cell..get_or_set_cached_cell_and_set_connections" :: held 0.002s {{(pid=128304) inner /usr/local/lib/python3.8/dist-packages/oslo_concurrency/lockutils.py:404}}
Aug 29 22:57:12.712993 dv-cinder-854271-4-smb devstack@n-api.service[128303]: INFO dbcounter [None req-240d6835-36c4-486b-8564-2f7a2896847e None None] Registered counter for database nova_cell1
Aug 29 22:57:12.713608 dv-cinder-854271-4-smb devstack@n-api.service[128304]: DEBUG oslo_concurrency.lockutils [None req-b1a0c4a1-6f60-42c9-942b-95ee4cf03097 None None] Acquiring lock "d0e66eb2-13ed-432b-ae48-fd56718858ed" by "nova.context.set_target_cell..get_or_set_cached_cell_and_set_connections" {{(pid=128304) inner /usr/local/lib/python3.8/dist-packages/oslo_concurrency/lockutils.py:385}}
Aug 29 22:57:12.714061 dv-cinder-854271-4-smb devstack@n-api.service[128304]: DEBUG oslo_concurrency.lockutils [None req-b1a0c4a1-6f60-42c9-942b-95ee4cf03097 None None] Lock "d0e66eb2-13ed-432b-ae48-fd56718858ed" acquired by "nova.context.set_target_cell..get_or_set_cached_cell_and_set_connections" :: waited 0.000s {{(pid=128304) inner /usr/local/lib/python3.8/dist-packages/oslo_concurrency/lockutils.py:390}}
Aug 29 22:57:12.716663 dv-cinder-854271-4-smb devstack@n-api.service[128304]: DEBUG oslo_concurrency.lockutils [None req-b1a0c4a1-6f60-42c9-942b-95ee4cf03097 None None] Lock "d0e66eb2-13ed-432b-ae48-fd56718858ed" "released" by "nova.context.set_target_cell..get_or_set_cached_cell_and_set_connections" :: held 0.002s {{(pid=128304) inner /usr/local/lib/python3.8/dist-packages/oslo_concurrency/lockutils.py:404}}
Aug 29 22:57:12.718835 dv-cinder-854271-4-smb devstack@n-api.service[128304]: INFO dbcounter [None req-b1a0c4a1-6f60-42c9-942b-95ee4cf03097 None None] Registered counter for database nova_cell0
Aug 29 22:57:12.721132 dv-cinder-854271-4-smb devstack@n-api.service[128303]: DEBUG oslo_db.sqlalchemy.engines [None req-240d6835-36c4-486b-8564-2f7a2896847e None None] MySQL server mode set to STRICT_TRANS_TABLES,STRICT_ALL_TABLES,NO_ZERO_IN_DATE,NO_ZERO_DATE,ERROR_FOR_DIVISION_BY_ZERO,TRADITIONAL,NO_ENGINE_SUBSTITUTION {{(pid=128303) _check_effective_sql_mode /usr/local/lib/python3.8/dist-packages/oslo_db/sqlalchemy/engines.py:314}}
Aug 29 22:57:12.723250 dv-cinder-854271-4-smb devstack@n-api.service[128303]: DEBUG oslo_db.sqlalchemy.engines [None req-240d6835-36c4-486b-8564-2f7a2896847e None None] MySQL server mode set to STRICT_TRANS_TABLES,STRICT_ALL_TABLES,NO_ZERO_IN_DATE,NO_ZERO_DATE,ERROR_FOR_DIVISION_BY_ZERO,TRADITIONAL,NO_ENGINE_SUBSTITUTION {{(pid=128303) _check_effective_sql_mode /usr/local/lib/python3.8/dist-packages/oslo_db/sqlalchemy/engines.py:314}}
Aug 29 22:57:12.723391 dv-cinder-854271-4-smb devstack@n-api.service[128304]: INFO dbcounter [None req-b1a0c4a1-6f60-42c9-942b-95ee4cf03097 None None] Registered counter for database nova_cell1
Aug 29 22:57:12.730655 dv-cinder-854271-4-smb devstack@n-api.service[128304]: DEBUG oslo_db.sqlalchemy.engines [None req-b1a0c4a1-6f60-42c9-942b-95ee4cf03097 None None] MySQL server mode set to STRICT_TRANS_TABLES,STRICT_ALL_TABLES,NO_ZERO_IN_DATE,NO_ZERO_DATE,ERROR_FOR_DIVISION_BY_ZERO,TRADITIONAL,NO_ENGINE_SUBSTITUTION {{(pid=128304) _check_effective_sql_mode /usr/local/lib/python3.8/dist-packages/oslo_db/sqlalchemy/engines.py:314}}
Aug 29 22:57:12.732325 dv-cinder-854271-4-smb devstack@n-api.service[128303]: DEBUG dbcounter [-] [128303] Writer thread running {{(pid=128303) stat_writer /usr/local/lib/python3.8/dist-packages/dbcounter.py:99}}
Aug 29 22:57:12.732789 dv-cinder-854271-4-smb devstack@n-api.service[128303]: DEBUG dbcounter [-] [128303] Writer thread running {{(pid=128303) stat_writer /usr/local/lib/python3.8/dist-packages/dbcounter.py:99}}
Aug 29 22:57:12.733867 dv-cinder-854271-4-smb devstack@n-api.service[128304]: DEBUG oslo_db.sqlalchemy.engines [None req-b1a0c4a1-6f60-42c9-942b-95ee4cf03097 None None] MySQL server mode set to STRICT_TRANS_TABLES,STRICT_ALL_TABLES,NO_ZERO_IN_DATE,NO_ZERO_DATE,ERROR_FOR_DIVISION_BY_ZERO,TRADITIONAL,NO_ENGINE_SUBSTITUTION {{(pid=128304) _check_effective_sql_mode /usr/local/lib/python3.8/dist-packages/oslo_db/sqlalchemy/engines.py:314}}
Aug 29 22:57:12.741397 dv-cinder-854271-4-smb devstack@n-api.service[128304]: DEBUG dbcounter [-] [128304] Writer thread running {{(pid=128304) stat_writer /usr/local/lib/python3.8/dist-packages/dbcounter.py:99}}
Aug 29 22:57:12.742693 dv-cinder-854271-4-smb devstack@n-api.service[128304]: DEBUG dbcounter [-] [128304] Writer thread running {{(pid=128304) stat_writer /usr/local/lib/python3.8/dist-packages/dbcounter.py:99}}
Aug 29 22:57:12.883508 dv-cinder-854271-4-smb devstack@n-api.service[128303]: INFO dbcounter [None req-240d6835-36c4-486b-8564-2f7a2896847e None None] Registered counter for database nova_cell0
Aug 29 22:57:12.891777 dv-cinder-854271-4-smb devstack@n-api.service[128303]: DEBUG oslo_db.sqlalchemy.engines [None req-240d6835-36c4-486b-8564-2f7a2896847e None None] MySQL server mode set to STRICT_TRANS_TABLES,STRICT_ALL_TABLES,NO_ZERO_IN_DATE,NO_ZERO_DATE,ERROR_FOR_DIVISION_BY_ZERO,TRADITIONAL,NO_ENGINE_SUBSTITUTION {{(pid=128303) _check_effective_sql_mode /usr/local/lib/python3.8/dist-packages/oslo_db/sqlalchemy/engines.py:314}}
Aug 29 22:57:12.896833 dv-cinder-854271-4-smb devstack@n-api.service[128303]: DEBUG dbcounter [-] [128303] Writer thread running {{(pid=128303) stat_writer /usr/local/lib/python3.8/dist-packages/dbcounter.py:99}}
Aug 29 22:57:12.897996 dv-cinder-854271-4-smb devstack@n-api.service[128304]: INFO dbcounter [None req-b1a0c4a1-6f60-42c9-942b-95ee4cf03097 None None] Registered counter for database nova_cell0
Aug 29 22:57:12.909325 dv-cinder-854271-4-smb devstack@n-api.service[128304]: DEBUG oslo_db.sqlalchemy.engines [None req-b1a0c4a1-6f60-42c9-942b-95ee4cf03097 None None] MySQL server mode set to STRICT_TRANS_TABLES,STRICT_ALL_TABLES,NO_ZERO_IN_DATE,NO_ZERO_DATE,ERROR_FOR_DIVISION_BY_ZERO,TRADITIONAL,NO_ENGINE_SUBSTITUTION {{(pid=128304) _check_effective_sql_mode /usr/local/lib/python3.8/dist-packages/oslo_db/sqlalchemy/engines.py:314}}
Aug 29 22:57:12.914437 dv-cinder-854271-4-smb devstack@n-api.service[128304]: DEBUG dbcounter [-] [128304] Writer thread running {{(pid=128304) stat_writer /usr/local/lib/python3.8/dist-packages/dbcounter.py:99}}
Aug 29 22:57:13.235984 dv-cinder-854271-4-smb devstack@n-api.service[128303]: WARNING keystonemiddleware.auth_token [None req-240d6835-36c4-486b-8564-2f7a2896847e None None] AuthToken middleware is set with keystone_authtoken.service_token_roles_required set to False. This is backwards compatible but deprecated behaviour. Please set this to True.
Aug 29 22:57:13.243522 dv-cinder-854271-4-smb devstack@n-api.service[128303]: WARNING keystonemiddleware.auth_token [None req-240d6835-36c4-486b-8564-2f7a2896847e None None] Configuring www_authenticate_uri to point to the public identity endpoint is required; clients may not be able to authenticate against an admin endpoint
Aug 29 22:57:13.246685 dv-cinder-854271-4-smb devstack@n-api.service[128304]: WARNING keystonemiddleware.auth_token [None req-b1a0c4a1-6f60-42c9-942b-95ee4cf03097 None None] AuthToken middleware is set with keystone_authtoken.service_token_roles_required set to False. This is backwards compatible but deprecated behaviour. Please set this to True.
Aug 29 22:57:13.254613 dv-cinder-854271-4-smb devstack@n-api.service[128304]: WARNING keystonemiddleware.auth_token [None req-b1a0c4a1-6f60-42c9-942b-95ee4cf03097 None None] Configuring www_authenticate_uri to point to the public identity endpoint is required; clients may not be able to authenticate against an admin endpoint
Aug 29 22:57:13.601008 dv-cinder-854271-4-smb devstack@n-api.service[128303]: WARNING keystonemiddleware.auth_token [None req-240d6835-36c4-486b-8564-2f7a2896847e None None] AuthToken middleware is set with keystone_authtoken.service_token_roles_required set to False. This is backwards compatible but deprecated behaviour. Please set this to True.
Aug 29 22:57:13.607779 dv-cinder-854271-4-smb devstack@n-api.service[128303]: WARNING keystonemiddleware.auth_token [None req-240d6835-36c4-486b-8564-2f7a2896847e None None] Configuring www_authenticate_uri to point to the public identity endpoint is required; clients may not be able to authenticate against an admin endpoint
Aug 29 22:57:13.613290 dv-cinder-854271-4-smb devstack@n-api.service[128303]: WSGI app 0 (mountpoint='') ready in 6 seconds on interpreter 0x55c4c7b219c0 pid: 128303 (default app)
Aug 29 22:57:13.620431 dv-cinder-854271-4-smb devstack@n-api.service[128304]: WARNING keystonemiddleware.auth_token [None req-b1a0c4a1-6f60-42c9-942b-95ee4cf03097 None None] AuthToken middleware is set with keystone_authtoken.service_token_roles_required set to False. This is backwards compatible but deprecated behaviour. Please set this to True.
Aug 29 22:57:13.627534 dv-cinder-854271-4-smb devstack@n-api.service[128304]: WARNING keystonemiddleware.auth_token [None req-b1a0c4a1-6f60-42c9-942b-95ee4cf03097 None None] Configuring www_authenticate_uri to point to the public identity endpoint is required; clients may not be able to authenticate against an admin endpoint
Aug 29 22:57:13.633062 dv-cinder-854271-4-smb devstack@n-api.service[128304]: WSGI app 0 (mountpoint='') ready in 6 seconds on interpreter 0x55c4c7b219c0 pid: 128304 (default app)
Aug 29 22:57:51.882879 dv-cinder-854271-4-smb devstack@n-api.service[128303]: DEBUG dbcounter [-] [128303] Writing DB stats nova_api:SELECT=3 {{(pid=128303) stat_writer /usr/local/lib/python3.8/dist-packages/dbcounter.py:114}}
Aug 29 22:57:51.884206 dv-cinder-854271-4-smb devstack@n-api.service[128303]: DEBUG dbcounter [-] [128303] Writing DB stats nova_cell1:SELECT=3 {{(pid=128303) stat_writer /usr/local/lib/python3.8/dist-packages/dbcounter.py:114}}
Aug 29 22:57:51.884954 dv-cinder-854271-4-smb devstack@n-api.service[128303]: DEBUG dbcounter [-] [128303] Writing DB stats nova_cell0:SELECT=3 {{(pid=128303) stat_writer /usr/local/lib/python3.8/dist-packages/dbcounter.py:114}}
Aug 29 22:57:51.885997 dv-cinder-854271-4-smb devstack@n-api.service[128303]: DEBUG dbcounter [-] [128303] Writing DB stats nova_cell0:SELECT=3 {{(pid=128303) stat_writer /usr/local/lib/python3.8/dist-packages/dbcounter.py:114}}
Aug 29 22:57:54.111924 dv-cinder-854271-4-smb devstack@n-api.service[128303]: DEBUG nova.api.openstack.wsgi [None req-db2fd643-b12e-4415-908a-6f2f2a0f1de0 tempest-VolumesGetTestJSON-227708066 tempest-VolumesGetTestJSON-227708066-project] Action: 'create', calling method: .version_select at 0x7fa408837e50>, body: {"volume": {"size": 1, "display_name": "tempest-VolumesGetTestJSON-Volume-1675668335", "metadata": {"Type": "work"}}} {{(pid=128303) _process_stack /opt/stack/nova/nova/api/openstack/wsgi.py:511}}
Aug 29 22:57:56.437535 dv-cinder-854271-4-smb devstack@n-api.service[128304]: DEBUG dbcounter [-] [128304] Writing DB stats nova_api:SELECT=3 {{(pid=128304) stat_writer /usr/local/lib/python3.8/dist-packages/dbcounter.py:114}}
Aug 29 22:57:56.438352 dv-cinder-854271-4-smb devstack@n-api.service[128304]: DEBUG dbcounter [-] [128304] Writing DB stats nova_cell1:SELECT=3 {{(pid=128304) stat_writer /usr/local/lib/python3.8/dist-packages/dbcounter.py:114}}
Aug 29 22:57:56.454022 dv-cinder-854271-4-smb devstack@n-api.service[128304]: DEBUG dbcounter [-] [128304] Writing DB stats nova_cell0:SELECT=3 {{(pid=128304) stat_writer /usr/local/lib/python3.8/dist-packages/dbcounter.py:114}}
Aug 29 22:57:56.455050 dv-cinder-854271-4-smb devstack@n-api.service[128304]: DEBUG dbcounter [-] [128304] Writing DB stats nova_cell0:SELECT=3 {{(pid=128304) stat_writer /usr/local/lib/python3.8/dist-packages/dbcounter.py:114}}
Aug 29 22:57:56.964116 dv-cinder-854271-4-smb devstack@n-api.service[128303]: INFO nova.api.openstack.requestlog [None req-db2fd643-b12e-4415-908a-6f2f2a0f1de0 tempest-VolumesGetTestJSON-227708066 tempest-VolumesGetTestJSON-227708066-project] 10.222.0.72 "POST /compute/v2.1/os-volumes" status: 200 len: 353 microversion: 2.1 time: 5.101460
Aug 29 22:57:56.965021 dv-cinder-854271-4-smb devstack@n-api.service[128303]: [pid: 128303|app: 0|req: 1/1] 10.222.0.72 () {60 vars in 1156 bytes} [Mon Aug 29 22:57:51 2022] POST /compute/v2.1/os-volumes => generated 353 bytes in 5104 msecs (HTTP/1.1 200) 10 headers in 448 bytes (1 switches on core 0)
Aug 29 22:57:56.979863 dv-cinder-854271-4-smb devstack@n-api.service[128303]: DEBUG nova.api.openstack.wsgi [None req-f37142d5-cb78-4626-b573-07afb8cd5a93 tempest-VolumesGetTestJSON-227708066 tempest-VolumesGetTestJSON-227708066-project] Calling method '.version_select at 0x7fa4086b9ca0>' {{(pid=128303) _process_stack /opt/stack/nova/nova/api/openstack/wsgi.py:513}}
Aug 29 22:57:57.142961 dv-cinder-854271-4-smb devstack@n-api.service[128303]: INFO nova.api.openstack.requestlog [None req-f37142d5-cb78-4626-b573-07afb8cd5a93 tempest-VolumesGetTestJSON-227708066 tempest-VolumesGetTestJSON-227708066-project] 10.222.0.72 "GET /compute/v2.1/os-volumes/184a1343-f130-4e2c-9ff1-7a4a93972d5f" status: 200 len: 353 microversion: 2.1 time: 0.167145
Aug 29 22:57:57.143721 dv-cinder-854271-4-smb devstack@n-api.service[128303]: [pid: 128303|app: 0|req: 2/2] 10.222.0.72 () {58 vars in 1245 bytes} [Mon Aug 29 22:57:56 2022] GET /compute/v2.1/os-volumes/184a1343-f130-4e2c-9ff1-7a4a93972d5f => generated 353 bytes in 169 msecs (HTTP/1.1 200) 9 headers in 357 bytes (2 switches on core 0)
Aug 29 22:57:57.197924 dv-cinder-854271-4-smb devstack@n-api.service[128304]: DEBUG nova.api.openstack.wsgi [None req-94373c1b-5426-4079-a85a-9e43a43f5fb8 tempest-VolumesTestJSON-236645339 tempest-VolumesTestJSON-236645339-project] Calling method '.version_select at 0x7fa4088319d0>' {{(pid=128304) _process_stack /opt/stack/nova/nova/api/openstack/wsgi.py:513}}
Aug 29 22:57:57.641300 dv-cinder-854271-4-smb devstack@n-api.service[128303]: DEBUG nova.api.openstack.wsgi [None req-44134a2f-6f2e-4666-817f-e8b47b9c9e26 tempest-DeleteServersTestJSON-936814847 tempest-DeleteServersTestJSON-936814847-project] Action: 'create', calling method: >, body: {"server": {"name": "tempest-DeleteServersTestJSON-server-1976909555", "imageRef": "3255506e-6aa3-4cf4-a9b6-4e0b21f38dc8", "flavorRef": "452", "networks": [{"uuid": "8a6694ab-6847-4afd-9ff7-4fbdfc767bfe"}]}} {{(pid=128303) _process_stack /opt/stack/nova/nova/api/openstack/wsgi.py:511}}
Aug 29 22:57:57.783042 dv-cinder-854271-4-smb devstack@n-api.service[128304]: INFO nova.api.openstack.requestlog [None req-94373c1b-5426-4079-a85a-9e43a43f5fb8 tempest-VolumesTestJSON-236645339 tempest-VolumesTestJSON-236645339-project] 10.222.0.72 "GET /compute/v2.1/os-volumes/20d65c1f-2a2e-432d-a328-08cf70253bae" status: 200 len: 351 microversion: 2.1 time: 1.351806
Aug 29 22:57:57.783720 dv-cinder-854271-4-smb devstack@n-api.service[128304]: [pid: 128304|app: 0|req: 1/3] 10.222.0.72 () {58 vars in 1245 bytes} [Mon Aug 29 22:57:56 2022] GET /compute/v2.1/os-volumes/20d65c1f-2a2e-432d-a328-08cf70253bae => generated 351 bytes in 1354 msecs (HTTP/1.1 200) 9 headers in 357 bytes (1 switches on core 0)
Aug 29 22:57:57.873430 dv-cinder-854271-4-smb devstack@n-api.service[128303]: DEBUG nova.network.neutron [None req-44134a2f-6f2e-4666-817f-e8b47b9c9e26 tempest-DeleteServersTestJSON-936814847 tempest-DeleteServersTestJSON-936814847-project] validate_networks() for [('8a6694ab-6847-4afd-9ff7-4fbdfc767bfe', None, None, None, None, None)] {{(pid=128303) validate_networks /opt/stack/nova/nova/network/neutron.py:2626}}
Aug 29 22:57:58.160709 dv-cinder-854271-4-smb devstack@n-api.service[128304]: DEBUG nova.api.openstack.wsgi [None req-a1f73369-60a0-4759-80de-6a60d906e7f5 tempest-VolumesGetTestJSON-227708066 tempest-VolumesGetTestJSON-227708066-project] Calling method '.version_select at 0x7fa4086f8d30>' {{(pid=128304) _process_stack /opt/stack/nova/nova/api/openstack/wsgi.py:513}}
Aug 29 22:57:58.381149 dv-cinder-854271-4-smb devstack@n-api.service[128304]: INFO nova.api.openstack.requestlog [None req-a1f73369-60a0-4759-80de-6a60d906e7f5 tempest-VolumesGetTestJSON-227708066 tempest-VolumesGetTestJSON-227708066-project] 10.222.0.72 "GET /compute/v2.1/os-volumes/184a1343-f130-4e2c-9ff1-7a4a93972d5f" status: 200 len: 354 microversion: 2.1 time: 0.227386
Aug 29 22:57:58.381714 dv-cinder-854271-4-smb devstack@n-api.service[128304]: [pid: 128304|app: 0|req: 2/4] 10.222.0.72 () {58 vars in 1245 bytes} [Mon Aug 29 22:57:58 2022] GET /compute/v2.1/os-volumes/184a1343-f130-4e2c-9ff1-7a4a93972d5f => generated 354 bytes in 229 msecs (HTTP/1.1 200) 9 headers in 357 bytes (2 switches on core 0)
Aug 29 22:57:58.395118 dv-cinder-854271-4-smb devstack@n-api.service[128304]: DEBUG nova.api.openstack.wsgi [None req-e9a3eda2-ce15-4d17-9026-2d2dd61fa681 tempest-VolumesGetTestJSON-227708066 tempest-VolumesGetTestJSON-227708066-project] Calling method '.version_select at 0x7fa4086b7430>' {{(pid=128304) _process_stack /opt/stack/nova/nova/api/openstack/wsgi.py:513}}
Aug 29 22:57:58.927021 dv-cinder-854271-4-smb devstack@n-api.service[128304]: INFO nova.api.openstack.requestlog [None req-e9a3eda2-ce15-4d17-9026-2d2dd61fa681 tempest-VolumesGetTestJSON-227708066 tempest-VolumesGetTestJSON-227708066-project] 10.222.0.72 "GET /compute/v2.1/os-volumes/184a1343-f130-4e2c-9ff1-7a4a93972d5f" status: 200 len: 354 microversion: 2.1 time: 0.535702
Aug 29 22:57:58.928704 dv-cinder-854271-4-smb devstack@n-api.service[128304]: [pid: 128304|app: 0|req: 3/5] 10.222.0.72 () {58 vars in 1245 bytes} [Mon Aug 29 22:57:58 2022] GET /compute/v2.1/os-volumes/184a1343-f130-4e2c-9ff1-7a4a93972d5f => generated 354 bytes in 538 msecs (HTTP/1.1 200) 9 headers in 357 bytes (1 switches on core 0)
Aug 29 22:57:58.948106 dv-cinder-854271-4-smb devstack@n-api.service[128304]: DEBUG nova.api.openstack.wsgi [None req-09e5c4bf-1b93-4b3f-9887-e3e48db5eaaa tempest-VolumesGetTestJSON-227708066 tempest-VolumesGetTestJSON-227708066-project] Calling method '.version_select at 0x7fa4086b7af0>' {{(pid=128304) _process_stack /opt/stack/nova/nova/api/openstack/wsgi.py:513}}
Aug 29 22:57:59.353051 dv-cinder-854271-4-smb devstack@n-api.service[128304]: INFO nova.api.openstack.requestlog [None req-09e5c4bf-1b93-4b3f-9887-e3e48db5eaaa tempest-VolumesGetTestJSON-227708066 tempest-VolumesGetTestJSON-227708066-project] 10.222.0.72 "DELETE /compute/v2.1/os-volumes/184a1343-f130-4e2c-9ff1-7a4a93972d5f" status: 202 len: 0 microversion: 2.1 time: 0.408684
Aug 29 22:57:59.357804 dv-cinder-854271-4-smb devstack@n-api.service[128304]: [pid: 128304|app: 0|req: 4/6] 10.222.0.72 () {58 vars in 1248 bytes} [Mon Aug 29 22:57:58 2022] DELETE /compute/v2.1/os-volumes/184a1343-f130-4e2c-9ff1-7a4a93972d5f => generated 0 bytes in 414 msecs (HTTP/1.1 202) 9 headers in 361 bytes (1 switches on core 0)
Aug 29 22:57:59.380752 dv-cinder-854271-4-smb devstack@n-api.service[128304]: DEBUG nova.api.openstack.wsgi [None req-97ac5e6c-4741-4952-b1aa-297ca98bffaf tempest-VolumesGetTestJSON-227708066 tempest-VolumesGetTestJSON-227708066-project] Calling method '.version_select at 0x7fa4086f8dc0>' {{(pid=128304) _process_stack /opt/stack/nova/nova/api/openstack/wsgi.py:513}}
Aug 29 22:57:59.599807 dv-cinder-854271-4-smb devstack@n-api.service[128303]: DEBUG nova.virt.hardware [None req-44134a2f-6f2e-4666-817f-e8b47b9c9e26 tempest-DeleteServersTestJSON-936814847 tempest-DeleteServersTestJSON-936814847-project] Flavor limits 0:0:0 {{(pid=128303) get_cpu_topology_constraints /opt/stack/nova/nova/virt/hardware.py:343}}
Aug 29 22:57:59.600403 dv-cinder-854271-4-smb devstack@n-api.service[128303]: DEBUG nova.virt.hardware [None req-44134a2f-6f2e-4666-817f-e8b47b9c9e26 tempest-DeleteServersTestJSON-936814847 tempest-DeleteServersTestJSON-936814847-project] Image limits 0:0:0 {{(pid=128303) get_cpu_topology_constraints /opt/stack/nova/nova/virt/hardware.py:347}}
Aug 29 22:57:59.600892 dv-cinder-854271-4-smb devstack@n-api.service[128303]: DEBUG nova.virt.hardware [None req-44134a2f-6f2e-4666-817f-e8b47b9c9e26 tempest-DeleteServersTestJSON-936814847 tempest-DeleteServersTestJSON-936814847-project] Flavor pref 0:0:0 {{(pid=128303) get_cpu_topology_constraints /opt/stack/nova/nova/virt/hardware.py:383}}
Aug 29 22:57:59.601356 dv-cinder-854271-4-smb devstack@n-api.service[128303]: DEBUG nova.virt.hardware [None req-44134a2f-6f2e-4666-817f-e8b47b9c9e26 tempest-DeleteServersTestJSON-936814847 tempest-DeleteServersTestJSON-936814847-project] Image pref 0:0:0 {{(pid=128303) get_cpu_topology_constraints /opt/stack/nova/nova/virt/hardware.py:387}}
Aug 29 22:57:59.601826 dv-cinder-854271-4-smb devstack@n-api.service[128303]: DEBUG nova.virt.hardware [None req-44134a2f-6f2e-4666-817f-e8b47b9c9e26 tempest-DeleteServersTestJSON-936814847 tempest-DeleteServersTestJSON-936814847-project] Chose sockets=0, cores=0, threads=0; limits were sockets=65536, cores=65536, threads=65536 {{(pid=128303) get_cpu_topology_constraints /opt/stack/nova/nova/virt/hardware.py:425}}
Aug 29 22:57:59.635411 dv-cinder-854271-4-smb devstack@n-api.service[128303]: DEBUG oslo_concurrency.lockutils [None req-44134a2f-6f2e-4666-817f-e8b47b9c9e26 tempest-DeleteServersTestJSON-936814847 tempest-DeleteServersTestJSON-936814847-project] Acquiring lock "00000000-0000-0000-0000-000000000000" by "nova.context.set_target_cell..get_or_set_cached_cell_and_set_connections" {{(pid=128303) inner /usr/local/lib/python3.8/dist-packages/oslo_concurrency/lockutils.py:385}}
Aug 29 22:57:59.635914 dv-cinder-854271-4-smb devstack@n-api.service[128303]: DEBUG oslo_concurrency.lockutils [None req-44134a2f-6f2e-4666-817f-e8b47b9c9e26 tempest-DeleteServersTestJSON-936814847 tempest-DeleteServersTestJSON-936814847-project] Lock "00000000-0000-0000-0000-000000000000" acquired by "nova.context.set_target_cell..get_or_set_cached_cell_and_set_connections" :: waited 0.001s {{(pid=128303) inner /usr/local/lib/python3.8/dist-packages/oslo_concurrency/lockutils.py:390}}
Aug 29 22:57:59.639659 dv-cinder-854271-4-smb devstack@n-api.service[128303]: DEBUG oslo_concurrency.lockutils [None req-44134a2f-6f2e-4666-817f-e8b47b9c9e26 tempest-DeleteServersTestJSON-936814847 tempest-DeleteServersTestJSON-936814847-project] Lock "00000000-0000-0000-0000-000000000000" "released" by "nova.context.set_target_cell..get_or_set_cached_cell_and_set_connections" :: held 0.000s {{(pid=128303) inner /usr/local/lib/python3.8/dist-packages/oslo_concurrency/lockutils.py:404}}
Aug 29 22:57:59.640606 dv-cinder-854271-4-smb devstack@n-api.service[128303]: DEBUG oslo_concurrency.lockutils [None req-44134a2f-6f2e-4666-817f-e8b47b9c9e26 tempest-DeleteServersTestJSON-936814847 tempest-DeleteServersTestJSON-936814847-project] Acquiring lock "d0e66eb2-13ed-432b-ae48-fd56718858ed" by "nova.context.set_target_cell..get_or_set_cached_cell_and_set_connections" {{(pid=128303) inner /usr/local/lib/python3.8/dist-packages/oslo_concurrency/lockutils.py:385}}
Aug 29 22:57:59.642599 dv-cinder-854271-4-smb devstack@n-api.service[128303]: DEBUG oslo_concurrency.lockutils [None req-44134a2f-6f2e-4666-817f-e8b47b9c9e26 tempest-DeleteServersTestJSON-936814847 tempest-DeleteServersTestJSON-936814847-project] Lock "d0e66eb2-13ed-432b-ae48-fd56718858ed" acquired by "nova.context.set_target_cell..get_or_set_cached_cell_and_set_connections" :: waited 0.001s {{(pid=128303) inner /usr/local/lib/python3.8/dist-packages/oslo_concurrency/lockutils.py:390}}
Aug 29 22:57:59.643719 dv-cinder-854271-4-smb devstack@n-api.service[128303]: DEBUG oslo_concurrency.lockutils [None req-44134a2f-6f2e-4666-817f-e8b47b9c9e26 tempest-DeleteServersTestJSON-936814847 tempest-DeleteServersTestJSON-936814847-project] Lock "d0e66eb2-13ed-432b-ae48-fd56718858ed" "released" by "nova.context.set_target_cell..get_or_set_cached_cell_and_set_connections" :: held 0.002s {{(pid=128303) inner /usr/local/lib/python3.8/dist-packages/oslo_concurrency/lockutils.py:404}}
Aug 29 22:57:59.660059 dv-cinder-854271-4-smb devstack@n-api.service[128304]: INFO nova.api.openstack.requestlog [None req-97ac5e6c-4741-4952-b1aa-297ca98bffaf tempest-VolumesGetTestJSON-227708066 tempest-VolumesGetTestJSON-227708066-project] 10.222.0.72 "GET /compute/v2.1/os-volumes/184a1343-f130-4e2c-9ff1-7a4a93972d5f" status: 200 len: 353 microversion: 2.1 time: 0.284640
Aug 29 22:57:59.664544 dv-cinder-854271-4-smb devstack@n-api.service[128304]: [pid: 128304|app: 0|req: 5/7] 10.222.0.72 () {58 vars in 1245 bytes} [Mon Aug 29 22:57:59 2022] GET /compute/v2.1/os-volumes/184a1343-f130-4e2c-9ff1-7a4a93972d5f => generated 353 bytes in 290 msecs (HTTP/1.1 200) 9 headers in 357 bytes (2 switches on core 0)
Aug 29 22:57:59.726630 dv-cinder-854271-4-smb devstack@n-api.service[128303]: DEBUG nova.quota [None req-44134a2f-6f2e-4666-817f-e8b47b9c9e26 tempest-DeleteServersTestJSON-936814847 tempest-DeleteServersTestJSON-936814847-project] Getting quotas for project 9d9c8644b0f543559839e056773016ce. Resources: {'ram', 'instances', 'cores'} {{(pid=128303) _get_quotas /opt/stack/nova/nova/quota.py:393}}
Aug 29 22:57:59.735829 dv-cinder-854271-4-smb devstack@n-api.service[128303]: DEBUG nova.quota [None req-44134a2f-6f2e-4666-817f-e8b47b9c9e26 tempest-DeleteServersTestJSON-936814847 tempest-DeleteServersTestJSON-936814847-project] Getting quotas for user fbc534cfc37940579e8e508f8a037750 and project 9d9c8644b0f543559839e056773016ce. Resources: {'ram', 'instances', 'cores'} {{(pid=128303) _get_quotas /opt/stack/nova/nova/quota.py:383}}
Aug 29 22:57:59.755535 dv-cinder-854271-4-smb devstack@n-api.service[128303]: DEBUG nova.compute.api [None req-44134a2f-6f2e-4666-817f-e8b47b9c9e26 tempest-DeleteServersTestJSON-936814847 tempest-DeleteServersTestJSON-936814847-project] Going to run 1 instances... {{(pid=128303) _provision_instances /opt/stack/nova/nova/compute/api.py:1403}}
Aug 29 22:57:59.759328 dv-cinder-854271-4-smb devstack@n-api.service[128303]: DEBUG nova.compute.api [None req-44134a2f-6f2e-4666-817f-e8b47b9c9e26 tempest-DeleteServersTestJSON-936814847 tempest-DeleteServersTestJSON-936814847-project] [instance: f1702207-d849-4aeb-8c44-279e9f17435a] block_device_mapping [BlockDeviceMapping(attachment_id=,boot_index=0,connection_info=None,created_at=,delete_on_termination=True,deleted=,deleted_at=,destination_type='local',device_name=None,device_type='disk',disk_bus=None,encrypted=False,encryption_format=None,encryption_options=None,encryption_secret_uuid=None,guest_format=None,id=,image_id='3255506e-6aa3-4cf4-a9b6-4e0b21f38dc8',instance=,instance_uuid=,no_device=False,snapshot_id=None,source_type='image',tag=None,updated_at=,uuid=,volume_id=None,volume_size=None,volume_type=None)] {{(pid=128303) _bdm_validate_set_size_and_instance /opt/stack/nova/nova/compute/api.py:1864}}
Aug 29 22:57:59.984801 dv-cinder-854271-4-smb devstack@n-api.service[128303]: INFO nova.api.openstack.requestlog [None req-44134a2f-6f2e-4666-817f-e8b47b9c9e26 tempest-DeleteServersTestJSON-936814847 tempest-DeleteServersTestJSON-936814847-project] 10.222.0.72 "POST /compute/v2.1/servers" status: 202 len: 380 microversion: 2.1 time: 2.499679
Aug 29 22:57:59.986440 dv-cinder-854271-4-smb devstack@n-api.service[128303]: [pid: 128303|app: 0|req: 3/8] 10.222.0.72 () {60 vars in 1147 bytes} [Mon Aug 29 22:57:57 2022] POST /compute/v2.1/servers => generated 380 bytes in 2502 msecs (HTTP/1.1 202) 10 headers in 451 bytes (2 switches on core 0)
Aug 29 22:58:00.000451 dv-cinder-854271-4-smb devstack@n-api.service[128304]: DEBUG nova.api.openstack.wsgi [None req-25708fe2-459b-42fe-ab8d-cf65a6831738 tempest-DeleteServersTestJSON-936814847 tempest-DeleteServersTestJSON-936814847-project] Calling method '>' {{(pid=128304) _process_stack /opt/stack/nova/nova/api/openstack/wsgi.py:513}}
Aug 29 22:58:00.001776 dv-cinder-854271-4-smb devstack@n-api.service[128304]: DEBUG nova.compute.api [None req-25708fe2-459b-42fe-ab8d-cf65a6831738 tempest-DeleteServersTestJSON-936814847 tempest-DeleteServersTestJSON-936814847-project] [instance: f1702207-d849-4aeb-8c44-279e9f17435a] Fetching instance by UUID {{(pid=128304) get /opt/stack/nova/nova/compute/api.py:2975}}
Aug 29 22:58:00.257899 dv-cinder-854271-4-smb devstack@n-api.service[128303]: DEBUG nova.api.openstack.wsgi [None req-e4795e12-ffec-4801-b6bd-b90e3f0be622 tempest-VolumesTestJSON-236645339 tempest-VolumesTestJSON-236645339-project] Calling method '.version_select at 0x7fa4085da8b0>' {{(pid=128303) _process_stack /opt/stack/nova/nova/api/openstack/wsgi.py:513}}
Aug 29 22:58:00.378356 dv-cinder-854271-4-smb devstack@n-api.service[128303]: INFO nova.api.openstack.requestlog [None req-e4795e12-ffec-4801-b6bd-b90e3f0be622 tempest-VolumesTestJSON-236645339 tempest-VolumesTestJSON-236645339-project] 10.222.0.72 "GET /compute/v2.1/os-volumes/9395458d-8a39-42f8-a199-564aea3f41d0" status: 200 len: 350 microversion: 2.1 time: 0.111649
Aug 29 22:58:00.378356 dv-cinder-854271-4-smb devstack@n-api.service[128303]: [pid: 128303|app: 0|req: 4/9] 10.222.0.72 () {58 vars in 1245 bytes} [Mon Aug 29 22:58:00 2022] GET /compute/v2.1/os-volumes/9395458d-8a39-42f8-a199-564aea3f41d0 => generated 350 bytes in 113 msecs (HTTP/1.1 200) 9 headers in 357 bytes (2 switches on core 0)
Aug 29 22:58:00.466117 dv-cinder-854271-4-smb devstack@n-api.service[128304]: DEBUG nova.policy [None req-25708fe2-459b-42fe-ab8d-cf65a6831738 tempest-DeleteServersTestJSON-936814847 tempest-DeleteServersTestJSON-936814847-project] Policy check for os_compute_api:os-extended-server-attributes failed with credentials {'is_admin': False, 'user_id': 'fbc534cfc37940579e8e508f8a037750', 'user_domain_id': 'default', 'system_scope': None, 'domain_id': None, 'project_id': '9d9c8644b0f543559839e056773016ce', 'project_domain_id': 'default', 'roles': ['member', 'reader'], 'is_admin_project': True, 'service_user_id': None, 'service_user_domain_id': None, 'service_project_id': None, 'service_project_domain_id': None, 'service_roles': []} {{(pid=128304) authorize /opt/stack/nova/nova/policy.py:199}}
Aug 29 22:58:00.499298 dv-cinder-854271-4-smb devstack@n-api.service[128304]: INFO nova.api.openstack.requestlog [None req-25708fe2-459b-42fe-ab8d-cf65a6831738 tempest-DeleteServersTestJSON-936814847 tempest-DeleteServersTestJSON-936814847-project] 10.222.0.72 "GET /compute/v2.1/servers/f1702207-d849-4aeb-8c44-279e9f17435a" status: 200 len: 1215 microversion: 2.1 time: 0.504140
Aug 29 22:58:00.529515 dv-cinder-854271-4-smb devstack@n-api.service[128304]: [pid: 128304|app: 0|req: 6/10] 10.222.0.72 () {58 vars in 1236 bytes} [Mon Aug 29 22:57:59 2022] GET /compute/v2.1/servers/f1702207-d849-4aeb-8c44-279e9f17435a => generated 1215 bytes in 535 msecs (HTTP/1.1 200) 9 headers in 358 bytes (1 switches on core 0)
Aug 29 22:58:00.674590 dv-cinder-854271-4-smb devstack@n-api.service[128303]: DEBUG nova.api.openstack.wsgi [None req-fe3d7d86-bbfc-43dd-a2f8-624a64f7831f tempest-VolumesGetTestJSON-227708066 tempest-VolumesGetTestJSON-227708066-project] Calling method '.version_select at 0x7fa407d6f040>' {{(pid=128303) _process_stack /opt/stack/nova/nova/api/openstack/wsgi.py:513}}
Aug 29 22:58:01.077143 dv-cinder-854271-4-smb devstack@n-api.service[128303]: INFO nova.api.openstack.wsgi [None req-fe3d7d86-bbfc-43dd-a2f8-624a64f7831f tempest-VolumesGetTestJSON-227708066 tempest-VolumesGetTestJSON-227708066-project] HTTP exception thrown: Volume 184a1343-f130-4e2c-9ff1-7a4a93972d5f could not be found.
Aug 29 22:58:01.092660 dv-cinder-854271-4-smb devstack@n-api.service[128303]: DEBUG nova.api.openstack.wsgi [None req-fe3d7d86-bbfc-43dd-a2f8-624a64f7831f tempest-VolumesGetTestJSON-227708066 tempest-VolumesGetTestJSON-227708066-project] Request method failure captured:
Aug 29 22:58:01.092660 dv-cinder-854271-4-smb devstack@n-api.service[128303]: request: GET /compute/v2.1/os-volumes/184a1343-f130-4e2c-9ff1-7a4a93972d5f HTTP/1.1
Aug 29 22:58:01.092660 dv-cinder-854271-4-smb devstack@n-api.service[128303]: Accept: application/json
Aug 29 22:58:01.092660 dv-cinder-854271-4-smb devstack@n-api.service[128303]: Accept-Encoding: identity
Aug 29 22:58:01.092660 dv-cinder-854271-4-smb devstack@n-api.service[128303]: Connection: close
Aug 29 22:58:01.092660 dv-cinder-854271-4-smb devstack@n-api.service[128303]: Content-Length: 0
Aug 29 22:58:01.092660 dv-cinder-854271-4-smb devstack@n-api.service[128303]: Content-Type: application/json
Aug 29 22:58:01.092660 dv-cinder-854271-4-smb devstack@n-api.service[128303]: Host: 10.222.0.72
Aug 29 22:58:01.092660 dv-cinder-854271-4-smb devstack@n-api.service[128303]: Openstack-System-Scope: None
Aug 29 22:58:01.092660 dv-cinder-854271-4-smb devstack@n-api.service[128303]: User-Agent: python-urllib3/1.26.12
Aug 29 22:58:01.092660 dv-cinder-854271-4-smb devstack@n-api.service[128303]: X-Auth-Token: gAAAAABjDURvDkpD1h6AzBTKqq4I6YbdTSWWeTLP22iHubNM4Eo9RztZjPT6E6YpEaMryIjC-PGGY4Hu6nVNRkfx1dVQUkgtMOS2DG55tUxplFfujCk92sWmjhKGwIrtuDlbVN9Ctt3n3T-xa-iL_OZCL1zIBAb3lovV-rfpUkIpzzxJfYmliXc
Aug 29 22:58:01.092660 dv-cinder-854271-4-smb devstack@n-api.service[128303]: X-Domain-Id: None
Aug 29 22:58:01.092660 dv-cinder-854271-4-smb devstack@n-api.service[128303]: X-Domain-Name: None
Aug 29 22:58:01.092660 dv-cinder-854271-4-smb devstack@n-api.service[128303]: X-Identity-Status: Confirmed
Aug 29 22:58:01.092660 dv-cinder-854271-4-smb devstack@n-api.service[128303]: X-Is-Admin-Project: True
Aug 29 22:58:01.092660 dv-cinder-854271-4-smb devstack@n-api.service[128303]: X-Project-Domain-Id: default
Aug 29 22:58:01.092660 dv-cinder-854271-4-smb devstack@n-api.service[128303]: X-Project-Domain-Name: Default
Aug 29 22:58:01.092660 dv-cinder-854271-4-smb devstack@n-api.service[128303]: X-Project-Id: 5512afbfff474f508c981c3d4b282c72
Aug 29 22:58:01.092660 dv-cinder-854271-4-smb devstack@n-api.service[128303]: X-Project-Name: tempest-VolumesGetTestJSON-227708066
Aug 29 22:58:01.092660 dv-cinder-854271-4-smb devstack@n-api.service[128303]: X-Role: member,reader
Aug 29 22:58:01.092660 dv-cinder-854271-4-smb devstack@n-api.service[128303]: X-Roles: member,reader
Aug 29 22:58:01.093805 dv-cinder-854271-4-smb devstack@n-api.service[128303]: X-Service-Catalog: [{"type": "image", "name": "glance", "endpoints": [{"region": "RegionOne", "publicURL": "http://10.222.0.72/image"}]}, {"type": "volumev3", "name": "cinderv3", "endpoints": [{"region": "RegionOne", "publicURL": "http://10.222.0.72/volume/v3/5512afbfff474f508c981c3d4b282c72"}]}, {"type": "compute", "name": "nova", "endpoints": [{"region": "RegionOne", "publicURL": "http://10.222.0.72/compute/v2.1"}]}, {"type": "identity", "name": "keystone", "endpoints": [{"region": "RegionOne", "publicURL": "http://10.222.0.72/identity"}]}, {"type": "compute_legacy", "name": "nova_legacy", "endpoints": [{"region": "RegionOne", "publicURL": "http://10.222.0.72/compute/v2/5512afbfff474f508c981c3d4b282c72"}]}, {"type": "placement", "name": "placement", "endpoints": [{"region": "RegionOne", "publicURL": "http://10.222.0.72/placement"}]}, {"type": "object-store", "name": "swift", "endpoints": [{"region": "RegionOne", "adminURL": "http://10.222.0.72:8080", "publicURL": "http://10.222.0.72:8080/v1/AUTH_5512afbfff474f508c981c3d4b282c72"}]}, {"type": "block-storage", "name": "cinder", "endpoints": [{"region": "RegionOne", "publicURL": "http://10.222.0.72/volume/v3/5512afbfff474f508c981c3d4b282c72"}]}, {"type": "network", "name": "neutron", "endpoints": [{"region": "RegionOne", "publicURL": "http://10.222.0.72:9696/networking"}]}]
Aug 29 22:58:01.093805 dv-cinder-854271-4-smb devstack@n-api.service[128303]: X-Tenant: tempest-VolumesGetTestJSON-227708066
Aug 29 22:58:01.093805 dv-cinder-854271-4-smb devstack@n-api.service[128303]: X-Tenant-Id: 5512afbfff474f508c981c3d4b282c72
Aug 29 22:58:01.093805 dv-cinder-854271-4-smb devstack@n-api.service[128303]: X-Tenant-Name: tempest-VolumesGetTestJSON-227708066
Aug 29 22:58:01.093805 dv-cinder-854271-4-smb devstack@n-api.service[128303]: X-User: tempest-VolumesGetTestJSON-227708066-project
Aug 29 22:58:01.093805 dv-cinder-854271-4-smb devstack@n-api.service[128303]: X-User-Domain-Id: default
Aug 29 22:58:01.093805 dv-cinder-854271-4-smb devstack@n-api.service[128303]: X-User-Domain-Name: Default
Aug 29 22:58:01.093805 dv-cinder-854271-4-smb devstack@n-api.service[128303]: X-User-Id: d8be000ad55e4f868c72845c839b3788
Aug 29 22:58:01.093805 dv-cinder-854271-4-smb devstack@n-api.service[128303]: X-User-Name: tempest-VolumesGetTestJSON-227708066-project
Aug 29 22:58:01.093805 dv-cinder-854271-4-smb devstack@n-api.service[128303]: method:
Aug 29 22:58:01.093805 dv-cinder-854271-4-smb devstack@n-api.service[128303]: exception: Volume 184a1343-f130-4e2c-9ff1-7a4a93972d5f could not be found.
Aug 29 22:58:01.093805 dv-cinder-854271-4-smb devstack@n-api.service[128303]: action_args: {'id': '184a1343-f130-4e2c-9ff1-7a4a93972d5f'}
Aug 29 22:58:01.093805 dv-cinder-854271-4-smb devstack@n-api.service[128303]: {{(pid=128303) _process_stack /opt/stack/nova/nova/api/openstack/wsgi.py:541}}
Aug 29 22:58:01.094465 dv-cinder-854271-4-smb devstack@n-api.service[128303]: ERROR nova.api.openstack.wsgi
Traceback (most recent call last):
Aug 29 22:58:01.094465 dv-cinder-854271-4-smb devstack@n-api.service[128303]: ERROR nova.api.openstack.wsgi
File "/opt/stack/nova/nova/volume/cinder.py", line 433, in wrapper
Aug 29 22:58:01.094465 dv-cinder-854271-4-smb devstack@n-api.service[128303]: ERROR nova.api.openstack.wsgi res = method(self, ctx, volume_id, *args, **kwargs)
Aug 29 22:58:01.094465 dv-cinder-854271-4-smb devstack@n-api.service[128303]: ERROR nova.api.openstack.wsgi
File "/opt/stack/nova/nova/volume/cinder.py", line 502, in get
Aug 29 22:58:01.094465 dv-cinder-854271-4-smb devstack@n-api.service[128303]: ERROR nova.api.openstack.wsgi item = cinderclient(
Aug 29 22:58:01.094465 dv-cinder-854271-4-smb devstack@n-api.service[128303]: ERROR nova.api.openstack.wsgi
File "/usr/local/lib/python3.8/dist-packages/cinderclient/v3/volumes_base.py", line 202, in get
Aug 29 22:58:01.094465 dv-cinder-854271-4-smb devstack@n-api.service[128303]: ERROR nova.api.openstack.wsgi return self._get("/volumes/%s" % volume_id, "volume")
Aug 29 22:58:01.094465 dv-cinder-854271-4-smb devstack@n-api.service[128303]: ERROR nova.api.openstack.wsgi
File "/usr/local/lib/python3.8/dist-packages/cinderclient/base.py", line 297, in _get
Aug 29 22:58:01.094465 dv-cinder-854271-4-smb devstack@n-api.service[128303]: ERROR nova.api.openstack.wsgi resp, body = self.api.client.get(url)
Aug 29 22:58:01.094465 dv-cinder-854271-4-smb devstack@n-api.service[128303]: ERROR nova.api.openstack.wsgi
File "/usr/local/lib/python3.8/dist-packages/cinderclient/client.py", line 224, in get
Aug 29 22:58:01.094465 dv-cinder-854271-4-smb devstack@n-api.service[128303]: ERROR nova.api.openstack.wsgi return self._cs_request(url, 'GET', **kwargs)
Aug 29 22:58:01.094465 dv-cinder-854271-4-smb devstack@n-api.service[128303]: ERROR nova.api.openstack.wsgi
File "/usr/local/lib/python3.8/dist-packages/cinderclient/client.py", line 215, in _cs_request
Aug 29 22:58:01.094465 dv-cinder-854271-4-smb devstack@n-api.service[128303]: ERROR nova.api.openstack.wsgi return self.request(url, method, **kwargs)
Aug 29 22:58:01.094465 dv-cinder-854271-4-smb devstack@n-api.service[128303]: ERROR nova.api.openstack.wsgi
File "/usr/local/lib/python3.8/dist-packages/cinderclient/client.py", line 201, in request
Aug 29 22:58:01.094465 dv-cinder-854271-4-smb devstack@n-api.service[128303]: ERROR nova.api.openstack.wsgi raise exceptions.from_response(resp, body)
Aug 29 22:58:01.094465 dv-cinder-854271-4-smb devstack@n-api.service[128303]: ERROR nova.api.openstack.wsgi cinderclient.exceptions.NotFound: Volume 184a1343-f130-4e2c-9ff1-7a4a93972d5f could not be found. (HTTP 404) (Request-ID: req-c4286928-31bd-4d72-b544-e9440530fb33)
Aug 29 22:58:01.094465 dv-cinder-854271-4-smb devstack@n-api.service[128303]: ERROR nova.api.openstack.wsgi
Aug 29 22:58:01.094465 dv-cinder-854271-4-smb devstack@n-api.service[128303]: ERROR nova.api.openstack.wsgi During handling of the above exception, another exception occurred:
Aug 29 22:58:01.094465 dv-cinder-854271-4-smb devstack@n-api.service[128303]: ERROR nova.api.openstack.wsgi
Aug 29 22:58:01.095788 dv-cinder-854271-4-smb devstack@n-api.service[128303]: ERROR nova.api.openstack.wsgi
Traceback (most recent call last):
Aug 29 22:58:01.095788 dv-cinder-854271-4-smb devstack@n-api.service[128303]: ERROR nova.api.openstack.wsgi
File "/opt/stack/nova/nova/api/openstack/compute/volumes.py", line 120, in show
Aug 29 22:58:01.095788 dv-cinder-854271-4-smb devstack@n-api.service[128303]: ERROR nova.api.openstack.wsgi vol = self.volume_api.get(context, id)
Aug 29 22:58:01.095788 dv-cinder-854271-4-smb devstack@n-api.service[128303]: ERROR nova.api.openstack.wsgi
File "/opt/stack/nova/nova/volume/cinder.py", line 395, in wrapper
Aug 29 22:58:01.095788 dv-cinder-854271-4-smb devstack@n-api.service[128303]: ERROR nova.api.openstack.wsgi res = method(self, ctx, *args, **kwargs)
Aug 29 22:58:01.095788 dv-cinder-854271-4-smb devstack@n-api.service[128303]: ERROR nova.api.openstack.wsgi
File "/opt/stack/nova/nova/volume/cinder.py", line 435, in wrapper
Aug 29 22:58:01.095788 dv-cinder-854271-4-smb devstack@n-api.service[128303]: ERROR nova.api.openstack.wsgi _reraise(exception.VolumeNotFound(volume_id=volume_id))
Aug 29 22:58:01.095788 dv-cinder-854271-4-smb devstack@n-api.service[128303]: ERROR nova.api.openstack.wsgi
File "/opt/stack/nova/nova/volume/cinder.py", line 486, in _reraise
Aug 29 22:58:01.095788 dv-cinder-854271-4-smb devstack@n-api.service[128303]: ERROR nova.api.openstack.wsgi raise desired_exc.with_traceback(sys.exc_info()[2])
Aug 29 22:58:01.095788 dv-cinder-854271-4-smb devstack@n-api.service[128303]: ERROR nova.api.openstack.wsgi
File "/opt/stack/nova/nova/volume/cinder.py", line 433, in wrapper
Aug 29 22:58:01.095788 dv-cinder-854271-4-smb devstack@n-api.service[128303]: ERROR nova.api.openstack.wsgi res = method(self, ctx, volume_id, *args, **kwargs)
Aug 29 22:58:01.095788 dv-cinder-854271-4-smb devstack@n-api.service[128303]: ERROR nova.api.openstack.wsgi
File "/opt/stack/nova/nova/volume/cinder.py", line 502, in get
Aug 29 22:58:01.095788 dv-cinder-854271-4-smb devstack@n-api.service[128303]: ERROR nova.api.openstack.wsgi item = cinderclient(
Aug 29 22:58:01.095788 dv-cinder-854271-4-smb devstack@n-api.service[128303]: ERROR nova.api.openstack.wsgi
File "/usr/local/lib/python3.8/dist-packages/cinderclient/v3/volumes_base.py", line 202, in get
Aug 29 22:58:01.095788 dv-cinder-854271-4-smb devstack@n-api.service[128303]: ERROR nova.api.openstack.wsgi return self._get("/volumes/%s" % volume_id, "volume")
Aug 29 22:58:01.095788 dv-cinder-854271-4-smb devstack@n-api.service[128303]: ERROR nova.api.openstack.wsgi
File "/usr/local/lib/python3.8/dist-packages/cinderclient/base.py", line 297, in _get
Aug 29 22:58:01.095788 dv-cinder-854271-4-smb devstack@n-api.service[128303]: ERROR nova.api.openstack.wsgi resp, body = self.api.client.get(url)
Aug 29 22:58:01.095788 dv-cinder-854271-4-smb devstack@n-api.service[128303]: ERROR nova.api.openstack.wsgi
File "/usr/local/lib/python3.8/dist-packages/cinderclient/client.py", line 224, in get
Aug 29 22:58:01.095788 dv-cinder-854271-4-smb devstack@n-api.service[128303]: ERROR nova.api.openstack.wsgi return self._cs_request(url, 'GET', **kwargs)
Aug 29 22:58:01.096783 dv-cinder-854271-4-smb devstack@n-api.service[128303]: ERROR nova.api.openstack.wsgi
File "/usr/local/lib/python3.8/dist-packages/cinderclient/client.py", line 215, in _cs_request
Aug 29 22:58:01.096783 dv-cinder-854271-4-smb devstack@n-api.service[128303]: ERROR nova.api.openstack.wsgi return self.request(url, method, **kwargs)
Aug 29 22:58:01.096783 dv-cinder-854271-4-smb devstack@n-api.service[128303]: ERROR nova.api.openstack.wsgi
File "/usr/local/lib/python3.8/dist-packages/cinderclient/client.py", line 201, in request
Aug 29 22:58:01.096783 dv-cinder-854271-4-smb devstack@n-api.service[128303]: ERROR nova.api.openstack.wsgi raise exceptions.from_response(resp, body)
Aug 29 22:58:01.096783 dv-cinder-854271-4-smb devstack@n-api.service[128303]: ERROR nova.api.openstack.wsgi nova.exception.VolumeNotFound: Volume 184a1343-f130-4e2c-9ff1-7a4a93972d5f could not be found.
Aug 29 22:58:01.096783 dv-cinder-854271-4-smb devstack@n-api.service[128303]: ERROR nova.api.openstack.wsgi
Aug 29 22:58:01.096783 dv-cinder-854271-4-smb devstack@n-api.service[128303]: ERROR nova.api.openstack.wsgi During handling of the above exception, another exception occurred:
