Aug 24 09:45:54.618563 dv-cinder-854271-2-smb devstack@c-api.service[125183]: /usr/local/lib/python3.8/dist-packages/oslo_context/context.py:100: DeprecationWarning: Policy enforcement is depending on the value of is_admin. This key is deprecated. Please update your policy file to use the standard policy values.
Aug 24 09:45:54.618563 dv-cinder-854271-2-smb devstack@c-api.service[125183]: warnings.warn('Policy enforcement is depending on the value of '
Aug 24 09:45:54.623376 dv-cinder-854271-2-smb devstack@c-api.service[125182]: /usr/local/lib/python3.8/dist-packages/oslo_context/context.py:100: DeprecationWarning: Policy enforcement is depending on the value of is_admin. This key is deprecated. Please update your policy file to use the standard policy values.
Aug 24 09:45:54.623376 dv-cinder-854271-2-smb devstack@c-api.service[125182]: warnings.warn('Policy enforcement is depending on the value of '
Aug 24 09:45:54.632291 dv-cinder-854271-2-smb devstack@c-api.service[125182]: INFO cinder.volume.api [None req-9536516f-3655-41e6-ba0b-7e5e1555c4fa tempest-VolumesListAdminTestJSON-189661986 tempest-VolumesListAdminTestJSON-189661986-project-admin] Volume info retrieved successfully.
Aug 24 09:45:54.636346 dv-cinder-854271-2-smb devstack@c-api.service[125183]: INFO cinder.volume.api [None req-4616420b-44c0-4cb2-8bfc-b2c700d61d2e tempest-DeleteServersTestJSON-1124131193 tempest-DeleteServersTestJSON-1124131193-project] Volume info retrieved successfully.
Aug 24 09:45:54.643324 dv-cinder-854271-2-smb devstack@c-api.service[125182]: INFO cinder.api.openstack.wsgi [None req-9536516f-3655-41e6-ba0b-7e5e1555c4fa tempest-VolumesListAdminTestJSON-189661986 tempest-VolumesListAdminTestJSON-189661986-project-admin] http://10.222.0.58/volume/v3/ab31448fd7ab46eb946cfbaf41aa44ad/volumes/94da8d89-08b7-429e-8080-48e9ef2e4e25 returned with HTTP 200
Aug 24 09:45:54.645110 dv-cinder-854271-2-smb devstack@c-api.service[125182]: [pid: 125182|app: 0|req: 188/384] 10.222.0.58 () {58 vars in 1325 bytes} [Wed Aug 24 09:45:54 2022] GET /volume/v3/ab31448fd7ab46eb946cfbaf41aa44ad/volumes/94da8d89-08b7-429e-8080-48e9ef2e4e25 => generated 1035 bytes in 55 msecs (HTTP/1.1 200) 7 headers in 286 bytes (2 switches on core 0)
Aug 24 09:45:54.660734 dv-cinder-854271-2-smb devstack@c-api.service[125183]: INFO cinder.api.openstack.wsgi [None req-4616420b-44c0-4cb2-8bfc-b2c700d61d2e tempest-DeleteServersTestJSON-1124131193 tempest-DeleteServersTestJSON-1124131193-project] http://10.222.0.58/volume/v3/6cca418a0bb54f728c67515702b1086c/volumes/a0ebeb6e-ccf5-40ae-a006-98506986e190 returned with HTTP 200
Aug 24 09:45:54.661225 dv-cinder-854271-2-smb devstack@c-api.service[125182]: DEBUG cinder.api.middleware.request_id [None req-abb84814-9b42-43d4-ad0a-40885c31ae44 None None] RequestId filter calling following filter/app {{(pid=125182) _context_setter /opt/stack/cinder/cinder/api/middleware/request_id.py:62}}
Aug 24 09:45:54.661781 dv-cinder-854271-2-smb devstack@c-api.service[125183]: [pid: 125183|app: 0|req: 197/385] 10.222.0.58 () {58 vars in 1325 bytes} [Wed Aug 24 09:45:54 2022] GET /volume/v3/6cca418a0bb54f728c67515702b1086c/volumes/a0ebeb6e-ccf5-40ae-a006-98506986e190 => generated 888 bytes in 81 msecs (HTTP/1.1 200) 7 headers in 285 bytes (1 switches on core 0)
Aug 24 09:45:54.677197 dv-cinder-854271-2-smb devstack@c-api.service[125182]: INFO cinder.api.openstack.wsgi [None req-abb84814-9b42-43d4-ad0a-40885c31ae44 tempest-VolumesListAdminTestJSON-189661986 tempest-VolumesListAdminTestJSON-189661986-project-admin] GET http://10.222.0.58/volume/v3/ab31448fd7ab46eb946cfbaf41aa44ad/volumes/detail?all_tenants=1&project_id=90ff51a42677491996d520e7b39928e6
Aug 24 09:45:54.677872 dv-cinder-854271-2-smb devstack@c-api.service[125182]: DEBUG cinder.api.openstack.wsgi [None req-abb84814-9b42-43d4-ad0a-40885c31ae44 tempest-VolumesListAdminTestJSON-189661986 tempest-VolumesListAdminTestJSON-189661986-project-admin] Empty body provided in request {{(pid=125182) get_body /opt/stack/cinder/cinder/api/openstack/wsgi.py:715}}
Aug 24 09:45:54.678958 dv-cinder-854271-2-smb devstack@c-api.service[125182]: DEBUG cinder.api.openstack.wsgi [None req-abb84814-9b42-43d4-ad0a-40885c31ae44 tempest-VolumesListAdminTestJSON-189661986 tempest-VolumesListAdminTestJSON-189661986-project-admin] Calling method 'detail' {{(pid=125182) _process_stack /opt/stack/cinder/cinder/api/openstack/wsgi.py:868}}
Aug 24 09:45:54.680175 dv-cinder-854271-2-smb devstack@c-api.service[125182]: DEBUG cinder.volume.api [None req-abb84814-9b42-43d4-ad0a-40885c31ae44 tempest-VolumesListAdminTestJSON-189661986 tempest-VolumesListAdminTestJSON-189661986-project-admin] Could not evaluate value 90ff51a42677491996d520e7b39928e6, assuming string {{(pid=125182) check_volume_filters /opt/stack/cinder/cinder/volume/api.py:2305}}
Aug 24 09:45:54.681452 dv-cinder-854271-2-smb devstack@c-api.service[125182]: DEBUG cinder.volume.api [None req-abb84814-9b42-43d4-ad0a-40885c31ae44 tempest-VolumesListAdminTestJSON-189661986 tempest-VolumesListAdminTestJSON-189661986-project-admin] Searching by: MultiDict([('project_id', '90ff51a42677491996d520e7b39928e6'), ('all_tenants', 1)]). {{(pid=125182) get_all /opt/stack/cinder/cinder/volume/api.py:664}}
Aug 24 09:45:54.760549 dv-cinder-854271-2-smb devstack@c-api.service[125183]: DEBUG cinder.api.middleware.request_id [None req-81802760-f684-4ab9-a435-4becf4b1c2be None None] RequestId filter calling following filter/app {{(pid=125183) _context_setter /opt/stack/cinder/cinder/api/middleware/request_id.py:62}}
Aug 24 09:45:54.764952 dv-cinder-854271-2-smb devstack@c-api.service[125183]: INFO cinder.api.openstack.wsgi [None req-81802760-f684-4ab9-a435-4becf4b1c2be tempest-VolumesExtendTest-114564010 tempest-VolumesExtendTest-114564010-project] GET http://10.222.0.58/volume/v3/7f5567da4a34484d9974755d675a8889/volumes/93b399aa-3ed8-48fc-8f92-55fc63f448ea
Aug 24 09:45:54.765751 dv-cinder-854271-2-smb devstack@c-api.service[125183]: DEBUG cinder.api.openstack.wsgi [None req-81802760-f684-4ab9-a435-4becf4b1c2be tempest-VolumesExtendTest-114564010 tempest-VolumesExtendTest-114564010-project] Empty body provided in request {{(pid=125183) get_body /opt/stack/cinder/cinder/api/openstack/wsgi.py:715}}
Aug 24 09:45:54.766451 dv-cinder-854271-2-smb devstack@c-api.service[125183]: DEBUG cinder.api.openstack.wsgi [None req-81802760-f684-4ab9-a435-4becf4b1c2be tempest-VolumesExtendTest-114564010 tempest-VolumesExtendTest-114564010-project] Calling method 'show' {{(pid=125183) _process_stack /opt/stack/cinder/cinder/api/openstack/wsgi.py:868}}
Aug 24 09:45:54.767486 dv-cinder-854271-2-smb devstack@c-api.service[125182]: INFO cinder.volume.api [None req-abb84814-9b42-43d4-ad0a-40885c31ae44 tempest-VolumesListAdminTestJSON-189661986 tempest-VolumesListAdminTestJSON-189661986-project-admin] Get all volumes completed successfully.
Aug 24 09:45:54.771694 dv-cinder-854271-2-smb devstack@c-api.service[125182]: /usr/local/lib/python3.8/dist-packages/oslo_context/context.py:100: DeprecationWarning: Policy enforcement is depending on the value of is_admin. This key is deprecated. Please update your policy file to use the standard policy values.
Aug 24 09:45:54.771694 dv-cinder-854271-2-smb devstack@c-api.service[125182]: warnings.warn('Policy enforcement is depending on the value of '
Aug 24 09:45:54.781621 dv-cinder-854271-2-smb devstack@c-api.service[125182]: INFO cinder.api.openstack.wsgi [None req-abb84814-9b42-43d4-ad0a-40885c31ae44 tempest-VolumesListAdminTestJSON-189661986 tempest-VolumesListAdminTestJSON-189661986-project-admin] http://10.222.0.58/volume/v3/ab31448fd7ab46eb946cfbaf41aa44ad/volumes/detail?all_tenants=1&project_id=90ff51a42677491996d520e7b39928e6 returned with HTTP 200
Aug 24 09:45:54.782666 dv-cinder-854271-2-smb devstack@c-api.service[125182]: [pid: 125182|app: 0|req: 189/386] 10.222.0.58 () {58 vars in 1350 bytes} [Wed Aug 24 09:45:54 2022] GET /volume/v3/ab31448fd7ab46eb946cfbaf41aa44ad/volumes/detail?all_tenants=1&project_id=90ff51a42677491996d520e7b39928e6 => generated 3231 bytes in 123 msecs (HTTP/1.1 200) 7 headers in 286 bytes (1 switches on core 0)
Aug 24 09:45:54.786561 dv-cinder-854271-2-smb devstack@c-api.service[125183]: /usr/local/lib/python3.8/dist-packages/oslo_context/context.py:100: DeprecationWarning: Policy enforcement is depending on the value of is_admin. This key is deprecated. Please update your policy file to use the standard policy values.
Aug 24 09:45:54.786561 dv-cinder-854271-2-smb devstack@c-api.service[125183]: warnings.warn('Policy enforcement is depending on the value of '
Aug 24 09:45:54.794274 dv-cinder-854271-2-smb devstack@c-api.service[125183]: INFO cinder.volume.api [None req-81802760-f684-4ab9-a435-4becf4b1c2be tempest-VolumesExtendTest-114564010 tempest-VolumesExtendTest-114564010-project] Volume info retrieved successfully.
Aug 24 09:45:54.800856 dv-cinder-854271-2-smb devstack@c-api.service[125182]: DEBUG cinder.api.middleware.request_id [None req-f317d902-7194-416e-89c7-32d90dca37e4 None None] RequestId filter calling following filter/app {{(pid=125182) _context_setter /opt/stack/cinder/cinder/api/middleware/request_id.py:62}}
Aug 24 09:45:54.805261 dv-cinder-854271-2-smb devstack@c-api.service[125183]: INFO cinder.api.openstack.wsgi [None req-81802760-f684-4ab9-a435-4becf4b1c2be tempest-VolumesExtendTest-114564010 tempest-VolumesExtendTest-114564010-project] http://10.222.0.58/volume/v3/7f5567da4a34484d9974755d675a8889/volumes/93b399aa-3ed8-48fc-8f92-55fc63f448ea returned with HTTP 200
Aug 24 09:45:54.806118 dv-cinder-854271-2-smb devstack@c-api.service[125183]: [pid: 125183|app: 0|req: 198/387] 10.222.0.58 () {58 vars in 1325 bytes} [Wed Aug 24 09:45:54 2022] GET /volume/v3/7f5567da4a34484d9974755d675a8889/volumes/93b399aa-3ed8-48fc-8f92-55fc63f448ea => generated 909 bytes in 47 msecs (HTTP/1.1 200) 7 headers in 285 bytes (2 switches on core 0)
Aug 24 09:45:54.809562 dv-cinder-854271-2-smb devstack@c-api.service[125182]: INFO cinder.api.openstack.wsgi [None req-f317d902-7194-416e-89c7-32d90dca37e4 tempest-VolumesListAdminTestJSON-189661986 tempest-VolumesListAdminTestJSON-189661986-project-admin] DELETE http://10.222.0.58/volume/v3/ab31448fd7ab46eb946cfbaf41aa44ad/volumes/94da8d89-08b7-429e-8080-48e9ef2e4e25
Aug 24 09:45:54.810006 dv-cinder-854271-2-smb devstack@c-api.service[125182]: DEBUG cinder.api.openstack.wsgi [None req-f317d902-7194-416e-89c7-32d90dca37e4 tempest-VolumesListAdminTestJSON-189661986 tempest-VolumesListAdminTestJSON-189661986-project-admin] Empty body provided in request {{(pid=125182) get_body /opt/stack/cinder/cinder/api/openstack/wsgi.py:715}}
Aug 24 09:45:54.810649 dv-cinder-854271-2-smb devstack@c-api.service[125182]: DEBUG cinder.api.openstack.wsgi [None req-f317d902-7194-416e-89c7-32d90dca37e4 tempest-VolumesListAdminTestJSON-189661986 tempest-VolumesListAdminTestJSON-189661986-project-admin] Calling method 'delete' {{(pid=125182) _process_stack /opt/stack/cinder/cinder/api/openstack/wsgi.py:868}}
Aug 24 09:45:54.810956 dv-cinder-854271-2-smb devstack@c-api.service[125182]: INFO cinder.api.v3.volumes [None req-f317d902-7194-416e-89c7-32d90dca37e4 tempest-VolumesListAdminTestJSON-189661986 tempest-VolumesListAdminTestJSON-189661986-project-admin] Delete volume with id: 94da8d89-08b7-429e-8080-48e9ef2e4e25
Aug 24 09:45:54.854393 dv-cinder-854271-2-smb devstack@c-api.service[125182]: /usr/local/lib/python3.8/dist-packages/oslo_context/context.py:100: DeprecationWarning: Policy enforcement is depending on the value of is_admin. This key is deprecated. Please update your policy file to use the standard policy values.
Aug 24 09:45:54.854393 dv-cinder-854271-2-smb devstack@c-api.service[125182]: warnings.warn('Policy enforcement is depending on the value of '
Aug 24 09:45:54.855219 dv-cinder-854271-2-smb devstack@c-api.service[125182]: INFO cinder.volume.api [None req-f317d902-7194-416e-89c7-32d90dca37e4 tempest-VolumesListAdminTestJSON-189661986 tempest-VolumesListAdminTestJSON-189661986-project-admin] Volume info retrieved successfully.
Aug 24 09:45:54.927126 dv-cinder-854271-2-smb devstack@c-api.service[125182]: INFO cinder.volume.api [None req-f317d902-7194-416e-89c7-32d90dca37e4 tempest-VolumesListAdminTestJSON-189661986 tempest-VolumesListAdminTestJSON-189661986-project-admin] Delete volume request issued successfully.
Aug 24 09:45:54.927544 dv-cinder-854271-2-smb devstack@c-api.service[125182]: INFO cinder.api.openstack.wsgi [None req-f317d902-7194-416e-89c7-32d90dca37e4 tempest-VolumesListAdminTestJSON-189661986 tempest-VolumesListAdminTestJSON-189661986-project-admin] http://10.222.0.58/volume/v3/ab31448fd7ab46eb946cfbaf41aa44ad/volumes/94da8d89-08b7-429e-8080-48e9ef2e4e25 returned with HTTP 202
Aug 24 09:45:54.928338 dv-cinder-854271-2-smb devstack@c-api.service[125182]: [pid: 125182|app: 0|req: 190/388] 10.222.0.58 () {58 vars in 1328 bytes} [Wed Aug 24 09:45:54 2022] DELETE /volume/v3/ab31448fd7ab46eb946cfbaf41aa44ad/volumes/94da8d89-08b7-429e-8080-48e9ef2e4e25 => generated 0 bytes in 128 msecs (HTTP/1.1 202) 6 headers in 233 bytes (2 switches on core 0)
Aug 24 09:45:54.934309 dv-cinder-854271-2-smb devstack@c-api.service[125183]: DEBUG cinder.api.middleware.request_id [None req-a0fa81b4-6a7b-4c78-85f0-a74f906ed5ef None None] RequestId filter calling following filter/app {{(pid=125183) _context_setter /opt/stack/cinder/cinder/api/middleware/request_id.py:62}}
Aug 24 09:45:54.939110 dv-cinder-854271-2-smb devstack@c-api.service[125183]: INFO cinder.api.openstack.wsgi [None req-a0fa81b4-6a7b-4c78-85f0-a74f906ed5ef tempest-VolumesListAdminTestJSON-356846010 tempest-VolumesListAdminTestJSON-356846010-project] DELETE http://10.222.0.58/volume/v3/90ff51a42677491996d520e7b39928e6/volumes/c2e7b746-3833-4f9a-99e8-db81ea612ebc
Aug 24 09:45:54.939776 dv-cinder-854271-2-smb devstack@c-api.service[125183]: DEBUG cinder.api.openstack.wsgi [None req-a0fa81b4-6a7b-4c78-85f0-a74f906ed5ef tempest-VolumesListAdminTestJSON-356846010 tempest-VolumesListAdminTestJSON-356846010-project] Empty body provided in request {{(pid=125183) get_body /opt/stack/cinder/cinder/api/openstack/wsgi.py:715}}
Aug 24 09:45:54.940385 dv-cinder-854271-2-smb devstack@c-api.service[125183]: DEBUG cinder.api.openstack.wsgi [None req-a0fa81b4-6a7b-4c78-85f0-a74f906ed5ef tempest-VolumesListAdminTestJSON-356846010 tempest-VolumesListAdminTestJSON-356846010-project] Calling method 'delete' {{(pid=125183) _process_stack /opt/stack/cinder/cinder/api/openstack/wsgi.py:868}}
Aug 24 09:45:54.940936 dv-cinder-854271-2-smb devstack@c-api.service[125183]: INFO cinder.api.v3.volumes [None req-a0fa81b4-6a7b-4c78-85f0-a74f906ed5ef tempest-VolumesListAdminTestJSON-356846010 tempest-VolumesListAdminTestJSON-356846010-project] Delete volume with id: c2e7b746-3833-4f9a-99e8-db81ea612ebc
Aug 24 09:45:54.963350 dv-cinder-854271-2-smb devstack@c-api.service[125183]: /usr/local/lib/python3.8/dist-packages/oslo_context/context.py:100: DeprecationWarning: Policy enforcement is depending on the value of is_admin. This key is deprecated. Please update your policy file to use the standard policy values.
Aug 24 09:45:54.963350 dv-cinder-854271-2-smb devstack@c-api.service[125183]: warnings.warn('Policy enforcement is depending on the value of '
Aug 24 09:45:54.964274 dv-cinder-854271-2-smb devstack@c-api.service[125183]: INFO cinder.volume.api [None req-a0fa81b4-6a7b-4c78-85f0-a74f906ed5ef tempest-VolumesListAdminTestJSON-356846010 tempest-VolumesListAdminTestJSON-356846010-project] Volume info retrieved successfully.
Aug 24 09:45:54.988207 dv-cinder-854271-2-smb devstack@c-api.service[125183]: DEBUG dbcounter [-] [125183] Writing DB stats cinder:SELECT=90,cinder:UPDATE=9,cinder:INSERT=1 {{(pid=125183) stat_writer /usr/local/lib/python3.8/dist-packages/dbcounter.py:114}}
Aug 24 09:45:55.000055 dv-cinder-854271-2-smb devstack@c-api.service[125183]: INFO cinder.volume.api [None req-a0fa81b4-6a7b-4c78-85f0-a74f906ed5ef tempest-VolumesListAdminTestJSON-356846010 tempest-VolumesListAdminTestJSON-356846010-project] Delete volume request issued successfully.
Aug 24 09:45:55.004806 dv-cinder-854271-2-smb devstack@c-api.service[125183]: INFO cinder.api.openstack.wsgi [None req-a0fa81b4-6a7b-4c78-85f0-a74f906ed5ef tempest-VolumesListAdminTestJSON-356846010 tempest-VolumesListAdminTestJSON-356846010-project] http://10.222.0.58/volume/v3/90ff51a42677491996d520e7b39928e6/volumes/c2e7b746-3833-4f9a-99e8-db81ea612ebc returned with HTTP 202
Aug 24 09:45:55.006686 dv-cinder-854271-2-smb devstack@c-api.service[125183]: [pid: 125183|app: 0|req: 199/389] 10.222.0.58 () {58 vars in 1328 bytes} [Wed Aug 24 09:45:54 2022] DELETE /volume/v3/90ff51a42677491996d520e7b39928e6/volumes/c2e7b746-3833-4f9a-99e8-db81ea612ebc => generated 0 bytes in 73 msecs (HTTP/1.1 202) 6 headers in 233 bytes (1 switches on core 0)
Aug 24 09:45:55.013694 dv-cinder-854271-2-smb devstack@c-api.service[125182]: DEBUG cinder.api.middleware.request_id [None req-31e8f3ff-1fd7-4078-973b-2eea48b1da4e None None] RequestId filter calling following filter/app {{(pid=125182) _context_setter /opt/stack/cinder/cinder/api/middleware/request_id.py:62}}
Aug 24 09:45:55.020995 dv-cinder-854271-2-smb devstack@c-api.service[125182]: INFO cinder.api.openstack.wsgi [None req-31e8f3ff-1fd7-4078-973b-2eea48b1da4e tempest-VolumesListAdminTestJSON-356846010 tempest-VolumesListAdminTestJSON-356846010-project] GET http://10.222.0.58/volume/v3/90ff51a42677491996d520e7b39928e6/volumes/c2e7b746-3833-4f9a-99e8-db81ea612ebc
Aug 24 09:45:55.021754 dv-cinder-854271-2-smb devstack@c-api.service[125182]: DEBUG cinder.api.openstack.wsgi [None req-31e8f3ff-1fd7-4078-973b-2eea48b1da4e tempest-VolumesListAdminTestJSON-356846010 tempest-VolumesListAdminTestJSON-356846010-project] Empty body provided in request {{(pid=125182) get_body /opt/stack/cinder/cinder/api/openstack/wsgi.py:715}}
Aug 24 09:45:55.022635 dv-cinder-854271-2-smb devstack@c-api.service[125182]: DEBUG cinder.api.openstack.wsgi [None req-31e8f3ff-1fd7-4078-973b-2eea48b1da4e tempest-VolumesListAdminTestJSON-356846010 tempest-VolumesListAdminTestJSON-356846010-project] Calling method 'show' {{(pid=125182) _process_stack /opt/stack/cinder/cinder/api/openstack/wsgi.py:868}}
Aug 24 09:45:55.048466 dv-cinder-854271-2-smb devstack@c-api.service[125182]: /usr/local/lib/python3.8/dist-packages/oslo_context/context.py:100: DeprecationWarning: Policy enforcement is depending on the value of is_admin. This key is deprecated. Please update your policy file to use the standard policy values.
Aug 24 09:45:55.048466 dv-cinder-854271-2-smb devstack@c-api.service[125182]: warnings.warn('Policy enforcement is depending on the value of '
Aug 24 09:45:55.074828 dv-cinder-854271-2-smb devstack@c-api.service[125182]: INFO cinder.volume.api [None req-31e8f3ff-1fd7-4078-973b-2eea48b1da4e tempest-VolumesListAdminTestJSON-356846010 tempest-VolumesListAdminTestJSON-356846010-project] Volume info retrieved successfully.
Aug 24 09:45:55.098503 dv-cinder-854271-2-smb devstack@c-api.service[125182]: INFO cinder.api.openstack.wsgi [None req-31e8f3ff-1fd7-4078-973b-2eea48b1da4e tempest-VolumesListAdminTestJSON-356846010 tempest-VolumesListAdminTestJSON-356846010-project] http://10.222.0.58/volume/v3/90ff51a42677491996d520e7b39928e6/volumes/c2e7b746-3833-4f9a-99e8-db81ea612ebc returned with HTTP 200
Aug 24 09:45:55.098503 dv-cinder-854271-2-smb devstack@c-api.service[125182]: [pid: 125182|app: 0|req: 191/390] 10.222.0.58 () {58 vars in 1325 bytes} [Wed Aug 24 09:45:55 2022] GET /volume/v3/90ff51a42677491996d520e7b39928e6/volumes/c2e7b746-3833-4f9a-99e8-db81ea612ebc => generated 915 bytes in 86 msecs (HTTP/1.1 200) 7 headers in 285 bytes (2 switches on core 0)
Aug 24 09:45:55.679939 dv-cinder-854271-2-smb devstack@c-api.service[125183]: DEBUG cinder.api.middleware.request_id [None req-ec9a8683-2af8-452b-8140-75713c2fbe31 None None] RequestId filter calling following filter/app {{(pid=125183) _context_setter /opt/stack/cinder/cinder/api/middleware/request_id.py:62}}
Aug 24 09:45:55.698677 dv-cinder-854271-2-smb devstack@c-api.service[125183]: INFO cinder.api.openstack.wsgi [None req-ec9a8683-2af8-452b-8140-75713c2fbe31 tempest-DeleteServersTestJSON-1124131193 tempest-DeleteServersTestJSON-1124131193-project] GET http://10.222.0.58/volume/v3/6cca418a0bb54f728c67515702b1086c/volumes/a0ebeb6e-ccf5-40ae-a006-98506986e190
Aug 24 09:45:55.699428 dv-cinder-854271-2-smb devstack@c-api.service[125183]: DEBUG cinder.api.openstack.wsgi [None req-ec9a8683-2af8-452b-8140-75713c2fbe31 tempest-DeleteServersTestJSON-1124131193 tempest-DeleteServersTestJSON-1124131193-project] Empty body provided in request {{(pid=125183) get_body /opt/stack/cinder/cinder/api/openstack/wsgi.py:715}}
Aug 24 09:45:55.699881 dv-cinder-854271-2-smb devstack@c-api.service[125183]: DEBUG cinder.api.openstack.wsgi [None req-ec9a8683-2af8-452b-8140-75713c2fbe31 tempest-DeleteServersTestJSON-1124131193 tempest-DeleteServersTestJSON-1124131193-project] Calling method 'show' {{(pid=125183) _process_stack /opt/stack/cinder/cinder/api/openstack/wsgi.py:868}}
Aug 24 09:45:55.734311 dv-cinder-854271-2-smb devstack@c-api.service[125183]: /usr/local/lib/python3.8/dist-packages/oslo_context/context.py:100: DeprecationWarning: Policy enforcement is depending on the value of is_admin. This key is deprecated. Please update your policy file to use the standard policy values.
Aug 24 09:45:55.734311 dv-cinder-854271-2-smb devstack@c-api.service[125183]: warnings.warn('Policy enforcement is depending on the value of '
Aug 24 09:45:55.743659 dv-cinder-854271-2-smb devstack@c-api.service[125183]: INFO cinder.volume.api [None req-ec9a8683-2af8-452b-8140-75713c2fbe31 tempest-DeleteServersTestJSON-1124131193 tempest-DeleteServersTestJSON-1124131193-project] Volume info retrieved successfully.
Aug 24 09:45:55.759544 dv-cinder-854271-2-smb devstack@c-api.service[125183]: INFO cinder.api.openstack.wsgi [None req-ec9a8683-2af8-452b-8140-75713c2fbe31 tempest-DeleteServersTestJSON-1124131193 tempest-DeleteServersTestJSON-1124131193-project] http://10.222.0.58/volume/v3/6cca418a0bb54f728c67515702b1086c/volumes/a0ebeb6e-ccf5-40ae-a006-98506986e190 returned with HTTP 200
Aug 24 09:45:55.761124 dv-cinder-854271-2-smb devstack@c-api.service[125183]: [pid: 125183|app: 0|req: 200/391] 10.222.0.58 () {58 vars in 1325 bytes} [Wed Aug 24 09:45:55 2022] GET /volume/v3/6cca418a0bb54f728c67515702b1086c/volumes/a0ebeb6e-ccf5-40ae-a006-98506986e190 => generated 913 bytes in 85 msecs (HTTP/1.1 200) 7 headers in 285 bytes (1 switches on core 0)
Aug 24 09:45:55.825844 dv-cinder-854271-2-smb devstack@c-api.service[125182]: DEBUG cinder.api.middleware.request_id [None req-7f94c279-c6cd-4d4d-bb04-31553b05b0b4 None None] RequestId filter calling following filter/app {{(pid=125182) _context_setter /opt/stack/cinder/cinder/api/middleware/request_id.py:62}}
Aug 24 09:45:55.831635 dv-cinder-854271-2-smb devstack@c-api.service[125182]: INFO cinder.api.openstack.wsgi [None req-7f94c279-c6cd-4d4d-bb04-31553b05b0b4 tempest-VolumesExtendTest-114564010 tempest-VolumesExtendTest-114564010-project] GET http://10.222.0.58/volume/v3/7f5567da4a34484d9974755d675a8889/volumes/93b399aa-3ed8-48fc-8f92-55fc63f448ea
Aug 24 09:45:55.832086 dv-cinder-854271-2-smb devstack@c-api.service[125182]: DEBUG cinder.api.openstack.wsgi [None req-7f94c279-c6cd-4d4d-bb04-31553b05b0b4 tempest-VolumesExtendTest-114564010 tempest-VolumesExtendTest-114564010-project] Empty body provided in request {{(pid=125182) get_body /opt/stack/cinder/cinder/api/openstack/wsgi.py:715}}
Aug 24 09:45:55.832909 dv-cinder-854271-2-smb devstack@c-api.service[125182]: DEBUG cinder.api.openstack.wsgi [None req-7f94c279-c6cd-4d4d-bb04-31553b05b0b4 tempest-VolumesExtendTest-114564010 tempest-VolumesExtendTest-114564010-project] Calling method 'show' {{(pid=125182) _process_stack /opt/stack/cinder/cinder/api/openstack/wsgi.py:868}}
Aug 24 09:45:55.873482 dv-cinder-854271-2-smb devstack@c-api.service[125182]: /usr/local/lib/python3.8/dist-packages/oslo_context/context.py:100: DeprecationWarning: Policy enforcement is depending on the value of is_admin. This key is deprecated. Please update your policy file to use the standard policy values.
Aug 24 09:45:55.873482 dv-cinder-854271-2-smb devstack@c-api.service[125182]: warnings.warn('Policy enforcement is depending on the value of '
Aug 24 09:45:55.877503 dv-cinder-854271-2-smb devstack@c-api.service[125182]: DEBUG dbcounter [-] [125182] Writing DB stats cinder:SELECT=76,cinder:INSERT=11,cinder:UPDATE=13 {{(pid=125182) stat_writer /usr/local/lib/python3.8/dist-packages/dbcounter.py:114}}
Aug 24 09:45:55.891719 dv-cinder-854271-2-smb devstack@c-api.service[125182]: INFO cinder.volume.api [None req-7f94c279-c6cd-4d4d-bb04-31553b05b0b4 tempest-VolumesExtendTest-114564010 tempest-VolumesExtendTest-114564010-project] Volume info retrieved successfully.
Aug 24 09:45:55.920353 dv-cinder-854271-2-smb devstack@c-api.service[125182]: INFO cinder.api.openstack.wsgi [None req-7f94c279-c6cd-4d4d-bb04-31553b05b0b4 tempest-VolumesExtendTest-114564010 tempest-VolumesExtendTest-114564010-project] http://10.222.0.58/volume/v3/7f5567da4a34484d9974755d675a8889/volumes/93b399aa-3ed8-48fc-8f92-55fc63f448ea returned with HTTP 200
Aug 24 09:45:55.923112 dv-cinder-854271-2-smb devstack@c-api.service[125182]: [pid: 125182|app: 0|req: 192/392] 10.222.0.58 () {58 vars in 1325 bytes} [Wed Aug 24 09:45:55 2022] GET /volume/v3/7f5567da4a34484d9974755d675a8889/volumes/93b399aa-3ed8-48fc-8f92-55fc63f448ea => generated 909 bytes in 98 msecs (HTTP/1.1 200) 7 headers in 285 bytes (1 switches on core 0)
Aug 24 09:45:55.949654 dv-cinder-854271-2-smb devstack@c-api.service[125183]: DEBUG cinder.api.middleware.request_id [None req-e6ffda27-35c2-4699-88da-22f082d74c1b None None] RequestId filter calling following filter/app {{(pid=125183) _context_setter /opt/stack/cinder/cinder/api/middleware/request_id.py:62}}
Aug 24 09:45:55.978133 dv-cinder-854271-2-smb devstack@c-api.service[125182]: DEBUG cinder.api.middleware.request_id [req-c6ba2e81-eed4-42b9-a024-fdc774e3603d req-52c66e32-b0d5-42b8-9972-f8091a774c5f None None] RequestId filter calling following filter/app {{(pid=125182) _context_setter /opt/stack/cinder/cinder/api/middleware/request_id.py:62}}
Aug 24 09:45:55.982091 dv-cinder-854271-2-smb devstack@c-api.service[125182]: INFO cinder.api.openstack.wsgi [req-c6ba2e81-eed4-42b9-a024-fdc774e3603d req-52c66e32-b0d5-42b8-9972-f8091a774c5f tempest-DeleteServersTestJSON-1124131193 tempest-DeleteServersTestJSON-1124131193-project] GET http://10.222.0.58/volume/v3/6cca418a0bb54f728c67515702b1086c/volumes/a0ebeb6e-ccf5-40ae-a006-98506986e190
Aug 24 09:45:55.982746 dv-cinder-854271-2-smb devstack@c-api.service[125182]: DEBUG cinder.api.openstack.wsgi [req-c6ba2e81-eed4-42b9-a024-fdc774e3603d req-52c66e32-b0d5-42b8-9972-f8091a774c5f tempest-DeleteServersTestJSON-1124131193 tempest-DeleteServersTestJSON-1124131193-project] Empty body provided in request {{(pid=125182) get_body /opt/stack/cinder/cinder/api/openstack/wsgi.py:715}}
Aug 24 09:45:55.983685 dv-cinder-854271-2-smb devstack@c-api.service[125182]: DEBUG cinder.api.openstack.wsgi [req-c6ba2e81-eed4-42b9-a024-fdc774e3603d req-52c66e32-b0d5-42b8-9972-f8091a774c5f tempest-DeleteServersTestJSON-1124131193 tempest-DeleteServersTestJSON-1124131193-project] Calling method 'show' {{(pid=125182) _process_stack /opt/stack/cinder/cinder/api/openstack/wsgi.py:868}}
Aug 24 09:45:56.000390 dv-cinder-854271-2-smb devstack@c-api.service[125182]: /usr/local/lib/python3.8/dist-packages/oslo_context/context.py:100: DeprecationWarning: Policy enforcement is depending on the value of is_admin. This key is deprecated. Please update your policy file to use the standard policy values.
Aug 24 09:45:56.000390 dv-cinder-854271-2-smb devstack@c-api.service[125182]: warnings.warn('Policy enforcement is depending on the value of '
Aug 24 09:45:56.008265 dv-cinder-854271-2-smb devstack@c-api.service[125182]: INFO cinder.volume.api [req-c6ba2e81-eed4-42b9-a024-fdc774e3603d req-52c66e32-b0d5-42b8-9972-f8091a774c5f tempest-DeleteServersTestJSON-1124131193 tempest-DeleteServersTestJSON-1124131193-project] Volume info retrieved successfully.
Aug 24 09:45:56.018607 dv-cinder-854271-2-smb devstack@c-api.service[125182]: INFO cinder.api.openstack.wsgi [req-c6ba2e81-eed4-42b9-a024-fdc774e3603d req-52c66e32-b0d5-42b8-9972-f8091a774c5f tempest-DeleteServersTestJSON-1124131193 tempest-DeleteServersTestJSON-1124131193-project] http://10.222.0.58/volume/v3/6cca418a0bb54f728c67515702b1086c/volumes/a0ebeb6e-ccf5-40ae-a006-98506986e190 returned with HTTP 200
Aug 24 09:45:56.019787 dv-cinder-854271-2-smb devstack@c-api.service[125182]: [pid: 125182|app: 0|req: 193/393] 10.222.0.58 () {60 vars in 1578 bytes} [Wed Aug 24 09:45:55 2022] GET /volume/v3/6cca418a0bb54f728c67515702b1086c/volumes/a0ebeb6e-ccf5-40ae-a006-98506986e190 => generated 913 bytes in 43 msecs (HTTP/1.1 200) 7 headers in 285 bytes (1 switches on core 0)
Aug 24 09:45:56.112884 dv-cinder-854271-2-smb devstack@c-api.service[125182]: DEBUG cinder.api.middleware.request_id [None req-cfdf953c-0ad4-4bf6-9382-f0cbcf8d8c5e None None] RequestId filter calling following filter/app {{(pid=125182) _context_setter /opt/stack/cinder/cinder/api/middleware/request_id.py:62}}
Aug 24 09:45:56.116974 dv-cinder-854271-2-smb devstack@c-api.service[125182]: INFO cinder.api.openstack.wsgi [None req-cfdf953c-0ad4-4bf6-9382-f0cbcf8d8c5e tempest-VolumesListAdminTestJSON-356846010 tempest-VolumesListAdminTestJSON-356846010-project] GET http://10.222.0.58/volume/v3/90ff51a42677491996d520e7b39928e6/volumes/c2e7b746-3833-4f9a-99e8-db81ea612ebc
Aug 24 09:45:56.117594 dv-cinder-854271-2-smb devstack@c-api.service[125182]: DEBUG cinder.api.openstack.wsgi [None req-cfdf953c-0ad4-4bf6-9382-f0cbcf8d8c5e tempest-VolumesListAdminTestJSON-356846010 tempest-VolumesListAdminTestJSON-356846010-project] Empty body provided in request {{(pid=125182) get_body /opt/stack/cinder/cinder/api/openstack/wsgi.py:715}}
Aug 24 09:45:56.118044 dv-cinder-854271-2-smb devstack@c-api.service[125182]: DEBUG cinder.api.openstack.wsgi [None req-cfdf953c-0ad4-4bf6-9382-f0cbcf8d8c5e tempest-VolumesListAdminTestJSON-356846010 tempest-VolumesListAdminTestJSON-356846010-project] Calling method 'show' {{(pid=125182) _process_stack /opt/stack/cinder/cinder/api/openstack/wsgi.py:868}}
Aug 24 09:45:56.131500 dv-cinder-854271-2-smb devstack@c-api.service[125182]: INFO cinder.api.openstack.wsgi [None req-cfdf953c-0ad4-4bf6-9382-f0cbcf8d8c5e tempest-VolumesListAdminTestJSON-356846010 tempest-VolumesListAdminTestJSON-356846010-project] http://10.222.0.58/volume/v3/90ff51a42677491996d520e7b39928e6/volumes/c2e7b746-3833-4f9a-99e8-db81ea612ebc returned with HTTP 404
Aug 24 09:45:56.132783 dv-cinder-854271-2-smb devstack@c-api.service[125182]: [pid: 125182|app: 0|req: 194/394] 10.222.0.58 () {58 vars in 1325 bytes} [Wed Aug 24 09:45:56 2022] GET /volume/v3/90ff51a42677491996d520e7b39928e6/volumes/c2e7b746-3833-4f9a-99e8-db81ea612ebc => generated 109 bytes in 22 msecs (HTTP/1.1 404) 7 headers in 292 bytes (2 switches on core 0)
Aug 24 09:45:56.138552 dv-cinder-854271-2-smb devstack@c-api.service[125182]: DEBUG cinder.api.middleware.request_id [None req-fb09e916-1cc4-497b-8da9-7d334ce4dccd None None] RequestId filter calling following filter/app {{(pid=125182) _context_setter /opt/stack/cinder/cinder/api/middleware/request_id.py:62}}
Aug 24 09:45:56.142814 dv-cinder-854271-2-smb devstack@c-api.service[125182]: INFO cinder.api.openstack.wsgi [None req-fb09e916-1cc4-497b-8da9-7d334ce4dccd tempest-VolumesListAdminTestJSON-356846010 tempest-VolumesListAdminTestJSON-356846010-project] DELETE http://10.222.0.58/volume/v3/90ff51a42677491996d520e7b39928e6/volumes/c5c74a91-9771-4be4-9fe2-d13042c4718f
Aug 24 09:45:56.143270 dv-cinder-854271-2-smb devstack@c-api.service[125182]: DEBUG cinder.api.openstack.wsgi [None req-fb09e916-1cc4-497b-8da9-7d334ce4dccd tempest-VolumesListAdminTestJSON-356846010 tempest-VolumesListAdminTestJSON-356846010-project] Empty body provided in request {{(pid=125182) get_body /opt/stack/cinder/cinder/api/openstack/wsgi.py:715}}
Aug 24 09:45:56.143729 dv-cinder-854271-2-smb devstack@c-api.service[125182]: DEBUG cinder.api.openstack.wsgi [None req-fb09e916-1cc4-497b-8da9-7d334ce4dccd tempest-VolumesListAdminTestJSON-356846010 tempest-VolumesListAdminTestJSON-356846010-project] Calling method 'delete' {{(pid=125182) _process_stack /opt/stack/cinder/cinder/api/openstack/wsgi.py:868}}
Aug 24 09:45:56.144131 dv-cinder-854271-2-smb devstack@c-api.service[125182]: INFO cinder.api.v3.volumes [None req-fb09e916-1cc4-497b-8da9-7d334ce4dccd tempest-VolumesListAdminTestJSON-356846010 tempest-VolumesListAdminTestJSON-356846010-project] Delete volume with id: c5c74a91-9771-4be4-9fe2-d13042c4718f
Aug 24 09:45:56.159561 dv-cinder-854271-2-smb devstack@c-api.service[125182]: /usr/local/lib/python3.8/dist-packages/oslo_context/context.py:100: DeprecationWarning: Policy enforcement is depending on the value of is_admin. This key is deprecated. Please update your policy file to use the standard policy values.
Aug 24 09:45:56.159561 dv-cinder-854271-2-smb devstack@c-api.service[125182]: warnings.warn('Policy enforcement is depending on the value of '
Aug 24 09:45:56.160585 dv-cinder-854271-2-smb devstack@c-api.service[125182]: INFO cinder.volume.api [None req-fb09e916-1cc4-497b-8da9-7d334ce4dccd tempest-VolumesListAdminTestJSON-356846010 tempest-VolumesListAdminTestJSON-356846010-project] Volume info retrieved successfully.
Aug 24 09:45:56.186475 dv-cinder-854271-2-smb devstack@c-api.service[125183]: INFO cinder.api.openstack.wsgi [None req-e6ffda27-35c2-4699-88da-22f082d74c1b tempest-VolumesActionsTest-2035365181 tempest-VolumesActionsTest-2035365181-project] POST http://10.222.0.58/volume/v3/55d499da45534e539f1cf3fb6bad7efc/volumes
Aug 24 09:45:56.187481 dv-cinder-854271-2-smb devstack@c-api.service[125183]: DEBUG cinder.api.openstack.wsgi [None req-e6ffda27-35c2-4699-88da-22f082d74c1b tempest-VolumesActionsTest-2035365181 tempest-VolumesActionsTest-2035365181-project] Action: 'create', calling method: create, body: {"volume": {"size": 1, "name": "tempest-VolumesActionsTest-Volume-1161585161"}} {{(pid=125183) _process_stack /opt/stack/cinder/cinder/api/openstack/wsgi.py:866}}
Aug 24 09:45:56.192716 dv-cinder-854271-2-smb devstack@c-api.service[125182]: INFO cinder.volume.api [None req-fb09e916-1cc4-497b-8da9-7d334ce4dccd tempest-VolumesListAdminTestJSON-356846010 tempest-VolumesListAdminTestJSON-356846010-project] Delete volume request issued successfully.
Aug 24 09:45:56.192716 dv-cinder-854271-2-smb devstack@c-api.service[125182]: INFO cinder.api.openstack.wsgi [None req-fb09e916-1cc4-497b-8da9-7d334ce4dccd tempest-VolumesListAdminTestJSON-356846010 tempest-VolumesListAdminTestJSON-356846010-project] http://10.222.0.58/volume/v3/90ff51a42677491996d520e7b39928e6/volumes/c5c74a91-9771-4be4-9fe2-d13042c4718f returned with HTTP 202
Aug 24 09:45:56.193520 dv-cinder-854271-2-smb devstack@c-api.service[125182]: [pid: 125182|app: 0|req: 195/395] 10.222.0.58 () {58 vars in 1328 bytes} [Wed Aug 24 09:45:56 2022] DELETE /volume/v3/90ff51a42677491996d520e7b39928e6/volumes/c5c74a91-9771-4be4-9fe2-d13042c4718f => generated 0 bytes in 57 msecs (HTTP/1.1 202) 6 headers in 233 bytes (2 switches on core 0)
Aug 24 09:45:56.197506 dv-cinder-854271-2-smb devstack@c-api.service[125183]: DEBUG cinder.api.v3.volumes [None req-e6ffda27-35c2-4699-88da-22f082d74c1b tempest-VolumesActionsTest-2035365181 tempest-VolumesActionsTest-2035365181-project] Create volume request body: {'volume': {'size': 1, 'name': 'tempest-VolumesActionsTest-Volume-1161585161'}} {{(pid=125183) create /opt/stack/cinder/cinder/api/v3/volumes.py:298}}
Aug 24 09:45:56.197810 dv-cinder-854271-2-smb devstack@c-api.service[125182]: DEBUG cinder.api.middleware.request_id [None req-1fa92d61-1896-4f0c-80f4-6bbe7d56ff72 None None] RequestId filter calling following filter/app {{(pid=125182) _context_setter /opt/stack/cinder/cinder/api/middleware/request_id.py:62}}
Aug 24 09:45:56.197923 dv-cinder-854271-2-smb devstack@c-api.service[125183]: INFO cinder.api.v3.volumes [None req-e6ffda27-35c2-4699-88da-22f082d74c1b tempest-VolumesActionsTest-2035365181 tempest-VolumesActionsTest-2035365181-project] Create volume of 1 GB
Aug 24 09:45:56.201437 dv-cinder-854271-2-smb devstack@c-api.service[125182]: INFO cinder.api.openstack.wsgi [None req-1fa92d61-1896-4f0c-80f4-6bbe7d56ff72 tempest-VolumesListAdminTestJSON-356846010 tempest-VolumesListAdminTestJSON-356846010-project] GET http://10.222.0.58/volume/v3/90ff51a42677491996d520e7b39928e6/volumes/c5c74a91-9771-4be4-9fe2-d13042c4718f
Aug 24 09:45:56.202553 dv-cinder-854271-2-smb devstack@c-api.service[125182]: DEBUG cinder.api.openstack.wsgi [None req-1fa92d61-1896-4f0c-80f4-6bbe7d56ff72 tempest-VolumesListAdminTestJSON-356846010 tempest-VolumesListAdminTestJSON-356846010-project] Empty body provided in request {{(pid=125182) get_body /opt/stack/cinder/cinder/api/openstack/wsgi.py:715}}
Aug 24 09:45:56.203334 dv-cinder-854271-2-smb devstack@c-api.service[125182]: DEBUG cinder.api.openstack.wsgi [None req-1fa92d61-1896-4f0c-80f4-6bbe7d56ff72 tempest-VolumesListAdminTestJSON-356846010 tempest-VolumesListAdminTestJSON-356846010-project] Calling method 'show' {{(pid=125182) _process_stack /opt/stack/cinder/cinder/api/openstack/wsgi.py:868}}
Aug 24 09:45:56.206550 dv-cinder-854271-2-smb devstack@c-api.service[125183]: INFO cinder.volume.api [None req-e6ffda27-35c2-4699-88da-22f082d74c1b tempest-VolumesActionsTest-2035365181 tempest-VolumesActionsTest-2035365181-project] Availability Zones retrieved successfully.
Aug 24 09:45:56.220527 dv-cinder-854271-2-smb devstack@c-api.service[125182]: /usr/local/lib/python3.8/dist-packages/oslo_context/context.py:100: DeprecationWarning: Policy enforcement is depending on the value of is_admin. This key is deprecated. Please update your policy file to use the standard policy values.
Aug 24 09:45:56.220527 dv-cinder-854271-2-smb devstack@c-api.service[125182]: warnings.warn('Policy enforcement is depending on the value of '
Aug 24 09:45:56.228069 dv-cinder-854271-2-smb devstack@c-api.service[125182]: INFO cinder.volume.api [None req-1fa92d61-1896-4f0c-80f4-6bbe7d56ff72 tempest-VolumesListAdminTestJSON-356846010 tempest-VolumesListAdminTestJSON-356846010-project] Volume info retrieved successfully.
Aug 24 09:45:56.229362 dv-cinder-854271-2-smb devstack@c-api.service[125183]: DEBUG cinder.volume.api [None req-e6ffda27-35c2-4699-88da-22f082d74c1b tempest-VolumesActionsTest-2035365181 tempest-VolumesActionsTest-2035365181-project] Flow 'volume_create_api' (dd06ff17-9b9a-4c96-9830-e09fd785dd58) transitioned into state 'RUNNING' from state 'PENDING' {{(pid=125183) _flow_receiver /usr/local/lib/python3.8/dist-packages/taskflow/listeners/logging.py:141}}
Aug 24 09:45:56.231911 dv-cinder-854271-2-smb devstack@c-api.service[125183]: DEBUG cinder.volume.api [None req-e6ffda27-35c2-4699-88da-22f082d74c1b tempest-VolumesActionsTest-2035365181 tempest-VolumesActionsTest-2035365181-project] Task 'cinder.volume.flows.api.create_volume.ExtractVolumeRequestTask;volume:create' (93c4ff59-d3be-4c2f-a81f-bf744bb62d2f) transitioned into state 'RUNNING' from state 'PENDING' {{(pid=125183) _task_receiver /usr/local/lib/python3.8/dist-packages/taskflow/listeners/logging.py:190}}
Aug 24 09:45:56.234818 dv-cinder-854271-2-smb devstack@c-api.service[125183]: DEBUG cinder.volume.flows.api.create_volume [None req-e6ffda27-35c2-4699-88da-22f082d74c1b tempest-VolumesActionsTest-2035365181 tempest-VolumesActionsTest-2035365181-project] Validating volume size '1' using validate_int {{(pid=125183) _extract_size /opt/stack/cinder/cinder/volume/flows/api/create_volume.py:228}}
Aug 24 09:45:56.241024 dv-cinder-854271-2-smb devstack@c-api.service[125182]: INFO cinder.api.openstack.wsgi [None req-1fa92d61-1896-4f0c-80f4-6bbe7d56ff72 tempest-VolumesListAdminTestJSON-356846010 tempest-VolumesListAdminTestJSON-356846010-project] http://10.222.0.58/volume/v3/90ff51a42677491996d520e7b39928e6/volumes/c5c74a91-9771-4be4-9fe2-d13042c4718f returned with HTTP 200
Aug 24 09:45:56.242221 dv-cinder-854271-2-smb devstack@c-api.service[125182]: [pid: 125182|app: 0|req: 196/396] 10.222.0.58 () {58 vars in 1325 bytes} [Wed Aug 24 09:45:56 2022] GET /volume/v3/90ff51a42677491996d520e7b39928e6/volumes/c5c74a91-9771-4be4-9fe2-d13042c4718f => generated 916 bytes in 45 msecs (HTTP/1.1 200) 7 headers in 285 bytes (2 switches on core 0)
Aug 24 09:45:56.295612 dv-cinder-854271-2-smb devstack@c-api.service[125183]: DEBUG cinder.volume.api [None req-e6ffda27-35c2-4699-88da-22f082d74c1b tempest-VolumesActionsTest-2035365181 tempest-VolumesActionsTest-2035365181-project] Task 'cinder.volume.flows.api.create_volume.ExtractVolumeRequestTask;volume:create' (93c4ff59-d3be-4c2f-a81f-bf744bb62d2f) transitioned into state 'SUCCESS' from state 'RUNNING' with result '{'size': 1, 'snapshot_id': None, 'source_volid': None, 'volume_type': VolumeType(created_at=2022-08-24T09:34:58Z,deleted=False,deleted_at=None,description='Default Volume Type',extra_specs={},id=41dedc5f-9003-4964-a1a6-d5ce195b39ec,is_public=True,name='__DEFAULT__',projects=[],qos_specs=,qos_specs_id=None,updated_at=2022-08-24T09:34:58Z), 'volume_type_id': '41dedc5f-9003-4964-a1a6-d5ce195b39ec', 'encryption_key_id': None, 'qos_specs': None, 'consistencygroup_id': None, 'cgsnapshot_id': None, 'group_id': None, 'replication_status': 'disabled', 'refresh_az': False, 'backup_id': None, 'multiattach': False, 'availability_zones': ['nova']}' {{(pid=125183) _task_receiver /usr/local/lib/python3.8/dist-packages/taskflow/listeners/logging.py:178}}
Aug 24 09:45:56.298151 dv-cinder-854271-2-smb devstack@c-api.service[125183]: DEBUG cinder.volume.api [None req-e6ffda27-35c2-4699-88da-22f082d74c1b tempest-VolumesActionsTest-2035365181 tempest-VolumesActionsTest-2035365181-project] Task 'cinder.volume.flows.api.create_volume.QuotaReserveTask;volume:create' (4e7b0b7b-2634-45d0-ac38-533585e6876a) transitioned into state 'RUNNING' from state 'PENDING' {{(pid=125183) _task_receiver /usr/local/lib/python3.8/dist-packages/taskflow/listeners/logging.py:190}}
Aug 24 09:45:56.417494 dv-cinder-854271-2-smb devstack@c-api.service[125183]: DEBUG cinder.quota [None req-e6ffda27-35c2-4699-88da-22f082d74c1b tempest-VolumesActionsTest-2035365181 tempest-VolumesActionsTest-2035365181-project] Created reservations ['40fdbe18-0d2b-4a90-b116-5f4bb5ccfe88', 'c039b3fd-4e11-444d-9269-7dcc3740a019', 'be706434-de03-4774-bed4-d1f096f2075e', '5a8d893f-6d0a-414f-a8e7-7732e62d898f'] {{(pid=125183) reserve /opt/stack/cinder/cinder/quota.py:755}}
Aug 24 09:45:56.419624 dv-cinder-854271-2-smb devstack@c-api.service[125183]: DEBUG cinder.volume.api [None req-e6ffda27-35c2-4699-88da-22f082d74c1b tempest-VolumesActionsTest-2035365181 tempest-VolumesActionsTest-2035365181-project] Task 'cinder.volume.flows.api.create_volume.QuotaReserveTask;volume:create' (4e7b0b7b-2634-45d0-ac38-533585e6876a) transitioned into state 'SUCCESS' from state 'RUNNING' with result '{'reservations': ['40fdbe18-0d2b-4a90-b116-5f4bb5ccfe88', 'c039b3fd-4e11-444d-9269-7dcc3740a019', 'be706434-de03-4774-bed4-d1f096f2075e', '5a8d893f-6d0a-414f-a8e7-7732e62d898f']}' {{(pid=125183) _task_receiver /usr/local/lib/python3.8/dist-packages/taskflow/listeners/logging.py:178}}
Aug 24 09:45:56.422289 dv-cinder-854271-2-smb devstack@c-api.service[125183]: DEBUG cinder.volume.api [None req-e6ffda27-35c2-4699-88da-22f082d74c1b tempest-VolumesActionsTest-2035365181 tempest-VolumesActionsTest-2035365181-project] Task 'cinder.volume.flows.api.create_volume.EntryCreateTask;volume:create' (76370142-c13e-4d5d-961a-fd8dcfe118bc) transitioned into state 'RUNNING' from state 'PENDING' {{(pid=125183) _task_receiver /usr/local/lib/python3.8/dist-packages/taskflow/listeners/logging.py:190}}
Aug 24 09:45:56.451026 dv-cinder-854271-2-smb devstack@c-api.service[125183]: DEBUG cinder.volume.api [None req-e6ffda27-35c2-4699-88da-22f082d74c1b tempest-VolumesActionsTest-2035365181 tempest-VolumesActionsTest-2035365181-project] Task 'cinder.volume.flows.api.create_volume.EntryCreateTask;volume:create' (76370142-c13e-4d5d-961a-fd8dcfe118bc) transitioned into state 'SUCCESS' from state 'RUNNING' with result '{'volume_id': '9a6b39c0-12ad-4e60-8ddc-e19cd933b4b8', 'volume_properties': VolumeProperties(attach_status='detached',availability_zone='nova',cgsnapshot_id=None,consistencygroup_id=None,display_description=None,display_name='tempest-VolumesActionsTest-Volume-1161585161',encryption_key_id=None,group_id=None,group_type_id=,metadata={},multiattach=False,project_id='55d499da45534e539f1cf3fb6bad7efc',qos_specs=None,replication_status=,reservations=['40fdbe18-0d2b-4a90-b116-5f4bb5ccfe88','c039b3fd-4e11-444d-9269-7dcc3740a019','be706434-de03-4774-bed4-d1f096f2075e','5a8d893f-6d0a-414f-a8e7-7732e62d898f'],size=1,snapshot_id=None,source_replicaid=,source_volid=None,status='creating',user_id='63cc1f9e479e41c2bc0d5baa2c60b903',volume_type_id=41dedc5f-9003-4964-a1a6-d5ce195b39ec), 'volume': Volume(_name_id=None,admin_metadata=,attach_status='detached',availability_zone='nova',bootable=False,cluster=,cluster_name=None,consistencygroup=,consistencygroup_id=None,created_at=2022-08-24T09:45:56Z,deleted=False,deleted_at=None,display_description=None,display_name='tempest-VolumesActionsTest-Volume-1161585161',ec2_id=None,encryption_key_id=None,glance_metadata=,group=,group_id=None,host=None,id=9a6b39c0-12ad-4e60-8ddc-e19cd933b4b8,launched_at=None,metadata={},migration_status=None,multiattach=False,previous_status=None,project_id='55d499da45534e539f1cf3fb6bad7efc',provider_auth=None,provider_geometry=None,provider_id=None,provider_location=None,replication_driver_data=None,replication_extended_status=None,replication_status=None,scheduled_at=None,service_uuid=None,shared_targets=True,size=1,snapshot_id=None,snapshots=,source_volid=None,status='creating',terminated_at=None,updated_at=None,use_quota=True,user_id='63cc1f9e479e41c2bc0d5baa2c60b903',volume_attachment=VolumeAttachmentList,volume_type=VolumeType(41dedc5f-9003-4964-a1a6-d5ce195b39ec),volume_type_id=41dedc5f-9003-4964-a1a6-d5ce195b39ec)}' {{(pid=125183) _task_receiver /usr/local/lib/python3.8/dist-packages/taskflow/listeners/logging.py:178}}
Aug 24 09:45:56.453187 dv-cinder-854271-2-smb devstack@c-api.service[125183]: DEBUG cinder.volume.api [None req-e6ffda27-35c2-4699-88da-22f082d74c1b tempest-VolumesActionsTest-2035365181 tempest-VolumesActionsTest-2035365181-project] Task 'cinder.volume.flows.api.create_volume.QuotaCommitTask;volume:create' (924a4f36-66b1-4bd0-a6e8-b8fa443a17fb) transitioned into state 'RUNNING' from state 'PENDING' {{(pid=125183) _task_receiver /usr/local/lib/python3.8/dist-packages/taskflow/listeners/logging.py:190}}
Aug 24 09:45:56.486579 dv-cinder-854271-2-smb devstack@c-api.service[125183]: DEBUG cinder.volume.api [None req-e6ffda27-35c2-4699-88da-22f082d74c1b tempest-VolumesActionsTest-2035365181 tempest-VolumesActionsTest-2035365181-project] Task 'cinder.volume.flows.api.create_volume.QuotaCommitTask;volume:create' (924a4f36-66b1-4bd0-a6e8-b8fa443a17fb) transitioned into state 'SUCCESS' from state 'RUNNING' with result '{'volume_properties': VolumeProperties(attach_status='detached',availability_zone='nova',cgsnapshot_id=None,consistencygroup_id=None,display_description=None,display_name='tempest-VolumesActionsTest-Volume-1161585161',encryption_key_id=None,group_id=None,group_type_id=,metadata={},multiattach=False,project_id='55d499da45534e539f1cf3fb6bad7efc',qos_specs=None,replication_status=,reservations=['40fdbe18-0d2b-4a90-b116-5f4bb5ccfe88','c039b3fd-4e11-444d-9269-7dcc3740a019','be706434-de03-4774-bed4-d1f096f2075e','5a8d893f-6d0a-414f-a8e7-7732e62d898f'],size=1,snapshot_id=None,source_replicaid=,source_volid=None,status='creating',user_id='63cc1f9e479e41c2bc0d5baa2c60b903',volume_type_id=41dedc5f-9003-4964-a1a6-d5ce195b39ec)}' {{(pid=125183) _task_receiver /usr/local/lib/python3.8/dist-packages/taskflow/listeners/logging.py:178}}
Aug 24 09:45:56.488954 dv-cinder-854271-2-smb devstack@c-api.service[125183]: DEBUG cinder.volume.api [None req-e6ffda27-35c2-4699-88da-22f082d74c1b tempest-VolumesActionsTest-2035365181 tempest-VolumesActionsTest-2035365181-project] Task 'cinder.volume.flows.api.create_volume.VolumeCastTask;volume:create' (96a12f3b-9110-4d4e-8d38-520f9f560051) transitioned into state 'RUNNING' from state 'PENDING' {{(pid=125183) _task_receiver /usr/local/lib/python3.8/dist-packages/taskflow/listeners/logging.py:190}}
Aug 24 09:45:56.507553 dv-cinder-854271-2-smb devstack@c-api.service[125183]: DEBUG cinder.volume.api [None req-e6ffda27-35c2-4699-88da-22f082d74c1b tempest-VolumesActionsTest-2035365181 tempest-VolumesActionsTest-2035365181-project] Task 'cinder.volume.flows.api.create_volume.VolumeCastTask;volume:create' (96a12f3b-9110-4d4e-8d38-520f9f560051) transitioned into state 'SUCCESS' from state 'RUNNING' with result 'None' {{(pid=125183) _task_receiver /usr/local/lib/python3.8/dist-packages/taskflow/listeners/logging.py:178}}
Aug 24 09:45:56.510603 dv-cinder-854271-2-smb devstack@c-api.service[125183]: DEBUG cinder.volume.api [None req-e6ffda27-35c2-4699-88da-22f082d74c1b tempest-VolumesActionsTest-2035365181 tempest-VolumesActionsTest-2035365181-project] Flow 'volume_create_api' (dd06ff17-9b9a-4c96-9830-e09fd785dd58) transitioned into state 'SUCCESS' from state 'RUNNING' {{(pid=125183) _flow_receiver /usr/local/lib/python3.8/dist-packages/taskflow/listeners/logging.py:141}}
Aug 24 09:45:56.511570 dv-cinder-854271-2-smb devstack@c-api.service[125183]: INFO cinder.volume.api [None req-e6ffda27-35c2-4699-88da-22f082d74c1b tempest-VolumesActionsTest-2035365181 tempest-VolumesActionsTest-2035365181-project] Create volume request issued successfully.
