Aug 24 09:28:53.898019 dv-cinder-854270-2-smb neutron-server[106308]: DEBUG neutron_lib.callbacks.manager [None req-af94b779-a0af-44a1-a007-9e88bf2245eb None None] Publish callbacks ['neutron.plugins.ml2.plugin.Ml2Plugin._port_provisioned-1380053'] for port (11508a6a-e29c-42fd-9c56-9d0f438cd7d4), provisioning_complete {{(pid=106308) _notify_loop /usr/local/lib/python3.8/dist-packages/neutron_lib/callbacks/manager.py:176}}
Aug 24 09:28:53.993644 dv-cinder-854270-2-smb neutron-server[106308]: DEBUG neutron.plugins.ml2.db [None req-1d0e0bc0-fb5b-4beb-8acf-e24b7f367972 None None] For port b6b26274-73b5-4756-84ab-c098f4ba8766, host dv-cinder-854270-2-smb, cleared binding levels {{(pid=106308) clear_binding_levels /opt/stack/neutron/neutron/plugins/ml2/db.py:87}}
Aug 24 09:28:53.998912 dv-cinder-854270-2-smb neutron-server[106308]: DEBUG neutron.plugins.ml2.db [None req-1d0e0bc0-fb5b-4beb-8acf-e24b7f367972 None None] For port b6b26274-73b5-4756-84ab-c098f4ba8766, host dv-cinder-854270-2-smb, set binding levels [PortBindingLevel(driver='openvswitch',host='dv-cinder-854270-2-smb',level=0,port_id=b6b26274-73b5-4756-84ab-c098f4ba8766,segment=NetworkSegment(03176d82-9d42-41e3-ba17-b3ce07f57e66),segment_id=03176d82-9d42-41e3-ba17-b3ce07f57e66)] {{(pid=106308) set_binding_levels /opt/stack/neutron/neutron/plugins/ml2/db.py:59}}
Aug 24 09:28:54.031628 dv-cinder-854270-2-smb neutron-server[106308]: DEBUG neutron_lib.callbacks.manager [None req-1d0e0bc0-fb5b-4beb-8acf-e24b7f367972 None None] Publish callbacks ['neutron.plugins.ml2.plugin.SecurityGroupServerNotifierRpcMixin._notify_sg_on_port_change-1534955', 'neutron.plugins.ml2.ovo_rpc._ObjectChangeHandler.handle_event-46757', 'neutron.api.rpc.agentnotifiers.dhcp_rpc_agent_api.DhcpAgentNotifyAPI._native_event_send_dhcp_notification-532373', 'neutron.db.l3_db.L3RpcNotifierMixin._notify_gateway_port_ip_changed-8774280912900', 'neutron.db.l3_dvrscheduler_db._notify_l3_agent_port_update-8774280519253', 'neutron.db.l3_hascheduler_db._notify_l3_agent_ha_port_update-8774280519271'] for port (b6b26274-73b5-4756-84ab-c098f4ba8766), after_update {{(pid=106308) _notify_loop /usr/local/lib/python3.8/dist-packages/neutron_lib/callbacks/manager.py:176}}
Aug 24 09:28:54.076481 dv-cinder-854270-2-smb neutron-server[106306]: INFO neutron.wsgi [req-0874c60d-6f6c-464b-8e81-1f992a95dce1 req-1a066cd1-3ff3-4eea-ac22-25838448be2b tempest-ServerRescueNegativeTestJSON-1135308951 tempest-ServerRescueNegativeTestJSON-1135308951-project] 10.222.0.52 "GET /networking/v2.0/ports?device_id=e177b911-6001-417b-b1ca-a07a252c5736 HTTP/1.1" status: 200 len: 210 time: 0.3701878
Aug 24 09:28:54.119321 dv-cinder-854270-2-smb neutron-server[106308]: DEBUG neutron.db.l3_dvrscheduler_db [None req-1d0e0bc0-fb5b-4beb-8acf-e24b7f367972 None None] Routers {'a87439c5-209c-4c5a-9f72-de8c5660d43c'} bound to L3 agent in host dv-cinder-854270-2-smb {{(pid=106308) _get_router_ids_for_agent /opt/stack/neutron/neutron/db/l3_dvrscheduler_db.py:422}}
Aug 24 09:28:54.119965 dv-cinder-854270-2-smb neutron-server[106308]: DEBUG neutron.db.l3_hamode_db [None req-1d0e0bc0-fb5b-4beb-8acf-e24b7f367972 None None] neutron.services.l3_router.l3_router_plugin.L3RouterPlugin method get_ha_sync_data_for_host called with arguments (, 'dv-cinder-854270-2-smb', Agent(admin_state_up=True,agent_type='L3 agent',availability_zone='nova',binary='neutron-l3-agent',configurations={"agent_mode": "legacy", "ex_gw_ports": 1, "extensions": [], "floating_ips": 0, "handle_internal_only_routers": true, "interface_driver": "openvswitch", "interfaces": 1, "log_agent_heartbeats": false, "routers": 1},created_at=2022-08-24T09:19:58Z,description=,heartbeat_timestamp=2022-08-24T09:28:28Z,host='dv-cinder-854270-2-smb',id=7ed54513-2582-4982-b702-a020c1a8d4b9,load=0,resource_versions=,resources_synced=,started_at=2022-08-24T09:19:58Z,topic='l3_agent')) {'router_ids': ['a87439c5-209c-4c5a-9f72-de8c5660d43c'], 'active': True} {{(pid=106308) wrapper /usr/local/lib/python3.8/dist-packages/oslo_log/helpers.py:65}}
Aug 24 09:28:54.262900 dv-cinder-854270-2-smb neutron-server[106306]: DEBUG neutron.pecan_wsgi.hooks.policy_enforcement [req-7b84564b-24df-4f83-9b1c-790db9d9c62f req-8ceda5d8-c2ec-4c42-91f4-9dfbf4a7295b tempest-ServerRescueNegativeTestJSON-1135308951 tempest-ServerRescueNegativeTestJSON-1135308951-project] Attributes excluded by policy engine: ['standard_attr_id', 'vlan_transparent', 'provider:network_type', 'provider:physical_network', 'provider:segmentation_id'] {{(pid=106306) _exclude_attributes_by_policy /opt/stack/neutron/neutron/pecan_wsgi/hooks/policy_enforcement.py:259}}
Aug 24 09:28:54.269444 dv-cinder-854270-2-smb neutron-server[106306]: INFO neutron.wsgi [req-7b84564b-24df-4f83-9b1c-790db9d9c62f req-8ceda5d8-c2ec-4c42-91f4-9dfbf4a7295b tempest-ServerRescueNegativeTestJSON-1135308951 tempest-ServerRescueNegativeTestJSON-1135308951-project] 10.222.0.72 "GET /networking/v2.0/networks?id=01b639fc-30c4-4f21-949e-6197200bd4fb HTTP/1.1" status: 200 len: 818 time: 0.6742270
Aug 24 09:28:54.343935 dv-cinder-854270-2-smb neutron-server[106306]: DEBUG neutron_lib.callbacks.manager [None req-0cd21b2d-37c3-4911-a2c4-0680daa665df admin admin] Publish callbacks [] for security_group (4e56a50a-c366-45fb-9920-778991a7cb8b), before_delete {{(pid=106306) _notify_loop /usr/local/lib/python3.8/dist-packages/neutron_lib/callbacks/manager.py:176}}
Aug 24 09:28:54.358797 dv-cinder-854270-2-smb neutron-server[106308]: DEBUG neutron.api.rpc.handlers.resources_rpc [None req-8c81b759-b3f5-488b-ba58-42fab1606556 None None] Pushing event updated for resources: {'Port': ['ID=b6b26274-73b5-4756-84ab-c098f4ba8766,revision_number=4']} {{(pid=106308) push /opt/stack/neutron/neutron/api/rpc/handlers/resources_rpc.py:237}}
Aug 24 09:28:54.384694 dv-cinder-854270-2-smb neutron-server[106308]: DEBUG neutron.plugins.ml2.plugin [None req-af94b779-a0af-44a1-a007-9e88bf2245eb None None] Current status of the port 11508a6a-e29c-42fd-9c56-9d0f438cd7d4 is: DOWN; New status is: ACTIVE {{(pid=106308) _update_individual_port_db_status /opt/stack/neutron/neutron/plugins/ml2/plugin.py:2302}}
Aug 24 09:28:54.385294 dv-cinder-854270-2-smb neutron-server[106308]: DEBUG neutron_lib.callbacks.manager [None req-af94b779-a0af-44a1-a007-9e88bf2245eb None None] Publish callbacks ['neutron.plugins.ml2.plugin.SecurityGroupDbMixin._ensure_default_security_group_handler-1534254'] for port (11508a6a-e29c-42fd-9c56-9d0f438cd7d4), before_update {{(pid=106308) _notify_loop /usr/local/lib/python3.8/dist-packages/neutron_lib/callbacks/manager.py:176}}
Aug 24 09:28:54.403087 dv-cinder-854270-2-smb neutron-server[106307]: INFO neutron.wsgi [req-ddbf3583-c208-49f4-8a5a-c36be633bb48 req-675cbfde-cf00-461a-b9b7-47188e5f725b tempest-DeleteServersTestJSON-673636756 tempest-DeleteServersTestJSON-673636756-project] 10.222.0.52 "GET /networking/v2.0/ports?device_id=be54ff4d-b1be-4a07-afa6-e1c61d7d3051 HTTP/1.1" status: 200 len: 210 time: 0.0568490
Aug 24 09:28:54.434685 dv-cinder-854270-2-smb neutron-server[106306]: DEBUG neutron_lib.callbacks.manager [None req-0cd21b2d-37c3-4911-a2c4-0680daa665df admin admin] Publish callbacks [] for security_group (4e56a50a-c366-45fb-9920-778991a7cb8b), precommit_delete {{(pid=106306) _notify_loop /usr/local/lib/python3.8/dist-packages/neutron_lib/callbacks/manager.py:176}}
Aug 24 09:28:54.467703 dv-cinder-854270-2-smb neutron-server[106308]: DEBUG dbcounter [-] [106308] Writing DB stats neutron:SELECT=95,neutron:UPDATE=5 {{(pid=106308) stat_writer /usr/local/lib/python3.8/dist-packages/dbcounter.py:114}}
Aug 24 09:28:54.499522 dv-cinder-854270-2-smb neutron-server[106306]: DEBUG neutron_lib.callbacks.manager [None req-0cd21b2d-37c3-4911-a2c4-0680daa665df admin admin] Publish callbacks ['neutron.plugins.ml2.ovo_rpc._ObjectChangeHandler.handle_event-455538'] for security_group (4e56a50a-c366-45fb-9920-778991a7cb8b), after_delete {{(pid=106306) _notify_loop /usr/local/lib/python3.8/dist-packages/neutron_lib/callbacks/manager.py:176}}
Aug 24 09:28:54.501174 dv-cinder-854270-2-smb neutron-server[106308]: DEBUG neutron.plugins.ml2.db [None req-af94b779-a0af-44a1-a007-9e88bf2245eb None None] For port 11508a6a-e29c-42fd-9c56-9d0f438cd7d4, host dv-cinder-854270-2-smb, got binding levels [PortBindingLevel(driver='openvswitch',host='dv-cinder-854270-2-smb',level=0,port_id=11508a6a-e29c-42fd-9c56-9d0f438cd7d4,segment=NetworkSegment(a1bcc74d-4087-4fef-8818-136d5cb8fa4a),segment_id=a1bcc74d-4087-4fef-8818-136d5cb8fa4a)] {{(pid=106308) get_binding_level_objs /opt/stack/neutron/neutron/plugins/ml2/db.py:74}}
Aug 24 09:28:54.502531 dv-cinder-854270-2-smb neutron-server[106306]: DEBUG neutron_lib.callbacks.manager [None req-0cd21b2d-37c3-4911-a2c4-0680daa665df admin admin] Publish callbacks [] for security_group (None), before_response {{(pid=106306) _notify_loop /usr/local/lib/python3.8/dist-packages/neutron_lib/callbacks/manager.py:176}}
Aug 24 09:28:54.503784 dv-cinder-854270-2-smb neutron-server[106306]: INFO neutron.wsgi [None req-0cd21b2d-37c3-4911-a2c4-0680daa665df admin admin] 10.222.0.52 "DELETE /networking/v2.0/security-groups/4e56a50a-c366-45fb-9920-778991a7cb8b HTTP/1.1" status: 204 len: 168 time: 0.9106200
Aug 24 09:28:54.513396 dv-cinder-854270-2-smb neutron-server[106306]: DEBUG neutron.api.rpc.handlers.resources_rpc [None req-0cd21b2d-37c3-4911-a2c4-0680daa665df admin admin] Pushing event deleted for resources: {'SecurityGroup': ['ID=4e56a50a-c366-45fb-9920-778991a7cb8b,revision_number=None']} {{(pid=106306) push /opt/stack/neutron/neutron/api/rpc/handlers/resources_rpc.py:237}}
Aug 24 09:28:54.519670 dv-cinder-854270-2-smb neutron-server[106308]: DEBUG neutron_lib.callbacks.manager [None req-af94b779-a0af-44a1-a007-9e88bf2245eb None None] Publish callbacks ['neutron.plugins.ml2.plugin.SecurityGroupServerNotifierRpcMixin._notify_sg_on_port_change-1534955', 'neutron.plugins.ml2.ovo_rpc._ObjectChangeHandler.handle_event-46757', 'neutron.api.rpc.agentnotifiers.dhcp_rpc_agent_api.DhcpAgentNotifyAPI._native_event_send_dhcp_notification-532373', 'neutron.db.l3_db.L3RpcNotifierMixin._notify_gateway_port_ip_changed-8774280912900', 'neutron.db.l3_dvrscheduler_db._notify_l3_agent_port_update-8774280519253', 'neutron.db.l3_hascheduler_db._notify_l3_agent_ha_port_update-8774280519271'] for port (11508a6a-e29c-42fd-9c56-9d0f438cd7d4), after_update {{(pid=106308) _notify_loop /usr/local/lib/python3.8/dist-packages/neutron_lib/callbacks/manager.py:176}}
Aug 24 09:28:54.526333 dv-cinder-854270-2-smb neutron-server[106308]: DEBUG neutron.db.l3_dvr_db [None req-1d0e0bc0-fb5b-4beb-8acf-e24b7f367972 None None] Set router a87439c5-209c-4c5a-9f72-de8c5660d43c gateway port host: dv-cinder-854270-2-smb {{(pid=106308) _build_routers_list /opt/stack/neutron/neutron/db/l3_dvr_db.py:907}}
Aug 24 09:28:54.693657 dv-cinder-854270-2-smb neutron-server[106306]: DEBUG neutron.api.v2.base [req-7b84564b-24df-4f83-9b1c-790db9d9c62f req-417646cd-f5bb-4be6-8e41-cf5f847a16e2 tempest-ServerRescueNegativeTestJSON-1135308951 tempest-ServerRescueNegativeTestJSON-1135308951-project] Request body: {'port': {'device_id': 'a59be90f-fd4b-4d1a-aff2-76dde3c3a834', 'network_id': '01b639fc-30c4-4f21-949e-6197200bd4fb', 'admin_state_up': True, 'tenant_id': '182e642ebdf54af5a956620ee3661b4f'}} {{(pid=106306) prepare_request_body /opt/stack/neutron/neutron/api/v2/base.py:730}}
Aug 24 09:28:54.758527 dv-cinder-854270-2-smb neutron-server[106307]: INFO neutron.wsgi [req-9862fd8e-8ca3-4d5e-97db-08cee9ba9d1d req-c3b508b1-72b9-4984-a659-58aa023be834 tempest-AttachVolumeTestJSON-126082410 tempest-AttachVolumeTestJSON-126082410-project] 10.222.0.52 "GET /networking/v2.0/ports?device_id=0e48e0e9-2ada-45c4-8397-5ed8f23532f3 HTTP/1.1" status: 200 len: 210 time: 0.0731850
Aug 24 09:28:54.889021 dv-cinder-854270-2-smb neutron-server[106306]: INFO neutron.wsgi [req-95e0f125-7d83-4c54-b524-41466e58f325 req-a707e556-2339-4ded-8f9b-c08e04a98b16 tempest-AttachVolumeNegativeTest-1707945741 tempest-AttachVolumeNegativeTest-1707945741-project] 10.222.0.52 "GET /networking/v2.0/ports?device_id=7996f307-c641-4044-b80f-5926c740cfd7 HTTP/1.1" status: 200 len: 210 time: 0.1466079
Aug 24 09:28:54.971304 dv-cinder-854270-2-smb neutron-server[106308]: DEBUG neutron.api.rpc.handlers.resources_rpc [None req-af94b779-a0af-44a1-a007-9e88bf2245eb None None] Pushing event updated for resources: {'Port': ['ID=11508a6a-e29c-42fd-9c56-9d0f438cd7d4,revision_number=5']} {{(pid=106308) push /opt/stack/neutron/neutron/api/rpc/handlers/resources_rpc.py:237}}
Aug 24 09:28:55.059173 dv-cinder-854270-2-smb neutron-server[106307]: DEBUG neutron.wsgi [-] (106307) accepted ('10.222.0.72', 52755) {{(pid=106307) server /usr/local/lib/python3.8/dist-packages/eventlet/wsgi.py:1004}}
Aug 24 09:28:55.073647 dv-cinder-854270-2-smb neutron-server[106308]: DEBUG neutron.db.l3_hamode_db [None req-1d0e0bc0-fb5b-4beb-8acf-e24b7f367972 None None] neutron.services.l3_router.l3_router_plugin.L3RouterPlugin method _process_sync_ha_data called with arguments (, [{'id': 'a87439c5-209c-4c5a-9f72-de8c5660d43c', 'name': 'tempest-AttachVolumeTestJSON-1210696109-router', 'tenant_id': '65de00edea3f4f50919de9197a6ee658', 'admin_state_up': True, 'status': 'ACTIVE', 'external_gateway_info': {'network_id': '9ed4f3b9-f878-48d8-a2fd-d3d763b89395', 'external_fixed_ips': [{'subnet_id': '00da4682-ff59-494b-9d3e-28f7fb407550', 'ip_address': '172.28.1.216'}], 'enable_snat': True}, 'gw_port_id': 'f749b35c-41f3-4105-a431-d8472cebba47', 'description': '', 'availability_zones': ['nova'], 'distributed': False, 'ha': False, 'ha_vr_id': 0, 'availability_zone_hints': [], 'routes': [], 'flavor_id': None, 'tags': [], 'created_at': '2022-08-24T09:28:28Z', 'updated_at': '2022-08-24T09:28:39Z', 'revision_number': 4, 'project_id': '65de00edea3f4f50919de9197a6ee658', 'gw_port': {'id': 'f749b35c-41f3-4105-a431-d8472cebba47', 'name': '', 'network_id': '9ed4f3b9-f878-48d8-a2fd-d3d763b89395', 'tenant_id': '', 'mac_address': 'fa:16:3e:69:00:d0', 'admin_state_up': True, 'status': 'ACTIVE', 'device_id': 'a87439c5-209c-4c5a-9f72-de8c5660d43c', 'device_owner': 'network:router_gateway', 'standard_attr_id': 81, 'fixed_ips': [{'subnet_id': '00da4682-ff59-494b-9d3e-28f7fb407550', 'ip_address': '172.28.1.216', 'prefixlen': 24}], 'allowed_address_pairs': [], 'extra_dhcp_opts': [], 'security_groups': [], 'description': '', 'binding:vnic_type': 'normal', 'binding:profile': {}, 'binding:host_id': 'dv-cinder-854270-2-smb', 'binding:vif_type': 'ovs', 'binding:vif_details': {'connectivity': 'l2', 'port_filter': True, 'ovs_hybrid_plug': False, 'datapath_type': 'system', 'bridge_name': 'br-int', 'bound_drivers': {'0': 'openvswitch'}}, 'port_security_enabled': False, 'tags': [], 'created_at': '2022-08-24T09:28:29Z', 'updated_at': '2022-08-24T09:28:50Z', 'revision_number': 4, 'project_id': '', 'subnets': [{'id': '00da4682-ff59-494b-9d3e-28f7fb407550', 'cidr': '172.28.1.0/24', 'gateway_ip': '172.28.1.1', 'dns_nameservers': [], 'ipv6_ra_mode': None, 'subnetpool_id': None}], 'extra_subnets': [], 'address_scopes': {4: None, 6: None}, 'mtu': 1500}, 'enable_snat': True, 'gw_port_host': 'dv-cinder-854270-2-smb', '_interfaces': [{'id': 'b6b26274-73b5-4756-84ab-c098f4ba8766', 'name': '', 'network_id': '0245dc5e-aa0a-4d57-a1ff-0ecd64c56eeb', 'tenant_id': '65de00edea3f4f50919de9197a6ee658', 'mac_address': 'fa:16:3e:52:21:65', 'admin_state_up': True, 'status': 'DOWN', 'device_id': 'a87439c5-209c-4c5a-9f72-de8c5660d43c', 'device_owner': 'network:router_interface', 'standard_attr_id': 106, 'fixed_ips': [{'subnet_id': '5f0b6fd5-e27f-4235-8eae-69d9d35b81da', 'ip_address': '172.20.0.1', 'prefixlen': 28}], 'allowed_address_pairs': [], 'extra_dhcp_opts': [], 'security_groups': [], 'description': '', 'binding:vnic_type': 'normal', 'binding:profile': {}, 'binding:host_id': 'dv-cinder-854270-2-smb', 'binding:vif_type': 'ovs', 'binding:vif_details': {'connectivity': 'l2', 'port_filter': True, 'ovs_hybrid_plug': False, 'datapath_type': 'system', 'bridge_name': 'br-int', 'bound_drivers': {'0': 'openvswitch'}}, 'port_security_enabled': False, 'tags': [], 'created_at': '2022-08-24T09:28:36Z', 'updated_at': '2022-08-24T09:28:53Z', 'revision_number': 4, 'project_id': '65de00edea3f4f50919de9197a6ee658', 'subnets': [{'id': '5f0b6fd5-e27f-4235-8eae-69d9d35b81da', 'cidr': '172.20.0.0/28', 'gateway_ip': '172.20.0.1', 'dns_nameservers': [], 'ipv6_ra_mode': None, 'subnetpool_id': None}], 'extra_subnets': [], 'address_scopes': {4: None, 6: None}, 'mtu': 1500}]}], 'dv-cinder-854270-2-smb', False) {} {{(pid=106308) wrapper /usr/local/lib/python3.8/dist-packages/oslo_log/helpers.py:65}}
Aug 24 09:28:55.092930 dv-cinder-854270-2-smb neutron-server[106306]: DEBUG dbcounter [-] [106306] Writing DB stats neutron:SELECT=95,neutron:DELETE=5 {{(pid=106306) stat_writer /usr/local/lib/python3.8/dist-packages/dbcounter.py:114}}
Aug 24 09:28:55.100618 dv-cinder-854270-2-smb neutron-server[106306]: DEBUG dbcounter [-] [106306] Writing DB stats neutron:SELECT=95,neutron:DELETE=5 {{(pid=106306) stat_writer /usr/local/lib/python3.8/dist-packages/dbcounter.py:114}}
Aug 24 09:28:55.105214 dv-cinder-854270-2-smb neutron-server[106308]: DEBUG neutron.plugins.ml2.rpc [None req-af94b779-a0af-44a1-a007-9e88bf2245eb None None] Device f749b35c-41f3-4105-a431-d8472cebba47 up at agent ovs-agent-dv-cinder-854270-2-smb {{(pid=106308) update_device_up /opt/stack/neutron/neutron/plugins/ml2/rpc.py:296}}
Aug 24 09:28:55.112179 dv-cinder-854270-2-smb neutron-server[106308]: DEBUG neutron.api.rpc.handlers.l3_rpc [None req-1d0e0bc0-fb5b-4beb-8acf-e24b7f367972 None None] The sync data for ids ['a87439c5-209c-4c5a-9f72-de8c5660d43c'] in dv-cinder-854270-2-smb is: [{'id': 'a87439c5-209c-4c5a-9f72-de8c5660d43c', 'name': 'tempest-AttachVolumeTestJSON-1210696109-router', 'tenant_id': '65de00edea3f4f50919de9197a6ee658', 'admin_state_up': True, 'status': 'ACTIVE', 'external_gateway_info': {'network_id': '9ed4f3b9-f878-48d8-a2fd-d3d763b89395', 'external_fixed_ips': [{'subnet_id': '00da4682-ff59-494b-9d3e-28f7fb407550', 'ip_address': '172.28.1.216'}], 'enable_snat': True}, 'gw_port_id': 'f749b35c-41f3-4105-a431-d8472cebba47', 'description': '', 'availability_zones': ['nova'], 'distributed': False, 'ha': False, 'ha_vr_id': 0, 'availability_zone_hints': [], 'routes': [], 'flavor_id': None, 'tags': [], 'created_at': '2022-08-24T09:28:28Z', 'updated_at': '2022-08-24T09:28:39Z', 'revision_number': 4, 'project_id': '65de00edea3f4f50919de9197a6ee658', 'gw_port': {'id': 'f749b35c-41f3-4105-a431-d8472cebba47', 'name': '', 'network_id': '9ed4f3b9-f878-48d8-a2fd-d3d763b89395', 'tenant_id': '', 'mac_address': 'fa:16:3e:69:00:d0', 'admin_state_up': True, 'status': 'ACTIVE', 'device_id': 'a87439c5-209c-4c5a-9f72-de8c5660d43c', 'device_owner': 'network:router_gateway', 'standard_attr_id': 81, 'fixed_ips': [{'subnet_id': '00da4682-ff59-494b-9d3e-28f7fb407550', 'ip_address': '172.28.1.216', 'prefixlen': 24}], 'allowed_address_pairs': [], 'extra_dhcp_opts': [], 'security_groups': [], 'description': '', 'binding:vnic_type': 'normal', 'binding:profile': {}, 'binding:host_id': 'dv-cinder-854270-2-smb', 'binding:vif_type': 'ovs', 'binding:vif_details': {'connectivity': 'l2', 'port_filter': True, 'ovs_hybrid_plug': False, 'datapath_type': 'system', 'bridge_name': 'br-int', 'bound_drivers': {'0': 'openvswitch'}}, 'port_security_enabled': False, 'tags': [], 'created_at': '2022-08-24T09:28:29Z', 'updated_at': '2022-08-24T09:28:50Z', 'revision_number': 4, 'project_id': '', 'subnets': [{'id': '00da4682-ff59-494b-9d3e-28f7fb407550', 'cidr': '172.28.1.0/24', 'gateway_ip': '172.28.1.1', 'dns_nameservers': [], 'ipv6_ra_mode': None, 'subnetpool_id': None}], 'extra_subnets': [], 'address_scopes': {4: None, 6: None}, 'mtu': 1500}, 'enable_snat': True, 'gw_port_host': 'dv-cinder-854270-2-smb', '_interfaces': [{'id': 'b6b26274-73b5-4756-84ab-c098f4ba8766', 'name': '', 'network_id': '0245dc5e-aa0a-4d57-a1ff-0ecd64c56eeb', 'tenant_id': '65de00edea3f4f50919de9197a6ee658', 'mac_address': 'fa:16:3e:52:21:65', 'admin_state_up': True, 'status': 'DOWN', 'device_id': 'a87439c5-209c-4c5a-9f72-de8c5660d43c', 'device_owner': 'network:router_interface', 'standard_attr_id': 106, 'fixed_ips': [{'subnet_id': '5f0b6fd5-e27f-4235-8eae-69d9d35b81da', 'ip_address': '172.20.0.1', 'prefixlen': 28}], 'allowed_address_pairs': [], 'extra_dhcp_opts': [], 'security_groups': [], 'description': '', 'binding:vnic_type': 'normal', 'binding:profile': {}, 'binding:host_id': 'dv-cinder-854270-2-smb', 'binding:vif_type': 'ovs', 'binding:vif_details': {'connectivity': 'l2', 'port_filter': True, 'ovs_hybrid_plug': False, 'datapath_type': 'system', 'bridge_name': 'br-int', 'bound_drivers': {'0': 'openvswitch'}}, 'port_security_enabled': False, 'tags': [], 'created_at': '2022-08-24T09:28:36Z', 'updated_at': '2022-08-24T09:28:53Z', 'revision_number': 4, 'project_id': '65de00edea3f4f50919de9197a6ee658', 'subnets': [{'id': '5f0b6fd5-e27f-4235-8eae-69d9d35b81da', 'cidr': '172.20.0.0/28', 'gateway_ip': '172.20.0.1', 'dns_nameservers': [], 'ipv6_ra_mode': None, 'subnetpool_id': None}], 'extra_subnets': [], 'address_scopes': {4: None, 6: None}, 'mtu': 1500}]}] {{(pid=106308) sync_routers /opt/stack/neutron/neutron/api/rpc/handlers/l3_rpc.py:137}}
Aug 24 09:28:55.118006 dv-cinder-854270-2-smb neutron-server[106306]: DEBUG neutron.pecan_wsgi.hooks.quota_enforcement [req-7b84564b-24df-4f83-9b1c-790db9d9c62f req-417646cd-f5bb-4be6-8e41-cf5f847a16e2 tempest-ServerRescueNegativeTestJSON-1135308951 tempest-ServerRescueNegativeTestJSON-1135308951-project] Made reservation on behalf of 182e642ebdf54af5a956620ee3661b4f for: {'port': 1} {{(pid=106306) before /opt/stack/neutron/neutron/pecan_wsgi/hooks/quota_enforcement.py:53}}
Aug 24 09:28:55.123431 dv-cinder-854270-2-smb neutron-server[106306]: DEBUG neutron_lib.callbacks.manager [req-7b84564b-24df-4f83-9b1c-790db9d9c62f req-417646cd-f5bb-4be6-8e41-cf5f847a16e2 tempest-ServerRescueNegativeTestJSON-1135308951 tempest-ServerRescueNegativeTestJSON-1135308951-project] Publish callbacks ['neutron.plugins.ml2.plugin.SecurityGroupDbMixin._ensure_default_security_group_handler-1534254'] for port (None), before_create {{(pid=106306) _notify_loop /usr/local/lib/python3.8/dist-packages/neutron_lib/callbacks/manager.py:176}}
Aug 24 09:28:55.163020 dv-cinder-854270-2-smb neutron-server[106308]: DEBUG neutron.db.provisioning_blocks [None req-af94b779-a0af-44a1-a007-9e88bf2245eb None None] Provisioning complete for port f749b35c-41f3-4105-a431-d8472cebba47 triggered by entity L2. {{(pid=106308) provisioning_complete /opt/stack/neutron/neutron/db/provisioning_blocks.py:144}}
Aug 24 09:28:55.163481 dv-cinder-854270-2-smb neutron-server[106308]: DEBUG neutron_lib.callbacks.manager [None req-af94b779-a0af-44a1-a007-9e88bf2245eb None None] Publish callbacks ['neutron.plugins.ml2.plugin.Ml2Plugin._port_provisioned-1380053'] for port (f749b35c-41f3-4105-a431-d8472cebba47), provisioning_complete {{(pid=106308) _notify_loop /usr/local/lib/python3.8/dist-packages/neutron_lib/callbacks/manager.py:176}}
Aug 24 09:28:55.179047 dv-cinder-854270-2-smb neutron-server[106306]: DEBUG neutron.wsgi [-] (106306) accepted ('10.222.0.72', 52757) {{(pid=106306) server /usr/local/lib/python3.8/dist-packages/eventlet/wsgi.py:1004}}
Aug 24 09:28:55.250779 dv-cinder-854270-2-smb neutron-server[106308]: DEBUG neutron.plugins.ml2.plugin [None req-af94b779-a0af-44a1-a007-9e88bf2245eb None None] Current status of the port f749b35c-41f3-4105-a431-d8472cebba47 is: ACTIVE; New status is: ACTIVE {{(pid=106308) _update_individual_port_db_status /opt/stack/neutron/neutron/plugins/ml2/plugin.py:2302}}
Aug 24 09:28:55.252337 dv-cinder-854270-2-smb neutron-server[106308]: DEBUG neutron.plugins.ml2.rpc [None req-af94b779-a0af-44a1-a007-9e88bf2245eb None None] Device 2b6e4df2-3784-4379-a8f5-d02531c48e34 up at agent ovs-agent-dv-cinder-854270-2-smb {{(pid=106308) update_device_up /opt/stack/neutron/neutron/plugins/ml2/rpc.py:296}}
Aug 24 09:28:55.307315 dv-cinder-854270-2-smb neutron-server[106308]: DEBUG neutron.db.provisioning_blocks [None req-af94b779-a0af-44a1-a007-9e88bf2245eb None None] Provisioning complete for port 2b6e4df2-3784-4379-a8f5-d02531c48e34 triggered by entity L2. {{(pid=106308) provisioning_complete /opt/stack/neutron/neutron/db/provisioning_blocks.py:144}}
Aug 24 09:28:55.307834 dv-cinder-854270-2-smb neutron-server[106308]: DEBUG neutron_lib.callbacks.manager [None req-af94b779-a0af-44a1-a007-9e88bf2245eb None None] Publish callbacks ['neutron.plugins.ml2.plugin.Ml2Plugin._port_provisioned-1380053'] for port (2b6e4df2-3784-4379-a8f5-d02531c48e34), provisioning_complete {{(pid=106308) _notify_loop /usr/local/lib/python3.8/dist-packages/neutron_lib/callbacks/manager.py:176}}
Aug 24 09:28:55.502834 dv-cinder-854270-2-smb neutron-server[106307]: INFO neutron.wsgi [req-35061e33-5c7e-4464-a262-cfa8f41efd6f req-7ff6f46b-ee0f-49ef-a0be-642eb8ba491c tempest-ServerRescueNegativeTestJSON-1135308951 tempest-ServerRescueNegativeTestJSON-1135308951-project] 10.222.0.52 "GET /networking/v2.0/ports?device_id=e177b911-6001-417b-b1ca-a07a252c5736 HTTP/1.1" status: 200 len: 210 time: 0.1202145
Aug 24 09:28:55.505930 dv-cinder-854270-2-smb neutron-server[106307]: DEBUG neutron.wsgi [-] (106307) accepted ('10.222.0.52', 41720) {{(pid=106307) server /usr/local/lib/python3.8/dist-packages/eventlet/wsgi.py:1004}}
Aug 24 09:28:55.569016 dv-cinder-854270-2-smb neutron-server[106307]: DEBUG neutron_lib.callbacks.manager [None req-6fbbf959-122c-43f4-89c0-d0593fdb7898 admin admin] Publish callbacks [] for security_group (None), before_create {{(pid=106307) _notify_loop /usr/local/lib/python3.8/dist-packages/neutron_lib/callbacks/manager.py:176}}
Aug 24 09:28:55.602281 dv-cinder-854270-2-smb neutron-server[106307]: DEBUG dbcounter [-] [106307] Writing DB stats neutron:SELECT=88,neutron:INSERT=12 {{(pid=106307) stat_writer /usr/local/lib/python3.8/dist-packages/dbcounter.py:114}}
Aug 24 09:28:55.637291 dv-cinder-854270-2-smb neutron-server[106308]: DEBUG neutron.plugins.ml2.plugin [None req-af94b779-a0af-44a1-a007-9e88bf2245eb None None] Current status of the port 2b6e4df2-3784-4379-a8f5-d02531c48e34 is: DOWN; New status is: ACTIVE {{(pid=106308) _update_individual_port_db_status /opt/stack/neutron/neutron/plugins/ml2/plugin.py:2302}}
Aug 24 09:28:55.637875 dv-cinder-854270-2-smb neutron-server[106308]: DEBUG neutron_lib.callbacks.manager [None req-af94b779-a0af-44a1-a007-9e88bf2245eb None None] Publish callbacks ['neutron.plugins.ml2.plugin.SecurityGroupDbMixin._ensure_default_security_group_handler-1534254'] for port (2b6e4df2-3784-4379-a8f5-d02531c48e34), before_update {{(pid=106308) _notify_loop /usr/local/lib/python3.8/dist-packages/neutron_lib/callbacks/manager.py:176}}
Aug 24 09:28:55.653967 dv-cinder-854270-2-smb neutron-server[106308]: DEBUG neutron_lib.callbacks.manager [None req-bcb0eab1-4e4f-411d-a994-4173698fd869 None None] Publish callbacks ['neutron.services.segments.db._update_segment_host_mapping_for_agent-8774280987486', 'neutron.plugins.ml2.plugin.Ml2Plugin._retry_binding_revived_agents-1379967'] for agent (ad737167-c4d9-4a41-8bda-78a7997a625d), after_update {{(pid=106308) _notify_loop /usr/local/lib/python3.8/dist-packages/neutron_lib/callbacks/manager.py:176}}
Aug 24 09:28:55.670430 dv-cinder-854270-2-smb neutron-server[106307]: DEBUG neutron.pecan_wsgi.hooks.policy_enforcement [req-a6fe0d0f-a096-43bc-985e-171180c4d640 req-dd80b587-aaad-466d-a468-0ccefeaf0f88 tempest-AttachVolumeNegativeTest-1707945741 tempest-AttachVolumeNegativeTest-1707945741-project] Attributes excluded by policy engine: ['standard_attr_id', 'vlan_transparent', 'provider:network_type', 'provider:physical_network', 'provider:segmentation_id'] {{(pid=106307) _exclude_attributes_by_policy /opt/stack/neutron/neutron/pecan_wsgi/hooks/policy_enforcement.py:259}}
Aug 24 09:28:55.679264 dv-cinder-854270-2-smb neutron-server[106307]: INFO neutron.wsgi [req-a6fe0d0f-a096-43bc-985e-171180c4d640 req-dd80b587-aaad-466d-a468-0ccefeaf0f88 tempest-AttachVolumeNegativeTest-1707945741 tempest-AttachVolumeNegativeTest-1707945741-project] 10.222.0.72 "GET /networking/v2.0/networks?id=bff9049c-f31e-4df3-855a-46c577752dfb HTTP/1.1" status: 200 len: 815 time: 0.5555758
Aug 24 09:28:55.695445 dv-cinder-854270-2-smb neutron-server[106308]: DEBUG neutron.plugins.ml2.db [None req-af94b779-a0af-44a1-a007-9e88bf2245eb None None] For port 2b6e4df2-3784-4379-a8f5-d02531c48e34, host dv-cinder-854270-2-smb, got binding levels [PortBindingLevel(driver='openvswitch',host='dv-cinder-854270-2-smb',level=0,port_id=2b6e4df2-3784-4379-a8f5-d02531c48e34,segment=NetworkSegment(00e7b863-8099-4a2c-8d7b-4805a57e7a39),segment_id=00e7b863-8099-4a2c-8d7b-4805a57e7a39)] {{(pid=106308) get_binding_level_objs /opt/stack/neutron/neutron/plugins/ml2/db.py:74}}
Aug 24 09:28:55.701132 dv-cinder-854270-2-smb neutron-server[106308]: DEBUG neutron_lib.callbacks.manager [None req-af94b779-a0af-44a1-a007-9e88bf2245eb None None] Publish callbacks ['neutron.plugins.ml2.plugin.SecurityGroupServerNotifierRpcMixin._notify_sg_on_port_change-1534955', 'neutron.plugins.ml2.ovo_rpc._ObjectChangeHandler.handle_event-46757', 'neutron.api.rpc.agentnotifiers.dhcp_rpc_agent_api.DhcpAgentNotifyAPI._native_event_send_dhcp_notification-532373', 'neutron.db.l3_db.L3RpcNotifierMixin._notify_gateway_port_ip_changed-8774280912900', 'neutron.db.l3_dvrscheduler_db._notify_l3_agent_port_update-8774280519253', 'neutron.db.l3_hascheduler_db._notify_l3_agent_ha_port_update-8774280519271'] for port (2b6e4df2-3784-4379-a8f5-d02531c48e34), after_update {{(pid=106308) _notify_loop /usr/local/lib/python3.8/dist-packages/neutron_lib/callbacks/manager.py:176}}
Aug 24 09:28:55.703152 dv-cinder-854270-2-smb neutron-server[106308]: DEBUG neutron.plugins.ml2.rpc [None req-af94b779-a0af-44a1-a007-9e88bf2245eb None None] Device 9d77df6f-387e-470c-9383-519b225ab9b1 up at agent ovs-agent-dv-cinder-854270-2-smb {{(pid=106308) update_device_up /opt/stack/neutron/neutron/plugins/ml2/rpc.py:296}}
Aug 24 09:28:55.769297 dv-cinder-854270-2-smb neutron-server[106306]: INFO neutron.wsgi [req-c277d8a2-1845-4fca-9030-cb0c712c0b7b req-7c0df9d1-fa1d-4c98-b49d-6deef0498d57 tempest-DeleteServersTestJSON-673636756 tempest-DeleteServersTestJSON-673636756-project] 10.222.0.52 "GET /networking/v2.0/ports?device_id=be54ff4d-b1be-4a07-afa6-e1c61d7d3051 HTTP/1.1" status: 200 len: 210 time: 0.2075448
Aug 24 09:28:55.837646 dv-cinder-854270-2-smb neutron-server[106307]: DEBUG neutron_lib.callbacks.manager [None req-6fbbf959-122c-43f4-89c0-d0593fdb7898 admin admin] Publish callbacks [] for security_group (b257ed22-258c-4fae-8b16-f6599cd37483), precommit_create {{(pid=106307) _notify_loop /usr/local/lib/python3.8/dist-packages/neutron_lib/callbacks/manager.py:176}}
Aug 24 09:28:55.844680 dv-cinder-854270-2-smb neutron-server[106307]: DEBUG neutron_lib.callbacks.manager [None req-6fbbf959-122c-43f4-89c0-d0593fdb7898 admin admin] Publish callbacks ['neutron.plugins.ml2.ovo_rpc._ObjectChangeHandler.handle_event-455538'] for security_group (b257ed22-258c-4fae-8b16-f6599cd37483), after_create {{(pid=106307) _notify_loop /usr/local/lib/python3.8/dist-packages/neutron_lib/callbacks/manager.py:176}}
Aug 24 09:28:55.907660 dv-cinder-854270-2-smb neutron-server[106307]: DEBUG neutron.api.rpc.handlers.resources_rpc [None req-6fbbf959-122c-43f4-89c0-d0593fdb7898 admin admin] Pushing event updated for resources: {'SecurityGroup': ['ID=b257ed22-258c-4fae-8b16-f6599cd37483,revision_number=1']} {{(pid=106307) push /opt/stack/neutron/neutron/api/rpc/handlers/resources_rpc.py:237}}
Aug 24 09:28:56.001423 dv-cinder-854270-2-smb neutron-server[106307]: INFO neutron.wsgi [req-9bb1d31f-01fd-48c3-9abd-8bd2c9bd76b2 req-1c04657d-25d5-4439-b6c7-37dbae666f78 tempest-AttachVolumeTestJSON-126082410 tempest-AttachVolumeTestJSON-126082410-project] 10.222.0.52 "GET /networking/v2.0/ports?device_id=0e48e0e9-2ada-45c4-8397-5ed8f23532f3 HTTP/1.1" status: 200 len: 210 time: 0.1007926
Aug 24 09:28:56.022185 dv-cinder-854270-2-smb neutron-server[106307]: INFO neutron.wsgi [None req-6fbbf959-122c-43f4-89c0-d0593fdb7898 admin admin] 10.222.0.52 "GET /networking/v2.0/security-groups?tenant_id=50968be1f51d4cb4ab17e087054b94cf&name=default HTTP/1.1" status: 200 len: 2996 time: 0.5047078
Aug 24 09:28:56.023347 dv-cinder-854270-2-smb neutron-server[106307]: DEBUG neutron.wsgi [-] (106307) accepted ('10.222.0.52', 41746) {{(pid=106307) server /usr/local/lib/python3.8/dist-packages/eventlet/wsgi.py:1004}}
Aug 24 09:28:56.119034 dv-cinder-854270-2-smb neutron-server[106308]: DEBUG neutron.api.rpc.handlers.resources_rpc [None req-af94b779-a0af-44a1-a007-9e88bf2245eb None None] Pushing event updated for resources: {'Port': ['ID=2b6e4df2-3784-4379-a8f5-d02531c48e34,revision_number=5']} {{(pid=106308) push /opt/stack/neutron/neutron/api/rpc/handlers/resources_rpc.py:237}}
Aug 24 09:28:56.143112 dv-cinder-854270-2-smb neutron-server[106308]: DEBUG neutron.db.provisioning_blocks [None req-af94b779-a0af-44a1-a007-9e88bf2245eb None None] Provisioning complete for port 9d77df6f-387e-470c-9383-519b225ab9b1 triggered by entity L2. {{(pid=106308) provisioning_complete /opt/stack/neutron/neutron/db/provisioning_blocks.py:144}}
Aug 24 09:28:56.143878 dv-cinder-854270-2-smb neutron-server[106308]: DEBUG neutron_lib.callbacks.manager [None req-af94b779-a0af-44a1-a007-9e88bf2245eb None None] Publish callbacks ['neutron.plugins.ml2.plugin.Ml2Plugin._port_provisioned-1380053'] for port (9d77df6f-387e-470c-9383-519b225ab9b1), provisioning_complete {{(pid=106308) _notify_loop /usr/local/lib/python3.8/dist-packages/neutron_lib/callbacks/manager.py:176}}
Aug 24 09:28:56.182968 dv-cinder-854270-2-smb neutron-server[106306]: DEBUG neutron.pecan_wsgi.hooks.policy_enforcement [req-34c94a32-3666-4c50-b71e-ff054829c9f8 req-8263ee35-a99f-4724-b72f-671be7c10341 tempest-DeleteServersTestJSON-673636756 tempest-DeleteServersTestJSON-673636756-project] Attributes excluded by policy engine: ['standard_attr_id', 'vlan_transparent', 'provider:network_type', 'provider:physical_network', 'provider:segmentation_id'] {{(pid=106306) _exclude_attributes_by_policy /opt/stack/neutron/neutron/pecan_wsgi/hooks/policy_enforcement.py:259}}
Aug 24 09:28:56.186074 dv-cinder-854270-2-smb neutron-server[106306]: INFO neutron.wsgi [req-34c94a32-3666-4c50-b71e-ff054829c9f8 req-8263ee35-a99f-4724-b72f-671be7c10341 tempest-DeleteServersTestJSON-673636756 tempest-DeleteServersTestJSON-673636756-project] 10.222.0.72 "GET /networking/v2.0/networks?id=8bbba5a3-6ec2-4a7f-86d5-0ef6f30b28c1 HTTP/1.1" status: 200 len: 811 time: 0.9918091
Aug 24 09:28:56.236425 dv-cinder-854270-2-smb neutron-server[106307]: INFO neutron.wsgi [req-a6fe0d0f-a096-43bc-985e-171180c4d640 req-78f8095c-9fa5-43f5-a56e-e716a5170009 tempest-AttachVolumeNegativeTest-1707945741 tempest-AttachVolumeNegativeTest-1707945741-project] 10.222.0.72 "GET /networking/v2.0/security-groups?fields=id&fields=name&tenant_id=8f2d72e05b3c4a39a890d57d1fcc6df9 HTTP/1.1" status: 200 len: 380 time: 0.3067260
Aug 24 09:28:56.268908 dv-cinder-854270-2-smb neutron-server[106307]: DEBUG neutron_lib.callbacks.manager [None req-32ee46d4-634b-48cd-b6d9-3eb38105f925 admin admin] Publish callbacks [] for security_group (b257ed22-258c-4fae-8b16-f6599cd37483), before_delete {{(pid=106307) _notify_loop /usr/local/lib/python3.8/dist-packages/neutron_lib/callbacks/manager.py:176}}
Aug 24 09:28:56.305380 dv-cinder-854270-2-smb neutron-server[106307]: DEBUG neutron_lib.callbacks.manager [None req-32ee46d4-634b-48cd-b6d9-3eb38105f925 admin admin] Publish callbacks [] for security_group (b257ed22-258c-4fae-8b16-f6599cd37483), precommit_delete {{(pid=106307) _notify_loop /usr/local/lib/python3.8/dist-packages/neutron_lib/callbacks/manager.py:176}}
Aug 24 09:28:56.327455 dv-cinder-854270-2-smb neutron-server[106307]: DEBUG dbcounter [-] [106307] Writing DB stats neutron:SELECT=88,neutron:INSERT=11,neutron:UPDATE=1 {{(pid=106307) stat_writer /usr/local/lib/python3.8/dist-packages/dbcounter.py:114}}
Aug 24 09:28:56.333610 dv-cinder-854270-2-smb neutron-server[106308]: DEBUG neutron.plugins.ml2.plugin [None req-af94b779-a0af-44a1-a007-9e88bf2245eb None None] Current status of the port 9d77df6f-387e-470c-9383-519b225ab9b1 is: ACTIVE; New status is: ACTIVE {{(pid=106308) _update_individual_port_db_status /opt/stack/neutron/neutron/plugins/ml2/plugin.py:2302}}
Aug 24 09:28:56.335632 dv-cinder-854270-2-smb neutron-server[106308]: DEBUG neutron.plugins.ml2.rpc [None req-af94b779-a0af-44a1-a007-9e88bf2245eb None None] Device b6b26274-73b5-4756-84ab-c098f4ba8766 up at agent ovs-agent-dv-cinder-854270-2-smb {{(pid=106308) update_device_up /opt/stack/neutron/neutron/plugins/ml2/rpc.py:296}}
Aug 24 09:28:56.364675 dv-cinder-854270-2-smb neutron-server[106307]: DEBUG neutron.wsgi [-] (106307) accepted ('10.222.0.72', 52761) {{(pid=106307) server /usr/local/lib/python3.8/dist-packages/eventlet/wsgi.py:1004}}
Aug 24 09:28:56.375103 dv-cinder-854270-2-smb neutron-server[106307]: DEBUG neutron.api.v2.base [req-a6fe0d0f-a096-43bc-985e-171180c4d640 req-97bcf559-884a-42d8-bc94-6e00edbc4973 tempest-AttachVolumeNegativeTest-1707945741 tempest-AttachVolumeNegativeTest-1707945741-project] Request body: {'port': {'device_id': '7996f307-c641-4044-b80f-5926c740cfd7', 'network_id': 'bff9049c-f31e-4df3-855a-46c577752dfb', 'admin_state_up': True, 'tenant_id': '8f2d72e05b3c4a39a890d57d1fcc6df9', 'security_groups': ['9c401581-a483-4e8d-8df9-f11324281ae2']}} {{(pid=106307) prepare_request_body /opt/stack/neutron/neutron/api/v2/base.py:730}}
Aug 24 09:28:56.383254 dv-cinder-854270-2-smb neutron-server[106306]: DEBUG neutron.api.v2.base [req-34c94a32-3666-4c50-b71e-ff054829c9f8 req-1ba64a59-f168-4734-88ba-9766e2608024 tempest-DeleteServersTestJSON-673636756 tempest-DeleteServersTestJSON-673636756-project] Request body: {'port': {'device_id': 'be54ff4d-b1be-4a07-afa6-e1c61d7d3051', 'network_id': '8bbba5a3-6ec2-4a7f-86d5-0ef6f30b28c1', 'admin_state_up': True, 'tenant_id': '683384a1a52f43ec9aebd289e8812bbd'}} {{(pid=106306) prepare_request_body /opt/stack/neutron/neutron/api/v2/base.py:730}}
Aug 24 09:28:56.467644 dv-cinder-854270-2-smb neutron-server[106308]: DEBUG neutron.db.provisioning_blocks [None req-af94b779-a0af-44a1-a007-9e88bf2245eb None None] Provisioning complete for port b6b26274-73b5-4756-84ab-c098f4ba8766 triggered by entity L2. {{(pid=106308) provisioning_complete /opt/stack/neutron/neutron/db/provisioning_blocks.py:144}}
Aug 24 09:28:56.468403 dv-cinder-854270-2-smb neutron-server[106308]: DEBUG neutron_lib.callbacks.manager [None req-af94b779-a0af-44a1-a007-9e88bf2245eb None None] Publish callbacks ['neutron.plugins.ml2.plugin.Ml2Plugin._port_provisioned-1380053'] for port (b6b26274-73b5-4756-84ab-c098f4ba8766), provisioning_complete {{(pid=106308) _notify_loop /usr/local/lib/python3.8/dist-packages/neutron_lib/callbacks/manager.py:176}}
Aug 24 09:28:56.469932 dv-cinder-854270-2-smb neutron-server[106307]: DEBUG neutron_lib.callbacks.manager [None req-32ee46d4-634b-48cd-b6d9-3eb38105f925 admin admin] Publish callbacks ['neutron.plugins.ml2.ovo_rpc._ObjectChangeHandler.handle_event-455538'] for security_group (b257ed22-258c-4fae-8b16-f6599cd37483), after_delete {{(pid=106307) _notify_loop /usr/local/lib/python3.8/dist-packages/neutron_lib/callbacks/manager.py:176}}
Aug 24 09:28:56.476162 dv-cinder-854270-2-smb neutron-server[106307]: DEBUG neutron_lib.callbacks.manager [None req-32ee46d4-634b-48cd-b6d9-3eb38105f925 admin admin] Publish callbacks [] for security_group (None), before_response {{(pid=106307) _notify_loop /usr/local/lib/python3.8/dist-packages/neutron_lib/callbacks/manager.py:176}}
Aug 24 09:28:56.477391 dv-cinder-854270-2-smb neutron-server[106307]: INFO neutron.wsgi [None req-32ee46d4-634b-48cd-b6d9-3eb38105f925 admin admin] 10.222.0.52 "DELETE /networking/v2.0/security-groups/b257ed22-258c-4fae-8b16-f6599cd37483 HTTP/1.1" status: 204 len: 168 time: 0.4514596
Aug 24 09:28:56.610909 dv-cinder-854270-2-smb neutron-server[106307]: DEBUG neutron.api.rpc.handlers.resources_rpc [None req-32ee46d4-634b-48cd-b6d9-3eb38105f925 admin admin] Pushing event deleted for resources: {'SecurityGroup': ['ID=b257ed22-258c-4fae-8b16-f6599cd37483,revision_number=None']} {{(pid=106307) push /opt/stack/neutron/neutron/api/rpc/handlers/resources_rpc.py:237}}
Aug 24 09:28:56.627827 dv-cinder-854270-2-smb neutron-server[106307]: DEBUG neutron.wsgi [-] (106307) accepted ('10.222.0.72', 52763) {{(pid=106307) server /usr/local/lib/python3.8/dist-packages/eventlet/wsgi.py:1004}}
Aug 24 09:28:56.717434 dv-cinder-854270-2-smb neutron-server[106306]: INFO neutron.wsgi [req-535e410f-e9e8-4517-a5ab-625b734c3383 req-3cd2f547-8912-4bce-96d1-1eaee5203400 tempest-AttachVolumeNegativeTest-1707945741 tempest-AttachVolumeNegativeTest-1707945741-project] 10.222.0.52 "GET /networking/v2.0/ports?device_id=7996f307-c641-4044-b80f-5926c740cfd7 HTTP/1.1" status: 200 len: 210 time: 0.5279238
Aug 24 09:28:56.779822 dv-cinder-854270-2-smb neutron-server[106308]: DEBUG neutron.plugins.ml2.plugin [None req-af94b779-a0af-44a1-a007-9e88bf2245eb None None] Current status of the port b6b26274-73b5-4756-84ab-c098f4ba8766 is: DOWN; New status is: ACTIVE {{(pid=106308) _update_individual_port_db_status /opt/stack/neutron/neutron/plugins/ml2/plugin.py:2302}}
Aug 24 09:28:56.780644 dv-cinder-854270-2-smb neutron-server[106308]: DEBUG neutron_lib.callbacks.manager [None req-af94b779-a0af-44a1-a007-9e88bf2245eb None None] Publish callbacks ['neutron.plugins.ml2.plugin.SecurityGroupDbMixin._ensure_default_security_group_handler-1534254'] for port (b6b26274-73b5-4756-84ab-c098f4ba8766), before_update {{(pid=106308) _notify_loop /usr/local/lib/python3.8/dist-packages/neutron_lib/callbacks/manager.py:176}}
Aug 24 09:28:56.815014 dv-cinder-854270-2-smb neutron-server[106308]: DEBUG dbcounter [-] [106308] Writing DB stats neutron:SELECT=98,neutron:UPDATE=2 {{(pid=106308) stat_writer /usr/local/lib/python3.8/dist-packages/dbcounter.py:114}}
Aug 24 09:28:56.842229 dv-cinder-854270-2-smb neutron-server[106306]: DEBUG neutron.db.db_base_plugin_common [req-7b84564b-24df-4f83-9b1c-790db9d9c62f req-417646cd-f5bb-4be6-8e41-cf5f847a16e2 tempest-ServerRescueNegativeTestJSON-1135308951 tempest-ServerRescueNegativeTestJSON-1135308951-project] Allocated IP 172.20.0.3 (01b639fc-30c4-4f21-949e-6197200bd4fb/e84bae73-13af-4bd6-b7bd-8cb1b6dfec2c/28312401-46e9-4545-8f5d-b6f4ab7a71ab) {{(pid=106306) _store_ip_allocation /opt/stack/neutron/neutron/db/db_base_plugin_common.py:131}}
Aug 24 09:28:56.847138 dv-cinder-854270-2-smb neutron-server[106308]: DEBUG dbcounter [-] [106308] Writing DB stats neutron:SELECT=95,neutron:UPDATE=4,neutron:INSERT=1 {{(pid=106308) stat_writer /usr/local/lib/python3.8/dist-packages/dbcounter.py:114}}
Aug 24 09:28:56.886924 dv-cinder-854270-2-smb neutron-server[106308]: DEBUG neutron.plugins.ml2.db [None req-af94b779-a0af-44a1-a007-9e88bf2245eb None None] For port b6b26274-73b5-4756-84ab-c098f4ba8766, host dv-cinder-854270-2-smb, got binding levels [PortBindingLevel(driver='openvswitch',host='dv-cinder-854270-2-smb',level=0,port_id=b6b26274-73b5-4756-84ab-c098f4ba8766,segment=NetworkSegment(03176d82-9d42-41e3-ba17-b3ce07f57e66),segment_id=03176d82-9d42-41e3-ba17-b3ce07f57e66)] {{(pid=106308) get_binding_level_objs /opt/stack/neutron/neutron/plugins/ml2/db.py:74}}
Aug 24 09:28:56.894287 dv-cinder-854270-2-smb neutron-server[106308]: DEBUG neutron_lib.callbacks.manager [None req-af94b779-a0af-44a1-a007-9e88bf2245eb None None] Publish callbacks ['neutron.plugins.ml2.plugin.SecurityGroupServerNotifierRpcMixin._notify_sg_on_port_change-1534955', 'neutron.plugins.ml2.ovo_rpc._ObjectChangeHandler.handle_event-46757', 'neutron.api.rpc.agentnotifiers.dhcp_rpc_agent_api.DhcpAgentNotifyAPI._native_event_send_dhcp_notification-532373', 'neutron.db.l3_db.L3RpcNotifierMixin._notify_gateway_port_ip_changed-8774280912900', 'neutron.db.l3_dvrscheduler_db._notify_l3_agent_port_update-8774280519253', 'neutron.db.l3_hascheduler_db._notify_l3_agent_ha_port_update-8774280519271'] for port (b6b26274-73b5-4756-84ab-c098f4ba8766), after_update {{(pid=106308) _notify_loop /usr/local/lib/python3.8/dist-packages/neutron_lib/callbacks/manager.py:176}}
Aug 24 09:28:56.895241 dv-cinder-854270-2-smb neutron-server[106308]: DEBUG neutron.plugins.ml2.rpc [None req-af94b779-a0af-44a1-a007-9e88bf2245eb None None] Device 07e1bb15-f829-4120-a755-9a309958dbc2 up at agent ovs-agent-dv-cinder-854270-2-smb {{(pid=106308) update_device_up /opt/stack/neutron/neutron/plugins/ml2/rpc.py:296}}
Aug 24 09:28:56.937330 dv-cinder-854270-2-smb neutron-server[106306]: DEBUG neutron.pecan_wsgi.hooks.quota_enforcement [req-34c94a32-3666-4c50-b71e-ff054829c9f8 req-1ba64a59-f168-4734-88ba-9766e2608024 tempest-DeleteServersTestJSON-673636756 tempest-DeleteServersTestJSON-673636756-project] Made reservation on behalf of 683384a1a52f43ec9aebd289e8812bbd for: {'port': 1} {{(pid=106306) before /opt/stack/neutron/neutron/pecan_wsgi/hooks/quota_enforcement.py:53}}
Aug 24 09:28:56.962444 dv-cinder-854270-2-smb neutron-server[106306]: DEBUG neutron_lib.callbacks.manager [req-34c94a32-3666-4c50-b71e-ff054829c9f8 req-1ba64a59-f168-4734-88ba-9766e2608024 tempest-DeleteServersTestJSON-673636756 tempest-DeleteServersTestJSON-673636756-project] Publish callbacks ['neutron.plugins.ml2.plugin.SecurityGroupDbMixin._ensure_default_security_group_handler-1534254'] for port (None), before_create {{(pid=106306) _notify_loop /usr/local/lib/python3.8/dist-packages/neutron_lib/callbacks/manager.py:176}}
Aug 24 09:28:57.087782 dv-cinder-854270-2-smb neutron-server[106309]: DEBUG dbcounter [-] [106309] Writing DB stats neutron:SELECT=38,neutron:UPDATE=1,neutron:INSERT=1 {{(pid=106309) stat_writer /usr/local/lib/python3.8/dist-packages/dbcounter.py:114}}
Aug 24 09:28:57.115189 dv-cinder-854270-2-smb neutron-server[106308]: DEBUG dbcounter [-] [106308] Writing DB stats neutron:SELECT=99,neutron:UPDATE=1 {{(pid=106308) stat_writer /usr/local/lib/python3.8/dist-packages/dbcounter.py:114}}
Aug 24 09:28:57.120075 dv-cinder-854270-2-smb neutron-server[106308]: DEBUG neutron.db.provisioning_blocks [None req-af94b779-a0af-44a1-a007-9e88bf2245eb None None] Provisioning complete for port 07e1bb15-f829-4120-a755-9a309958dbc2 triggered by entity L2. {{(pid=106308) provisioning_complete /opt/stack/neutron/neutron/db/provisioning_blocks.py:144}}
Aug 24 09:28:57.121186 dv-cinder-854270-2-smb neutron-server[106308]: DEBUG neutron_lib.callbacks.manager [None req-af94b779-a0af-44a1-a007-9e88bf2245eb None None] Publish callbacks ['neutron.plugins.ml2.plugin.Ml2Plugin._port_provisioned-1380053'] for port (07e1bb15-f829-4120-a755-9a309958dbc2), provisioning_complete {{(pid=106308) _notify_loop /usr/local/lib/python3.8/dist-packages/neutron_lib/callbacks/manager.py:176}}
Aug 24 09:28:57.165711 dv-cinder-854270-2-smb neutron-server[106309]: DEBUG dbcounter [-] [106309] Writing DB stats neutron:SELECT=50 {{(pid=106309) stat_writer /usr/local/lib/python3.8/dist-packages/dbcounter.py:114}}
Aug 24 09:28:57.211708 dv-cinder-854270-2-smb neutron-server[106308]: DEBUG neutron.api.rpc.handlers.resources_rpc [None req-af94b779-a0af-44a1-a007-9e88bf2245eb None None] Pushing event updated for resources: {'Port': ['ID=b6b26274-73b5-4756-84ab-c098f4ba8766,revision_number=5']} {{(pid=106308) push /opt/stack/neutron/neutron/api/rpc/handlers/resources_rpc.py:237}}
Aug 24 09:28:57.377490 dv-cinder-854270-2-smb neutron-server[106308]: DEBUG neutron.plugins.ml2.plugin [None req-af94b779-a0af-44a1-a007-9e88bf2245eb None None] Current status of the port 07e1bb15-f829-4120-a755-9a309958dbc2 is: ACTIVE; New status is: ACTIVE {{(pid=106308) _update_individual_port_db_status /opt/stack/neutron/neutron/plugins/ml2/plugin.py:2302}}
Aug 24 09:28:57.422993 dv-cinder-854270-2-smb neutron-server[106307]: DEBUG neutron.pecan_wsgi.hooks.policy_enforcement [req-2392c9e3-81db-435d-9b79-7ea7ebd6b3b5 req-92bf285f-7fc2-4b9e-b252-fdbde776f6e0 tempest-ServerRescueNegativeTestJSON-1135308951 tempest-ServerRescueNegativeTestJSON-1135308951-project] Attributes excluded by policy engine: ['standard_attr_id', 'vlan_transparent', 'provider:network_type', 'provider:physical_network', 'provider:segmentation_id'] {{(pid=106307) _exclude_attributes_by_policy /opt/stack/neutron/neutron/pecan_wsgi/hooks/policy_enforcement.py:259}}
Aug 24 09:28:57.429418 dv-cinder-854270-2-smb neutron-server[106307]: INFO neutron.wsgi [req-2392c9e3-81db-435d-9b79-7ea7ebd6b3b5 req-92bf285f-7fc2-4b9e-b252-fdbde776f6e0 tempest-ServerRescueNegativeTestJSON-1135308951 tempest-ServerRescueNegativeTestJSON-1135308951-project] 10.222.0.72 "GET /networking/v2.0/networks?id=01b639fc-30c4-4f21-949e-6197200bd4fb HTTP/1.1" status: 200 len: 818 time: 0.9372072
Aug 24 09:28:57.594127 dv-cinder-854270-2-smb neutron-server[106306]: DEBUG neutron.db.db_base_plugin_common [req-34c94a32-3666-4c50-b71e-ff054829c9f8 req-1ba64a59-f168-4734-88ba-9766e2608024 tempest-DeleteServersTestJSON-673636756 tempest-DeleteServersTestJSON-673636756-project] Allocated IP 172.20.0.6 (8bbba5a3-6ec2-4a7f-86d5-0ef6f30b28c1/479cd078-d46e-4a6a-8941-1030bfff875b/3da2d8fc-a31f-42ec-9e3b-9b805223989d) {{(pid=106306) _store_ip_allocation /opt/stack/neutron/neutron/db/db_base_plugin_common.py:131}}
Aug 24 09:28:57.648817 dv-cinder-854270-2-smb neutron-server[106307]: DEBUG neutron.api.v2.base [req-2392c9e3-81db-435d-9b79-7ea7ebd6b3b5 req-c13fd75a-8ca4-4155-a692-b872945fce66 tempest-ServerRescueNegativeTestJSON-1135308951 tempest-ServerRescueNegativeTestJSON-1135308951-project] Request body: {'port': {'device_id': 'e177b911-6001-417b-b1ca-a07a252c5736', 'network_id': '01b639fc-30c4-4f21-949e-6197200bd4fb', 'admin_state_up': True, 'tenant_id': '182e642ebdf54af5a956620ee3661b4f'}} {{(pid=106307) prepare_request_body /opt/stack/neutron/neutron/api/v2/base.py:730}}
