Aug 24 06:41:24.711867 dv-cinder-854270-1-iscsi neutron-server[113475]: DEBUG neutron.plugins.ml2.drivers.mech_agent [req-52043383-954f-4541-8a81-4ef1738d6919 req-0cdef0cd-45a8-4ba2-9797-3142e034d22b service neutron] Checking agent: {'id': '9931e3ff-6aeb-4387-b63f-227df467ae31', 'agent_type': 'HyperV agent', 'binary': 'neutron-hyperv-agent', 'topic': 'N/A', 'host': 'hv-cinder-85427', 'admin_state_up': True, 'created_at': datetime.datetime(2022, 8, 24, 6, 38, 37), 'started_at': datetime.datetime(2022, 8, 24, 6, 38, 37), 'heartbeat_timestamp': datetime.datetime(2022, 8, 24, 6, 41, 7), 'description': None, 'resources_synced': None, 'availability_zone': None, 'alive': True, 'configurations': {'vswitch_mappings': {'physnet1$': 'br-data'}}, 'resource_versions': {}} {{(pid=113475) bind_port /opt/stack/neutron/neutron/plugins/ml2/drivers/mech_agent.py:110}}
Aug 24 06:41:24.712302 dv-cinder-854270-1-iscsi neutron-server[113475]: DEBUG neutron.plugins.ml2.drivers.mech_agent [req-52043383-954f-4541-8a81-4ef1738d6919 req-0cdef0cd-45a8-4ba2-9797-3142e034d22b service neutron] Checking segment: {'id': '5781a247-23a0-4f73-bf6f-c88f73e1c417', 'network_type': 'vlan', 'physical_network': 'physnet1', 'segmentation_id': 446, 'network_id': '14e1d9b8-7d9c-4824-8559-f6d63d615d5b'} for mappings: {'physnet1$': 'br-data'} with network types: ['local', 'flat', 'vlan'] {{(pid=113475) check_segment_for_agent /opt/stack/neutron/neutron/plugins/ml2/drivers/mech_agent.py:373}}
Aug 24 06:41:24.712760 dv-cinder-854270-1-iscsi neutron-server[113475]: DEBUG neutron.plugins.ml2.drivers.mech_agent [req-52043383-954f-4541-8a81-4ef1738d6919 req-0cdef0cd-45a8-4ba2-9797-3142e034d22b service neutron] Bound using segment: {'id': '5781a247-23a0-4f73-bf6f-c88f73e1c417', 'network_type': 'vlan', 'physical_network': 'physnet1', 'segmentation_id': 446, 'network_id': '14e1d9b8-7d9c-4824-8559-f6d63d615d5b'} {{(pid=113475) bind_port /opt/stack/neutron/neutron/plugins/ml2/drivers/mech_agent.py:120}}
Aug 24 06:41:24.713388 dv-cinder-854270-1-iscsi neutron-server[113475]: DEBUG neutron.plugins.ml2.managers [req-52043383-954f-4541-8a81-4ef1738d6919 req-0cdef0cd-45a8-4ba2-9797-3142e034d22b service neutron] Bound port: 096dd53a-4e6c-4db9-8564-fd9f67a455e7, host: hv-cinder-85427, vif_type: hyperv, vif_details: {"connectivity": "legacy", "port_filter": false}, binding_levels: [{'bound_driver': 'hyperv', 'bound_segment': {'id': '5781a247-23a0-4f73-bf6f-c88f73e1c417', 'network_type': 'vlan', 'physical_network': 'physnet1', 'segmentation_id': 446, 'network_id': '14e1d9b8-7d9c-4824-8559-f6d63d615d5b'}}] {{(pid=113475) _bind_port_level /opt/stack/neutron/neutron/plugins/ml2/managers.py:947}}
Aug 24 06:41:24.714112 dv-cinder-854270-1-iscsi neutron-server[113475]: DEBUG neutron_lib.callbacks.manager [req-52043383-954f-4541-8a81-4ef1738d6919 req-0cdef0cd-45a8-4ba2-9797-3142e034d22b service neutron] Publish callbacks ['neutron.plugins.ml2.plugin.SecurityGroupDbMixin._ensure_default_security_group_handler-636455'] for port (096dd53a-4e6c-4db9-8564-fd9f67a455e7), before_update {{(pid=113475) _notify_loop /usr/local/lib/python3.8/dist-packages/neutron_lib/callbacks/manager.py:176}}
Aug 24 06:41:24.805614 dv-cinder-854270-1-iscsi neutron-server[113475]: INFO neutron.wsgi [req-e35360ea-4635-4378-b9e1-dd3ada4ec915 req-495e9f5e-1d31-463b-806b-6f93514c6271 tempest-AttachVolumeNegativeTest-1716179038 tempest-AttachVolumeNegativeTest-1716179038-project] 10.222.0.47 "GET /networking/v2.0/security-groups?id=bc2d9d93-39eb-4b1a-8736-fc334ed3064b&fields=id&fields=name HTTP/1.1" status: 200 len: 313 time: 0.0870278
Aug 24 06:41:24.828988 dv-cinder-854270-1-iscsi neutron-server[113476]: DEBUG neutron_lib.callbacks.manager [None req-973a5a63-d85c-4c43-94ed-768f1df410a5 admin admin] Publish callbacks [] for security_group (None), before_create {{(pid=113476) _notify_loop /usr/local/lib/python3.8/dist-packages/neutron_lib/callbacks/manager.py:176}}
Aug 24 06:41:24.839429 dv-cinder-854270-1-iscsi neutron-server[113475]: DEBUG neutron.plugins.ml2.db [req-52043383-954f-4541-8a81-4ef1738d6919 req-0cdef0cd-45a8-4ba2-9797-3142e034d22b service neutron] For port 096dd53a-4e6c-4db9-8564-fd9f67a455e7, host hv-cinder-85427, cleared binding levels {{(pid=113475) clear_binding_levels /opt/stack/neutron/neutron/plugins/ml2/db.py:87}}
Aug 24 06:41:24.844196 dv-cinder-854270-1-iscsi neutron-server[113475]: DEBUG neutron.plugins.ml2.db [req-52043383-954f-4541-8a81-4ef1738d6919 req-0cdef0cd-45a8-4ba2-9797-3142e034d22b service neutron] For port 096dd53a-4e6c-4db9-8564-fd9f67a455e7, host hv-cinder-85427, set binding levels [PortBindingLevel(driver='hyperv',host='hv-cinder-85427',level=0,port_id=096dd53a-4e6c-4db9-8564-fd9f67a455e7,segment=NetworkSegment(5781a247-23a0-4f73-bf6f-c88f73e1c417),segment_id=5781a247-23a0-4f73-bf6f-c88f73e1c417)] {{(pid=113475) set_binding_levels /opt/stack/neutron/neutron/plugins/ml2/db.py:59}}
Aug 24 06:41:24.848409 dv-cinder-854270-1-iscsi neutron-server[113476]: DEBUG neutron.pecan_wsgi.hooks.policy_enforcement [req-31e9f52d-7a6d-4403-9c0b-b14430736924 req-6d314895-8f18-44f0-b6c7-c656c2493d14 tempest-AttachVolumeTestJSON-729870241 tempest-AttachVolumeTestJSON-729870241-project] Attributes excluded by policy engine: ['standard_attr_id', 'binding:profile', 'binding:host_id', 'binding:vif_type', 'binding:vif_details'] {{(pid=113476) _exclude_attributes_by_policy /opt/stack/neutron/neutron/pecan_wsgi/hooks/policy_enforcement.py:259}}
Aug 24 06:41:24.850511 dv-cinder-854270-1-iscsi neutron-server[113476]: INFO neutron.wsgi [req-31e9f52d-7a6d-4403-9c0b-b14430736924 req-6d314895-8f18-44f0-b6c7-c656c2493d14 tempest-AttachVolumeTestJSON-729870241 tempest-AttachVolumeTestJSON-729870241-project] 10.222.0.47 "GET /networking/v2.0/ports?device_id=821b76aa-235d-42ca-aec6-6597a19525c0 HTTP/1.1" status: 200 len: 944 time: 0.3399191
Aug 24 06:41:24.852364 dv-cinder-854270-1-iscsi neutron-server[113475]: DEBUG neutron_lib.callbacks.manager [req-cbfc9e72-94d4-46fa-a35e-7cea46e7e504 req-e05bd8ff-b76b-4b3f-aa58-eada96927f0e tempest-AttachVolumeShelveTestJSON-956436854 tempest-AttachVolumeShelveTestJSON-956436854-project] Publish callbacks ['neutron.plugins.ml2.plugin.SecurityGroupServerNotifierRpcMixin._notify_sg_on_port_change-636386', 'neutron.plugins.ml2.ovo_rpc._ObjectChangeHandler.handle_event-420306', 'neutron.api.rpc.agentnotifiers.dhcp_rpc_agent_api.DhcpAgentNotifyAPI._native_event_send_dhcp_notification-3673491', 'neutron.db.l3_dvrscheduler_db._notify_l3_agent_new_port-8782278885717'] for port (e60cb872-95c0-4edd-942a-e19544fba59a), after_create {{(pid=113475) _notify_loop /usr/local/lib/python3.8/dist-packages/neutron_lib/callbacks/manager.py:176}}
Aug 24 06:41:24.942325 dv-cinder-854270-1-iscsi neutron-server[113475]: DEBUG neutron.api.rpc.handlers.resources_rpc [None req-e05bd8ff-b76b-4b3f-aa58-eada96927f0e tempest-AttachVolumeShelveTestJSON-956436854 tempest-AttachVolumeShelveTestJSON-956436854-project] Pushing event updated for resources: {'Port': ['ID=e60cb872-95c0-4edd-942a-e19544fba59a,revision_number=1']} {{(pid=113475) push /opt/stack/neutron/neutron/api/rpc/handlers/resources_rpc.py:237}}
Aug 24 06:41:24.942325 dv-cinder-854270-1-iscsi neutron-server[113475]: DEBUG neutron.scheduler.dhcp_agent_scheduler [req-cbfc9e72-94d4-46fa-a35e-7cea46e7e504 req-e05bd8ff-b76b-4b3f-aa58-eada96927f0e tempest-AttachVolumeShelveTestJSON-956436854 tempest-AttachVolumeShelveTestJSON-956436854-project] Network f4dc9d78-1179-43c9-875f-aca3db3dbf6c is already hosted by enough agents. {{(pid=113475) _get_dhcp_agents_hosting_network /opt/stack/neutron/neutron/scheduler/dhcp_agent_scheduler.py:275}}
Aug 24 06:41:24.942325 dv-cinder-854270-1-iscsi neutron-server[113475]: DEBUG neutron.scheduler.base_scheduler [req-cbfc9e72-94d4-46fa-a35e-7cea46e7e504 req-e05bd8ff-b76b-4b3f-aa58-eada96927f0e tempest-AttachVolumeShelveTestJSON-956436854 tempest-AttachVolumeShelveTestJSON-956436854-project] Resources bound (agent type, host, resource id): {{(pid=113475) schedule /opt/stack/neutron/neutron/scheduler/base_scheduler.py:57}}
Aug 24 06:41:24.942582 dv-cinder-854270-1-iscsi neutron-server[113476]: INFO neutron.wsgi [req-31e9f52d-7a6d-4403-9c0b-b14430736924 req-c5f7d995-fc89-40b0-9ccf-5f3ac437af36 tempest-AttachVolumeTestJSON-729870241 tempest-AttachVolumeTestJSON-729870241-project] 10.222.0.47 "GET /networking/v2.0/security-groups?id=ef22bd70-31c1-4bb4-9c57-2822810d23bc&fields=id&fields=name HTTP/1.1" status: 200 len: 312 time: 0.0821531
Aug 24 06:41:24.961421 dv-cinder-854270-1-iscsi neutron-server[113475]: DEBUG neutron.db.l3_dvrscheduler_db [req-cbfc9e72-94d4-46fa-a35e-7cea46e7e504 req-e05bd8ff-b76b-4b3f-aa58-eada96927f0e tempest-AttachVolumeShelveTestJSON-956436854 tempest-AttachVolumeShelveTestJSON-956436854-project] Received port after_create {{(pid=113475) _notify_l3_agent_new_port /opt/stack/neutron/neutron/db/l3_dvrscheduler_db.py:538}}
Aug 24 06:41:24.961421 dv-cinder-854270-1-iscsi neutron-server[113475]: DEBUG neutron.pecan_wsgi.hooks.policy_enforcement [req-cbfc9e72-94d4-46fa-a35e-7cea46e7e504 req-e05bd8ff-b76b-4b3f-aa58-eada96927f0e tempest-AttachVolumeShelveTestJSON-956436854 tempest-AttachVolumeShelveTestJSON-956436854-project] Attributes excluded by policy engine: ['standard_attr_id', 'binding:profile', 'binding:host_id', 'binding:vif_type', 'binding:vif_details', 'network'] {{(pid=113475) _exclude_attributes_by_policy /opt/stack/neutron/neutron/pecan_wsgi/hooks/policy_enforcement.py:259}}
Aug 24 06:41:24.961421 dv-cinder-854270-1-iscsi neutron-server[113475]: DEBUG neutron_lib.callbacks.manager [req-cbfc9e72-94d4-46fa-a35e-7cea46e7e504 req-e05bd8ff-b76b-4b3f-aa58-eada96927f0e tempest-AttachVolumeShelveTestJSON-956436854 tempest-AttachVolumeShelveTestJSON-956436854-project] Publish callbacks ['neutron.notifiers.nova.Notifier._send_nova_notification-413045', 'neutron.api.rpc.agentnotifiers.dhcp_rpc_agent_api.DhcpAgentNotifyAPI._send_dhcp_notification-3673573'] for port (None), before_response {{(pid=113475) _notify_loop /usr/local/lib/python3.8/dist-packages/neutron_lib/callbacks/manager.py:176}}
Aug 24 06:41:25.017011 dv-cinder-854270-1-iscsi neutron-server[113476]: DEBUG neutron_lib.callbacks.manager [None req-973a5a63-d85c-4c43-94ed-768f1df410a5 admin admin] Publish callbacks [] for security_group (ff9a0dbb-9454-4fc0-91fb-d437383544c6), precommit_create {{(pid=113476) _notify_loop /usr/local/lib/python3.8/dist-packages/neutron_lib/callbacks/manager.py:176}}
Aug 24 06:41:25.057647 dv-cinder-854270-1-iscsi neutron-server[113475]: DEBUG neutron_lib.callbacks.manager [req-52043383-954f-4541-8a81-4ef1738d6919 req-0cdef0cd-45a8-4ba2-9797-3142e034d22b service neutron] Publish callbacks ['neutron.plugins.ml2.plugin.SecurityGroupServerNotifierRpcMixin._notify_sg_on_port_change-636386', 'neutron.plugins.ml2.ovo_rpc._ObjectChangeHandler.handle_event-420306', 'neutron.api.rpc.agentnotifiers.dhcp_rpc_agent_api.DhcpAgentNotifyAPI._native_event_send_dhcp_notification-3673491', 'neutron.db.l3_db.L3RpcNotifierMixin._notify_gateway_port_ip_changed-8782279346180', 'neutron.db.l3_dvrscheduler_db._notify_l3_agent_port_update-8782278885735', 'neutron.db.l3_hascheduler_db._notify_l3_agent_ha_port_update-8782278885753'] for port (096dd53a-4e6c-4db9-8564-fd9f67a455e7), after_update {{(pid=113475) _notify_loop /usr/local/lib/python3.8/dist-packages/neutron_lib/callbacks/manager.py:176}}
Aug 24 06:41:25.089379 dv-cinder-854270-1-iscsi neutron-server[113475]: DEBUG neutron.pecan_wsgi.hooks.policy_enforcement [req-52043383-954f-4541-8a81-4ef1738d6919 req-0cdef0cd-45a8-4ba2-9797-3142e034d22b service neutron] Attributes excluded by policy engine: ['standard_attr_id'] {{(pid=113475) _exclude_attributes_by_policy /opt/stack/neutron/neutron/pecan_wsgi/hooks/policy_enforcement.py:259}}
Aug 24 06:41:25.090013 dv-cinder-854270-1-iscsi neutron-server[113475]: DEBUG neutron_lib.callbacks.manager [req-52043383-954f-4541-8a81-4ef1738d6919 req-0cdef0cd-45a8-4ba2-9797-3142e034d22b service neutron] Publish callbacks ['neutron.notifiers.nova.Notifier._send_nova_notification-413045', 'neutron.api.rpc.agentnotifiers.dhcp_rpc_agent_api.DhcpAgentNotifyAPI._send_dhcp_notification-3673573'] for port (None), before_response {{(pid=113475) _notify_loop /usr/local/lib/python3.8/dist-packages/neutron_lib/callbacks/manager.py:176}}
Aug 24 06:41:25.092043 dv-cinder-854270-1-iscsi neutron-server[113475]: INFO neutron.wsgi [req-52043383-954f-4541-8a81-4ef1738d6919 req-0cdef0cd-45a8-4ba2-9797-3142e034d22b service neutron] 10.222.0.67 "PUT /networking/v2.0/ports/096dd53a-4e6c-4db9-8564-fd9f67a455e7 HTTP/1.1" status: 200 len: 1093 time: 2.3105185
Aug 24 06:41:25.092617 dv-cinder-854270-1-iscsi neutron-server[113475]: DEBUG neutron.notifiers.nova [-] Sending events: [{'name': 'network-changed', 'server_uuid': 'b0298df5-f99f-4390-8f6f-3320fdfaff52', 'tag': '096dd53a-4e6c-4db9-8564-fd9f67a455e7'}] {{(pid=113475) send_events /opt/stack/neutron/neutron/notifiers/nova.py:271}}
Aug 24 06:41:25.095597 dv-cinder-854270-1-iscsi neutron-server[113475]: DEBUG novaclient.v2.client [-] REQ: curl -g -i --cacert "/opt/stack/data/ca-bundle.pem" -X POST http://10.222.0.47/compute/v2.1/os-server-external-events -H "Accept: application/json" -H "Content-Type: application/json" -H "User-Agent: python-novaclient" -H "X-Auth-Token: {SHA256}98e3154e207848c4df523aeb7f18610b965a29016fdc4597b9db989ddf63b84f" -H "X-OpenStack-Nova-API-Version: 2.1" -H "X-OpenStack-Request-ID: req-fb920ae7-800b-4786-8f88-94fc17c342d4" -d '{"events": [{"name": "network-changed", "server_uuid": "b0298df5-f99f-4390-8f6f-3320fdfaff52", "tag": "096dd53a-4e6c-4db9-8564-fd9f67a455e7"}]}' {{(pid=113475) _http_log_request /usr/local/lib/python3.8/dist-packages/keystoneauth1/session.py:519}}
Aug 24 06:41:25.179300 dv-cinder-854270-1-iscsi neutron-server[113475]: DEBUG neutron.pecan_wsgi.hooks.policy_enforcement [req-c7b981cc-de4d-4cc6-b7b1-22d713370c74 req-bc8c6a4f-3291-4e3e-98b0-d9dff31cc0d4 tempest-AttachVolumeShelveTestJSON-956436854 tempest-AttachVolumeShelveTestJSON-956436854-project] Attributes excluded by policy engine: ['standard_attr_id', 'binding:profile', 'binding:host_id', 'binding:vif_type', 'binding:vif_details'] {{(pid=113475) _exclude_attributes_by_policy /opt/stack/neutron/neutron/pecan_wsgi/hooks/policy_enforcement.py:259}}
Aug 24 06:41:25.181071 dv-cinder-854270-1-iscsi neutron-server[113475]: INFO neutron.wsgi [req-c7b981cc-de4d-4cc6-b7b1-22d713370c74 req-bc8c6a4f-3291-4e3e-98b0-d9dff31cc0d4 tempest-AttachVolumeShelveTestJSON-956436854 tempest-AttachVolumeShelveTestJSON-956436854-project] 10.222.0.47 "GET /networking/v2.0/ports?device_id=fa5949cc-2133-40b8-9112-b5d571c05f9d HTTP/1.1" status: 200 len: 932 time: 0.0805717
Aug 24 06:41:25.182358 dv-cinder-854270-1-iscsi neutron-server[113475]: DEBUG neutron.api.rpc.handlers.resources_rpc [None req-0cdef0cd-45a8-4ba2-9797-3142e034d22b service neutron] Pushing event updated for resources: {'Port': ['ID=096dd53a-4e6c-4db9-8564-fd9f67a455e7,revision_number=3']} {{(pid=113475) push /opt/stack/neutron/neutron/api/rpc/handlers/resources_rpc.py:237}}
Aug 24 06:41:25.210489 dv-cinder-854270-1-iscsi neutron-server[113475]: DEBUG novaclient.v2.client [-] RESP: [200] Connection: close Content-Length: 179 Content-Type: application/json Date: Wed, 24 Aug 2022 06:41:25 GMT OpenStack-API-Version: compute 2.1 Server: Apache/2.4.41 (Ubuntu) Vary: OpenStack-API-Version,X-OpenStack-Nova-API-Version X-OpenStack-Nova-API-Version: 2.1 x-compute-request-id: req-149f965c-fe44-4fa1-b2e4-44e440feee96 x-openstack-request-id: req-149f965c-fe44-4fa1-b2e4-44e440feee96 {{(pid=113475) _http_log_response /usr/local/lib/python3.8/dist-packages/keystoneauth1/session.py:550}}
Aug 24 06:41:25.210779 dv-cinder-854270-1-iscsi neutron-server[113475]: DEBUG novaclient.v2.client [-] RESP BODY: {"events": [{"name": "network-changed", "server_uuid": "b0298df5-f99f-4390-8f6f-3320fdfaff52", "tag": "096dd53a-4e6c-4db9-8564-fd9f67a455e7", "status": "completed", "code": 200}]} {{(pid=113475) _http_log_response /usr/local/lib/python3.8/dist-packages/keystoneauth1/session.py:582}}
Aug 24 06:41:25.211040 dv-cinder-854270-1-iscsi neutron-server[113475]: DEBUG novaclient.v2.client [-] POST call to compute for http://10.222.0.47/compute/v2.1/os-server-external-events used request id req-149f965c-fe44-4fa1-b2e4-44e440feee96 {{(pid=113475) request /usr/local/lib/python3.8/dist-packages/keystoneauth1/session.py:954}}
Aug 24 06:41:25.211482 dv-cinder-854270-1-iscsi neutron-server[113475]: INFO neutron.notifiers.nova [-] Nova event matching ['req-149f965c-fe44-4fa1-b2e4-44e440feee96'] response: {'name': 'network-changed', 'server_uuid': 'b0298df5-f99f-4390-8f6f-3320fdfaff52', 'tag': '096dd53a-4e6c-4db9-8564-fd9f67a455e7', 'status': 'completed', 'code': 200}
Aug 24 06:41:25.222142 dv-cinder-854270-1-iscsi neutron-server[113475]: INFO neutron.wsgi [req-cbfc9e72-94d4-46fa-a35e-7cea46e7e504 req-e05bd8ff-b76b-4b3f-aa58-eada96927f0e tempest-AttachVolumeShelveTestJSON-956436854 tempest-AttachVolumeShelveTestJSON-956436854-project] 10.222.0.67 "POST /networking/v2.0/ports HTTP/1.1" status: 201 len: 934 time: 2.4386878
Aug 24 06:41:25.253951 dv-cinder-854270-1-iscsi neutron-server[113477]: DEBUG neutron.db.provisioning_blocks [None req-dd9fd03d-89c8-48a4-bfc0-165ec5ec4819 None None] Provisioning complete for port e60cb872-95c0-4edd-942a-e19544fba59a triggered by entity DHCP. {{(pid=113477) provisioning_complete /opt/stack/neutron/neutron/db/provisioning_blocks.py:144}}
Aug 24 06:41:25.254477 dv-cinder-854270-1-iscsi neutron-server[113477]: DEBUG neutron_lib.callbacks.manager [None req-dd9fd03d-89c8-48a4-bfc0-165ec5ec4819 None None] Publish callbacks ['neutron.plugins.ml2.plugin.Ml2Plugin._port_provisioned-988124'] for port (e60cb872-95c0-4edd-942a-e19544fba59a), provisioning_complete {{(pid=113477) _notify_loop /usr/local/lib/python3.8/dist-packages/neutron_lib/callbacks/manager.py:176}}
Aug 24 06:41:25.262691 dv-cinder-854270-1-iscsi neutron-server[113475]: INFO neutron.wsgi [req-c7b981cc-de4d-4cc6-b7b1-22d713370c74 req-7930bd25-93ce-4bb2-ab27-b8a0cac66b6b tempest-AttachVolumeShelveTestJSON-956436854 tempest-AttachVolumeShelveTestJSON-956436854-project] 10.222.0.47 "GET /networking/v2.0/security-groups?id=4707d67b-3674-4aaa-86e3-ecffd1fe1f5a&fields=id&fields=name HTTP/1.1" status: 200 len: 312 time: 0.0637894
Aug 24 06:41:25.294809 dv-cinder-854270-1-iscsi neutron-server[113477]: DEBUG neutron.plugins.ml2.plugin [None req-dd9fd03d-89c8-48a4-bfc0-165ec5ec4819 None None] Port e60cb872-95c0-4edd-942a-e19544fba59a cannot update to ACTIVE because it is not bound. {{(pid=113477) _port_provisioned /opt/stack/neutron/neutron/plugins/ml2/plugin.py:348}}
Aug 24 06:41:25.327738 dv-cinder-854270-1-iscsi neutron-server[113476]: DEBUG neutron_lib.callbacks.manager [None req-973a5a63-d85c-4c43-94ed-768f1df410a5 admin admin] Publish callbacks ['neutron.plugins.ml2.ovo_rpc._ObjectChangeHandler.handle_event-3746667'] for security_group (ff9a0dbb-9454-4fc0-91fb-d437383544c6), after_create {{(pid=113476) _notify_loop /usr/local/lib/python3.8/dist-packages/neutron_lib/callbacks/manager.py:176}}
Aug 24 06:41:25.392930 dv-cinder-854270-1-iscsi neutron-server[113476]: DEBUG neutron.pecan_wsgi.hooks.policy_enforcement [req-8d22faa6-a03b-4a48-8985-1484e2370aac req-7425c433-7fa4-48cc-a1cd-14cdd0a7d83a tempest-DeleteServersTestJSON-540783463 tempest-DeleteServersTestJSON-540783463-project] Attributes excluded by policy engine: ['standard_attr_id', 'binding:profile', 'binding:host_id', 'binding:vif_type', 'binding:vif_details'] {{(pid=113476) _exclude_attributes_by_policy /opt/stack/neutron/neutron/pecan_wsgi/hooks/policy_enforcement.py:259}}
Aug 24 06:41:25.400249 dv-cinder-854270-1-iscsi neutron-server[113476]: INFO neutron.wsgi [req-8d22faa6-a03b-4a48-8985-1484e2370aac req-7425c433-7fa4-48cc-a1cd-14cdd0a7d83a tempest-DeleteServersTestJSON-540783463 tempest-DeleteServersTestJSON-540783463-project] 10.222.0.47 "GET /networking/v2.0/ports?device_id=6e152988-6f53-4e44-80d6-48c162de0042 HTTP/1.1" status: 200 len: 944 time: 0.1092267
Aug 24 06:41:25.413374 dv-cinder-854270-1-iscsi neutron-server[113476]: INFO neutron.wsgi [None req-973a5a63-d85c-4c43-94ed-768f1df410a5 admin admin] 10.222.0.47 "GET /networking/v2.0/security-groups?tenant_id=dbdecbd4f06542bea6308f575a89f0f9&name=default HTTP/1.1" status: 200 len: 2996 time: 0.9438365
Aug 24 06:41:25.416214 dv-cinder-854270-1-iscsi neutron-server[113475]: DEBUG neutron.wsgi [-] (113475) accepted ('10.222.0.47', 55670) {{(pid=113475) server /usr/local/lib/python3.8/dist-packages/eventlet/wsgi.py:1004}}
Aug 24 06:41:25.421441 dv-cinder-854270-1-iscsi neutron-server[113476]: DEBUG neutron.api.rpc.handlers.resources_rpc [None req-973a5a63-d85c-4c43-94ed-768f1df410a5 admin admin] Pushing event updated for resources: {'SecurityGroup': ['ID=ff9a0dbb-9454-4fc0-91fb-d437383544c6,revision_number=1']} {{(pid=113476) push /opt/stack/neutron/neutron/api/rpc/handlers/resources_rpc.py:237}}
Aug 24 06:41:25.457987 dv-cinder-854270-1-iscsi neutron-server[113476]: INFO neutron.wsgi [req-8d22faa6-a03b-4a48-8985-1484e2370aac req-64f5ffeb-6a56-468f-bda1-5964f969a988 tempest-DeleteServersTestJSON-540783463 tempest-DeleteServersTestJSON-540783463-project] 10.222.0.47 "GET /networking/v2.0/security-groups?id=dddf6de2-e0ca-4336-a8b1-3cf9c79fa926&fields=id&fields=name HTTP/1.1" status: 200 len: 286 time: 0.0568640
Aug 24 06:41:25.483045 dv-cinder-854270-1-iscsi neutron-server[113475]: DEBUG neutron_lib.callbacks.manager [None req-4374f2b2-4351-4241-9ac8-03e229e4ae01 admin admin] Publish callbacks [] for security_group (ff9a0dbb-9454-4fc0-91fb-d437383544c6), before_delete {{(pid=113475) _notify_loop /usr/local/lib/python3.8/dist-packages/neutron_lib/callbacks/manager.py:176}}
Aug 24 06:41:25.505125 dv-cinder-854270-1-iscsi neutron-server[113475]: DEBUG neutron_lib.callbacks.manager [None req-4374f2b2-4351-4241-9ac8-03e229e4ae01 admin admin] Publish callbacks [] for security_group (ff9a0dbb-9454-4fc0-91fb-d437383544c6), precommit_delete {{(pid=113475) _notify_loop /usr/local/lib/python3.8/dist-packages/neutron_lib/callbacks/manager.py:176}}
Aug 24 06:41:25.733843 dv-cinder-854270-1-iscsi neutron-server[113475]: DEBUG neutron_lib.callbacks.manager [None req-4374f2b2-4351-4241-9ac8-03e229e4ae01 admin admin] Publish callbacks ['neutron.plugins.ml2.ovo_rpc._ObjectChangeHandler.handle_event-3746667'] for security_group (ff9a0dbb-9454-4fc0-91fb-d437383544c6), after_delete {{(pid=113475) _notify_loop /usr/local/lib/python3.8/dist-packages/neutron_lib/callbacks/manager.py:176}}
Aug 24 06:41:25.736996 dv-cinder-854270-1-iscsi neutron-server[113475]: DEBUG neutron_lib.callbacks.manager [None req-4374f2b2-4351-4241-9ac8-03e229e4ae01 admin admin] Publish callbacks [] for security_group (None), before_response {{(pid=113475) _notify_loop /usr/local/lib/python3.8/dist-packages/neutron_lib/callbacks/manager.py:176}}
Aug 24 06:41:25.738753 dv-cinder-854270-1-iscsi neutron-server[113475]: INFO neutron.wsgi [None req-4374f2b2-4351-4241-9ac8-03e229e4ae01 admin admin] 10.222.0.47 "DELETE /networking/v2.0/security-groups/ff9a0dbb-9454-4fc0-91fb-d437383544c6 HTTP/1.1" status: 204 len: 168 time: 0.3213272
Aug 24 06:41:25.752389 dv-cinder-854270-1-iscsi neutron-server[113475]: DEBUG neutron.api.rpc.handlers.resources_rpc [None req-4374f2b2-4351-4241-9ac8-03e229e4ae01 admin admin] Pushing event deleted for resources: {'SecurityGroup': ['ID=ff9a0dbb-9454-4fc0-91fb-d437383544c6,revision_number=None']} {{(pid=113475) push /opt/stack/neutron/neutron/api/rpc/handlers/resources_rpc.py:237}}
Aug 24 06:41:25.941689 dv-cinder-854270-1-iscsi neutron-server[113475]: DEBUG neutron.pecan_wsgi.hooks.policy_enforcement [req-b8779577-3d08-49e4-aa5e-7f181cff398e req-7c789fb6-24c5-4168-93f6-ef1530ff00de tempest-AttachVolumeNegativeTest-1716179038 tempest-AttachVolumeNegativeTest-1716179038-project] Attributes excluded by policy engine: ['standard_attr_id', 'binding:profile', 'binding:host_id', 'binding:vif_type', 'binding:vif_details'] {{(pid=113475) _exclude_attributes_by_policy /opt/stack/neutron/neutron/pecan_wsgi/hooks/policy_enforcement.py:259}}
Aug 24 06:41:25.943260 dv-cinder-854270-1-iscsi neutron-server[113475]: INFO neutron.wsgi [req-b8779577-3d08-49e4-aa5e-7f181cff398e req-7c789fb6-24c5-4168-93f6-ef1530ff00de tempest-AttachVolumeNegativeTest-1716179038 tempest-AttachVolumeNegativeTest-1716179038-project] 10.222.0.47 "GET /networking/v2.0/ports?device_id=b0298df5-f99f-4390-8f6f-3320fdfaff52 HTTP/1.1" status: 200 len: 943 time: 0.0501800
Aug 24 06:41:26.006456 dv-cinder-854270-1-iscsi neutron-server[113475]: INFO neutron.wsgi [req-b8779577-3d08-49e4-aa5e-7f181cff398e req-23b34e63-7210-4ff4-9cee-ee6100ebe0d9 tempest-AttachVolumeNegativeTest-1716179038 tempest-AttachVolumeNegativeTest-1716179038-project] 10.222.0.47 "GET /networking/v2.0/security-groups?id=bc2d9d93-39eb-4b1a-8736-fc334ed3064b&fields=id&fields=name HTTP/1.1" status: 200 len: 313 time: 0.0568216
Aug 24 06:41:26.086762 dv-cinder-854270-1-iscsi neutron-server[113476]: DEBUG neutron.pecan_wsgi.hooks.policy_enforcement [req-38a39e24-cc6c-4373-8d55-d378289d6549 req-24cb3d2e-0448-4ed2-b6d8-77d8f65e331d tempest-AttachVolumeTestJSON-729870241 tempest-AttachVolumeTestJSON-729870241-project] Attributes excluded by policy engine: ['standard_attr_id', 'binding:profile', 'binding:host_id', 'binding:vif_type', 'binding:vif_details'] {{(pid=113476) _exclude_attributes_by_policy /opt/stack/neutron/neutron/pecan_wsgi/hooks/policy_enforcement.py:259}}
Aug 24 06:41:26.088794 dv-cinder-854270-1-iscsi neutron-server[113476]: INFO neutron.wsgi [req-38a39e24-cc6c-4373-8d55-d378289d6549 req-24cb3d2e-0448-4ed2-b6d8-77d8f65e331d tempest-AttachVolumeTestJSON-729870241 tempest-AttachVolumeTestJSON-729870241-project] 10.222.0.47 "GET /networking/v2.0/ports?device_id=821b76aa-235d-42ca-aec6-6597a19525c0 HTTP/1.1" status: 200 len: 944 time: 0.0739567
Aug 24 06:41:26.151753 dv-cinder-854270-1-iscsi neutron-server[113476]: INFO neutron.wsgi [req-38a39e24-cc6c-4373-8d55-d378289d6549 req-a702dbb9-4f8f-4e9d-b7e0-37ac9b6815e3 tempest-AttachVolumeTestJSON-729870241 tempest-AttachVolumeTestJSON-729870241-project] 10.222.0.47 "GET /networking/v2.0/security-groups?id=ef22bd70-31c1-4bb4-9c57-2822810d23bc&fields=id&fields=name HTTP/1.1" status: 200 len: 312 time: 0.0543497
Aug 24 06:41:26.420526 dv-cinder-854270-1-iscsi neutron-server[113475]: DEBUG neutron.pecan_wsgi.hooks.policy_enforcement [req-c4b768d1-cd60-42ca-a554-c8c2142e501b req-65b5a704-3e0b-429d-82c3-e39b10f5e141 tempest-AttachVolumeShelveTestJSON-956436854 tempest-AttachVolumeShelveTestJSON-956436854-project] Attributes excluded by policy engine: ['standard_attr_id', 'binding:profile', 'binding:host_id', 'binding:vif_type', 'binding:vif_details'] {{(pid=113475) _exclude_attributes_by_policy /opt/stack/neutron/neutron/pecan_wsgi/hooks/policy_enforcement.py:259}}
Aug 24 06:41:26.422538 dv-cinder-854270-1-iscsi neutron-server[113475]: INFO neutron.wsgi [req-c4b768d1-cd60-42ca-a554-c8c2142e501b req-65b5a704-3e0b-429d-82c3-e39b10f5e141 tempest-AttachVolumeShelveTestJSON-956436854 tempest-AttachVolumeShelveTestJSON-956436854-project] 10.222.0.47 "GET /networking/v2.0/ports?device_id=fa5949cc-2133-40b8-9112-b5d571c05f9d HTTP/1.1" status: 200 len: 932 time: 0.0620122
Aug 24 06:41:26.472442 dv-cinder-854270-1-iscsi neutron-server[113475]: INFO neutron.wsgi [req-c4b768d1-cd60-42ca-a554-c8c2142e501b req-df7af44b-e847-4015-bfde-ddf323fb36b7 tempest-AttachVolumeShelveTestJSON-956436854 tempest-AttachVolumeShelveTestJSON-956436854-project] 10.222.0.47 "GET /networking/v2.0/security-groups?id=4707d67b-3674-4aaa-86e3-ecffd1fe1f5a&fields=id&fields=name HTTP/1.1" status: 200 len: 312 time: 0.0442040
Aug 24 06:41:26.590394 dv-cinder-854270-1-iscsi neutron-server[113476]: DEBUG neutron.pecan_wsgi.hooks.policy_enforcement [req-ffbe3015-9ec9-4749-b1b3-8b278ec6d886 req-c5eb7ae0-3f77-4650-bc93-c1785c818eef tempest-DeleteServersTestJSON-540783463 tempest-DeleteServersTestJSON-540783463-project] Attributes excluded by policy engine: ['standard_attr_id', 'binding:profile', 'binding:host_id', 'binding:vif_type', 'binding:vif_details'] {{(pid=113476) _exclude_attributes_by_policy /opt/stack/neutron/neutron/pecan_wsgi/hooks/policy_enforcement.py:259}}
Aug 24 06:41:26.595366 dv-cinder-854270-1-iscsi neutron-server[113476]: INFO neutron.wsgi [req-ffbe3015-9ec9-4749-b1b3-8b278ec6d886 req-c5eb7ae0-3f77-4650-bc93-c1785c818eef tempest-DeleteServersTestJSON-540783463 tempest-DeleteServersTestJSON-540783463-project] 10.222.0.47 "GET /networking/v2.0/ports?device_id=6e152988-6f53-4e44-80d6-48c162de0042 HTTP/1.1" status: 200 len: 944 time: 0.0578058
Aug 24 06:41:26.649218 dv-cinder-854270-1-iscsi neutron-server[113476]: INFO neutron.wsgi [req-ffbe3015-9ec9-4749-b1b3-8b278ec6d886 req-91f20c54-42b6-46dc-b1dc-230dee7952e1 tempest-DeleteServersTestJSON-540783463 tempest-DeleteServersTestJSON-540783463-project] 10.222.0.47 "GET /networking/v2.0/security-groups?id=dddf6de2-e0ca-4336-a8b1-3cf9c79fa926&fields=id&fields=name HTTP/1.1" status: 200 len: 286 time: 0.0501711
Aug 24 06:41:26.958372 dv-cinder-854270-1-iscsi neutron-server[113476]: DEBUG neutron.wsgi [-] (113476) accepted ('10.222.0.47', 55698) {{(pid=113476) server /usr/local/lib/python3.8/dist-packages/eventlet/wsgi.py:1004}}
Aug 24 06:41:27.078653 dv-cinder-854270-1-iscsi neutron-server[113476]: DEBUG neutron_lib.callbacks.manager [None req-ded45fd2-2818-4af8-967b-6c148710748e admin admin] Publish callbacks [] for security_group (None), before_create {{(pid=113476) _notify_loop /usr/local/lib/python3.8/dist-packages/neutron_lib/callbacks/manager.py:176}}
Aug 24 06:41:27.138156 dv-cinder-854270-1-iscsi neutron-server[113475]: DEBUG neutron.pecan_wsgi.hooks.policy_enforcement [req-3eeb244b-0fbc-42e1-b9ae-9bfe8e01596f req-c7ba3918-f75b-41c9-b479-e63f454bb804 tempest-AttachVolumeNegativeTest-1716179038 tempest-AttachVolumeNegativeTest-1716179038-project] Attributes excluded by policy engine: ['standard_attr_id', 'binding:profile', 'binding:host_id', 'binding:vif_type', 'binding:vif_details'] {{(pid=113475) _exclude_attributes_by_policy /opt/stack/neutron/neutron/pecan_wsgi/hooks/policy_enforcement.py:259}}
Aug 24 06:41:27.140432 dv-cinder-854270-1-iscsi neutron-server[113475]: INFO neutron.wsgi [req-3eeb244b-0fbc-42e1-b9ae-9bfe8e01596f req-c7ba3918-f75b-41c9-b479-e63f454bb804 tempest-AttachVolumeNegativeTest-1716179038 tempest-AttachVolumeNegativeTest-1716179038-project] 10.222.0.47 "GET /networking/v2.0/ports?device_id=b0298df5-f99f-4390-8f6f-3320fdfaff52 HTTP/1.1" status: 200 len: 943 time: 0.0599842
Aug 24 06:41:27.172459 dv-cinder-854270-1-iscsi neutron-server[113476]: DEBUG neutron_lib.callbacks.manager [None req-ded45fd2-2818-4af8-967b-6c148710748e admin admin] Publish callbacks [] for security_group (9916ad07-8e3e-45a8-b64c-b0fdb5cf53a2), precommit_create {{(pid=113476) _notify_loop /usr/local/lib/python3.8/dist-packages/neutron_lib/callbacks/manager.py:176}}
Aug 24 06:41:27.205419 dv-cinder-854270-1-iscsi neutron-server[113475]: INFO neutron.wsgi [req-3eeb244b-0fbc-42e1-b9ae-9bfe8e01596f req-bc610726-1bb6-4b9e-a81e-a3b9a3455379 tempest-AttachVolumeNegativeTest-1716179038 tempest-AttachVolumeNegativeTest-1716179038-project] 10.222.0.47 "GET /networking/v2.0/security-groups?id=bc2d9d93-39eb-4b1a-8736-fc334ed3064b&fields=id&fields=name HTTP/1.1" status: 200 len: 313 time: 0.0559223
Aug 24 06:41:27.290647 dv-cinder-854270-1-iscsi neutron-server[113476]: DEBUG neutron.pecan_wsgi.hooks.policy_enforcement [req-55c3d5eb-ca44-4a2d-bb4e-b0ce8d3248a4 req-c06e1cb2-884c-4039-b672-37be495bc4aa tempest-AttachVolumeTestJSON-729870241 tempest-AttachVolumeTestJSON-729870241-project] Attributes excluded by policy engine: ['standard_attr_id', 'binding:profile', 'binding:host_id', 'binding:vif_type', 'binding:vif_details'] {{(pid=113476) _exclude_attributes_by_policy /opt/stack/neutron/neutron/pecan_wsgi/hooks/policy_enforcement.py:259}}
Aug 24 06:41:27.292146 dv-cinder-854270-1-iscsi neutron-server[113476]: INFO neutron.wsgi [req-55c3d5eb-ca44-4a2d-bb4e-b0ce8d3248a4 req-c06e1cb2-884c-4039-b672-37be495bc4aa tempest-AttachVolumeTestJSON-729870241 tempest-AttachVolumeTestJSON-729870241-project] 10.222.0.47 "GET /networking/v2.0/ports?device_id=821b76aa-235d-42ca-aec6-6597a19525c0 HTTP/1.1" status: 200 len: 944 time: 0.0503225
Aug 24 06:41:27.347193 dv-cinder-854270-1-iscsi neutron-server[113476]: INFO neutron.wsgi [req-55c3d5eb-ca44-4a2d-bb4e-b0ce8d3248a4 req-8024dc77-cfe6-44d1-880d-fc45e78b7eb2 tempest-AttachVolumeTestJSON-729870241 tempest-AttachVolumeTestJSON-729870241-project] 10.222.0.47 "GET /networking/v2.0/security-groups?id=ef22bd70-31c1-4bb4-9c57-2822810d23bc&fields=id&fields=name HTTP/1.1" status: 200 len: 312 time: 0.0482416
Aug 24 06:41:27.421968 dv-cinder-854270-1-iscsi neutron-server[113476]: DEBUG neutron_lib.callbacks.manager [None req-ded45fd2-2818-4af8-967b-6c148710748e admin admin] Publish callbacks ['neutron.plugins.ml2.ovo_rpc._ObjectChangeHandler.handle_event-3746667'] for security_group (9916ad07-8e3e-45a8-b64c-b0fdb5cf53a2), after_create {{(pid=113476) _notify_loop /usr/local/lib/python3.8/dist-packages/neutron_lib/callbacks/manager.py:176}}
Aug 24 06:41:27.470818 dv-cinder-854270-1-iscsi neutron-server[113476]: DEBUG neutron.api.rpc.handlers.resources_rpc [None req-ded45fd2-2818-4af8-967b-6c148710748e admin admin] Pushing event updated for resources: {'SecurityGroup': ['ID=9916ad07-8e3e-45a8-b64c-b0fdb5cf53a2,revision_number=1']} {{(pid=113476) push /opt/stack/neutron/neutron/api/rpc/handlers/resources_rpc.py:237}}
Aug 24 06:41:27.480043 dv-cinder-854270-1-iscsi neutron-server[113476]: INFO neutron.wsgi [None req-ded45fd2-2818-4af8-967b-6c148710748e admin admin] 10.222.0.47 "GET /networking/v2.0/security-groups?tenant_id=7158a44909f1494b9f4259b74fc786f9&name=default HTTP/1.1" status: 200 len: 2996 time: 0.5173607
Aug 24 06:41:27.483202 dv-cinder-854270-1-iscsi neutron-server[113476]: DEBUG neutron.wsgi [-] (113476) accepted ('10.222.0.47', 55708) {{(pid=113476) server /usr/local/lib/python3.8/dist-packages/eventlet/wsgi.py:1004}}
Aug 24 06:41:27.539864 dv-cinder-854270-1-iscsi neutron-server[113475]: DEBUG neutron.wsgi [-] (113475) accepted ('10.222.0.47', 55712) {{(pid=113475) server /usr/local/lib/python3.8/dist-packages/eventlet/wsgi.py:1004}}
Aug 24 06:41:27.554173 dv-cinder-854270-1-iscsi neutron-server[113476]: DEBUG neutron_lib.callbacks.manager [None req-d907f417-6062-4bc0-8f21-ac710f194669 admin admin] Publish callbacks [] for security_group (9916ad07-8e3e-45a8-b64c-b0fdb5cf53a2), before_delete {{(pid=113476) _notify_loop /usr/local/lib/python3.8/dist-packages/neutron_lib/callbacks/manager.py:176}}
Aug 24 06:41:27.573587 dv-cinder-854270-1-iscsi neutron-server[113475]: DEBUG neutron_lib.callbacks.manager [None req-7d0a58b8-ba41-4ef4-bba8-f6f576b78cf5 admin admin] Publish callbacks [] for security_group (None), before_create {{(pid=113475) _notify_loop /usr/local/lib/python3.8/dist-packages/neutron_lib/callbacks/manager.py:176}}
Aug 24 06:41:27.582003 dv-cinder-854270-1-iscsi neutron-server[113476]: DEBUG neutron_lib.callbacks.manager [None req-d907f417-6062-4bc0-8f21-ac710f194669 admin admin] Publish callbacks [] for security_group (9916ad07-8e3e-45a8-b64c-b0fdb5cf53a2), precommit_delete {{(pid=113476) _notify_loop /usr/local/lib/python3.8/dist-packages/neutron_lib/callbacks/manager.py:176}}
Aug 24 06:41:27.631768 dv-cinder-854270-1-iscsi neutron-server[113475]: DEBUG neutron.pecan_wsgi.hooks.policy_enforcement [req-c938f692-f720-42f0-a34d-0739c65e3a0f req-7d140852-5d9e-40c8-bf1a-0a834e16b9b5 tempest-AttachVolumeShelveTestJSON-956436854 tempest-AttachVolumeShelveTestJSON-956436854-project] Attributes excluded by policy engine: ['standard_attr_id', 'binding:profile', 'binding:host_id', 'binding:vif_type', 'binding:vif_details'] {{(pid=113475) _exclude_attributes_by_policy /opt/stack/neutron/neutron/pecan_wsgi/hooks/policy_enforcement.py:259}}
Aug 24 06:41:27.633397 dv-cinder-854270-1-iscsi neutron-server[113475]: INFO neutron.wsgi [req-c938f692-f720-42f0-a34d-0739c65e3a0f req-7d140852-5d9e-40c8-bf1a-0a834e16b9b5 tempest-AttachVolumeShelveTestJSON-956436854 tempest-AttachVolumeShelveTestJSON-956436854-project] 10.222.0.47 "GET /networking/v2.0/ports?device_id=fa5949cc-2133-40b8-9112-b5d571c05f9d HTTP/1.1" status: 200 len: 932 time: 0.0727196
Aug 24 06:41:27.711945 dv-cinder-854270-1-iscsi neutron-server[113475]: INFO neutron.wsgi [req-c938f692-f720-42f0-a34d-0739c65e3a0f req-5192f11c-d267-479a-9db4-77336ead37be tempest-AttachVolumeShelveTestJSON-956436854 tempest-AttachVolumeShelveTestJSON-956436854-project] 10.222.0.47 "GET /networking/v2.0/security-groups?id=4707d67b-3674-4aaa-86e3-ecffd1fe1f5a&fields=id&fields=name HTTP/1.1" status: 200 len: 312 time: 0.0657983
Aug 24 06:41:27.785780 dv-cinder-854270-1-iscsi neutron-server[113476]: DEBUG neutron.pecan_wsgi.hooks.policy_enforcement [req-0714bd75-3f22-464c-babd-c1c97e56095c req-a3be853a-7775-41a0-8c1e-b78a12e0cd74 tempest-DeleteServersTestJSON-540783463 tempest-DeleteServersTestJSON-540783463-project] Attributes excluded by policy engine: ['standard_attr_id', 'binding:profile', 'binding:host_id', 'binding:vif_type', 'binding:vif_details'] {{(pid=113476) _exclude_attributes_by_policy /opt/stack/neutron/neutron/pecan_wsgi/hooks/policy_enforcement.py:259}}
Aug 24 06:41:27.787331 dv-cinder-854270-1-iscsi neutron-server[113476]: INFO neutron.wsgi [req-0714bd75-3f22-464c-babd-c1c97e56095c req-a3be853a-7775-41a0-8c1e-b78a12e0cd74 tempest-DeleteServersTestJSON-540783463 tempest-DeleteServersTestJSON-540783463-project] 10.222.0.47 "GET /networking/v2.0/ports?device_id=6e152988-6f53-4e44-80d6-48c162de0042 HTTP/1.1" status: 200 len: 944 time: 0.0524316
Aug 24 06:41:27.795493 dv-cinder-854270-1-iscsi neutron-server[113476]: DEBUG neutron_lib.callbacks.manager [None req-d907f417-6062-4bc0-8f21-ac710f194669 admin admin] Publish callbacks ['neutron.plugins.ml2.ovo_rpc._ObjectChangeHandler.handle_event-3746667'] for security_group (9916ad07-8e3e-45a8-b64c-b0fdb5cf53a2), after_delete {{(pid=113476) _notify_loop /usr/local/lib/python3.8/dist-packages/neutron_lib/callbacks/manager.py:176}}
Aug 24 06:41:27.798057 dv-cinder-854270-1-iscsi neutron-server[113476]: DEBUG neutron_lib.callbacks.manager [None req-d907f417-6062-4bc0-8f21-ac710f194669 admin admin] Publish callbacks [] for security_group (None), before_response {{(pid=113476) _notify_loop /usr/local/lib/python3.8/dist-packages/neutron_lib/callbacks/manager.py:176}}
Aug 24 06:41:27.800879 dv-cinder-854270-1-iscsi neutron-server[113476]: INFO neutron.wsgi [None req-d907f417-6062-4bc0-8f21-ac710f194669 admin admin] 10.222.0.47 "DELETE /networking/v2.0/security-groups/9916ad07-8e3e-45a8-b64c-b0fdb5cf53a2 HTTP/1.1" status: 204 len: 168 time: 0.3145857
Aug 24 06:41:27.826015 dv-cinder-854270-1-iscsi neutron-server[113476]: DEBUG neutron.api.rpc.handlers.resources_rpc [None req-d907f417-6062-4bc0-8f21-ac710f194669 admin admin] Pushing event deleted for resources: {'SecurityGroup': ['ID=9916ad07-8e3e-45a8-b64c-b0fdb5cf53a2,revision_number=None']} {{(pid=113476) push /opt/stack/neutron/neutron/api/rpc/handlers/resources_rpc.py:237}}
Aug 24 06:41:27.853513 dv-cinder-854270-1-iscsi neutron-server[113475]: DEBUG neutron_lib.callbacks.manager [None req-7d0a58b8-ba41-4ef4-bba8-f6f576b78cf5 admin admin] Publish callbacks [] for security_group (32eaeba1-295b-44be-a7f4-514a622aff16), precommit_create {{(pid=113475) _notify_loop /usr/local/lib/python3.8/dist-packages/neutron_lib/callbacks/manager.py:176}}
Aug 24 06:41:27.871676 dv-cinder-854270-1-iscsi neutron-server[113476]: INFO neutron.wsgi [req-0714bd75-3f22-464c-babd-c1c97e56095c req-07ccee7d-5d01-4750-aeeb-6710c94eb691 tempest-DeleteServersTestJSON-540783463 tempest-DeleteServersTestJSON-540783463-project] 10.222.0.47 "GET /networking/v2.0/security-groups?id=dddf6de2-e0ca-4336-a8b1-3cf9c79fa926&fields=id&fields=name HTTP/1.1" status: 200 len: 286 time: 0.0781307
Aug 24 06:41:28.139451 dv-cinder-854270-1-iscsi neutron-server[113475]: DEBUG neutron_lib.callbacks.manager [None req-7d0a58b8-ba41-4ef4-bba8-f6f576b78cf5 admin admin] Publish callbacks ['neutron.plugins.ml2.ovo_rpc._ObjectChangeHandler.handle_event-3746667'] for security_group (32eaeba1-295b-44be-a7f4-514a622aff16), after_create {{(pid=113475) _notify_loop /usr/local/lib/python3.8/dist-packages/neutron_lib/callbacks/manager.py:176}}
Aug 24 06:41:28.181929 dv-cinder-854270-1-iscsi neutron-server[113475]: DEBUG neutron.api.rpc.handlers.resources_rpc [None req-7d0a58b8-ba41-4ef4-bba8-f6f576b78cf5 admin admin] Pushing event updated for resources: {'SecurityGroup': ['ID=32eaeba1-295b-44be-a7f4-514a622aff16,revision_number=1']} {{(pid=113475) push /opt/stack/neutron/neutron/api/rpc/handlers/resources_rpc.py:237}}
Aug 24 06:41:28.190467 dv-cinder-854270-1-iscsi neutron-server[113475]: INFO neutron.wsgi [None req-7d0a58b8-ba41-4ef4-bba8-f6f576b78cf5 admin admin] 10.222.0.47 "GET /networking/v2.0/security-groups?tenant_id=18e22cf7cd3b468eab2928fc244490af&name=default HTTP/1.1" status: 200 len: 2996 time: 0.6487932
Aug 24 06:41:28.193826 dv-cinder-854270-1-iscsi neutron-server[113476]: DEBUG neutron.wsgi [-] (113476) accepted ('10.222.0.47', 55720) {{(pid=113476) server /usr/local/lib/python3.8/dist-packages/eventlet/wsgi.py:1004}}
Aug 24 06:41:28.266477 dv-cinder-854270-1-iscsi neutron-server[113476]: DEBUG neutron_lib.callbacks.manager [None req-5cbb5541-927c-4bb9-9660-732298d5d60a admin admin] Publish callbacks [] for security_group (32eaeba1-295b-44be-a7f4-514a622aff16), before_delete {{(pid=113476) _notify_loop /usr/local/lib/python3.8/dist-packages/neutron_lib/callbacks/manager.py:176}}
Aug 24 06:41:28.293151 dv-cinder-854270-1-iscsi neutron-server[113476]: DEBUG neutron_lib.callbacks.manager [None req-5cbb5541-927c-4bb9-9660-732298d5d60a admin admin] Publish callbacks [] for security_group (32eaeba1-295b-44be-a7f4-514a622aff16), precommit_delete {{(pid=113476) _notify_loop /usr/local/lib/python3.8/dist-packages/neutron_lib/callbacks/manager.py:176}}
Aug 24 06:41:28.355878 dv-cinder-854270-1-iscsi neutron-server[113475]: DEBUG neutron.pecan_wsgi.hooks.policy_enforcement [req-7a13b19b-3fd4-411d-9bcf-6ef740eaf90e req-2b990a59-655e-4908-83e1-749debd9d70d tempest-AttachVolumeNegativeTest-1716179038 tempest-AttachVolumeNegativeTest-1716179038-project] Attributes excluded by policy engine: ['standard_attr_id', 'binding:profile', 'binding:host_id', 'binding:vif_type', 'binding:vif_details'] {{(pid=113475) _exclude_attributes_by_policy /opt/stack/neutron/neutron/pecan_wsgi/hooks/policy_enforcement.py:259}}
Aug 24 06:41:28.358957 dv-cinder-854270-1-iscsi neutron-server[113475]: INFO neutron.wsgi [req-7a13b19b-3fd4-411d-9bcf-6ef740eaf90e req-2b990a59-655e-4908-83e1-749debd9d70d tempest-AttachVolumeNegativeTest-1716179038 tempest-AttachVolumeNegativeTest-1716179038-project] 10.222.0.47 "GET /networking/v2.0/ports?device_id=b0298df5-f99f-4390-8f6f-3320fdfaff52 HTTP/1.1" status: 200 len: 943 time: 0.0617402
Aug 24 06:41:28.424679 dv-cinder-854270-1-iscsi neutron-server[113475]: INFO neutron.wsgi [req-7a13b19b-3fd4-411d-9bcf-6ef740eaf90e req-783d31af-e115-4715-a189-3bc56947b81c tempest-AttachVolumeNegativeTest-1716179038 tempest-AttachVolumeNegativeTest-1716179038-project] 10.222.0.47 "GET /networking/v2.0/security-groups?id=bc2d9d93-39eb-4b1a-8736-fc334ed3064b&fields=id&fields=name HTTP/1.1" status: 200 len: 313 time: 0.0596542
Aug 24 06:41:28.481345 dv-cinder-854270-1-iscsi neutron-server[113476]: DEBUG neutron.pecan_wsgi.hooks.policy_enforcement [req-bde95dc1-46e7-4668-a69b-6b899fcb415b req-4f5f2031-4986-4670-94ee-c83084ad4d76 tempest-AttachVolumeTestJSON-729870241 tempest-AttachVolumeTestJSON-729870241-project] Attributes excluded by policy engine: ['standard_attr_id', 'binding:profile', 'binding:host_id', 'binding:vif_type', 'binding:vif_details'] {{(pid=113476) _exclude_attributes_by_policy /opt/stack/neutron/neutron/pecan_wsgi/hooks/policy_enforcement.py:259}}
Aug 24 06:41:28.483045 dv-cinder-854270-1-iscsi neutron-server[113476]: INFO neutron.wsgi [req-bde95dc1-46e7-4668-a69b-6b899fcb415b req-4f5f2031-4986-4670-94ee-c83084ad4d76 tempest-AttachVolumeTestJSON-729870241 tempest-AttachVolumeTestJSON-729870241-project] 10.222.0.47 "GET /networking/v2.0/ports?device_id=821b76aa-235d-42ca-aec6-6597a19525c0 HTTP/1.1" status: 200 len: 944 time: 0.0547805
Aug 24 06:41:28.484392 dv-cinder-854270-1-iscsi neutron-server[113476]: DEBUG neutron_lib.callbacks.manager [None req-5cbb5541-927c-4bb9-9660-732298d5d60a admin admin] Publish callbacks ['neutron.plugins.ml2.ovo_rpc._ObjectChangeHandler.handle_event-3746667'] for security_group (32eaeba1-295b-44be-a7f4-514a622aff16), after_delete {{(pid=113476) _notify_loop /usr/local/lib/python3.8/dist-packages/neutron_lib/callbacks/manager.py:176}}
Aug 24 06:41:28.486297 dv-cinder-854270-1-iscsi neutron-server[113477]: DEBUG neutron.plugins.ml2.rpc [None req-45da84e4-9ac7-4928-8a0f-ff98196d8198 None None] Device af945520-e966-4cd2-8c61-506c01a83099 details requested by agent hyperv_hv-cinder-85427 with host hv-cinder-85427 {{(pid=113477) get_device_details /opt/stack/neutron/neutron/plugins/ml2/rpc.py:102}}
Aug 24 06:41:28.488382 dv-cinder-854270-1-iscsi neutron-server[113476]: DEBUG neutron_lib.callbacks.manager [None req-5cbb5541-927c-4bb9-9660-732298d5d60a admin admin] Publish callbacks [] for security_group (None), before_response {{(pid=113476) _notify_loop /usr/local/lib/python3.8/dist-packages/neutron_lib/callbacks/manager.py:176}}
Aug 24 06:41:28.489625 dv-cinder-854270-1-iscsi neutron-server[113476]: INFO neutron.wsgi [None req-5cbb5541-927c-4bb9-9660-732298d5d60a admin admin] 10.222.0.47 "DELETE /networking/v2.0/security-groups/32eaeba1-295b-44be-a7f4-514a622aff16 HTTP/1.1" status: 204 len: 168 time: 0.2940543
Aug 24 06:41:28.505746 dv-cinder-854270-1-iscsi neutron-server[113476]: DEBUG neutron.api.rpc.handlers.resources_rpc [None req-5cbb5541-927c-4bb9-9660-732298d5d60a admin admin] Pushing event deleted for resources: {'SecurityGroup': ['ID=32eaeba1-295b-44be-a7f4-514a622aff16,revision_number=None']} {{(pid=113476) push /opt/stack/neutron/neutron/api/rpc/handlers/resources_rpc.py:237}}
Aug 24 06:41:28.529471 dv-cinder-854270-1-iscsi neutron-server[113476]: DEBUG neutron.api.rpc.callbacks.version_manager [None req-5cbb5541-927c-4bb9-9660-732298d5d60a admin admin] Version for resource type AddressGroup changed None to 1.2 on consumer Open vSwitch agent@dv-cinder-854270-1-iscsi {{(pid=113476) _set_version /opt/stack/neutron/neutron/api/rpc/callbacks/version_manager.py:113}}
Aug 24 06:41:28.529471 dv-cinder-854270-1-iscsi neutron-server[113476]: DEBUG neutron.api.rpc.callbacks.version_manager [None req-5cbb5541-927c-4bb9-9660-732298d5d60a admin admin] Version for resource type Agent changed None to 1.1 on consumer Open vSwitch agent@dv-cinder-854270-1-iscsi {{(pid=113476) _set_version /opt/stack/neutron/neutron/api/rpc/callbacks/version_manager.py:113}}
Aug 24 06:41:28.529471 dv-cinder-854270-1-iscsi neutron-server[113476]: DEBUG neutron.api.rpc.callbacks.version_manager [None req-5cbb5541-927c-4bb9-9660-732298d5d60a admin admin] Version for resource type ConntrackHelper changed None to 1.0 on consumer Open vSwitch agent@dv-cinder-854270-1-iscsi {{(pid=113476) _set_version /opt/stack/neutron/neutron/api/rpc/callbacks/version_manager.py:113}}
Aug 24 06:41:28.529471 dv-cinder-854270-1-iscsi neutron-server[113476]: DEBUG neutron.api.rpc.callbacks.version_manager [None req-5cbb5541-927c-4bb9-9660-732298d5d60a admin admin] Version for resource type LocalIPAssociation changed None to 1.0 on consumer Open vSwitch agent@dv-cinder-854270-1-iscsi {{(pid=113476) _set_version /opt/stack/neutron/neutron/api/rpc/callbacks/version_manager.py:113}}
Aug 24 06:41:28.529471 dv-cinder-854270-1-iscsi neutron-server[113476]: DEBUG neutron.api.rpc.callbacks.version_manager [None req-5cbb5541-927c-4bb9-9660-732298d5d60a admin admin] Version for resource type Log changed None to 1.0 on consumer Open vSwitch agent@dv-cinder-854270-1-iscsi {{(pid=113476) _set_version /opt/stack/neutron/neutron/api/rpc/callbacks/version_manager.py:113}}
Aug 24 06:41:28.529471 dv-cinder-854270-1-iscsi neutron-server[113476]: DEBUG neutron.api.rpc.callbacks.version_manager [None req-5cbb5541-927c-4bb9-9660-732298d5d60a admin admin] Version for resource type NDPProxy changed None to 1.0 on consumer Open vSwitch agent@dv-cinder-854270-1-iscsi {{(pid=113476) _set_version /opt/stack/neutron/neutron/api/rpc/callbacks/version_manager.py:113}}
Aug 24 06:41:28.529471 dv-cinder-854270-1-iscsi neutron-server[113476]: DEBUG neutron.api.rpc.callbacks.version_manager [None req-5cbb5541-927c-4bb9-9660-732298d5d60a admin admin] Version for resource type Network changed None to 1.1 on consumer Open vSwitch agent@dv-cinder-854270-1-iscsi {{(pid=113476) _set_version /opt/stack/neutron/neutron/api/rpc/callbacks/version_manager.py:113}}
Aug 24 06:41:28.529471 dv-cinder-854270-1-iscsi neutron-server[113476]: DEBUG neutron.api.rpc.callbacks.version_manager [None req-5cbb5541-927c-4bb9-9660-732298d5d60a admin admin] Version for resource type Port changed None to 1.7 on consumer Open vSwitch agent@dv-cinder-854270-1-iscsi {{(pid=113476) _set_version /opt/stack/neutron/neutron/api/rpc/callbacks/version_manager.py:113}}
Aug 24 06:41:28.530579 dv-cinder-854270-1-iscsi neutron-server[113476]: DEBUG neutron.api.rpc.callbacks.version_manager [None req-5cbb5541-927c-4bb9-9660-732298d5d60a admin admin] Version for resource type PortForwarding changed None to 1.3 on consumer Open vSwitch agent@dv-cinder-854270-1-iscsi {{(pid=113476) _set_version /opt/stack/neutron/neutron/api/rpc/callbacks/version_manager.py:113}}
