Aug 24 06:41:10.868609 dv-cinder-854270-1-iscsi neutron-server[113476]: DEBUG neutron.wsgi [-] (113476) accepted ('10.222.0.47', 55242) {{(pid=113476) server /usr/local/lib/python3.8/dist-packages/eventlet/wsgi.py:1004}}
Aug 24 06:41:10.890367 dv-cinder-854270-1-iscsi neutron-server[113476]: DEBUG neutron_lib.callbacks.manager [None req-27d60f0b-81a8-4551-89d2-de049f9ff208 admin admin] Publish callbacks [] for security_group (None), before_create {{(pid=113476) _notify_loop /usr/local/lib/python3.8/dist-packages/neutron_lib/callbacks/manager.py:176}}
Aug 24 06:41:11.022789 dv-cinder-854270-1-iscsi neutron-server[113476]: DEBUG neutron_lib.callbacks.manager [None req-27d60f0b-81a8-4551-89d2-de049f9ff208 admin admin] Publish callbacks [] for security_group (59923d40-6c8c-430b-893b-53a09b8a2533), precommit_create {{(pid=113476) _notify_loop /usr/local/lib/python3.8/dist-packages/neutron_lib/callbacks/manager.py:176}}
Aug 24 06:41:11.033133 dv-cinder-854270-1-iscsi neutron-server[113475]: DEBUG neutron.pecan_wsgi.hooks.policy_enforcement [req-94a85008-480c-4c17-917a-30697f88c9bc req-7a0af4bd-3660-4338-abc0-8eb143cc71ac tempest-AttachVolumeTestJSON-729870241 tempest-AttachVolumeTestJSON-729870241-project] Attributes excluded by policy engine: ['standard_attr_id', 'binding:profile', 'binding:host_id', 'binding:vif_type', 'binding:vif_details'] {{(pid=113475) _exclude_attributes_by_policy /opt/stack/neutron/neutron/pecan_wsgi/hooks/policy_enforcement.py:259}}
Aug 24 06:41:11.037739 dv-cinder-854270-1-iscsi neutron-server[113475]: INFO neutron.wsgi [req-94a85008-480c-4c17-917a-30697f88c9bc req-7a0af4bd-3660-4338-abc0-8eb143cc71ac tempest-AttachVolumeTestJSON-729870241 tempest-AttachVolumeTestJSON-729870241-project] 10.222.0.47 "GET /networking/v2.0/ports?device_id=821b76aa-235d-42ca-aec6-6597a19525c0 HTTP/1.1" status: 200 len: 932 time: 0.0777268
Aug 24 06:41:11.109997 dv-cinder-854270-1-iscsi neutron-server[113475]: INFO neutron.wsgi [req-94a85008-480c-4c17-917a-30697f88c9bc req-df947a15-5166-42b3-a95e-ed57dc3051ef tempest-AttachVolumeTestJSON-729870241 tempest-AttachVolumeTestJSON-729870241-project] 10.222.0.47 "GET /networking/v2.0/security-groups?id=ef22bd70-31c1-4bb4-9c57-2822810d23bc&fields=id&fields=name HTTP/1.1" status: 200 len: 312 time: 0.0680556
Aug 24 06:41:11.142053 dv-cinder-854270-1-iscsi neutron-server[113476]: DEBUG neutron_lib.callbacks.manager [None req-27d60f0b-81a8-4551-89d2-de049f9ff208 admin admin] Publish callbacks ['neutron.plugins.ml2.ovo_rpc._ObjectChangeHandler.handle_event-3746667'] for security_group (59923d40-6c8c-430b-893b-53a09b8a2533), after_create {{(pid=113476) _notify_loop /usr/local/lib/python3.8/dist-packages/neutron_lib/callbacks/manager.py:176}}
Aug 24 06:41:11.243617 dv-cinder-854270-1-iscsi neutron-server[113476]: INFO neutron.wsgi [None req-27d60f0b-81a8-4551-89d2-de049f9ff208 admin admin] 10.222.0.47 "GET /networking/v2.0/security-groups?tenant_id=fa25011931e84a71bd1b20a9f3766f54&name=default HTTP/1.1" status: 200 len: 2996 time: 0.3741221
Aug 24 06:41:11.246104 dv-cinder-854270-1-iscsi neutron-server[113476]: INFO neutron.wsgi [req-e9d3e1a8-6049-4551-aad4-a260aea3d5d5 req-ea0a4a69-b126-49d8-b1d4-256e02fb8163 tempest-AttachVolumeNegativeTest-1716179038 tempest-AttachVolumeNegativeTest-1716179038-project] 10.222.0.47 "GET /networking/v2.0/ports?device_id=b0298df5-f99f-4390-8f6f-3320fdfaff52 HTTP/1.1" status: 200 len: 210 time: 0.0707633
Aug 24 06:41:11.247085 dv-cinder-854270-1-iscsi neutron-server[113476]: DEBUG neutron.api.rpc.handlers.resources_rpc [None req-27d60f0b-81a8-4551-89d2-de049f9ff208 admin admin] Pushing event updated for resources: {'SecurityGroup': ['ID=59923d40-6c8c-430b-893b-53a09b8a2533,revision_number=1']} {{(pid=113476) push /opt/stack/neutron/neutron/api/rpc/handlers/resources_rpc.py:237}}
Aug 24 06:41:11.251341 dv-cinder-854270-1-iscsi neutron-server[113476]: DEBUG neutron.wsgi [-] (113476) accepted ('10.222.0.47', 55256) {{(pid=113476) server /usr/local/lib/python3.8/dist-packages/eventlet/wsgi.py:1004}}
Aug 24 06:41:11.294413 dv-cinder-854270-1-iscsi neutron-server[113475]: DEBUG neutron.pecan_wsgi.hooks.policy_enforcement [req-705a99c0-bf4c-43ab-ae9f-a2858f7a724e req-886cfcda-5aef-4081-8a36-f15d992db135 tempest-DeleteServersTestJSON-540783463 tempest-DeleteServersTestJSON-540783463-project] Attributes excluded by policy engine: ['standard_attr_id', 'binding:profile', 'binding:host_id', 'binding:vif_type', 'binding:vif_details'] {{(pid=113475) _exclude_attributes_by_policy /opt/stack/neutron/neutron/pecan_wsgi/hooks/policy_enforcement.py:259}}
Aug 24 06:41:11.296708 dv-cinder-854270-1-iscsi neutron-server[113475]: INFO neutron.wsgi [req-705a99c0-bf4c-43ab-ae9f-a2858f7a724e req-886cfcda-5aef-4081-8a36-f15d992db135 tempest-DeleteServersTestJSON-540783463 tempest-DeleteServersTestJSON-540783463-project] 10.222.0.47 "GET /networking/v2.0/ports?device_id=6e152988-6f53-4e44-80d6-48c162de0042 HTTP/1.1" status: 200 len: 944 time: 0.0659497
Aug 24 06:41:11.323101 dv-cinder-854270-1-iscsi neutron-server[113476]: DEBUG neutron_lib.callbacks.manager [None req-a8b9c1e3-1752-4a0e-9f00-2d9e0ea63992 admin admin] Publish callbacks [] for security_group (59923d40-6c8c-430b-893b-53a09b8a2533), before_delete {{(pid=113476) _notify_loop /usr/local/lib/python3.8/dist-packages/neutron_lib/callbacks/manager.py:176}}
Aug 24 06:41:11.354492 dv-cinder-854270-1-iscsi neutron-server[113476]: DEBUG neutron_lib.callbacks.manager [None req-a8b9c1e3-1752-4a0e-9f00-2d9e0ea63992 admin admin] Publish callbacks [] for security_group (59923d40-6c8c-430b-893b-53a09b8a2533), precommit_delete {{(pid=113476) _notify_loop /usr/local/lib/python3.8/dist-packages/neutron_lib/callbacks/manager.py:176}}
Aug 24 06:41:11.418090 dv-cinder-854270-1-iscsi neutron-server[113475]: INFO neutron.wsgi [req-705a99c0-bf4c-43ab-ae9f-a2858f7a724e req-0e0c06a1-c5aa-42f2-94cd-79adb1e2b4db tempest-DeleteServersTestJSON-540783463 tempest-DeleteServersTestJSON-540783463-project] 10.222.0.47 "GET /networking/v2.0/security-groups?id=dddf6de2-e0ca-4336-a8b1-3cf9c79fa926&fields=id&fields=name HTTP/1.1" status: 200 len: 286 time: 0.0836582
Aug 24 06:41:11.595887 dv-cinder-854270-1-iscsi neutron-server[113476]: INFO neutron.wsgi [req-c1d8df38-4495-42b8-9ed4-7654f492d0b5 req-e14ad993-5714-4657-a1a3-5a751be094d4 tempest-AttachVolumeShelveTestJSON-956436854 tempest-AttachVolumeShelveTestJSON-956436854-project] 10.222.0.47 "GET /networking/v2.0/ports?device_id=fa5949cc-2133-40b8-9112-b5d571c05f9d HTTP/1.1" status: 200 len: 210 time: 0.0366926
Aug 24 06:41:11.637475 dv-cinder-854270-1-iscsi neutron-server[113476]: DEBUG neutron_lib.callbacks.manager [None req-a8b9c1e3-1752-4a0e-9f00-2d9e0ea63992 admin admin] Publish callbacks ['neutron.plugins.ml2.ovo_rpc._ObjectChangeHandler.handle_event-3746667'] for security_group (59923d40-6c8c-430b-893b-53a09b8a2533), after_delete {{(pid=113476) _notify_loop /usr/local/lib/python3.8/dist-packages/neutron_lib/callbacks/manager.py:176}}
Aug 24 06:41:11.642301 dv-cinder-854270-1-iscsi neutron-server[113476]: DEBUG neutron_lib.callbacks.manager [None req-a8b9c1e3-1752-4a0e-9f00-2d9e0ea63992 admin admin] Publish callbacks [] for security_group (None), before_response {{(pid=113476) _notify_loop /usr/local/lib/python3.8/dist-packages/neutron_lib/callbacks/manager.py:176}}
Aug 24 06:41:11.643321 dv-cinder-854270-1-iscsi neutron-server[113476]: INFO neutron.wsgi [None req-a8b9c1e3-1752-4a0e-9f00-2d9e0ea63992 admin admin] 10.222.0.47 "DELETE /networking/v2.0/security-groups/59923d40-6c8c-430b-893b-53a09b8a2533 HTTP/1.1" status: 204 len: 168 time: 0.3905356
Aug 24 06:41:11.657728 dv-cinder-854270-1-iscsi neutron-server[113476]: DEBUG neutron.api.rpc.handlers.resources_rpc [None req-a8b9c1e3-1752-4a0e-9f00-2d9e0ea63992 admin admin] Pushing event deleted for resources: {'SecurityGroup': ['ID=59923d40-6c8c-430b-893b-53a09b8a2533,revision_number=None']} {{(pid=113476) push /opt/stack/neutron/neutron/api/rpc/handlers/resources_rpc.py:237}}
Aug 24 06:41:11.704290 dv-cinder-854270-1-iscsi neutron-server[113477]: DEBUG dbcounter [-] [113477] Writing DB stats neutron:SELECT=99,neutron:UPDATE=1 {{(pid=113477) stat_writer /usr/local/lib/python3.8/dist-packages/dbcounter.py:114}}
Aug 24 06:41:11.851977 dv-cinder-854270-1-iscsi neutron-server[113476]: DEBUG neutron.wsgi [-] (113476) accepted ('10.222.0.47', 55276) {{(pid=113476) server /usr/local/lib/python3.8/dist-packages/eventlet/wsgi.py:1004}}
Aug 24 06:41:12.130504 dv-cinder-854270-1-iscsi neutron-server[113476]: DEBUG neutron_lib.callbacks.manager [None req-8de034da-d080-4227-941d-b50637d25797 admin admin] Publish callbacks [] for security_group (None), before_create {{(pid=113476) _notify_loop /usr/local/lib/python3.8/dist-packages/neutron_lib/callbacks/manager.py:176}}
Aug 24 06:41:12.266953 dv-cinder-854270-1-iscsi neutron-server[113476]: DEBUG neutron_lib.callbacks.manager [None req-8de034da-d080-4227-941d-b50637d25797 admin admin] Publish callbacks [] for security_group (287483b1-42dc-4a97-9663-d50b524e0dfe), precommit_create {{(pid=113476) _notify_loop /usr/local/lib/python3.8/dist-packages/neutron_lib/callbacks/manager.py:176}}
Aug 24 06:41:12.334946 dv-cinder-854270-1-iscsi neutron-server[113475]: DEBUG neutron.pecan_wsgi.hooks.policy_enforcement [req-28b4ccaf-eb33-4924-b411-ff2e74a265f9 req-d543d40e-ee89-4ebc-9235-24a4c9f5ebad tempest-AttachVolumeTestJSON-729870241 tempest-AttachVolumeTestJSON-729870241-project] Attributes excluded by policy engine: ['standard_attr_id', 'binding:profile', 'binding:host_id', 'binding:vif_type', 'binding:vif_details'] {{(pid=113475) _exclude_attributes_by_policy /opt/stack/neutron/neutron/pecan_wsgi/hooks/policy_enforcement.py:259}}
Aug 24 06:41:12.341827 dv-cinder-854270-1-iscsi neutron-server[113475]: INFO neutron.wsgi [req-28b4ccaf-eb33-4924-b411-ff2e74a265f9 req-d543d40e-ee89-4ebc-9235-24a4c9f5ebad tempest-AttachVolumeTestJSON-729870241 tempest-AttachVolumeTestJSON-729870241-project] 10.222.0.47 "GET /networking/v2.0/ports?device_id=821b76aa-235d-42ca-aec6-6597a19525c0 HTTP/1.1" status: 200 len: 932 time: 0.0649548
Aug 24 06:41:12.376602 dv-cinder-854270-1-iscsi neutron-server[113476]: INFO neutron.wsgi [req-1b24d04d-3d39-40a9-a2a9-c5c0e6149f81 req-51815735-0e1a-4ae5-9463-7a78369b6432 tempest-AttachVolumeNegativeTest-1716179038 tempest-AttachVolumeNegativeTest-1716179038-project] 10.222.0.47 "GET /networking/v2.0/ports?device_id=b0298df5-f99f-4390-8f6f-3320fdfaff52 HTTP/1.1" status: 200 len: 210 time: 0.0385351
Aug 24 06:41:12.407437 dv-cinder-854270-1-iscsi neutron-server[113475]: INFO neutron.wsgi [req-28b4ccaf-eb33-4924-b411-ff2e74a265f9 req-3335ed2d-18d4-434f-be8a-f49bfccb9589 tempest-AttachVolumeTestJSON-729870241 tempest-AttachVolumeTestJSON-729870241-project] 10.222.0.47 "GET /networking/v2.0/security-groups?id=ef22bd70-31c1-4bb4-9c57-2822810d23bc&fields=id&fields=name HTTP/1.1" status: 200 len: 312 time: 0.0608990
Aug 24 06:41:12.438589 dv-cinder-854270-1-iscsi neutron-server[113476]: DEBUG neutron_lib.callbacks.manager [None req-8de034da-d080-4227-941d-b50637d25797 admin admin] Publish callbacks ['neutron.plugins.ml2.ovo_rpc._ObjectChangeHandler.handle_event-3746667'] for security_group (287483b1-42dc-4a97-9663-d50b524e0dfe), after_create {{(pid=113476) _notify_loop /usr/local/lib/python3.8/dist-packages/neutron_lib/callbacks/manager.py:176}}
Aug 24 06:41:12.468647 dv-cinder-854270-1-iscsi neutron-server[113476]: DEBUG neutron.api.rpc.handlers.resources_rpc [None req-8de034da-d080-4227-941d-b50637d25797 admin admin] Pushing event updated for resources: {'SecurityGroup': ['ID=287483b1-42dc-4a97-9663-d50b524e0dfe,revision_number=1']} {{(pid=113476) push /opt/stack/neutron/neutron/api/rpc/handlers/resources_rpc.py:237}}
Aug 24 06:41:12.474307 dv-cinder-854270-1-iscsi neutron-server[113476]: INFO neutron.wsgi [None req-8de034da-d080-4227-941d-b50637d25797 admin admin] 10.222.0.47 "GET /networking/v2.0/security-groups?tenant_id=63755f203bf04a66bc9b976116fd04ce&name=default HTTP/1.1" status: 200 len: 2996 time: 0.6209562
Aug 24 06:41:12.478722 dv-cinder-854270-1-iscsi neutron-server[113475]: DEBUG neutron.wsgi [-] (113475) accepted ('10.222.0.47', 55296) {{(pid=113475) server /usr/local/lib/python3.8/dist-packages/eventlet/wsgi.py:1004}}
Aug 24 06:41:12.572844 dv-cinder-854270-1-iscsi neutron-server[113475]: DEBUG neutron_lib.callbacks.manager [None req-b3b7c720-a2b7-4cd0-a34b-aa3ffbccf763 admin admin] Publish callbacks [] for security_group (287483b1-42dc-4a97-9663-d50b524e0dfe), before_delete {{(pid=113475) _notify_loop /usr/local/lib/python3.8/dist-packages/neutron_lib/callbacks/manager.py:176}}
Aug 24 06:41:12.655629 dv-cinder-854270-1-iscsi neutron-server[113475]: DEBUG neutron_lib.callbacks.manager [None req-b3b7c720-a2b7-4cd0-a34b-aa3ffbccf763 admin admin] Publish callbacks [] for security_group (287483b1-42dc-4a97-9663-d50b524e0dfe), precommit_delete {{(pid=113475) _notify_loop /usr/local/lib/python3.8/dist-packages/neutron_lib/callbacks/manager.py:176}}
Aug 24 06:41:12.655907 dv-cinder-854270-1-iscsi neutron-server[113477]: DEBUG neutron_lib.callbacks.manager [None req-4cb0cc82-5a3f-42b0-aa2b-2945f72a5e99 None None] Publish callbacks ['neutron.services.segments.db._update_segment_host_mapping_for_agent-8782279355230', 'neutron.plugins.ml2.plugin.Ml2Plugin._retry_binding_revived_agents-988022'] for agent (bfa8b316-f955-4eb3-852e-c60ad6e1daea), after_update {{(pid=113477) _notify_loop /usr/local/lib/python3.8/dist-packages/neutron_lib/callbacks/manager.py:176}}
Aug 24 06:41:12.682830 dv-cinder-854270-1-iscsi neutron-server[113476]: DEBUG neutron.pecan_wsgi.hooks.policy_enforcement [req-51fab59a-c145-4fa9-9eab-992d14c0f2bf req-ec22bd3c-8b9a-4e88-9ef9-5f64283574f2 tempest-DeleteServersTestJSON-540783463 tempest-DeleteServersTestJSON-540783463-project] Attributes excluded by policy engine: ['standard_attr_id', 'binding:profile', 'binding:host_id', 'binding:vif_type', 'binding:vif_details'] {{(pid=113476) _exclude_attributes_by_policy /opt/stack/neutron/neutron/pecan_wsgi/hooks/policy_enforcement.py:259}}
Aug 24 06:41:12.682830 dv-cinder-854270-1-iscsi neutron-server[113476]: INFO neutron.wsgi [req-51fab59a-c145-4fa9-9eab-992d14c0f2bf req-ec22bd3c-8b9a-4e88-9ef9-5f64283574f2 tempest-DeleteServersTestJSON-540783463 tempest-DeleteServersTestJSON-540783463-project] 10.222.0.47 "GET /networking/v2.0/ports?device_id=6e152988-6f53-4e44-80d6-48c162de0042 HTTP/1.1" status: 200 len: 944 time: 0.1321561
Aug 24 06:41:12.719829 dv-cinder-854270-1-iscsi neutron-server[113477]: DEBUG dbcounter [-] [113477] Writing DB stats neutron:UPDATE=5,neutron:SELECT=94,neutron:INSERT=1 {{(pid=113477) stat_writer /usr/local/lib/python3.8/dist-packages/dbcounter.py:114}}
Aug 24 06:41:12.802325 dv-cinder-854270-1-iscsi neutron-server[113476]: INFO neutron.wsgi [req-51fab59a-c145-4fa9-9eab-992d14c0f2bf req-efad7ffe-0c18-48d5-8b9d-beecdc8dab1d tempest-DeleteServersTestJSON-540783463 tempest-DeleteServersTestJSON-540783463-project] 10.222.0.47 "GET /networking/v2.0/security-groups?id=dddf6de2-e0ca-4336-a8b1-3cf9c79fa926&fields=id&fields=name HTTP/1.1" status: 200 len: 286 time: 0.1121950
Aug 24 06:41:12.864521 dv-cinder-854270-1-iscsi neutron-server[113475]: INFO neutron.wsgi [req-5a9d7809-f70c-4f41-9eab-24237a10f091 req-2df61607-f2ce-42a5-bfd2-718992ba1398 tempest-AttachVolumeShelveTestJSON-956436854 tempest-AttachVolumeShelveTestJSON-956436854-project] 10.222.0.47 "GET /networking/v2.0/ports?device_id=fa5949cc-2133-40b8-9112-b5d571c05f9d HTTP/1.1" status: 200 len: 210 time: 0.0651491
Aug 24 06:41:13.084765 dv-cinder-854270-1-iscsi neutron-server[113475]: DEBUG neutron_lib.callbacks.manager [None req-b3b7c720-a2b7-4cd0-a34b-aa3ffbccf763 admin admin] Publish callbacks ['neutron.plugins.ml2.ovo_rpc._ObjectChangeHandler.handle_event-3746667'] for security_group (287483b1-42dc-4a97-9663-d50b524e0dfe), after_delete {{(pid=113475) _notify_loop /usr/local/lib/python3.8/dist-packages/neutron_lib/callbacks/manager.py:176}}
Aug 24 06:41:13.099634 dv-cinder-854270-1-iscsi neutron-server[113475]: DEBUG neutron_lib.callbacks.manager [None req-b3b7c720-a2b7-4cd0-a34b-aa3ffbccf763 admin admin] Publish callbacks [] for security_group (None), before_response {{(pid=113475) _notify_loop /usr/local/lib/python3.8/dist-packages/neutron_lib/callbacks/manager.py:176}}
Aug 24 06:41:13.099634 dv-cinder-854270-1-iscsi neutron-server[113475]: INFO neutron.wsgi [None req-b3b7c720-a2b7-4cd0-a34b-aa3ffbccf763 admin admin] 10.222.0.47 "DELETE /networking/v2.0/security-groups/287483b1-42dc-4a97-9663-d50b524e0dfe HTTP/1.1" status: 204 len: 168 time: 0.6131852
Aug 24 06:41:13.108302 dv-cinder-854270-1-iscsi neutron-server[113475]: DEBUG neutron.api.rpc.handlers.resources_rpc [None req-b3b7c720-a2b7-4cd0-a34b-aa3ffbccf763 admin admin] Pushing event deleted for resources: {'SecurityGroup': ['ID=287483b1-42dc-4a97-9663-d50b524e0dfe,revision_number=None']} {{(pid=113475) push /opt/stack/neutron/neutron/api/rpc/handlers/resources_rpc.py:237}}
Aug 24 06:41:13.198944 dv-cinder-854270-1-iscsi neutron-server[113476]: DEBUG dbcounter [-] [113476] Writing DB stats neutron:SELECT=96,neutron:UPDATE=2,neutron:DELETE=2 {{(pid=113476) stat_writer /usr/local/lib/python3.8/dist-packages/dbcounter.py:114}}
Aug 24 06:41:13.542190 dv-cinder-854270-1-iscsi neutron-server[113476]: INFO neutron.wsgi [req-e5f23885-5025-40b5-92eb-1c65f4df299a req-6e5f0509-068c-4c12-a0ea-cd0af49d43ce tempest-AttachVolumeNegativeTest-1716179038 tempest-AttachVolumeNegativeTest-1716179038-project] 10.222.0.47 "GET /networking/v2.0/ports?device_id=b0298df5-f99f-4390-8f6f-3320fdfaff52 HTTP/1.1" status: 200 len: 210 time: 0.0578320
Aug 24 06:41:13.661079 dv-cinder-854270-1-iscsi neutron-server[113475]: DEBUG neutron.pecan_wsgi.hooks.policy_enforcement [req-7628e2e9-d451-452d-8b48-06b843028eff req-7b0daba2-a395-4a9e-bf96-ff4f59691aff tempest-AttachVolumeTestJSON-729870241 tempest-AttachVolumeTestJSON-729870241-project] Attributes excluded by policy engine: ['standard_attr_id', 'binding:profile', 'binding:host_id', 'binding:vif_type', 'binding:vif_details'] {{(pid=113475) _exclude_attributes_by_policy /opt/stack/neutron/neutron/pecan_wsgi/hooks/policy_enforcement.py:259}}
Aug 24 06:41:13.663289 dv-cinder-854270-1-iscsi neutron-server[113475]: INFO neutron.wsgi [req-7628e2e9-d451-452d-8b48-06b843028eff req-7b0daba2-a395-4a9e-bf96-ff4f59691aff tempest-AttachVolumeTestJSON-729870241 tempest-AttachVolumeTestJSON-729870241-project] 10.222.0.47 "GET /networking/v2.0/ports?device_id=821b76aa-235d-42ca-aec6-6597a19525c0 HTTP/1.1" status: 200 len: 932 time: 0.0762496
Aug 24 06:41:13.762016 dv-cinder-854270-1-iscsi neutron-server[113475]: INFO neutron.wsgi [req-7628e2e9-d451-452d-8b48-06b843028eff req-acbe09df-26de-49b2-8782-88e2498e889a tempest-AttachVolumeTestJSON-729870241 tempest-AttachVolumeTestJSON-729870241-project] 10.222.0.47 "GET /networking/v2.0/security-groups?id=ef22bd70-31c1-4bb4-9c57-2822810d23bc&fields=id&fields=name HTTP/1.1" status: 200 len: 312 time: 0.0882204
Aug 24 06:41:14.061859 dv-cinder-854270-1-iscsi neutron-server[113476]: DEBUG neutron.pecan_wsgi.hooks.policy_enforcement [req-93e0db8c-391a-4529-a612-970e83bdb0ec req-d2d2f403-4b37-47b1-89d2-4cb2b8f2e34b tempest-DeleteServersTestJSON-540783463 tempest-DeleteServersTestJSON-540783463-project] Attributes excluded by policy engine: ['standard_attr_id', 'binding:profile', 'binding:host_id', 'binding:vif_type', 'binding:vif_details'] {{(pid=113476) _exclude_attributes_by_policy /opt/stack/neutron/neutron/pecan_wsgi/hooks/policy_enforcement.py:259}}
Aug 24 06:41:14.077852 dv-cinder-854270-1-iscsi neutron-server[113476]: INFO neutron.wsgi [req-93e0db8c-391a-4529-a612-970e83bdb0ec req-d2d2f403-4b37-47b1-89d2-4cb2b8f2e34b tempest-DeleteServersTestJSON-540783463 tempest-DeleteServersTestJSON-540783463-project] 10.222.0.47 "GET /networking/v2.0/ports?device_id=6e152988-6f53-4e44-80d6-48c162de0042 HTTP/1.1" status: 200 len: 944 time: 0.1711357
Aug 24 06:41:14.092675 dv-cinder-854270-1-iscsi neutron-server[113475]: INFO neutron.wsgi [req-01c158c6-e7c2-40ae-b6ca-0b3759f40f9c req-3f2ed271-6876-4140-962c-410424a66750 tempest-AttachVolumeShelveTestJSON-956436854 tempest-AttachVolumeShelveTestJSON-956436854-project] 10.222.0.47 "GET /networking/v2.0/ports?device_id=fa5949cc-2133-40b8-9112-b5d571c05f9d HTTP/1.1" status: 200 len: 210 time: 0.1144931
Aug 24 06:41:14.175854 dv-cinder-854270-1-iscsi neutron-server[113476]: INFO neutron.wsgi [req-93e0db8c-391a-4529-a612-970e83bdb0ec req-154f6b82-e9ab-4cda-9098-291b89754c2a tempest-DeleteServersTestJSON-540783463 tempest-DeleteServersTestJSON-540783463-project] 10.222.0.47 "GET /networking/v2.0/security-groups?id=dddf6de2-e0ca-4336-a8b1-3cf9c79fa926&fields=id&fields=name HTTP/1.1" status: 200 len: 286 time: 0.0917382
Aug 24 06:41:14.679944 dv-cinder-854270-1-iscsi neutron-server[113475]: INFO neutron.wsgi [req-5c4a3e95-3bdc-43c3-853b-8e5d786c2ddc req-241cab00-4e64-4f0d-9ff0-ec671d3914c3 tempest-AttachVolumeNegativeTest-1716179038 tempest-AttachVolumeNegativeTest-1716179038-project] 10.222.0.47 "GET /networking/v2.0/ports?device_id=b0298df5-f99f-4390-8f6f-3320fdfaff52 HTTP/1.1" status: 200 len: 210 time: 0.0322876
Aug 24 06:41:14.993666 dv-cinder-854270-1-iscsi neutron-server[113476]: DEBUG neutron.pecan_wsgi.hooks.policy_enforcement [req-7c17b80e-0339-4649-ab5c-c2c2f5990d53 req-9b7ce8b7-3efe-488a-91a9-cfda3cef06ea tempest-AttachVolumeTestJSON-729870241 tempest-AttachVolumeTestJSON-729870241-project] Attributes excluded by policy engine: ['standard_attr_id', 'binding:profile', 'binding:host_id', 'binding:vif_type', 'binding:vif_details'] {{(pid=113476) _exclude_attributes_by_policy /opt/stack/neutron/neutron/pecan_wsgi/hooks/policy_enforcement.py:259}}
Aug 24 06:41:15.000977 dv-cinder-854270-1-iscsi neutron-server[113476]: INFO neutron.wsgi [req-7c17b80e-0339-4649-ab5c-c2c2f5990d53 req-9b7ce8b7-3efe-488a-91a9-cfda3cef06ea tempest-AttachVolumeTestJSON-729870241 tempest-AttachVolumeTestJSON-729870241-project] 10.222.0.47 "GET /networking/v2.0/ports?device_id=821b76aa-235d-42ca-aec6-6597a19525c0 HTTP/1.1" status: 200 len: 932 time: 0.0973334
Aug 24 06:41:15.169996 dv-cinder-854270-1-iscsi neutron-server[113476]: INFO neutron.wsgi [req-7c17b80e-0339-4649-ab5c-c2c2f5990d53 req-9e2af156-84af-4bf4-bf9e-28a0352e6c19 tempest-AttachVolumeTestJSON-729870241 tempest-AttachVolumeTestJSON-729870241-project] 10.222.0.47 "GET /networking/v2.0/security-groups?id=ef22bd70-31c1-4bb4-9c57-2822810d23bc&fields=id&fields=name HTTP/1.1" status: 200 len: 312 time: 0.1253901
Aug 24 06:41:15.332256 dv-cinder-854270-1-iscsi neutron-server[113475]: INFO neutron.wsgi [req-faf40836-035d-4606-9fe0-e22a8c78e078 req-ace050d7-f5c2-4bfb-b571-610ef0c3a61c tempest-AttachVolumeShelveTestJSON-956436854 tempest-AttachVolumeShelveTestJSON-956436854-project] 10.222.0.47 "GET /networking/v2.0/ports?device_id=fa5949cc-2133-40b8-9112-b5d571c05f9d HTTP/1.1" status: 200 len: 210 time: 0.0678227
Aug 24 06:41:15.520463 dv-cinder-854270-1-iscsi neutron-server[113476]: DEBUG neutron.pecan_wsgi.hooks.policy_enforcement [req-d4466049-5576-4d92-af90-5e3d940f021e req-9b3e9da9-f961-4a48-847c-0ca6a06b0c0e tempest-DeleteServersTestJSON-540783463 tempest-DeleteServersTestJSON-540783463-project] Attributes excluded by policy engine: ['standard_attr_id', 'binding:profile', 'binding:host_id', 'binding:vif_type', 'binding:vif_details'] {{(pid=113476) _exclude_attributes_by_policy /opt/stack/neutron/neutron/pecan_wsgi/hooks/policy_enforcement.py:259}}
Aug 24 06:41:15.522526 dv-cinder-854270-1-iscsi neutron-server[113476]: INFO neutron.wsgi [req-d4466049-5576-4d92-af90-5e3d940f021e req-9b3e9da9-f961-4a48-847c-0ca6a06b0c0e tempest-DeleteServersTestJSON-540783463 tempest-DeleteServersTestJSON-540783463-project] 10.222.0.47 "GET /networking/v2.0/ports?device_id=6e152988-6f53-4e44-80d6-48c162de0042 HTTP/1.1" status: 200 len: 944 time: 0.1648803
Aug 24 06:41:15.586059 dv-cinder-854270-1-iscsi neutron-server[113477]: DEBUG neutron_lib.callbacks.manager [None req-0c024fe9-9a7d-4b20-9964-2680549f7a25 None None] Publish callbacks ['neutron.services.segments.db._update_segment_host_mapping_for_agent-8782279355230', 'neutron.plugins.ml2.plugin.Ml2Plugin._retry_binding_revived_agents-988022'] for agent (b314ffa8-0f64-40e8-9824-1590a952577d), after_update {{(pid=113477) _notify_loop /usr/local/lib/python3.8/dist-packages/neutron_lib/callbacks/manager.py:176}}
Aug 24 06:41:15.607637 dv-cinder-854270-1-iscsi neutron-server[113476]: INFO neutron.wsgi [req-d4466049-5576-4d92-af90-5e3d940f021e req-12e8353a-a0a0-419a-acfb-9f52081624b9 tempest-DeleteServersTestJSON-540783463 tempest-DeleteServersTestJSON-540783463-project] 10.222.0.47 "GET /networking/v2.0/security-groups?id=dddf6de2-e0ca-4336-a8b1-3cf9c79fa926&fields=id&fields=name HTTP/1.1" status: 200 len: 286 time: 0.0727727
Aug 24 06:41:15.833416 dv-cinder-854270-1-iscsi neutron-server[113475]: INFO neutron.wsgi [req-9bd8ebea-2208-49ed-af99-4f7771c23855 req-6f1841f0-33dd-430c-abdf-feb881edc80e tempest-AttachVolumeNegativeTest-1716179038 tempest-AttachVolumeNegativeTest-1716179038-project] 10.222.0.47 "GET /networking/v2.0/ports?device_id=b0298df5-f99f-4390-8f6f-3320fdfaff52 HTTP/1.1" status: 200 len: 210 time: 0.0444009
Aug 24 06:41:15.903452 dv-cinder-854270-1-iscsi neutron-server[113475]: DEBUG neutron.wsgi [-] (113475) accepted ('10.222.0.47', 55376) {{(pid=113475) server /usr/local/lib/python3.8/dist-packages/eventlet/wsgi.py:1004}}
Aug 24 06:41:15.921856 dv-cinder-854270-1-iscsi neutron-server[113475]: DEBUG neutron_lib.callbacks.manager [None req-c18bf0b0-310c-40eb-a9ab-cdaee8524d8f admin admin] Publish callbacks [] for security_group (None), before_create {{(pid=113475) _notify_loop /usr/local/lib/python3.8/dist-packages/neutron_lib/callbacks/manager.py:176}}
Aug 24 06:41:16.152802 dv-cinder-854270-1-iscsi neutron-server[113475]: DEBUG neutron_lib.callbacks.manager [None req-c18bf0b0-310c-40eb-a9ab-cdaee8524d8f admin admin] Publish callbacks [] for security_group (95ff79b1-0c0f-46e1-98b7-7c11385c3463), precommit_create {{(pid=113475) _notify_loop /usr/local/lib/python3.8/dist-packages/neutron_lib/callbacks/manager.py:176}}
Aug 24 06:41:16.333043 dv-cinder-854270-1-iscsi neutron-server[113476]: DEBUG neutron.pecan_wsgi.hooks.policy_enforcement [req-a928062b-c97d-4368-96af-f9b85439e6fe req-f9af9dbd-5918-4d1e-bb8b-64da57caa973 tempest-AttachVolumeTestJSON-729870241 tempest-AttachVolumeTestJSON-729870241-project] Attributes excluded by policy engine: ['standard_attr_id', 'binding:profile', 'binding:host_id', 'binding:vif_type', 'binding:vif_details'] {{(pid=113476) _exclude_attributes_by_policy /opt/stack/neutron/neutron/pecan_wsgi/hooks/policy_enforcement.py:259}}
Aug 24 06:41:16.334735 dv-cinder-854270-1-iscsi neutron-server[113476]: INFO neutron.wsgi [req-a928062b-c97d-4368-96af-f9b85439e6fe req-f9af9dbd-5918-4d1e-bb8b-64da57caa973 tempest-AttachVolumeTestJSON-729870241 tempest-AttachVolumeTestJSON-729870241-project] 10.222.0.47 "GET /networking/v2.0/ports?device_id=821b76aa-235d-42ca-aec6-6597a19525c0 HTTP/1.1" status: 200 len: 932 time: 0.0835593
Aug 24 06:41:16.385812 dv-cinder-854270-1-iscsi neutron-server[113475]: DEBUG neutron_lib.callbacks.manager [None req-c18bf0b0-310c-40eb-a9ab-cdaee8524d8f admin admin] Publish callbacks ['neutron.plugins.ml2.ovo_rpc._ObjectChangeHandler.handle_event-3746667'] for security_group (95ff79b1-0c0f-46e1-98b7-7c11385c3463), after_create {{(pid=113475) _notify_loop /usr/local/lib/python3.8/dist-packages/neutron_lib/callbacks/manager.py:176}}
Aug 24 06:41:16.397968 dv-cinder-854270-1-iscsi neutron-server[113477]: DEBUG neutron_lib.callbacks.manager [None req-d649edd6-e9b6-46cf-a399-6ec220963115 None None] Publish callbacks ['neutron.services.segments.db._update_segment_host_mapping_for_agent-8782279355230', 'neutron.plugins.ml2.plugin.Ml2Plugin._retry_binding_revived_agents-988022'] for agent (53afe109-4071-40d0-91f1-5a19d5ff9658), after_update {{(pid=113477) _notify_loop /usr/local/lib/python3.8/dist-packages/neutron_lib/callbacks/manager.py:176}}
Aug 24 06:41:16.436434 dv-cinder-854270-1-iscsi neutron-server[113476]: INFO neutron.wsgi [req-a928062b-c97d-4368-96af-f9b85439e6fe req-842b69f8-b725-43a5-a4f4-7fc35f910cf6 tempest-AttachVolumeTestJSON-729870241 tempest-AttachVolumeTestJSON-729870241-project] 10.222.0.47 "GET /networking/v2.0/security-groups?id=ef22bd70-31c1-4bb4-9c57-2822810d23bc&fields=id&fields=name HTTP/1.1" status: 200 len: 312 time: 0.0931289
Aug 24 06:41:16.469763 dv-cinder-854270-1-iscsi neutron-server[113475]: INFO neutron.wsgi [None req-c18bf0b0-310c-40eb-a9ab-cdaee8524d8f admin admin] 10.222.0.47 "GET /networking/v2.0/security-groups?tenant_id=a0f8dc5f327c41d9a230399368642d12&name=default HTTP/1.1" status: 200 len: 2996 time: 0.5545380
Aug 24 06:41:16.469763 dv-cinder-854270-1-iscsi neutron-server[113475]: DEBUG neutron.api.rpc.handlers.resources_rpc [None req-c18bf0b0-310c-40eb-a9ab-cdaee8524d8f admin admin] Pushing event updated for resources: {'SecurityGroup': ['ID=95ff79b1-0c0f-46e1-98b7-7c11385c3463,revision_number=1']} {{(pid=113475) push /opt/stack/neutron/neutron/api/rpc/handlers/resources_rpc.py:237}}
Aug 24 06:41:16.469763 dv-cinder-854270-1-iscsi neutron-server[113475]: DEBUG neutron.wsgi [-] (113475) accepted ('10.222.0.47', 55390) {{(pid=113475) server /usr/local/lib/python3.8/dist-packages/eventlet/wsgi.py:1004}}
Aug 24 06:41:16.574086 dv-cinder-854270-1-iscsi neutron-server[113475]: INFO neutron.wsgi [req-088c06f9-c6cb-43c3-9593-fba178cb10ac req-9bc0971a-9dcd-4957-bd5d-76f63cd16681 tempest-AttachVolumeShelveTestJSON-956436854 tempest-AttachVolumeShelveTestJSON-956436854-project] 10.222.0.47 "GET /networking/v2.0/ports?device_id=fa5949cc-2133-40b8-9112-b5d571c05f9d HTTP/1.1" status: 200 len: 210 time: 0.0499713
Aug 24 06:41:16.581499 dv-cinder-854270-1-iscsi neutron-server[113475]: DEBUG neutron_lib.callbacks.manager [None req-4ef36503-1f3a-412e-b95e-242b0a5ee5f2 admin admin] Publish callbacks [] for security_group (95ff79b1-0c0f-46e1-98b7-7c11385c3463), before_delete {{(pid=113475) _notify_loop /usr/local/lib/python3.8/dist-packages/neutron_lib/callbacks/manager.py:176}}
Aug 24 06:41:16.640615 dv-cinder-854270-1-iscsi neutron-server[113475]: DEBUG neutron_lib.callbacks.manager [None req-4ef36503-1f3a-412e-b95e-242b0a5ee5f2 admin admin] Publish callbacks [] for security_group (95ff79b1-0c0f-46e1-98b7-7c11385c3463), precommit_delete {{(pid=113475) _notify_loop /usr/local/lib/python3.8/dist-packages/neutron_lib/callbacks/manager.py:176}}
Aug 24 06:41:16.778926 dv-cinder-854270-1-iscsi neutron-server[113475]: DEBUG neutron.wsgi [-] (113475) accepted ('10.222.0.67', 49423) {{(pid=113475) server /usr/local/lib/python3.8/dist-packages/eventlet/wsgi.py:1004}}
Aug 24 06:41:16.813577 dv-cinder-854270-1-iscsi neutron-server[113475]: DEBUG neutron.api.v2.base [req-52043383-954f-4541-8a81-4ef1738d6919 req-a5314611-2c4a-4d59-9e62-09fedb271e6a tempest-AttachVolumeNegativeTest-1716179038 tempest-AttachVolumeNegativeTest-1716179038-project] Request body: {'port': {'device_id': 'b0298df5-f99f-4390-8f6f-3320fdfaff52', 'network_id': '14e1d9b8-7d9c-4824-8559-f6d63d615d5b', 'admin_state_up': True, 'tenant_id': 'b91004b0497d487ea8f1f454c03bbca0', 'security_groups': ['bc2d9d93-39eb-4b1a-8736-fc334ed3064b']}} {{(pid=113475) prepare_request_body /opt/stack/neutron/neutron/api/v2/base.py:730}}
Aug 24 06:41:16.866462 dv-cinder-854270-1-iscsi neutron-server[113476]: DEBUG neutron.pecan_wsgi.hooks.policy_enforcement [req-d69d0bd8-3663-4ecc-9968-8ed3389dc98d req-78d39671-71aa-42d4-8162-33e6ebf5bc40 tempest-DeleteServersTestJSON-540783463 tempest-DeleteServersTestJSON-540783463-project] Attributes excluded by policy engine: ['standard_attr_id', 'binding:profile', 'binding:host_id', 'binding:vif_type', 'binding:vif_details'] {{(pid=113476) _exclude_attributes_by_policy /opt/stack/neutron/neutron/pecan_wsgi/hooks/policy_enforcement.py:259}}
Aug 24 06:41:16.870857 dv-cinder-854270-1-iscsi neutron-server[113476]: INFO neutron.wsgi [req-d69d0bd8-3663-4ecc-9968-8ed3389dc98d req-78d39671-71aa-42d4-8162-33e6ebf5bc40 tempest-DeleteServersTestJSON-540783463 tempest-DeleteServersTestJSON-540783463-project] 10.222.0.47 "GET /networking/v2.0/ports?device_id=6e152988-6f53-4e44-80d6-48c162de0042 HTTP/1.1" status: 200 len: 944 time: 0.1172163
Aug 24 06:41:16.891331 dv-cinder-854270-1-iscsi neutron-server[113476]: DEBUG neutron.api.v2.base [req-c1986df7-d704-4028-af29-5c003d92d68d req-6febf65f-dd4f-4a85-b5a5-d286a5e3bb60 service neutron] Request body: {'port': {'device_id': '821b76aa-235d-42ca-aec6-6597a19525c0', 'device_owner': 'compute:nova', 'binding:host_id': 'hv-cinder-85427'}} {{(pid=113476) prepare_request_body /opt/stack/neutron/neutron/api/v2/base.py:730}}
Aug 24 06:41:16.963113 dv-cinder-854270-1-iscsi neutron-server[113475]: DEBUG neutron_lib.callbacks.manager [None req-4ef36503-1f3a-412e-b95e-242b0a5ee5f2 admin admin] Publish callbacks ['neutron.plugins.ml2.ovo_rpc._ObjectChangeHandler.handle_event-3746667'] for security_group (95ff79b1-0c0f-46e1-98b7-7c11385c3463), after_delete {{(pid=113475) _notify_loop /usr/local/lib/python3.8/dist-packages/neutron_lib/callbacks/manager.py:176}}
Aug 24 06:41:16.967495 dv-cinder-854270-1-iscsi neutron-server[113475]: DEBUG neutron_lib.callbacks.manager [None req-4ef36503-1f3a-412e-b95e-242b0a5ee5f2 admin admin] Publish callbacks [] for security_group (None), before_response {{(pid=113475) _notify_loop /usr/local/lib/python3.8/dist-packages/neutron_lib/callbacks/manager.py:176}}
Aug 24 06:41:16.978473 dv-cinder-854270-1-iscsi neutron-server[113475]: INFO neutron.wsgi [None req-4ef36503-1f3a-412e-b95e-242b0a5ee5f2 admin admin] 10.222.0.47 "DELETE /networking/v2.0/security-groups/95ff79b1-0c0f-46e1-98b7-7c11385c3463 HTTP/1.1" status: 204 len: 168 time: 0.5115588
Aug 24 06:41:17.242398 dv-cinder-854270-1-iscsi neutron-server[113476]: INFO neutron.wsgi [req-d69d0bd8-3663-4ecc-9968-8ed3389dc98d req-c5b3ee07-ca24-4781-a326-c1edce928372 tempest-DeleteServersTestJSON-540783463 tempest-DeleteServersTestJSON-540783463-project] 10.222.0.47 "GET /networking/v2.0/security-groups?id=dddf6de2-e0ca-4336-a8b1-3cf9c79fa926&fields=id&fields=name HTTP/1.1" status: 200 len: 286 time: 0.3482141
Aug 24 06:41:17.292067 dv-cinder-854270-1-iscsi neutron-server[113476]: DEBUG neutron_lib.callbacks.manager [req-c1986df7-d704-4028-af29-5c003d92d68d req-6febf65f-dd4f-4a85-b5a5-d286a5e3bb60 service neutron] Publish callbacks ['neutron.plugins.ml2.plugin.SecurityGroupDbMixin._ensure_default_security_group_handler-636455'] for port (093eee48-f69e-45f9-8131-16d82edc3341), before_update {{(pid=113476) _notify_loop /usr/local/lib/python3.8/dist-packages/neutron_lib/callbacks/manager.py:176}}
Aug 24 06:41:17.377883 dv-cinder-854270-1-iscsi neutron-server[113475]: DEBUG neutron.api.rpc.handlers.resources_rpc [None req-4ef36503-1f3a-412e-b95e-242b0a5ee5f2 admin admin] Pushing event deleted for resources: {'SecurityGroup': ['ID=95ff79b1-0c0f-46e1-98b7-7c11385c3463,revision_number=None']} {{(pid=113475) push /opt/stack/neutron/neutron/api/rpc/handlers/resources_rpc.py:237}}
Aug 24 06:41:17.383852 dv-cinder-854270-1-iscsi neutron-server[113475]: DEBUG neutron.pecan_wsgi.hooks.policy_enforcement [req-b23792c0-081b-450a-88a3-decb813f4f6a req-f12428de-4e0d-4ca4-8c84-0c95231ee295 service neutron] Attributes excluded by policy engine: ['standard_attr_id'] {{(pid=113475) _exclude_attributes_by_policy /opt/stack/neutron/neutron/pecan_wsgi/hooks/policy_enforcement.py:259}}
Aug 24 06:41:17.398774 dv-cinder-854270-1-iscsi neutron-server[113475]: INFO neutron.wsgi [req-b23792c0-081b-450a-88a3-decb813f4f6a req-f12428de-4e0d-4ca4-8c84-0c95231ee295 service neutron] 10.222.0.67 "GET /networking/v2.0/ports?tenant_id=ebc642b8ee3b4946aff553abbe94c26a&device_id=6e152988-6f53-4e44-80d6-48c162de0042 HTTP/1.1" status: 200 len: 1128 time: 0.5882821
Aug 24 06:41:17.505266 dv-cinder-854270-1-iscsi neutron-server[113475]: INFO neutron.wsgi [req-fe14e577-aed9-417b-9998-41e5ed3a9491 req-4f1ea308-4156-4221-9744-c60c32c8560f tempest-AttachVolumeNegativeTest-1716179038 tempest-AttachVolumeNegativeTest-1716179038-project] 10.222.0.47 "GET /networking/v2.0/ports?device_id=b0298df5-f99f-4390-8f6f-3320fdfaff52 HTTP/1.1" status: 200 len: 210 time: 0.3589013
Aug 24 06:41:17.714949 dv-cinder-854270-1-iscsi neutron-server[113475]: DEBUG neutron.pecan_wsgi.hooks.policy_enforcement [req-cbfc9e72-94d4-46fa-a35e-7cea46e7e504 req-e58fdc7b-c209-4293-96c3-5014484931d8 tempest-AttachVolumeShelveTestJSON-956436854 tempest-AttachVolumeShelveTestJSON-956436854-project] Attributes excluded by policy engine: ['standard_attr_id', 'vlan_transparent', 'provider:network_type', 'provider:physical_network', 'provider:segmentation_id'] {{(pid=113475) _exclude_attributes_by_policy /opt/stack/neutron/neutron/pecan_wsgi/hooks/policy_enforcement.py:259}}
Aug 24 06:41:17.718286 dv-cinder-854270-1-iscsi neutron-server[113475]: INFO neutron.wsgi [req-cbfc9e72-94d4-46fa-a35e-7cea46e7e504 req-e58fdc7b-c209-4293-96c3-5014484931d8 tempest-AttachVolumeShelveTestJSON-956436854 tempest-AttachVolumeShelveTestJSON-956436854-project] 10.222.0.67 "GET /networking/v2.0/networks?id=f4dc9d78-1179-43c9-875f-aca3db3dbf6c HTTP/1.1" status: 200 len: 817 time: 0.9103777
Aug 24 06:41:17.883984 dv-cinder-854270-1-iscsi neutron-server[113475]: INFO neutron.wsgi [req-fb7d6fda-dc13-46ff-8b10-41fac79ae91a req-44ae82a4-a9da-439f-abf5-bbb6ecb51957 tempest-AttachVolumeShelveTestJSON-956436854 tempest-AttachVolumeShelveTestJSON-956436854-project] 10.222.0.47 "GET /networking/v2.0/ports?device_id=fa5949cc-2133-40b8-9112-b5d571c05f9d HTTP/1.1" status: 200 len: 210 time: 0.0811100
Aug 24 06:41:18.025534 dv-cinder-854270-1-iscsi neutron-server[113477]: DEBUG neutron_lib.callbacks.manager [None req-70bb03ba-7985-441a-b4c8-17b5c80bad98 None None] Publish callbacks ['neutron.services.segments.db._update_segment_host_mapping_for_agent-8782279355230', 'neutron.plugins.ml2.plugin.Ml2Plugin._retry_binding_revived_agents-988022'] for agent (eee156c9-0f01-4faf-a391-bc62dc6b42c8), after_update {{(pid=113477) _notify_loop /usr/local/lib/python3.8/dist-packages/neutron_lib/callbacks/manager.py:176}}
Aug 24 06:41:18.036385 dv-cinder-854270-1-iscsi neutron-server[113477]: DEBUG neutron_lib.callbacks.manager [None req-0ca1cbf0-bf52-42c0-860b-af4efebd2f3d None None] Publish callbacks ['neutron.services.segments.db._update_segment_host_mapping_for_agent-8782279355230', 'neutron.plugins.ml2.plugin.Ml2Plugin._retry_binding_revived_agents-988022'] for agent (7960e3ea-55a0-4b7c-8e5c-3f73ed30695c), after_update {{(pid=113477) _notify_loop /usr/local/lib/python3.8/dist-packages/neutron_lib/callbacks/manager.py:176}}
Aug 24 06:41:18.069729 dv-cinder-854270-1-iscsi neutron-server[113475]: DEBUG neutron.pecan_wsgi.hooks.quota_enforcement [req-52043383-954f-4541-8a81-4ef1738d6919 req-a5314611-2c4a-4d59-9e62-09fedb271e6a tempest-AttachVolumeNegativeTest-1716179038 tempest-AttachVolumeNegativeTest-1716179038-project] Made reservation on behalf of b91004b0497d487ea8f1f454c03bbca0 for: {'port': 1} {{(pid=113475) before /opt/stack/neutron/neutron/pecan_wsgi/hooks/quota_enforcement.py:53}}
Aug 24 06:41:18.071255 dv-cinder-854270-1-iscsi neutron-server[113476]: DEBUG neutron.pecan_wsgi.hooks.policy_enforcement [req-4cd23205-aa68-45b8-8df1-9a8468968be2 req-df66d771-178e-48cc-b72f-6507f249484f tempest-AttachVolumeTestJSON-729870241 tempest-AttachVolumeTestJSON-729870241-project] Attributes excluded by policy engine: ['standard_attr_id', 'binding:profile', 'binding:host_id', 'binding:vif_type', 'binding:vif_details'] {{(pid=113476) _exclude_attributes_by_policy /opt/stack/neutron/neutron/pecan_wsgi/hooks/policy_enforcement.py:259}}
Aug 24 06:41:18.082352 dv-cinder-854270-1-iscsi neutron-server[113475]: DEBUG neutron_lib.callbacks.manager [req-52043383-954f-4541-8a81-4ef1738d6919 req-a5314611-2c4a-4d59-9e62-09fedb271e6a tempest-AttachVolumeNegativeTest-1716179038 tempest-AttachVolumeNegativeTest-1716179038-project] Publish callbacks ['neutron.plugins.ml2.plugin.SecurityGroupDbMixin._ensure_default_security_group_handler-636455'] for port (None), before_create {{(pid=113475) _notify_loop /usr/local/lib/python3.8/dist-packages/neutron_lib/callbacks/manager.py:176}}
Aug 24 06:41:18.083235 dv-cinder-854270-1-iscsi neutron-server[113476]: INFO neutron.wsgi [req-4cd23205-aa68-45b8-8df1-9a8468968be2 req-df66d771-178e-48cc-b72f-6507f249484f tempest-AttachVolumeTestJSON-729870241 tempest-AttachVolumeTestJSON-729870241-project] 10.222.0.47 "GET /networking/v2.0/ports?device_id=821b76aa-235d-42ca-aec6-6597a19525c0 HTTP/1.1" status: 200 len: 932 time: 0.1150157
Aug 24 06:41:18.091519 dv-cinder-854270-1-iscsi neutron-server[113475]: INFO neutron.wsgi [req-b23792c0-081b-450a-88a3-decb813f4f6a req-d2b38c85-72ec-47a6-8447-ce92b4d29416 service neutron] 10.222.0.67 "GET /networking/v2.0/floatingips?fixed_ip_address=172.20.0.11&port_id=af945520-e966-4cd2-8c61-506c01a83099 HTTP/1.1" status: 200 len: 217 time: 0.1918790
Aug 24 06:41:18.249700 dv-cinder-854270-1-iscsi neutron-server[113476]: DEBUG neutron.notifiers.nova [req-c1986df7-d704-4028-af29-5c003d92d68d req-6febf65f-dd4f-4a85-b5a5-d286a5e3bb60 service neutron] Ignoring state change previous_port_status: DOWN current_port_status: DOWN port_id 093eee48-f69e-45f9-8131-16d82edc3341 {{(pid=113476) record_port_status_changed /opt/stack/neutron/neutron/notifiers/nova.py:233}}
Aug 24 06:41:18.266511 dv-cinder-854270-1-iscsi neutron-server[113476]: INFO neutron.wsgi [req-4cd23205-aa68-45b8-8df1-9a8468968be2 req-7639e6e7-1192-4c77-9dfc-71546a3a1106 tempest-AttachVolumeTestJSON-729870241 tempest-AttachVolumeTestJSON-729870241-project] 10.222.0.47 "GET /networking/v2.0/security-groups?id=ef22bd70-31c1-4bb4-9c57-2822810d23bc&fields=id&fields=name HTTP/1.1" status: 200 len: 312 time: 0.1817381
Aug 24 06:41:18.296476 dv-cinder-854270-1-iscsi neutron-server[113476]: DEBUG neutron_lib.callbacks.manager [req-c1986df7-d704-4028-af29-5c003d92d68d req-6febf65f-dd4f-4a85-b5a5-d286a5e3bb60 service neutron] Publish callbacks [] for port (093eee48-f69e-45f9-8131-16d82edc3341), precommit_update {{(pid=113476) _notify_loop /usr/local/lib/python3.8/dist-packages/neutron_lib/callbacks/manager.py:176}}
Aug 24 06:41:18.327888 dv-cinder-854270-1-iscsi neutron-server[113475]: INFO neutron.wsgi [req-cbfc9e72-94d4-46fa-a35e-7cea46e7e504 req-45887d4f-262e-40e8-adbe-675459ed2f68 tempest-AttachVolumeShelveTestJSON-956436854 tempest-AttachVolumeShelveTestJSON-956436854-project] 10.222.0.67 "GET /networking/v2.0/security-groups?fields=id&fields=name&tenant_id=e1bf995c8c544dc29f42e53866cc6bd2 HTTP/1.1" status: 200 len: 379 time: 0.4029734
Aug 24 06:41:18.374651 dv-cinder-854270-1-iscsi neutron-server[113476]: DEBUG neutron.db.provisioning_blocks [req-c1986df7-d704-4028-af29-5c003d92d68d req-6febf65f-dd4f-4a85-b5a5-d286a5e3bb60 service neutron] Transition to ACTIVE for port object 093eee48-f69e-45f9-8131-16d82edc3341 will not be triggered until provisioned by entity L2. {{(pid=113476) add_provisioning_component /opt/stack/neutron/neutron/db/provisioning_blocks.py:74}}
Aug 24 06:41:18.518738 dv-cinder-854270-1-iscsi neutron-server[113475]: DEBUG neutron.pecan_wsgi.hooks.policy_enforcement [req-f1dd274e-959f-40bd-9883-5bd6e87b2e37 req-2e8c68ef-9e20-42dd-89c4-d60aec41377a tempest-DeleteServersTestJSON-540783463 tempest-DeleteServersTestJSON-540783463-project] Attributes excluded by policy engine: ['standard_attr_id', 'binding:profile', 'binding:host_id', 'binding:vif_type', 'binding:vif_details'] {{(pid=113475) _exclude_attributes_by_policy /opt/stack/neutron/neutron/pecan_wsgi/hooks/policy_enforcement.py:259}}
Aug 24 06:41:18.520289 dv-cinder-854270-1-iscsi neutron-server[113475]: INFO neutron.wsgi [req-f1dd274e-959f-40bd-9883-5bd6e87b2e37 req-2e8c68ef-9e20-42dd-89c4-d60aec41377a tempest-DeleteServersTestJSON-540783463 tempest-DeleteServersTestJSON-540783463-project] 10.222.0.47 "GET /networking/v2.0/ports?device_id=6e152988-6f53-4e44-80d6-48c162de0042 HTTP/1.1" status: 200 len: 944 time: 0.0823808
Aug 24 06:41:18.521706 dv-cinder-854270-1-iscsi neutron-server[113475]: DEBUG neutron.db.db_base_plugin_common [req-52043383-954f-4541-8a81-4ef1738d6919 req-a5314611-2c4a-4d59-9e62-09fedb271e6a tempest-AttachVolumeNegativeTest-1716179038 tempest-AttachVolumeNegativeTest-1716179038-project] Allocated IP 172.20.0.6 (14e1d9b8-7d9c-4824-8559-f6d63d615d5b/56b1d480-a8ae-41d6-9f6b-f554aced35c4/096dd53a-4e6c-4db9-8564-fd9f67a455e7) {{(pid=113475) _store_ip_allocation /opt/stack/neutron/neutron/db/db_base_plugin_common.py:131}}
Aug 24 06:41:18.594184 dv-cinder-854270-1-iscsi neutron-server[113476]: DEBUG neutron_lib.callbacks.manager [req-c1986df7-d704-4028-af29-5c003d92d68d req-6febf65f-dd4f-4a85-b5a5-d286a5e3bb60 service neutron] Publish callbacks ['neutron.plugins.ml2.plugin.SecurityGroupServerNotifierRpcMixin._notify_sg_on_port_change-636386', 'neutron.plugins.ml2.ovo_rpc._ObjectChangeHandler.handle_event-420306', 'neutron.api.rpc.agentnotifiers.dhcp_rpc_agent_api.DhcpAgentNotifyAPI._native_event_send_dhcp_notification-3673491', 'neutron.db.l3_db.L3RpcNotifierMixin._notify_gateway_port_ip_changed-8782279346180', 'neutron.db.l3_dvrscheduler_db._notify_l3_agent_port_update-8782278885735', 'neutron.db.l3_hascheduler_db._notify_l3_agent_ha_port_update-8782278885753'] for port (093eee48-f69e-45f9-8131-16d82edc3341), after_update {{(pid=113476) _notify_loop /usr/local/lib/python3.8/dist-packages/neutron_lib/callbacks/manager.py:176}}
Aug 24 06:41:18.632922 dv-cinder-854270-1-iscsi neutron-server[113475]: INFO neutron.wsgi [req-f1dd274e-959f-40bd-9883-5bd6e87b2e37 req-4736eccc-98f8-4736-9d39-82438bd3b4f7 tempest-DeleteServersTestJSON-540783463 tempest-DeleteServersTestJSON-540783463-project] 10.222.0.47 "GET /networking/v2.0/security-groups?id=dddf6de2-e0ca-4336-a8b1-3cf9c79fa926&fields=id&fields=name HTTP/1.1" status: 200 len: 286 time: 0.1042168
Aug 24 06:41:18.767831 dv-cinder-854270-1-iscsi neutron-server[113476]: INFO neutron.wsgi [req-167d8dd5-5738-4012-9143-99ca26ef2691 req-9ac989b3-83ed-48c3-95b8-09d1d00f3491 tempest-AttachVolumeNegativeTest-1716179038 tempest-AttachVolumeNegativeTest-1716179038-project] 10.222.0.47 "GET /networking/v2.0/ports?device_id=b0298df5-f99f-4390-8f6f-3320fdfaff52 HTTP/1.1" status: 200 len: 210 time: 0.0614822
Aug 24 06:41:18.782505 dv-cinder-854270-1-iscsi neutron-server[113475]: DEBUG neutron_lib.callbacks.manager [req-52043383-954f-4541-8a81-4ef1738d6919 req-a5314611-2c4a-4d59-9e62-09fedb271e6a tempest-AttachVolumeNegativeTest-1716179038 tempest-AttachVolumeNegativeTest-1716179038-project] Publish callbacks [] for port (096dd53a-4e6c-4db9-8564-fd9f67a455e7), precommit_create {{(pid=113475) _notify_loop /usr/local/lib/python3.8/dist-packages/neutron_lib/callbacks/manager.py:176}}
Aug 24 06:41:18.802750 dv-cinder-854270-1-iscsi neutron-server[113476]: DEBUG neutron.api.rpc.handlers.resources_rpc [None req-6febf65f-dd4f-4a85-b5a5-d286a5e3bb60 service neutron] Pushing event updated for resources: {'Port': ['ID=093eee48-f69e-45f9-8131-16d82edc3341,revision_number=2']} {{(pid=113476) push /opt/stack/neutron/neutron/api/rpc/handlers/resources_rpc.py:237}}
Aug 24 06:41:18.863432 dv-cinder-854270-1-iscsi neutron-server[113476]: DEBUG neutron.plugins.ml2.managers [req-c1986df7-d704-4028-af29-5c003d92d68d req-6febf65f-dd4f-4a85-b5a5-d286a5e3bb60 service neutron] Attempting to bind port 093eee48-f69e-45f9-8131-16d82edc3341 on host hv-cinder-85427 for vnic_type normal with profile {{(pid=113476) bind_port /opt/stack/neutron/neutron/plugins/ml2/managers.py:810}}
Aug 24 06:41:18.864086 dv-cinder-854270-1-iscsi neutron-server[113476]: DEBUG neutron.plugins.ml2.managers [req-c1986df7-d704-4028-af29-5c003d92d68d req-6febf65f-dd4f-4a85-b5a5-d286a5e3bb60 service neutron] Attempting to bind port 093eee48-f69e-45f9-8131-16d82edc3341 by drivers openvswitch,hyperv on host hv-cinder-85427 at level 0 using segments [{'id': '897610db-26f8-4660-8226-482164ec0eb3', 'network_type': 'vlan', 'physical_network': 'physnet1', 'segmentation_id': 424, 'network_id': 'a22ad074-b1d8-4e4b-a73f-57c112fd6e15'}] {{(pid=113476) _bind_port_level /opt/stack/neutron/neutron/plugins/ml2/managers.py:835}}
Aug 24 06:41:18.864463 dv-cinder-854270-1-iscsi neutron-server[113476]: DEBUG neutron.plugins.ml2.drivers.mech_agent [req-c1986df7-d704-4028-af29-5c003d92d68d req-6febf65f-dd4f-4a85-b5a5-d286a5e3bb60 service neutron] Attempting to bind port 093eee48-f69e-45f9-8131-16d82edc3341 on network a22ad074-b1d8-4e4b-a73f-57c112fd6e15 {{(pid=113476) bind_port /opt/stack/neutron/neutron/plugins/ml2/drivers/mech_agent.py:91}}
Aug 24 06:41:18.871171 dv-cinder-854270-1-iscsi neutron-server[113476]: DEBUG neutron.plugins.ml2.drivers.mech_agent [req-c1986df7-d704-4028-af29-5c003d92d68d req-6febf65f-dd4f-4a85-b5a5-d286a5e3bb60 service neutron] Port 093eee48-f69e-45f9-8131-16d82edc3341 on network a22ad074-b1d8-4e4b-a73f-57c112fd6e15 not bound, no agent of type Open vSwitch agent registered on host hv-cinder-85427 {{(pid=113476) bind_port /opt/stack/neutron/neutron/plugins/ml2/drivers/mech_agent.py:103}}
Aug 24 06:41:18.871616 dv-cinder-854270-1-iscsi neutron-server[113476]: DEBUG neutron.plugins.ml2.drivers.mech_agent [req-c1986df7-d704-4028-af29-5c003d92d68d req-6febf65f-dd4f-4a85-b5a5-d286a5e3bb60 service neutron] Attempting to bind port 093eee48-f69e-45f9-8131-16d82edc3341 on network a22ad074-b1d8-4e4b-a73f-57c112fd6e15 {{(pid=113476) bind_port /opt/stack/neutron/neutron/plugins/ml2/drivers/mech_agent.py:91}}
