Aug 24 09:46:22.944794 dv-cinder-854269-2-iscsi devstack@keystone.service[81467]: DEBUG keystone.common.rbac_enforcer.enforcer [None req-2a4886bc-ae2c-49d8-bcb9-0d66c5d64a87 None admin] Extracting inferred target data resulted in "NOT FOUND (404)". {{(pid=81467) enforce_call /opt/stack/keystone/keystone/common/rbac_enforcer/enforcer.py:409}}
Aug 24 09:46:22.944975 dv-cinder-854269-2-iscsi devstack@keystone.service[81466]: DEBUG keystone.server.flask.request_processing.middleware.auth_context [None req-313d90fd-f2ea-4cfb-b265-8da831d800b9 None admin] Authenticating user token {{(pid=81466) process_request /usr/local/lib/python3.8/dist-packages/keystonemiddleware/auth_token/__init__.py:407}}
Aug 24 09:46:22.950905 dv-cinder-854269-2-iscsi devstack@keystone.service[81467]: ERROR keystone.server.flask.application [None req-2a4886bc-ae2c-49d8-bcb9-0d66c5d64a87 None admin] Could not find role: anotherrole.: keystone.exception.RoleNotFound: Could not find role: anotherrole.
Aug 24 09:46:22.950905 dv-cinder-854269-2-iscsi devstack@keystone.service[81467]: ERROR keystone.server.flask.application
Traceback (most recent call last):
Aug 24 09:46:22.950905 dv-cinder-854269-2-iscsi devstack@keystone.service[81467]: ERROR keystone.server.flask.application
File "/usr/local/lib/python3.8/dist-packages/flask/app.py", line 1820, in full_dispatch_request
Aug 24 09:46:22.950905 dv-cinder-854269-2-iscsi devstack@keystone.service[81467]: ERROR keystone.server.flask.application rv = self.dispatch_request()
Aug 24 09:46:22.950905 dv-cinder-854269-2-iscsi devstack@keystone.service[81467]: ERROR keystone.server.flask.application
File "/usr/local/lib/python3.8/dist-packages/flask/app.py", line 1796, in dispatch_request
Aug 24 09:46:22.950905 dv-cinder-854269-2-iscsi devstack@keystone.service[81467]: ERROR keystone.server.flask.application return self.ensure_sync(self.view_functions[rule.endpoint])(**view_args)
Aug 24 09:46:22.950905 dv-cinder-854269-2-iscsi devstack@keystone.service[81467]: ERROR keystone.server.flask.application
File "/usr/local/lib/python3.8/dist-packages/flask_restful/__init__.py", line 467, in wrapper
Aug 24 09:46:22.950905 dv-cinder-854269-2-iscsi devstack@keystone.service[81467]: ERROR keystone.server.flask.application resp = resource(*args, **kwargs)
Aug 24 09:46:22.950905 dv-cinder-854269-2-iscsi devstack@keystone.service[81467]: ERROR keystone.server.flask.application
File "/usr/local/lib/python3.8/dist-packages/flask/views.py", line 107, in view
Aug 24 09:46:22.950905 dv-cinder-854269-2-iscsi devstack@keystone.service[81467]: ERROR keystone.server.flask.application return current_app.ensure_sync(self.dispatch_request)(**kwargs)
Aug 24 09:46:22.950905 dv-cinder-854269-2-iscsi devstack@keystone.service[81467]: ERROR keystone.server.flask.application
File "/usr/local/lib/python3.8/dist-packages/flask_restful/__init__.py", line 582, in dispatch_request
Aug 24 09:46:22.950905 dv-cinder-854269-2-iscsi devstack@keystone.service[81467]: ERROR keystone.server.flask.application resp = meth(*args, **kwargs)
Aug 24 09:46:22.950905 dv-cinder-854269-2-iscsi devstack@keystone.service[81467]: ERROR keystone.server.flask.application
File "/opt/stack/keystone/keystone/api/roles.py", line 50, in get
Aug 24 09:46:22.950905 dv-cinder-854269-2-iscsi devstack@keystone.service[81467]: ERROR keystone.server.flask.application return self._get_role(role_id)
Aug 24 09:46:22.950905 dv-cinder-854269-2-iscsi devstack@keystone.service[81467]: ERROR keystone.server.flask.application
File "/opt/stack/keystone/keystone/api/roles.py", line 70, in _get_role
Aug 24 09:46:22.950905 dv-cinder-854269-2-iscsi devstack@keystone.service[81467]: ERROR keystone.server.flask.application ENFORCER.enforce_call(action='identity:get_role')
Aug 24 09:46:22.951837 dv-cinder-854269-2-iscsi devstack@keystone.service[81467]: ERROR keystone.server.flask.application
File "/opt/stack/keystone/keystone/common/rbac_enforcer/enforcer.py", line 402, in enforce_call
Aug 24 09:46:22.951837 dv-cinder-854269-2-iscsi devstack@keystone.service[81467]: ERROR keystone.server.flask.application policy_dict.update(cls._extract_member_target_data(
Aug 24 09:46:22.951837 dv-cinder-854269-2-iscsi devstack@keystone.service[81467]: ERROR keystone.server.flask.application
File "/opt/stack/keystone/keystone/common/rbac_enforcer/enforcer.py", line 234, in _extract_member_target_data
Aug 24 09:46:22.951837 dv-cinder-854269-2-iscsi devstack@keystone.service[81467]: ERROR keystone.server.flask.application member_name: func(flask.request.view_args[key])
Aug 24 09:46:22.951837 dv-cinder-854269-2-iscsi devstack@keystone.service[81467]: ERROR keystone.server.flask.application
File "/opt/stack/keystone/keystone/common/manager.py", line 115, in wrapped
Aug 24 09:46:22.951837 dv-cinder-854269-2-iscsi devstack@keystone.service[81467]: ERROR keystone.server.flask.application __ret_val = __f(*args, **kwargs)
Aug 24 09:46:22.951837 dv-cinder-854269-2-iscsi devstack@keystone.service[81467]: ERROR keystone.server.flask.application
File "/usr/local/lib/python3.8/dist-packages/decorator.py", line 232, in fun
Aug 24 09:46:22.951837 dv-cinder-854269-2-iscsi devstack@keystone.service[81467]: ERROR keystone.server.flask.application return caller(func, *(extras + args), **kw)
Aug 24 09:46:22.951837 dv-cinder-854269-2-iscsi devstack@keystone.service[81467]: ERROR keystone.server.flask.application
File "/usr/local/lib/python3.8/dist-packages/dogpile/cache/region.py", line 1577, in get_or_create_for_user_func
Aug 24 09:46:22.951837 dv-cinder-854269-2-iscsi devstack@keystone.service[81467]: ERROR keystone.server.flask.application return self.get_or_create(
Aug 24 09:46:22.951837 dv-cinder-854269-2-iscsi devstack@keystone.service[81467]: ERROR keystone.server.flask.application
File "/usr/local/lib/python3.8/dist-packages/dogpile/cache/region.py", line 1042, in get_or_create
Aug 24 09:46:22.951837 dv-cinder-854269-2-iscsi devstack@keystone.service[81467]: ERROR keystone.server.flask.application with Lock(
Aug 24 09:46:22.951837 dv-cinder-854269-2-iscsi devstack@keystone.service[81467]: ERROR keystone.server.flask.application
File "/usr/local/lib/python3.8/dist-packages/dogpile/lock.py", line 185, in __enter__
Aug 24 09:46:22.951837 dv-cinder-854269-2-iscsi devstack@keystone.service[81467]: ERROR keystone.server.flask.application return self._enter()
Aug 24 09:46:22.951837 dv-cinder-854269-2-iscsi devstack@keystone.service[81467]: ERROR keystone.server.flask.application
File "/usr/local/lib/python3.8/dist-packages/dogpile/lock.py", line 94, in _enter
Aug 24 09:46:22.951837 dv-cinder-854269-2-iscsi devstack@keystone.service[81467]: ERROR keystone.server.flask.application generated = self._enter_create(value, createdtime)
Aug 24 09:46:22.952660 dv-cinder-854269-2-iscsi devstack@keystone.service[81467]: ERROR keystone.server.flask.application
File "/usr/local/lib/python3.8/dist-packages/dogpile/lock.py", line 178, in _enter_create
Aug 24 09:46:22.952660 dv-cinder-854269-2-iscsi devstack@keystone.service[81467]: ERROR keystone.server.flask.application return self.creator()
Aug 24 09:46:22.952660 dv-cinder-854269-2-iscsi devstack@keystone.service[81467]: ERROR keystone.server.flask.application
File "/usr/local/lib/python3.8/dist-packages/dogpile/cache/region.py", line 995, in gen_value
Aug 24 09:46:22.952660 dv-cinder-854269-2-iscsi devstack@keystone.service[81467]: ERROR keystone.server.flask.application created_value = creator(
Aug 24 09:46:22.952660 dv-cinder-854269-2-iscsi devstack@keystone.service[81467]: ERROR keystone.server.flask.application
File "/opt/stack/keystone/keystone/assignment/core.py", line 1276, in get_role
Aug 24 09:46:22.952660 dv-cinder-854269-2-iscsi devstack@keystone.service[81467]: ERROR keystone.server.flask.application return self.driver.get_role(role_id)
Aug 24 09:46:22.952660 dv-cinder-854269-2-iscsi devstack@keystone.service[81467]: ERROR keystone.server.flask.application
File "/opt/stack/keystone/keystone/assignment/role_backends/sql.py", line 70, in get_role
Aug 24 09:46:22.952660 dv-cinder-854269-2-iscsi devstack@keystone.service[81467]: ERROR keystone.server.flask.application return self._get_role(session, role_id).to_dict()
Aug 24 09:46:22.952660 dv-cinder-854269-2-iscsi devstack@keystone.service[81467]: ERROR keystone.server.flask.application
File "/opt/stack/keystone/keystone/assignment/role_backends/sql.py", line 65, in _get_role
Aug 24 09:46:22.952660 dv-cinder-854269-2-iscsi devstack@keystone.service[81467]: ERROR keystone.server.flask.application raise exception.RoleNotFound(role_id=role_id)
Aug 24 09:46:22.952660 dv-cinder-854269-2-iscsi devstack@keystone.service[81467]: ERROR keystone.server.flask.application keystone.exception.RoleNotFound: Could not find role: anotherrole.
Aug 24 09:46:22.952660 dv-cinder-854269-2-iscsi devstack@keystone.service[81467]: ERROR keystone.server.flask.application
Aug 24 09:46:22.955333 dv-cinder-854269-2-iscsi devstack@keystone.service[81467]: [pid: 81467|app: 0|req: 110/225] 10.222.0.78 () {56 vars in 1114 bytes} [Wed Aug 24 09:46:22 2022] GET /identity/v3/roles/anotherrole => generated 89 bytes in 210 msecs (HTTP/1.1 404) 5 headers in 183 bytes (1 switches on core 0)
Aug 24 09:46:22.956458 dv-cinder-854269-2-iscsi devstack@keystone.service[81467]: DEBUG keystone.server.flask.request_processing.middleware.auth_context [None req-2a4886bc-ae2c-49d8-bcb9-0d66c5d64a87 None admin] Authenticating user token {{(pid=81467) process_request /usr/local/lib/python3.8/dist-packages/keystonemiddleware/auth_token/__init__.py:407}}
Aug 24 09:46:23.073091 dv-cinder-854269-2-iscsi devstack@keystone.service[81466]: DEBUG keystone.server.flask.request_processing.middleware.auth_context [None req-313d90fd-f2ea-4cfb-b265-8da831d800b9 None admin] Validating token access rules against request {{(pid=81466) validate_allowed_request /usr/local/lib/python3.8/dist-packages/keystonemiddleware/auth_token/__init__.py:545}}
Aug 24 09:46:23.076917 dv-cinder-854269-2-iscsi devstack@keystone.service[81467]: DEBUG keystone.server.flask.request_processing.middleware.auth_context [None req-2a4886bc-ae2c-49d8-bcb9-0d66c5d64a87 None admin] Validating token access rules against request {{(pid=81467) validate_allowed_request /usr/local/lib/python3.8/dist-packages/keystonemiddleware/auth_token/__init__.py:545}}
Aug 24 09:46:23.111851 dv-cinder-854269-2-iscsi devstack@keystone.service[81466]: DEBUG keystone.server.flask.request_processing.middleware.auth_context [None req-dc5d91fd-7e32-4b04-9592-24c8be8992ad None admin] RBAC: auth_context: {'token': , 'domain_id': None, 'trust_id': None, 'trustor_id': None, 'trustee_id': None, 'domain_name': None, 'group_ids': [], 'user_id': '0f68be8cf7b24b869bf665ebc09aa5e5', 'user_domain_id': 'default', 'system_scope': 'all', 'project_id': None, 'project_domain_id': None, 'roles': ['admin', 'member', 'reader'], 'is_admin_project': True, 'service_user_id': None, 'service_user_domain_id': None, 'service_project_id': None, 'service_project_domain_id': None, 'service_roles': []} {{(pid=81466) fill_context /opt/stack/keystone/keystone/server/flask/request_processing/middleware/auth_context.py:478}}
Aug 24 09:46:23.112489 dv-cinder-854269-2-iscsi devstack@keystone.service[81466]: DEBUG keystone.server.flask.request_processing.req_logging [None req-dc5d91fd-7e32-4b04-9592-24c8be8992ad None admin] REQUEST_METHOD: `GET` {{(pid=81466) log_request_info /opt/stack/keystone/keystone/server/flask/request_processing/req_logging.py:27}}
Aug 24 09:46:23.112766 dv-cinder-854269-2-iscsi devstack@keystone.service[81466]: DEBUG keystone.server.flask.request_processing.req_logging [None req-dc5d91fd-7e32-4b04-9592-24c8be8992ad None admin] SCRIPT_NAME: `/identity` {{(pid=81466) log_request_info /opt/stack/keystone/keystone/server/flask/request_processing/req_logging.py:28}}
Aug 24 09:46:23.113037 dv-cinder-854269-2-iscsi devstack@keystone.service[81466]: DEBUG keystone.server.flask.request_processing.req_logging [None req-dc5d91fd-7e32-4b04-9592-24c8be8992ad None admin] PATH_INFO: `/v3/users/510c82edb9544c67a7bd9d06cf0ed32a` {{(pid=81466) log_request_info /opt/stack/keystone/keystone/server/flask/request_processing/req_logging.py:29}}
Aug 24 09:46:23.114201 dv-cinder-854269-2-iscsi devstack@keystone.service[81467]: DEBUG keystone.server.flask.request_processing.middleware.auth_context [None req-9f4327f5-3240-4919-a728-02b0d190805b None admin] RBAC: auth_context: {'token': , 'domain_id': None, 'trust_id': None, 'trustor_id': None, 'trustee_id': None, 'domain_name': None, 'group_ids': [], 'user_id': '0f68be8cf7b24b869bf665ebc09aa5e5', 'user_domain_id': 'default', 'system_scope': 'all', 'project_id': None, 'project_domain_id': None, 'roles': ['admin', 'member', 'reader'], 'is_admin_project': True, 'service_user_id': None, 'service_user_domain_id': None, 'service_project_id': None, 'service_project_domain_id': None, 'service_roles': []} {{(pid=81467) fill_context /opt/stack/keystone/keystone/server/flask/request_processing/middleware/auth_context.py:478}}
Aug 24 09:46:23.114427 dv-cinder-854269-2-iscsi devstack@keystone.service[81466]: DEBUG keystone.common.rbac_enforcer.enforcer [None req-dc5d91fd-7e32-4b04-9592-24c8be8992ad None admin] RBAC: Authorizing `identity:get_user(user_id=510c82edb9544c67a7bd9d06cf0ed32a)` {{(pid=81466) enforce_call /opt/stack/keystone/keystone/common/rbac_enforcer/enforcer.py:449}}
Aug 24 09:46:23.115940 dv-cinder-854269-2-iscsi devstack@keystone.service[81467]: DEBUG keystone.server.flask.request_processing.req_logging [None req-9f4327f5-3240-4919-a728-02b0d190805b None admin] REQUEST_METHOD: `GET` {{(pid=81467) log_request_info /opt/stack/keystone/keystone/server/flask/request_processing/req_logging.py:27}}
Aug 24 09:46:23.116480 dv-cinder-854269-2-iscsi devstack@keystone.service[81467]: DEBUG keystone.server.flask.request_processing.req_logging [None req-9f4327f5-3240-4919-a728-02b0d190805b None admin] SCRIPT_NAME: `/identity` {{(pid=81467) log_request_info /opt/stack/keystone/keystone/server/flask/request_processing/req_logging.py:28}}
Aug 24 09:46:23.116859 dv-cinder-854269-2-iscsi devstack@keystone.service[81466]: DEBUG keystone.common.rbac_enforcer.enforcer [None req-dc5d91fd-7e32-4b04-9592-24c8be8992ad None admin] RBAC: Authorization granted {{(pid=81466) enforce_call /opt/stack/keystone/keystone/common/rbac_enforcer/enforcer.py:457}}
Aug 24 09:46:23.117176 dv-cinder-854269-2-iscsi devstack@keystone.service[81467]: DEBUG keystone.server.flask.request_processing.req_logging [None req-9f4327f5-3240-4919-a728-02b0d190805b None admin] PATH_INFO: `/v3/projects/eb3b7ee937974dc182e3a2e76819d7c6` {{(pid=81467) log_request_info /opt/stack/keystone/keystone/server/flask/request_processing/req_logging.py:29}}
Aug 24 09:46:23.122821 dv-cinder-854269-2-iscsi devstack@keystone.service[81467]: DEBUG keystone.common.rbac_enforcer.enforcer [None req-9f4327f5-3240-4919-a728-02b0d190805b None admin] RBAC: Authorizing `identity:get_project(project_id=eb3b7ee937974dc182e3a2e76819d7c6)` {{(pid=81467) enforce_call /opt/stack/keystone/keystone/common/rbac_enforcer/enforcer.py:449}}
Aug 24 09:46:23.122957 dv-cinder-854269-2-iscsi devstack@keystone.service[81466]: [pid: 81466|app: 0|req: 116/226] 10.222.0.78 () {56 vars in 1177 bytes} [Wed Aug 24 09:46:22 2022] GET /identity/v3/users/510c82edb9544c67a7bd9d06cf0ed32a => generated 283 bytes in 174 msecs (HTTP/1.1 200) 5 headers in 177 bytes (1 switches on core 0)
Aug 24 09:46:23.122957 dv-cinder-854269-2-iscsi devstack@keystone.service[81466]: DEBUG keystone.server.flask.request_processing.middleware.auth_context [None req-dc5d91fd-7e32-4b04-9592-24c8be8992ad None admin] Authenticating user token {{(pid=81466) process_request /usr/local/lib/python3.8/dist-packages/keystonemiddleware/auth_token/__init__.py:407}}
Aug 24 09:46:23.124667 dv-cinder-854269-2-iscsi devstack@keystone.service[81467]: DEBUG keystone.common.rbac_enforcer.enforcer [None req-9f4327f5-3240-4919-a728-02b0d190805b None admin] RBAC: Authorization granted {{(pid=81467) enforce_call /opt/stack/keystone/keystone/common/rbac_enforcer/enforcer.py:457}}
Aug 24 09:46:23.126883 dv-cinder-854269-2-iscsi devstack@keystone.service[81467]: [pid: 81467|app: 0|req: 111/227] 10.222.0.78 () {56 vars in 1186 bytes} [Wed Aug 24 09:46:22 2022] GET /identity/v3/projects/eb3b7ee937974dc182e3a2e76819d7c6 => generated 302 bytes in 171 msecs (HTTP/1.1 200) 5 headers in 177 bytes (1 switches on core 0)
Aug 24 09:46:23.128657 dv-cinder-854269-2-iscsi devstack@keystone.service[81467]: DEBUG keystone.server.flask.request_processing.middleware.auth_context [None req-9f4327f5-3240-4919-a728-02b0d190805b None admin] Authenticating user token {{(pid=81467) process_request /usr/local/lib/python3.8/dist-packages/keystonemiddleware/auth_token/__init__.py:407}}
Aug 24 09:46:23.151075 dv-cinder-854269-2-iscsi devstack@keystone.service[81467]: DEBUG dbcounter [-] [81467] Writing DB stats keystone:SELECT=100 {{(pid=81467) stat_writer /usr/local/lib/python3.8/dist-packages/dbcounter.py:114}}
Aug 24 09:46:23.196448 dv-cinder-854269-2-iscsi devstack@keystone.service[81466]: DEBUG dbcounter [-] [81466] Writing DB stats keystone:SELECT=100 {{(pid=81466) stat_writer /usr/local/lib/python3.8/dist-packages/dbcounter.py:114}}
Aug 24 09:46:23.242448 dv-cinder-854269-2-iscsi devstack@keystone.service[81467]: DEBUG keystone.server.flask.request_processing.middleware.auth_context [None req-9f4327f5-3240-4919-a728-02b0d190805b None admin] Validating token access rules against request {{(pid=81467) validate_allowed_request /usr/local/lib/python3.8/dist-packages/keystonemiddleware/auth_token/__init__.py:545}}
Aug 24 09:46:23.247104 dv-cinder-854269-2-iscsi devstack@keystone.service[81466]: DEBUG keystone.server.flask.request_processing.middleware.auth_context [None req-dc5d91fd-7e32-4b04-9592-24c8be8992ad None admin] Validating token access rules against request {{(pid=81466) validate_allowed_request /usr/local/lib/python3.8/dist-packages/keystonemiddleware/auth_token/__init__.py:545}}
Aug 24 09:46:23.278240 dv-cinder-854269-2-iscsi devstack@keystone.service[81467]: DEBUG keystone.server.flask.request_processing.middleware.auth_context [None req-05fafa36-2a34-49be-9c81-a131ff90ba93 None admin] RBAC: auth_context: {'token': , 'domain_id': None, 'trust_id': None, 'trustor_id': None, 'trustee_id': None, 'domain_name': None, 'group_ids': [], 'user_id': '0f68be8cf7b24b869bf665ebc09aa5e5', 'user_domain_id': 'default', 'system_scope': 'all', 'project_id': None, 'project_domain_id': None, 'roles': ['admin', 'member', 'reader'], 'is_admin_project': True, 'service_user_id': None, 'service_user_domain_id': None, 'service_project_id': None, 'service_project_domain_id': None, 'service_roles': []} {{(pid=81467) fill_context /opt/stack/keystone/keystone/server/flask/request_processing/middleware/auth_context.py:478}}
Aug 24 09:46:23.279100 dv-cinder-854269-2-iscsi devstack@keystone.service[81467]: DEBUG keystone.server.flask.request_processing.req_logging [None req-05fafa36-2a34-49be-9c81-a131ff90ba93 None admin] REQUEST_METHOD: `GET` {{(pid=81467) log_request_info /opt/stack/keystone/keystone/server/flask/request_processing/req_logging.py:27}}
Aug 24 09:46:23.279479 dv-cinder-854269-2-iscsi devstack@keystone.service[81467]: DEBUG keystone.server.flask.request_processing.req_logging [None req-05fafa36-2a34-49be-9c81-a131ff90ba93 None admin] SCRIPT_NAME: `/identity` {{(pid=81467) log_request_info /opt/stack/keystone/keystone/server/flask/request_processing/req_logging.py:28}}
Aug 24 09:46:23.280146 dv-cinder-854269-2-iscsi devstack@keystone.service[81467]: DEBUG keystone.server.flask.request_processing.req_logging [None req-05fafa36-2a34-49be-9c81-a131ff90ba93 None admin] PATH_INFO: `/v3/projects/eb3b7ee937974dc182e3a2e76819d7c6` {{(pid=81467) log_request_info /opt/stack/keystone/keystone/server/flask/request_processing/req_logging.py:29}}
Aug 24 09:46:23.281199 dv-cinder-854269-2-iscsi devstack@keystone.service[81467]: DEBUG keystone.common.rbac_enforcer.enforcer [None req-05fafa36-2a34-49be-9c81-a131ff90ba93 None admin] RBAC: Authorizing `identity:get_project(project_id=eb3b7ee937974dc182e3a2e76819d7c6)` {{(pid=81467) enforce_call /opt/stack/keystone/keystone/common/rbac_enforcer/enforcer.py:449}}
Aug 24 09:46:23.282733 dv-cinder-854269-2-iscsi devstack@keystone.service[81467]: DEBUG keystone.common.rbac_enforcer.enforcer [None req-05fafa36-2a34-49be-9c81-a131ff90ba93 None admin] RBAC: Authorization granted {{(pid=81467) enforce_call /opt/stack/keystone/keystone/common/rbac_enforcer/enforcer.py:457}}
Aug 24 09:46:23.284518 dv-cinder-854269-2-iscsi devstack@keystone.service[81467]: [pid: 81467|app: 0|req: 112/228] 10.222.0.78 () {56 vars in 1186 bytes} [Wed Aug 24 09:46:23 2022] GET /identity/v3/projects/eb3b7ee937974dc182e3a2e76819d7c6 => generated 302 bytes in 157 msecs (HTTP/1.1 200) 5 headers in 177 bytes (1 switches on core 0)
Aug 24 09:46:23.285603 dv-cinder-854269-2-iscsi devstack@keystone.service[81466]: DEBUG keystone.server.flask.request_processing.middleware.auth_context [None req-c9cb8f2f-16f0-4b02-b549-4c1b7ff0e95c None admin] RBAC: auth_context: {'token': , 'domain_id': None, 'trust_id': None, 'trustor_id': None, 'trustee_id': None, 'domain_name': None, 'group_ids': [], 'user_id': '0f68be8cf7b24b869bf665ebc09aa5e5', 'user_domain_id': 'default', 'system_scope': 'all', 'project_id': None, 'project_domain_id': None, 'roles': ['admin', 'member', 'reader'], 'is_admin_project': True, 'service_user_id': None, 'service_user_domain_id': None, 'service_project_id': None, 'service_project_domain_id': None, 'service_roles': []} {{(pid=81466) fill_context /opt/stack/keystone/keystone/server/flask/request_processing/middleware/auth_context.py:478}}
Aug 24 09:46:23.286920 dv-cinder-854269-2-iscsi devstack@keystone.service[81466]: DEBUG keystone.server.flask.request_processing.req_logging [None req-c9cb8f2f-16f0-4b02-b549-4c1b7ff0e95c None admin] REQUEST_METHOD: `GET` {{(pid=81466) log_request_info /opt/stack/keystone/keystone/server/flask/request_processing/req_logging.py:27}}
Aug 24 09:46:23.287357 dv-cinder-854269-2-iscsi devstack@keystone.service[81466]: DEBUG keystone.server.flask.request_processing.req_logging [None req-c9cb8f2f-16f0-4b02-b549-4c1b7ff0e95c None admin] SCRIPT_NAME: `/identity` {{(pid=81466) log_request_info /opt/stack/keystone/keystone/server/flask/request_processing/req_logging.py:28}}
Aug 24 09:46:23.287782 dv-cinder-854269-2-iscsi devstack@keystone.service[81466]: DEBUG keystone.server.flask.request_processing.req_logging [None req-c9cb8f2f-16f0-4b02-b549-4c1b7ff0e95c None admin] PATH_INFO: `/v3/roles` {{(pid=81466) log_request_info /opt/stack/keystone/keystone/server/flask/request_processing/req_logging.py:29}}
Aug 24 09:46:23.288653 dv-cinder-854269-2-iscsi devstack@keystone.service[81466]: DEBUG keystone.common.rbac_enforcer.enforcer [None req-c9cb8f2f-16f0-4b02-b549-4c1b7ff0e95c None admin] RBAC: Adding query filter params (name=anotherrole) {{(pid=81466) _extract_filter_values /opt/stack/keystone/keystone/common/rbac_enforcer/enforcer.py:167}}
Aug 24 09:46:23.289077 dv-cinder-854269-2-iscsi devstack@keystone.service[81466]: DEBUG keystone.common.rbac_enforcer.enforcer [None req-c9cb8f2f-16f0-4b02-b549-4c1b7ff0e95c None admin] RBAC: Authorizing `identity:list_roles()` {{(pid=81466) enforce_call /opt/stack/keystone/keystone/common/rbac_enforcer/enforcer.py:449}}
Aug 24 09:46:23.290724 dv-cinder-854269-2-iscsi devstack@keystone.service[81467]: DEBUG keystone.server.flask.request_processing.middleware.auth_context [None req-05fafa36-2a34-49be-9c81-a131ff90ba93 None admin] Authenticating user token {{(pid=81467) process_request /usr/local/lib/python3.8/dist-packages/keystonemiddleware/auth_token/__init__.py:407}}
Aug 24 09:46:23.291030 dv-cinder-854269-2-iscsi devstack@keystone.service[81466]: DEBUG keystone.common.rbac_enforcer.enforcer [None req-c9cb8f2f-16f0-4b02-b549-4c1b7ff0e95c None admin] RBAC: Authorization granted {{(pid=81466) enforce_call /opt/stack/keystone/keystone/common/rbac_enforcer/enforcer.py:457}}
Aug 24 09:46:23.300880 dv-cinder-854269-2-iscsi devstack@keystone.service[81466]: [pid: 81466|app: 0|req: 117/229] 10.222.0.78 () {56 vars in 1111 bytes} [Wed Aug 24 09:46:23 2022] GET /identity/v3/roles?name=anotherrole => generated 334 bytes in 181 msecs (HTTP/1.1 200) 5 headers in 177 bytes (1 switches on core 0)
Aug 24 09:46:23.301915 dv-cinder-854269-2-iscsi devstack@keystone.service[81466]: DEBUG keystone.server.flask.request_processing.middleware.auth_context [None req-c9cb8f2f-16f0-4b02-b549-4c1b7ff0e95c None admin] Authenticating user token {{(pid=81466) process_request /usr/local/lib/python3.8/dist-packages/keystonemiddleware/auth_token/__init__.py:407}}
Aug 24 09:46:23.376008 dv-cinder-854269-2-iscsi devstack@keystone.service[81467]: DEBUG dbcounter [-] [81467] Writing DB stats keystone:SELECT=100 {{(pid=81467) stat_writer /usr/local/lib/python3.8/dist-packages/dbcounter.py:114}}
Aug 24 09:46:23.399602 dv-cinder-854269-2-iscsi devstack@keystone.service[81467]: DEBUG keystone.server.flask.request_processing.middleware.auth_context [None req-05fafa36-2a34-49be-9c81-a131ff90ba93 None admin] Validating token access rules against request {{(pid=81467) validate_allowed_request /usr/local/lib/python3.8/dist-packages/keystonemiddleware/auth_token/__init__.py:545}}
Aug 24 09:46:23.415051 dv-cinder-854269-2-iscsi devstack@keystone.service[81466]: DEBUG keystone.server.flask.request_processing.middleware.auth_context [None req-c9cb8f2f-16f0-4b02-b549-4c1b7ff0e95c None admin] Validating token access rules against request {{(pid=81466) validate_allowed_request /usr/local/lib/python3.8/dist-packages/keystonemiddleware/auth_token/__init__.py:545}}
Aug 24 09:46:23.434599 dv-cinder-854269-2-iscsi devstack@keystone.service[81466]: DEBUG dbcounter [-] [81466] Writing DB stats keystone:SELECT=100 {{(pid=81466) stat_writer /usr/local/lib/python3.8/dist-packages/dbcounter.py:114}}
Aug 24 09:46:23.437774 dv-cinder-854269-2-iscsi devstack@keystone.service[81467]: DEBUG keystone.server.flask.request_processing.middleware.auth_context [None req-7f198852-f603-46eb-9b68-f0cd30bd2f62 None admin] RBAC: auth_context: {'token': , 'domain_id': None, 'trust_id': None, 'trustor_id': None, 'trustee_id': None, 'domain_name': None, 'group_ids': [], 'user_id': '0f68be8cf7b24b869bf665ebc09aa5e5', 'user_domain_id': 'default', 'system_scope': 'all', 'project_id': None, 'project_domain_id': None, 'roles': ['admin', 'member', 'reader'], 'is_admin_project': True, 'service_user_id': None, 'service_user_domain_id': None, 'service_project_id': None, 'service_project_domain_id': None, 'service_roles': []} {{(pid=81467) fill_context /opt/stack/keystone/keystone/server/flask/request_processing/middleware/auth_context.py:478}}
Aug 24 09:46:23.438716 dv-cinder-854269-2-iscsi devstack@keystone.service[81467]: DEBUG keystone.server.flask.request_processing.req_logging [None req-7f198852-f603-46eb-9b68-f0cd30bd2f62 None admin] REQUEST_METHOD: `GET` {{(pid=81467) log_request_info /opt/stack/keystone/keystone/server/flask/request_processing/req_logging.py:27}}
Aug 24 09:46:23.438834 dv-cinder-854269-2-iscsi devstack@keystone.service[81467]: DEBUG keystone.server.flask.request_processing.req_logging [None req-7f198852-f603-46eb-9b68-f0cd30bd2f62 None admin] SCRIPT_NAME: `/identity` {{(pid=81467) log_request_info /opt/stack/keystone/keystone/server/flask/request_processing/req_logging.py:28}}
Aug 24 09:46:23.439219 dv-cinder-854269-2-iscsi devstack@keystone.service[81467]: DEBUG keystone.server.flask.request_processing.req_logging [None req-7f198852-f603-46eb-9b68-f0cd30bd2f62 None admin] PATH_INFO: `/v3/role_assignments` {{(pid=81467) log_request_info /opt/stack/keystone/keystone/server/flask/request_processing/req_logging.py:29}}
Aug 24 09:46:23.440904 dv-cinder-854269-2-iscsi devstack@keystone.service[81467]: DEBUG keystone.common.rbac_enforcer.enforcer [None req-7f198852-f603-46eb-9b68-f0cd30bd2f62 None admin] RBAC: Adding query filter params (role.id=4156f70d4c1744029972dc81f38353a8, scope.project.id=eb3b7ee937974dc182e3a2e76819d7c6, user.id=77c17cc09b474992b7165debd7f3586d) {{(pid=81467) _extract_filter_values /opt/stack/keystone/keystone/common/rbac_enforcer/enforcer.py:167}}
Aug 24 09:46:23.441316 dv-cinder-854269-2-iscsi devstack@keystone.service[81467]: DEBUG keystone.common.rbac_enforcer.enforcer [None req-7f198852-f603-46eb-9b68-f0cd30bd2f62 None admin] RBAC: Authorizing `identity:list_role_assignments()` {{(pid=81467) enforce_call /opt/stack/keystone/keystone/common/rbac_enforcer/enforcer.py:449}}
Aug 24 09:46:23.443771 dv-cinder-854269-2-iscsi devstack@keystone.service[81467]: DEBUG keystone.common.rbac_enforcer.enforcer [None req-7f198852-f603-46eb-9b68-f0cd30bd2f62 None admin] RBAC: Authorization granted {{(pid=81467) enforce_call /opt/stack/keystone/keystone/common/rbac_enforcer/enforcer.py:457}}
Aug 24 09:46:23.454808 dv-cinder-854269-2-iscsi devstack@keystone.service[81467]: [pid: 81467|app: 0|req: 113/230] 10.222.0.78 () {56 vars in 1374 bytes} [Wed Aug 24 09:46:23 2022] GET /identity/v3/role_assignments?user.id=77c17cc09b474992b7165debd7f3586d&scope.project.id=eb3b7ee937974dc182e3a2e76819d7c6&role.id=4156f70d4c1744029972dc81f38353a8 => generated 259 bytes in 165 msecs (HTTP/1.1 200) 5 headers in 177 bytes (1 switches on core 0)
Aug 24 09:46:23.454808 dv-cinder-854269-2-iscsi devstack@keystone.service[81467]: DEBUG keystone.server.flask.request_processing.middleware.auth_context [None req-7f198852-f603-46eb-9b68-f0cd30bd2f62 None admin] Authenticating user token {{(pid=81467) process_request /usr/local/lib/python3.8/dist-packages/keystonemiddleware/auth_token/__init__.py:407}}
Aug 24 09:46:23.483115 dv-cinder-854269-2-iscsi devstack@keystone.service[81466]: DEBUG keystone.server.flask.request_processing.middleware.auth_context [None req-c4a56b0d-2c9d-41b0-8813-75d0b1c45d64 None admin] RBAC: auth_context: {'token': , 'domain_id': None, 'trust_id': None, 'trustor_id': None, 'trustee_id': None, 'domain_name': None, 'group_ids': [], 'user_id': '0f68be8cf7b24b869bf665ebc09aa5e5', 'user_domain_id': 'default', 'system_scope': 'all', 'project_id': None, 'project_domain_id': None, 'roles': ['admin', 'member', 'reader'], 'is_admin_project': True, 'service_user_id': None, 'service_user_domain_id': None, 'service_project_id': None, 'service_project_domain_id': None, 'service_roles': []} {{(pid=81466) fill_context /opt/stack/keystone/keystone/server/flask/request_processing/middleware/auth_context.py:478}}
Aug 24 09:46:23.484176 dv-cinder-854269-2-iscsi devstack@keystone.service[81466]: DEBUG keystone.server.flask.request_processing.req_logging [None req-c4a56b0d-2c9d-41b0-8813-75d0b1c45d64 None admin] REQUEST_METHOD: `PUT` {{(pid=81466) log_request_info /opt/stack/keystone/keystone/server/flask/request_processing/req_logging.py:27}}
Aug 24 09:46:23.484629 dv-cinder-854269-2-iscsi devstack@keystone.service[81466]: DEBUG keystone.server.flask.request_processing.req_logging [None req-c4a56b0d-2c9d-41b0-8813-75d0b1c45d64 None admin] SCRIPT_NAME: `/identity` {{(pid=81466) log_request_info /opt/stack/keystone/keystone/server/flask/request_processing/req_logging.py:28}}
Aug 24 09:46:23.485089 dv-cinder-854269-2-iscsi devstack@keystone.service[81466]: DEBUG keystone.server.flask.request_processing.req_logging [None req-c4a56b0d-2c9d-41b0-8813-75d0b1c45d64 None admin] PATH_INFO: `/v3/projects/eb3b7ee937974dc182e3a2e76819d7c6/users/510c82edb9544c67a7bd9d06cf0ed32a/roles/d58e514376d0402cb9e57a1f44d5d41d` {{(pid=81466) log_request_info /opt/stack/keystone/keystone/server/flask/request_processing/req_logging.py:29}}
Aug 24 09:46:23.490477 dv-cinder-854269-2-iscsi devstack@keystone.service[81466]: DEBUG keystone.common.rbac_enforcer.enforcer [None req-c4a56b0d-2c9d-41b0-8813-75d0b1c45d64 None admin] RBAC: Authorizing `identity:create_grant(project_id=eb3b7ee937974dc182e3a2e76819d7c6, user_id=510c82edb9544c67a7bd9d06cf0ed32a, role_id=d58e514376d0402cb9e57a1f44d5d41d)` {{(pid=81466) enforce_call /opt/stack/keystone/keystone/common/rbac_enforcer/enforcer.py:449}}
Aug 24 09:46:23.492329 dv-cinder-854269-2-iscsi devstack@keystone.service[81466]: DEBUG keystone.common.rbac_enforcer.enforcer [None req-c4a56b0d-2c9d-41b0-8813-75d0b1c45d64 None admin] RBAC: Authorization granted {{(pid=81466) enforce_call /opt/stack/keystone/keystone/common/rbac_enforcer/enforcer.py:457}}
Aug 24 09:46:23.530288 dv-cinder-854269-2-iscsi devstack@keystone.service[81466]: [pid: 81466|app: 0|req: 118/231] 10.222.0.78 () {58 vars in 1439 bytes} [Wed Aug 24 09:46:23 2022] PUT /identity/v3/projects/eb3b7ee937974dc182e3a2e76819d7c6/users/510c82edb9544c67a7bd9d06cf0ed32a/roles/d58e514376d0402cb9e57a1f44d5d41d => generated 0 bytes in 229 msecs (HTTP/1.1 204) 3 headers in 132 bytes (0 switches on core 0)
Aug 24 09:46:23.578718 dv-cinder-854269-2-iscsi devstack@keystone.service[81467]: DEBUG keystone.server.flask.request_processing.middleware.auth_context [None req-7f198852-f603-46eb-9b68-f0cd30bd2f62 None admin] Validating token access rules against request {{(pid=81467) validate_allowed_request /usr/local/lib/python3.8/dist-packages/keystonemiddleware/auth_token/__init__.py:545}}
Aug 24 09:46:23.636310 dv-cinder-854269-2-iscsi devstack@keystone.service[81467]: DEBUG keystone.server.flask.request_processing.middleware.auth_context [None req-c7fefcb0-fcbb-49b9-9b67-ea4c315e60ad None admin] RBAC: auth_context: {'token': , 'domain_id': None, 'trust_id': None, 'trustor_id': None, 'trustee_id': None, 'domain_name': None, 'group_ids': [], 'user_id': '0f68be8cf7b24b869bf665ebc09aa5e5', 'user_domain_id': 'default', 'system_scope': 'all', 'project_id': None, 'project_domain_id': None, 'roles': ['admin', 'member', 'reader'], 'is_admin_project': True, 'service_user_id': None, 'service_user_domain_id': None, 'service_project_id': None, 'service_project_domain_id': None, 'service_roles': []} {{(pid=81467) fill_context /opt/stack/keystone/keystone/server/flask/request_processing/middleware/auth_context.py:478}}
Aug 24 09:46:23.636967 dv-cinder-854269-2-iscsi devstack@keystone.service[81467]: DEBUG keystone.server.flask.request_processing.req_logging [None req-c7fefcb0-fcbb-49b9-9b67-ea4c315e60ad None admin] REQUEST_METHOD: `GET` {{(pid=81467) log_request_info /opt/stack/keystone/keystone/server/flask/request_processing/req_logging.py:27}}
Aug 24 09:46:23.637249 dv-cinder-854269-2-iscsi devstack@keystone.service[81467]: DEBUG keystone.server.flask.request_processing.req_logging [None req-c7fefcb0-fcbb-49b9-9b67-ea4c315e60ad None admin] SCRIPT_NAME: `/identity` {{(pid=81467) log_request_info /opt/stack/keystone/keystone/server/flask/request_processing/req_logging.py:28}}
Aug 24 09:46:23.637528 dv-cinder-854269-2-iscsi devstack@keystone.service[81467]: DEBUG keystone.server.flask.request_processing.req_logging [None req-c7fefcb0-fcbb-49b9-9b67-ea4c315e60ad None admin] PATH_INFO: `/v3/users/510c82edb9544c67a7bd9d06cf0ed32a` {{(pid=81467) log_request_info /opt/stack/keystone/keystone/server/flask/request_processing/req_logging.py:29}}
Aug 24 09:46:23.644748 dv-cinder-854269-2-iscsi devstack@keystone.service[81467]: DEBUG keystone.common.rbac_enforcer.enforcer [None req-c7fefcb0-fcbb-49b9-9b67-ea4c315e60ad None admin] RBAC: Authorizing `identity:get_user(user_id=510c82edb9544c67a7bd9d06cf0ed32a)` {{(pid=81467) enforce_call /opt/stack/keystone/keystone/common/rbac_enforcer/enforcer.py:449}}
Aug 24 09:46:23.647233 dv-cinder-854269-2-iscsi devstack@keystone.service[81467]: DEBUG keystone.common.rbac_enforcer.enforcer [None req-c7fefcb0-fcbb-49b9-9b67-ea4c315e60ad None admin] RBAC: Authorization granted {{(pid=81467) enforce_call /opt/stack/keystone/keystone/common/rbac_enforcer/enforcer.py:457}}
Aug 24 09:46:23.649634 dv-cinder-854269-2-iscsi devstack@keystone.service[81467]: [pid: 81467|app: 0|req: 114/232] 10.222.0.78 () {56 vars in 1177 bytes} [Wed Aug 24 09:46:23 2022] GET /identity/v3/users/510c82edb9544c67a7bd9d06cf0ed32a => generated 283 bytes in 199 msecs (HTTP/1.1 200) 5 headers in 177 bytes (1 switches on core 0)
Aug 24 09:46:23.655240 dv-cinder-854269-2-iscsi devstack@keystone.service[81466]: DEBUG keystone.server.flask.request_processing.middleware.auth_context [None req-c4a56b0d-2c9d-41b0-8813-75d0b1c45d64 None admin] Authenticating user token {{(pid=81466) process_request /usr/local/lib/python3.8/dist-packages/keystonemiddleware/auth_token/__init__.py:407}}
Aug 24 09:46:23.788473 dv-cinder-854269-2-iscsi devstack@keystone.service[81466]: DEBUG keystone.server.flask.request_processing.middleware.auth_context [None req-c4a56b0d-2c9d-41b0-8813-75d0b1c45d64 None admin] Validating token access rules against request {{(pid=81466) validate_allowed_request /usr/local/lib/python3.8/dist-packages/keystonemiddleware/auth_token/__init__.py:545}}
Aug 24 09:46:23.826227 dv-cinder-854269-2-iscsi devstack@keystone.service[81466]: DEBUG keystone.server.flask.request_processing.middleware.auth_context [None req-61010808-0e74-4614-b9e5-05a963ae402c None admin] RBAC: auth_context: {'token': , 'domain_id': None, 'trust_id': None, 'trustor_id': None, 'trustee_id': None, 'domain_name': None, 'group_ids': [], 'user_id': '0f68be8cf7b24b869bf665ebc09aa5e5', 'user_domain_id': 'default', 'system_scope': 'all', 'project_id': None, 'project_domain_id': None, 'roles': ['admin', 'member', 'reader'], 'is_admin_project': True, 'service_user_id': None, 'service_user_domain_id': None, 'service_project_id': None, 'service_project_domain_id': None, 'service_roles': []} {{(pid=81466) fill_context /opt/stack/keystone/keystone/server/flask/request_processing/middleware/auth_context.py:478}}
Aug 24 09:46:23.827287 dv-cinder-854269-2-iscsi devstack@keystone.service[81466]: DEBUG keystone.server.flask.request_processing.req_logging [None req-61010808-0e74-4614-b9e5-05a963ae402c None admin] REQUEST_METHOD: `GET` {{(pid=81466) log_request_info /opt/stack/keystone/keystone/server/flask/request_processing/req_logging.py:27}}
Aug 24 09:46:23.827768 dv-cinder-854269-2-iscsi devstack@keystone.service[81466]: DEBUG keystone.server.flask.request_processing.req_logging [None req-61010808-0e74-4614-b9e5-05a963ae402c None admin] SCRIPT_NAME: `/identity` {{(pid=81466) log_request_info /opt/stack/keystone/keystone/server/flask/request_processing/req_logging.py:28}}
Aug 24 09:46:23.828264 dv-cinder-854269-2-iscsi devstack@keystone.service[81466]: DEBUG keystone.server.flask.request_processing.req_logging [None req-61010808-0e74-4614-b9e5-05a963ae402c None admin] PATH_INFO: `/v3/projects/eb3b7ee937974dc182e3a2e76819d7c6` {{(pid=81466) log_request_info /opt/stack/keystone/keystone/server/flask/request_processing/req_logging.py:29}}
Aug 24 09:46:23.829607 dv-cinder-854269-2-iscsi devstack@keystone.service[81466]: DEBUG keystone.common.rbac_enforcer.enforcer [None req-61010808-0e74-4614-b9e5-05a963ae402c None admin] RBAC: Authorizing `identity:get_project(project_id=eb3b7ee937974dc182e3a2e76819d7c6)` {{(pid=81466) enforce_call /opt/stack/keystone/keystone/common/rbac_enforcer/enforcer.py:449}}
Aug 24 09:46:23.831246 dv-cinder-854269-2-iscsi devstack@keystone.service[81466]: DEBUG keystone.common.rbac_enforcer.enforcer [None req-61010808-0e74-4614-b9e5-05a963ae402c None admin] RBAC: Authorization granted {{(pid=81466) enforce_call /opt/stack/keystone/keystone/common/rbac_enforcer/enforcer.py:457}}
Aug 24 09:46:23.834060 dv-cinder-854269-2-iscsi devstack@keystone.service[81466]: [pid: 81466|app: 0|req: 119/233] 10.222.0.78 () {56 vars in 1186 bytes} [Wed Aug 24 09:46:23 2022] GET /identity/v3/projects/eb3b7ee937974dc182e3a2e76819d7c6 => generated 302 bytes in 179 msecs (HTTP/1.1 200) 5 headers in 177 bytes (1 switches on core 0)
Aug 24 09:46:23.839647 dv-cinder-854269-2-iscsi devstack@keystone.service[81467]: DEBUG keystone.server.flask.request_processing.middleware.auth_context [None req-c7fefcb0-fcbb-49b9-9b67-ea4c315e60ad None admin] Authenticating user token {{(pid=81467) process_request /usr/local/lib/python3.8/dist-packages/keystonemiddleware/auth_token/__init__.py:407}}
Aug 24 09:46:23.859017 dv-cinder-854269-2-iscsi devstack@keystone.service[81467]: DEBUG dbcounter [-] [81467] Writing DB stats keystone:SELECT=100 {{(pid=81467) stat_writer /usr/local/lib/python3.8/dist-packages/dbcounter.py:114}}
Aug 24 09:46:23.963480 dv-cinder-854269-2-iscsi devstack@keystone.service[81467]: DEBUG keystone.server.flask.request_processing.middleware.auth_context [None req-c7fefcb0-fcbb-49b9-9b67-ea4c315e60ad None admin] Validating token access rules against request {{(pid=81467) validate_allowed_request /usr/local/lib/python3.8/dist-packages/keystonemiddleware/auth_token/__init__.py:545}}
Aug 24 09:46:23.999748 dv-cinder-854269-2-iscsi devstack@keystone.service[81467]: DEBUG keystone.server.flask.request_processing.middleware.auth_context [None req-210ab6dc-ffbe-4297-a501-d534129c6eec None admin] RBAC: auth_context: {'token': , 'domain_id': None, 'trust_id': None, 'trustor_id': None, 'trustee_id': None, 'domain_name': None, 'group_ids': [], 'user_id': '0f68be8cf7b24b869bf665ebc09aa5e5', 'user_domain_id': 'default', 'system_scope': 'all', 'project_id': None, 'project_domain_id': None, 'roles': ['admin', 'member', 'reader'], 'is_admin_project': True, 'service_user_id': None, 'service_user_domain_id': None, 'service_project_id': None, 'service_project_domain_id': None, 'service_roles': []} {{(pid=81467) fill_context /opt/stack/keystone/keystone/server/flask/request_processing/middleware/auth_context.py:478}}
Aug 24 09:46:24.000448 dv-cinder-854269-2-iscsi devstack@keystone.service[81467]: DEBUG keystone.server.flask.request_processing.req_logging [None req-210ab6dc-ffbe-4297-a501-d534129c6eec None admin] REQUEST_METHOD: `PUT` {{(pid=81467) log_request_info /opt/stack/keystone/keystone/server/flask/request_processing/req_logging.py:27}}
Aug 24 09:46:24.000730 dv-cinder-854269-2-iscsi devstack@keystone.service[81467]: DEBUG keystone.server.flask.request_processing.req_logging [None req-210ab6dc-ffbe-4297-a501-d534129c6eec None admin] SCRIPT_NAME: `/identity` {{(pid=81467) log_request_info /opt/stack/keystone/keystone/server/flask/request_processing/req_logging.py:28}}
Aug 24 09:46:24.001007 dv-cinder-854269-2-iscsi devstack@keystone.service[81467]: DEBUG keystone.server.flask.request_processing.req_logging [None req-210ab6dc-ffbe-4297-a501-d534129c6eec None admin] PATH_INFO: `/v3/projects/eb3b7ee937974dc182e3a2e76819d7c6/users/510c82edb9544c67a7bd9d06cf0ed32a/roles/00b090a41bf543a3a320c3787e8a836d` {{(pid=81467) log_request_info /opt/stack/keystone/keystone/server/flask/request_processing/req_logging.py:29}}
Aug 24 09:46:24.003245 dv-cinder-854269-2-iscsi devstack@keystone.service[81467]: DEBUG keystone.common.rbac_enforcer.enforcer [None req-210ab6dc-ffbe-4297-a501-d534129c6eec None admin] RBAC: Authorizing `identity:create_grant(project_id=eb3b7ee937974dc182e3a2e76819d7c6, user_id=510c82edb9544c67a7bd9d06cf0ed32a, role_id=00b090a41bf543a3a320c3787e8a836d)` {{(pid=81467) enforce_call /opt/stack/keystone/keystone/common/rbac_enforcer/enforcer.py:449}}
Aug 24 09:46:24.004747 dv-cinder-854269-2-iscsi devstack@keystone.service[81467]: DEBUG keystone.common.rbac_enforcer.enforcer [None req-210ab6dc-ffbe-4297-a501-d534129c6eec None admin] RBAC: Authorization granted {{(pid=81467) enforce_call /opt/stack/keystone/keystone/common/rbac_enforcer/enforcer.py:457}}
Aug 24 09:46:24.035052 dv-cinder-854269-2-iscsi devstack@keystone.service[81467]: [pid: 81467|app: 0|req: 115/234] 10.222.0.78 () {58 vars in 1439 bytes} [Wed Aug 24 09:46:23 2022] PUT /identity/v3/projects/eb3b7ee937974dc182e3a2e76819d7c6/users/510c82edb9544c67a7bd9d06cf0ed32a/roles/00b090a41bf543a3a320c3787e8a836d => generated 0 bytes in 196 msecs (HTTP/1.1 204) 3 headers in 132 bytes (0 switches on core 0)
Aug 24 09:46:24.495228 dv-cinder-854269-2-iscsi devstack@keystone.service[81466]: DEBUG keystone.server.flask.request_processing.req_logging [None req-14cd0d4d-2315-4b4e-bc2e-f653ea90d8d3 None None] REQUEST_METHOD: `GET` {{(pid=81466) log_request_info /opt/stack/keystone/keystone/server/flask/request_processing/req_logging.py:27}}
Aug 24 09:46:24.496191 dv-cinder-854269-2-iscsi devstack@keystone.service[81466]: DEBUG keystone.server.flask.request_processing.req_logging [None req-14cd0d4d-2315-4b4e-bc2e-f653ea90d8d3 None None] SCRIPT_NAME: `/identity` {{(pid=81466) log_request_info /opt/stack/keystone/keystone/server/flask/request_processing/req_logging.py:28}}
Aug 24 09:46:24.496669 dv-cinder-854269-2-iscsi devstack@keystone.service[81466]: DEBUG keystone.server.flask.request_processing.req_logging [None req-14cd0d4d-2315-4b4e-bc2e-f653ea90d8d3 None None] PATH_INFO: `/` {{(pid=81466) log_request_info /opt/stack/keystone/keystone/server/flask/request_processing/req_logging.py:29}}
Aug 24 09:46:24.498520 dv-cinder-854269-2-iscsi devstack@keystone.service[81466]: [pid: 81466|app: 0|req: 120/235] 10.222.0.78 () {54 vars in 927 bytes} [Wed Aug 24 09:46:24 2022] GET /identity => generated 270 bytes in 4 msecs (HTTP/1.1 300) 6 headers in 234 bytes (1 switches on core 0)
Aug 24 09:46:24.503383 dv-cinder-854269-2-iscsi devstack@keystone.service[81467]: DEBUG keystone.server.flask.request_processing.req_logging [None req-e2910d5d-2470-4cfa-b37e-1656ec8fb10e None None] REQUEST_METHOD: `POST` {{(pid=81467) log_request_info /opt/stack/keystone/keystone/server/flask/request_processing/req_logging.py:27}}
Aug 24 09:46:24.503671 dv-cinder-854269-2-iscsi devstack@keystone.service[81467]: DEBUG keystone.server.flask.request_processing.req_logging [None req-e2910d5d-2470-4cfa-b37e-1656ec8fb10e None None] SCRIPT_NAME: `/identity` {{(pid=81467) log_request_info /opt/stack/keystone/keystone/server/flask/request_processing/req_logging.py:28}}
Aug 24 09:46:24.503976 dv-cinder-854269-2-iscsi devstack@keystone.service[81467]: DEBUG keystone.server.flask.request_processing.req_logging [None req-e2910d5d-2470-4cfa-b37e-1656ec8fb10e None None] PATH_INFO: `/v3/auth/tokens` {{(pid=81467) log_request_info /opt/stack/keystone/keystone/server/flask/request_processing/req_logging.py:29}}
Aug 24 09:46:24.533012 dv-cinder-854269-2-iscsi devstack@keystone.service[81467]: DEBUG keystone.auth.core [None req-e2910d5d-2470-4cfa-b37e-1656ec8fb10e None None] MFA Rules not processed for user `0f68be8cf7b24b869bf665ebc09aa5e5`. Rule list: `[]` (Enabled: `True`). {{(pid=81467) check_auth_methods_against_rules /opt/stack/keystone/keystone/auth/core.py:438}}
Aug 24 09:46:24.534207 dv-cinder-854269-2-iscsi devstack@keystone.service[81467]: DEBUG keystone.common.fernet_utils [None req-e2910d5d-2470-4cfa-b37e-1656ec8fb10e None None] Loaded 2 Fernet keys from /etc/keystone/fernet-keys/, but `[fernet_tokens] max_active_keys = 3`; perhaps there have not been enough key rotations to reach `max_active_keys` yet? {{(pid=81467) load_keys /opt/stack/keystone/keystone/common/fernet_utils.py:286}}
Aug 24 09:46:24.600242 dv-cinder-854269-2-iscsi devstack@keystone.service[81466]: DEBUG keystone.server.flask.request_processing.req_logging [None req-4f224a8d-8c6d-41d8-8bf8-db92c72d4dbf None None] REQUEST_METHOD: `GET` {{(pid=81466) log_request_info /opt/stack/keystone/keystone/server/flask/request_processing/req_logging.py:27}}
Aug 24 09:46:24.600560 dv-cinder-854269-2-iscsi devstack@keystone.service[81466]: DEBUG keystone.server.flask.request_processing.req_logging [None req-4f224a8d-8c6d-41d8-8bf8-db92c72d4dbf None None] SCRIPT_NAME: `/identity` {{(pid=81466) log_request_info /opt/stack/keystone/keystone/server/flask/request_processing/req_logging.py:28}}
Aug 24 09:46:24.600790 dv-cinder-854269-2-iscsi devstack@keystone.service[81466]: DEBUG keystone.server.flask.request_processing.req_logging [None req-4f224a8d-8c6d-41d8-8bf8-db92c72d4dbf None None] PATH_INFO: `/` {{(pid=81466) log_request_info /opt/stack/keystone/keystone/server/flask/request_processing/req_logging.py:29}}
Aug 24 09:46:24.602386 dv-cinder-854269-2-iscsi devstack@keystone.service[81466]: [pid: 81466|app: 0|req: 121/236] 10.222.0.78 () {54 vars in 927 bytes} [Wed Aug 24 09:46:24 2022] GET /identity => generated 270 bytes in 4 msecs (HTTP/1.1 300) 6 headers in 234 bytes (1 switches on core 0)
Aug 24 09:46:24.611989 dv-cinder-854269-2-iscsi devstack@keystone.service[81466]: DEBUG keystone.server.flask.request_processing.req_logging [None req-b41f9c94-fb0e-4f1e-b423-87f3bc0e59cc None None] REQUEST_METHOD: `POST` {{(pid=81466) log_request_info /opt/stack/keystone/keystone/server/flask/request_processing/req_logging.py:27}}
Aug 24 09:46:24.612380 dv-cinder-854269-2-iscsi devstack@keystone.service[81466]: DEBUG keystone.server.flask.request_processing.req_logging [None req-b41f9c94-fb0e-4f1e-b423-87f3bc0e59cc None None] SCRIPT_NAME: `/identity` {{(pid=81466) log_request_info /opt/stack/keystone/keystone/server/flask/request_processing/req_logging.py:28}}
Aug 24 09:46:24.612529 dv-cinder-854269-2-iscsi devstack@keystone.service[81466]: DEBUG keystone.server.flask.request_processing.req_logging [None req-b41f9c94-fb0e-4f1e-b423-87f3bc0e59cc None None] PATH_INFO: `/v3/auth/tokens` {{(pid=81466) log_request_info /opt/stack/keystone/keystone/server/flask/request_processing/req_logging.py:29}}
Aug 24 09:46:24.642645 dv-cinder-854269-2-iscsi devstack@keystone.service[81466]: DEBUG keystone.auth.core [None req-b41f9c94-fb0e-4f1e-b423-87f3bc0e59cc None None] MFA Rules not processed for user `0f68be8cf7b24b869bf665ebc09aa5e5`. Rule list: `[]` (Enabled: `True`). {{(pid=81466) check_auth_methods_against_rules /opt/stack/keystone/keystone/auth/core.py:438}}
Aug 24 09:46:24.643271 dv-cinder-854269-2-iscsi devstack@keystone.service[81467]: DEBUG dbcounter [-] [81467] Writing DB stats keystone:SELECT=99,keystone:INSERT=1 {{(pid=81467) stat_writer /usr/local/lib/python3.8/dist-packages/dbcounter.py:114}}
