Aug 24 05:53:09.381474 dv-cinder-854269-1-smb devstack@c-api.service[114252]: DEBUG cinder.api.openstack.wsgi [None req-30d0cd43-423e-4b30-b1e3-6e6ff5fd77d6 tempest-QosSpecsTestJSON-364211971 tempest-QosSpecsTestJSON-364211971-project-admin] Calling method 'show' {{(pid=114252) _process_stack /opt/stack/cinder/cinder/api/openstack/wsgi.py:868}}
Aug 24 05:53:09.398651 dv-cinder-854269-1-smb devstack@c-api.service[114252]: INFO cinder.api.openstack.wsgi [None req-30d0cd43-423e-4b30-b1e3-6e6ff5fd77d6 tempest-QosSpecsTestJSON-364211971 tempest-QosSpecsTestJSON-364211971-project-admin] http://10.222.0.61/volume/v3/1e886d8afd2f45b58c31a76d14cc24e5/qos-specs/470f2fc9-1f6c-4f19-9a55-c898ad35caa8 returned with HTTP 404
Aug 24 05:53:09.400144 dv-cinder-854269-1-smb devstack@c-api.service[114252]: [pid: 114252|app: 0|req: 161/308] 10.222.0.61 () {58 vars in 1331 bytes} [Wed Aug 24 05:53:09 2022] GET /volume/v3/1e886d8afd2f45b58c31a76d14cc24e5/qos-specs/470f2fc9-1f6c-4f19-9a55-c898ad35caa8 => generated 100 bytes in 28 msecs (HTTP/1.1 404) 7 headers in 292 bytes (1 switches on core 0)
Aug 24 05:53:10.268184 dv-cinder-854269-1-smb devstack@c-api.service[114249]: DEBUG cinder.api.middleware.request_id [None req-8b946cfb-ef8a-4249-9f2e-be2378534299 None None] RequestId filter calling following filter/app {{(pid=114249) _context_setter /opt/stack/cinder/cinder/api/middleware/request_id.py:62}}
Aug 24 05:53:10.714814 dv-cinder-854269-1-smb devstack@c-api.service[114249]: INFO cinder.api.openstack.wsgi [None req-8b946cfb-ef8a-4249-9f2e-be2378534299 tempest-VolumeTypesTest-1721587896 tempest-VolumeTypesTest-1721587896-project-admin] POST http://10.222.0.61/volume/v3/5c56e7112bb14773a037f4aedd569edd/types
Aug 24 05:53:10.715575 dv-cinder-854269-1-smb devstack@c-api.service[114249]: DEBUG cinder.api.openstack.wsgi [None req-8b946cfb-ef8a-4249-9f2e-be2378534299 tempest-VolumeTypesTest-1721587896 tempest-VolumeTypesTest-1721587896-project-admin] Action: 'create', calling method: _create, body: {"volume_type": {"name": "tempest-VolumeTypesTest-volume-type-245194597", "extra_specs": {"storage_protocol": "smbfs", "vendor_name": "Open Source"}}} {{(pid=114249) _process_stack /opt/stack/cinder/cinder/api/openstack/wsgi.py:866}}
Aug 24 05:53:10.720847 dv-cinder-854269-1-smb devstack@c-api.service[114249]: /usr/local/lib/python3.8/dist-packages/oslo_context/context.py:100: DeprecationWarning: Policy enforcement is depending on the value of is_admin. This key is deprecated. Please update your policy file to use the standard policy values.
Aug 24 05:53:10.720847 dv-cinder-854269-1-smb devstack@c-api.service[114249]: warnings.warn('Policy enforcement is depending on the value of '
Aug 24 05:53:10.777047 dv-cinder-854269-1-smb devstack@c-api.service[114249]: INFO cinder.api.openstack.wsgi [None req-8b946cfb-ef8a-4249-9f2e-be2378534299 tempest-VolumeTypesTest-1721587896 tempest-VolumeTypesTest-1721587896-project-admin] http://10.222.0.61/volume/v3/5c56e7112bb14773a037f4aedd569edd/types returned with HTTP 200
Aug 24 05:53:10.796170 dv-cinder-854269-1-smb devstack@c-api.service[114249]: [pid: 114249|app: 0|req: 148/309] 10.222.0.61 () {60 vars in 1230 bytes} [Wed Aug 24 05:53:10 2022] POST /volume/v3/5c56e7112bb14773a037f4aedd569edd/types => generated 277 bytes in 521 msecs (HTTP/1.1 200) 7 headers in 285 bytes (1 switches on core 0)
Aug 24 05:53:10.796415 dv-cinder-854269-1-smb devstack@c-api.service[114252]: DEBUG cinder.api.middleware.request_id [None req-0ddb568d-77a5-417a-a3a3-5d9c494deedd None None] RequestId filter calling following filter/app {{(pid=114252) _context_setter /opt/stack/cinder/cinder/api/middleware/request_id.py:62}}
Aug 24 05:53:10.796930 dv-cinder-854269-1-smb devstack@c-api.service[114252]: INFO cinder.api.openstack.wsgi [None req-0ddb568d-77a5-417a-a3a3-5d9c494deedd tempest-VolumeTypesTest-1721587896 tempest-VolumeTypesTest-1721587896-project-admin] POST http://10.222.0.61/volume/v3/5c56e7112bb14773a037f4aedd569edd/types
Aug 24 05:53:10.798006 dv-cinder-854269-1-smb devstack@c-api.service[114252]: DEBUG cinder.api.openstack.wsgi [None req-0ddb568d-77a5-417a-a3a3-5d9c494deedd tempest-VolumeTypesTest-1721587896 tempest-VolumeTypesTest-1721587896-project-admin] Action: 'create', calling method: _create, body: {"volume_type": {"name": "tempest-VolumeTypesTest-volume-type-1296116422", "extra_specs": {"storage_protocol": "smbfs", "vendor_name": "Open Source"}}} {{(pid=114252) _process_stack /opt/stack/cinder/cinder/api/openstack/wsgi.py:866}}
Aug 24 05:53:10.865614 dv-cinder-854269-1-smb devstack@c-api.service[114252]: INFO cinder.api.openstack.wsgi [None req-0ddb568d-77a5-417a-a3a3-5d9c494deedd tempest-VolumeTypesTest-1721587896 tempest-VolumeTypesTest-1721587896-project-admin] http://10.222.0.61/volume/v3/5c56e7112bb14773a037f4aedd569edd/types returned with HTTP 200
Aug 24 05:53:10.867041 dv-cinder-854269-1-smb devstack@c-api.service[114252]: [pid: 114252|app: 0|req: 162/310] 10.222.0.61 () {60 vars in 1230 bytes} [Wed Aug 24 05:53:10 2022] POST /volume/v3/5c56e7112bb14773a037f4aedd569edd/types => generated 278 bytes in 79 msecs (HTTP/1.1 200) 7 headers in 285 bytes (1 switches on core 0)
Aug 24 05:53:10.874298 dv-cinder-854269-1-smb devstack@c-api.service[114249]: DEBUG cinder.api.middleware.request_id [None req-89a4f93a-366e-40b2-a94e-fac665f8af06 None None] RequestId filter calling following filter/app {{(pid=114249) _context_setter /opt/stack/cinder/cinder/api/middleware/request_id.py:62}}
Aug 24 05:53:11.039931 dv-cinder-854269-1-smb devstack@c-api.service[114249]: INFO cinder.api.openstack.wsgi [None req-89a4f93a-366e-40b2-a94e-fac665f8af06 tempest-VolumeTypesTest-76923961 tempest-VolumeTypesTest-76923961-project] POST http://10.222.0.61/volume/v3/09e1e4cf79744e2faf5a790019f41e57/volumes
Aug 24 05:53:11.041339 dv-cinder-854269-1-smb devstack@c-api.service[114249]: DEBUG cinder.api.openstack.wsgi [None req-89a4f93a-366e-40b2-a94e-fac665f8af06 tempest-VolumeTypesTest-76923961 tempest-VolumeTypesTest-76923961-project] Action: 'create', calling method: create, body: {"volume": {"name": "tempest-VolumeTypesTest-volume-1252563071", "volume_type": "05f36103-0d9d-4983-9d2d-30a541be0043", "size": 1}} {{(pid=114249) _process_stack /opt/stack/cinder/cinder/api/openstack/wsgi.py:866}}
Aug 24 05:53:11.044498 dv-cinder-854269-1-smb devstack@c-api.service[114249]: DEBUG cinder.api.v3.volumes [None req-89a4f93a-366e-40b2-a94e-fac665f8af06 tempest-VolumeTypesTest-76923961 tempest-VolumeTypesTest-76923961-project] Create volume request body: {'volume': {'name': 'tempest-VolumeTypesTest-volume-1252563071', 'volume_type': '05f36103-0d9d-4983-9d2d-30a541be0043', 'size': 1}} {{(pid=114249) create /opt/stack/cinder/cinder/api/v3/volumes.py:298}}
Aug 24 05:53:11.059127 dv-cinder-854269-1-smb devstack@c-api.service[114249]: INFO cinder.api.v3.volumes [None req-89a4f93a-366e-40b2-a94e-fac665f8af06 tempest-VolumeTypesTest-76923961 tempest-VolumeTypesTest-76923961-project] Create volume of 1 GB
Aug 24 05:53:11.060093 dv-cinder-854269-1-smb devstack@c-api.service[114249]: /usr/local/lib/python3.8/dist-packages/oslo_context/context.py:100: DeprecationWarning: Policy enforcement is depending on the value of is_admin. This key is deprecated. Please update your policy file to use the standard policy values.
Aug 24 05:53:11.060093 dv-cinder-854269-1-smb devstack@c-api.service[114249]: warnings.warn('Policy enforcement is depending on the value of '
Aug 24 05:53:11.070037 dv-cinder-854269-1-smb devstack@c-api.service[114249]: INFO cinder.volume.api [None req-89a4f93a-366e-40b2-a94e-fac665f8af06 tempest-VolumeTypesTest-76923961 tempest-VolumeTypesTest-76923961-project] Availability Zones retrieved successfully.
Aug 24 05:53:11.090285 dv-cinder-854269-1-smb devstack@c-api.service[114249]: DEBUG cinder.volume.api [None req-89a4f93a-366e-40b2-a94e-fac665f8af06 tempest-VolumeTypesTest-76923961 tempest-VolumeTypesTest-76923961-project] Flow 'volume_create_api' (a840cb99-0a74-4d10-a91d-a78371ac0711) transitioned into state 'RUNNING' from state 'PENDING' {{(pid=114249) _flow_receiver /usr/local/lib/python3.8/dist-packages/taskflow/listeners/logging.py:141}}
Aug 24 05:53:11.093531 dv-cinder-854269-1-smb devstack@c-api.service[114249]: DEBUG cinder.volume.api [None req-89a4f93a-366e-40b2-a94e-fac665f8af06 tempest-VolumeTypesTest-76923961 tempest-VolumeTypesTest-76923961-project] Task 'cinder.volume.flows.api.create_volume.ExtractVolumeRequestTask;volume:create' (9e2334f5-67d3-4cdc-9f26-c7dcad74090e) transitioned into state 'RUNNING' from state 'PENDING' {{(pid=114249) _task_receiver /usr/local/lib/python3.8/dist-packages/taskflow/listeners/logging.py:190}}
Aug 24 05:53:11.106236 dv-cinder-854269-1-smb devstack@c-api.service[114249]: DEBUG cinder.volume.flows.api.create_volume [None req-89a4f93a-366e-40b2-a94e-fac665f8af06 tempest-VolumeTypesTest-76923961 tempest-VolumeTypesTest-76923961-project] Validating volume size '1' using validate_int {{(pid=114249) _extract_size /opt/stack/cinder/cinder/volume/flows/api/create_volume.py:228}}
Aug 24 05:53:11.171506 dv-cinder-854269-1-smb devstack@c-api.service[114249]: DEBUG cinder.volume.api [None req-89a4f93a-366e-40b2-a94e-fac665f8af06 tempest-VolumeTypesTest-76923961 tempest-VolumeTypesTest-76923961-project] Task 'cinder.volume.flows.api.create_volume.ExtractVolumeRequestTask;volume:create' (9e2334f5-67d3-4cdc-9f26-c7dcad74090e) transitioned into state 'SUCCESS' from state 'RUNNING' with result '{'size': 1, 'snapshot_id': None, 'source_volid': None, 'volume_type': VolumeType(created_at=2022-08-24T05:53:11Z,deleted=False,deleted_at=None,description=None,extra_specs={storage_protocol='smbfs',vendor_name='Open Source'},id=05f36103-0d9d-4983-9d2d-30a541be0043,is_public=True,name='tempest-VolumeTypesTest-volume-type-245194597',projects=[],qos_specs=,qos_specs_id=None,updated_at=None), 'volume_type_id': '05f36103-0d9d-4983-9d2d-30a541be0043', 'encryption_key_id': None, 'qos_specs': None, 'consistencygroup_id': None, 'cgsnapshot_id': None, 'group_id': None, 'replication_status': 'disabled', 'refresh_az': False, 'backup_id': None, 'multiattach': False, 'availability_zones': ['nova']}' {{(pid=114249) _task_receiver /usr/local/lib/python3.8/dist-packages/taskflow/listeners/logging.py:178}}
Aug 24 05:53:11.182612 dv-cinder-854269-1-smb devstack@c-api.service[114249]: DEBUG cinder.volume.api [None req-89a4f93a-366e-40b2-a94e-fac665f8af06 tempest-VolumeTypesTest-76923961 tempest-VolumeTypesTest-76923961-project] Task 'cinder.volume.flows.api.create_volume.QuotaReserveTask;volume:create' (022e56d3-c873-443e-8098-f42eb1141e52) transitioned into state 'RUNNING' from state 'PENDING' {{(pid=114249) _task_receiver /usr/local/lib/python3.8/dist-packages/taskflow/listeners/logging.py:190}}
Aug 24 05:53:11.248451 dv-cinder-854269-1-smb devstack@c-api.service[114249]: WARNING cinder.quota [None req-89a4f93a-366e-40b2-a94e-fac665f8af06 tempest-VolumeTypesTest-76923961 tempest-VolumeTypesTest-76923961-project] Deprecated: Default quota for resource: volumes_tempest-VolumeTypesTest-volume-type-245194597 is set by the default quota flag: quota_volumes_tempest-VolumeTypesTest-volume-type-245194597, it is now deprecated. Please use the default quota class for default quota.
Aug 24 05:53:11.249404 dv-cinder-854269-1-smb devstack@c-api.service[114249]: WARNING cinder.quota [None req-89a4f93a-366e-40b2-a94e-fac665f8af06 tempest-VolumeTypesTest-76923961 tempest-VolumeTypesTest-76923961-project] Deprecated: Default quota for resource: gigabytes_tempest-VolumeTypesTest-volume-type-245194597 is set by the default quota flag: quota_gigabytes_tempest-VolumeTypesTest-volume-type-245194597, it is now deprecated. Please use the default quota class for default quota.
Aug 24 05:53:11.306997 dv-cinder-854269-1-smb devstack@c-api.service[114249]: DEBUG dbcounter [-] [114249] Writing DB stats cinder:SELECT=80,cinder:UPDATE=13,cinder:INSERT=7 {{(pid=114249) stat_writer /usr/local/lib/python3.8/dist-packages/dbcounter.py:114}}
Aug 24 05:53:11.354129 dv-cinder-854269-1-smb devstack@c-api.service[114249]: DEBUG cinder.quota [None req-89a4f93a-366e-40b2-a94e-fac665f8af06 tempest-VolumeTypesTest-76923961 tempest-VolumeTypesTest-76923961-project] Created reservations ['0b1fc5ab-68ea-4040-a63b-d993c9107b1f', 'd874f349-0d0f-4326-81c3-8cf39e24f41a', '9fcbc4af-55bd-4707-943a-d1f94aa9f72f', '73f9c762-7eed-4a96-986f-004c7c12cdda'] {{(pid=114249) reserve /opt/stack/cinder/cinder/quota.py:755}}
Aug 24 05:53:11.356804 dv-cinder-854269-1-smb devstack@c-api.service[114249]: DEBUG cinder.volume.api [None req-89a4f93a-366e-40b2-a94e-fac665f8af06 tempest-VolumeTypesTest-76923961 tempest-VolumeTypesTest-76923961-project] Task 'cinder.volume.flows.api.create_volume.QuotaReserveTask;volume:create' (022e56d3-c873-443e-8098-f42eb1141e52) transitioned into state 'SUCCESS' from state 'RUNNING' with result '{'reservations': ['0b1fc5ab-68ea-4040-a63b-d993c9107b1f', 'd874f349-0d0f-4326-81c3-8cf39e24f41a', '9fcbc4af-55bd-4707-943a-d1f94aa9f72f', '73f9c762-7eed-4a96-986f-004c7c12cdda']}' {{(pid=114249) _task_receiver /usr/local/lib/python3.8/dist-packages/taskflow/listeners/logging.py:178}}
Aug 24 05:53:11.364531 dv-cinder-854269-1-smb devstack@c-api.service[114249]: DEBUG cinder.volume.api [None req-89a4f93a-366e-40b2-a94e-fac665f8af06 tempest-VolumeTypesTest-76923961 tempest-VolumeTypesTest-76923961-project] Task 'cinder.volume.flows.api.create_volume.EntryCreateTask;volume:create' (e85228db-1617-4ebd-b02b-880bd0a9fb27) transitioned into state 'RUNNING' from state 'PENDING' {{(pid=114249) _task_receiver /usr/local/lib/python3.8/dist-packages/taskflow/listeners/logging.py:190}}
Aug 24 05:53:11.418376 dv-cinder-854269-1-smb devstack@c-api.service[114249]: DEBUG cinder.volume.api [None req-89a4f93a-366e-40b2-a94e-fac665f8af06 tempest-VolumeTypesTest-76923961 tempest-VolumeTypesTest-76923961-project] Task 'cinder.volume.flows.api.create_volume.EntryCreateTask;volume:create' (e85228db-1617-4ebd-b02b-880bd0a9fb27) transitioned into state 'SUCCESS' from state 'RUNNING' with result '{'volume_id': '57d84752-52b1-42bd-a5f7-48e2193b638f', 'volume_properties': VolumeProperties(attach_status='detached',availability_zone='nova',cgsnapshot_id=None,consistencygroup_id=None,display_description=None,display_name='tempest-VolumeTypesTest-volume-1252563071',encryption_key_id=None,group_id=None,group_type_id=,metadata={},multiattach=False,project_id='09e1e4cf79744e2faf5a790019f41e57',qos_specs=None,replication_status=,reservations=['0b1fc5ab-68ea-4040-a63b-d993c9107b1f','d874f349-0d0f-4326-81c3-8cf39e24f41a','9fcbc4af-55bd-4707-943a-d1f94aa9f72f','73f9c762-7eed-4a96-986f-004c7c12cdda'],size=1,snapshot_id=None,source_replicaid=,source_volid=None,status='creating',user_id='35949dc40ef74cdd9838c4fddd0ff23e',volume_type_id=05f36103-0d9d-4983-9d2d-30a541be0043), 'volume': Volume(_name_id=None,admin_metadata=,attach_status='detached',availability_zone='nova',bootable=False,cluster=,cluster_name=None,consistencygroup=,consistencygroup_id=None,created_at=2022-08-24T05:53:11Z,deleted=False,deleted_at=None,display_description=None,display_name='tempest-VolumeTypesTest-volume-1252563071',ec2_id=None,encryption_key_id=None,glance_metadata=,group=,group_id=None,host=None,id=57d84752-52b1-42bd-a5f7-48e2193b638f,launched_at=None,metadata={},migration_status=None,multiattach=False,previous_status=None,project_id='09e1e4cf79744e2faf5a790019f41e57',provider_auth=None,provider_geometry=None,provider_id=None,provider_location=None,replication_driver_data=None,replication_extended_status=None,replication_status=None,scheduled_at=None,service_uuid=None,shared_targets=True,size=1,snapshot_id=None,snapshots=,source_volid=None,status='creating',terminated_at=None,updated_at=None,use_quota=True,user_id='35949dc40ef74cdd9838c4fddd0ff23e',volume_attachment=VolumeAttachmentList,volume_type=VolumeType(05f36103-0d9d-4983-9d2d-30a541be0043),volume_type_id=05f36103-0d9d-4983-9d2d-30a541be0043)}' {{(pid=114249) _task_receiver /usr/local/lib/python3.8/dist-packages/taskflow/listeners/logging.py:178}}
Aug 24 05:53:11.424037 dv-cinder-854269-1-smb devstack@c-api.service[114249]: DEBUG cinder.volume.api [None req-89a4f93a-366e-40b2-a94e-fac665f8af06 tempest-VolumeTypesTest-76923961 tempest-VolumeTypesTest-76923961-project] Task 'cinder.volume.flows.api.create_volume.QuotaCommitTask;volume:create' (a2b571f7-4c63-4a49-bc28-04dd1dae66d0) transitioned into state 'RUNNING' from state 'PENDING' {{(pid=114249) _task_receiver /usr/local/lib/python3.8/dist-packages/taskflow/listeners/logging.py:190}}
Aug 24 05:53:11.475849 dv-cinder-854269-1-smb devstack@c-api.service[114249]: DEBUG cinder.volume.api [None req-89a4f93a-366e-40b2-a94e-fac665f8af06 tempest-VolumeTypesTest-76923961 tempest-VolumeTypesTest-76923961-project] Task 'cinder.volume.flows.api.create_volume.QuotaCommitTask;volume:create' (a2b571f7-4c63-4a49-bc28-04dd1dae66d0) transitioned into state 'SUCCESS' from state 'RUNNING' with result '{'volume_properties': VolumeProperties(attach_status='detached',availability_zone='nova',cgsnapshot_id=None,consistencygroup_id=None,display_description=None,display_name='tempest-VolumeTypesTest-volume-1252563071',encryption_key_id=None,group_id=None,group_type_id=,metadata={},multiattach=False,project_id='09e1e4cf79744e2faf5a790019f41e57',qos_specs=None,replication_status=,reservations=['0b1fc5ab-68ea-4040-a63b-d993c9107b1f','d874f349-0d0f-4326-81c3-8cf39e24f41a','9fcbc4af-55bd-4707-943a-d1f94aa9f72f','73f9c762-7eed-4a96-986f-004c7c12cdda'],size=1,snapshot_id=None,source_replicaid=,source_volid=None,status='creating',user_id='35949dc40ef74cdd9838c4fddd0ff23e',volume_type_id=05f36103-0d9d-4983-9d2d-30a541be0043)}' {{(pid=114249) _task_receiver /usr/local/lib/python3.8/dist-packages/taskflow/listeners/logging.py:178}}
Aug 24 05:53:11.478647 dv-cinder-854269-1-smb devstack@c-api.service[114249]: DEBUG cinder.volume.api [None req-89a4f93a-366e-40b2-a94e-fac665f8af06 tempest-VolumeTypesTest-76923961 tempest-VolumeTypesTest-76923961-project] Task 'cinder.volume.flows.api.create_volume.VolumeCastTask;volume:create' (46443310-3ce2-4a02-a241-faa05b098f21) transitioned into state 'RUNNING' from state 'PENDING' {{(pid=114249) _task_receiver /usr/local/lib/python3.8/dist-packages/taskflow/listeners/logging.py:190}}
Aug 24 05:53:11.526485 dv-cinder-854269-1-smb devstack@c-api.service[114249]: DEBUG cinder.volume.api [None req-89a4f93a-366e-40b2-a94e-fac665f8af06 tempest-VolumeTypesTest-76923961 tempest-VolumeTypesTest-76923961-project] Task 'cinder.volume.flows.api.create_volume.VolumeCastTask;volume:create' (46443310-3ce2-4a02-a241-faa05b098f21) transitioned into state 'SUCCESS' from state 'RUNNING' with result 'None' {{(pid=114249) _task_receiver /usr/local/lib/python3.8/dist-packages/taskflow/listeners/logging.py:178}}
Aug 24 05:53:11.538645 dv-cinder-854269-1-smb devstack@c-api.service[114249]: DEBUG cinder.volume.api [None req-89a4f93a-366e-40b2-a94e-fac665f8af06 tempest-VolumeTypesTest-76923961 tempest-VolumeTypesTest-76923961-project] Flow 'volume_create_api' (a840cb99-0a74-4d10-a91d-a78371ac0711) transitioned into state 'SUCCESS' from state 'RUNNING' {{(pid=114249) _flow_receiver /usr/local/lib/python3.8/dist-packages/taskflow/listeners/logging.py:141}}
Aug 24 05:53:11.541562 dv-cinder-854269-1-smb devstack@c-api.service[114249]: INFO cinder.volume.api [None req-89a4f93a-366e-40b2-a94e-fac665f8af06 tempest-VolumeTypesTest-76923961 tempest-VolumeTypesTest-76923961-project] Create volume request issued successfully.
Aug 24 05:53:11.543534 dv-cinder-854269-1-smb devstack@c-api.service[114249]: INFO cinder.api.openstack.wsgi [None req-89a4f93a-366e-40b2-a94e-fac665f8af06 tempest-VolumeTypesTest-76923961 tempest-VolumeTypesTest-76923961-project] http://10.222.0.61/volume/v3/09e1e4cf79744e2faf5a790019f41e57/volumes returned with HTTP 202
Aug 24 05:53:11.561736 dv-cinder-854269-1-smb devstack@c-api.service[114249]: [pid: 114249|app: 0|req: 149/311] 10.222.0.61 () {60 vars in 1236 bytes} [Wed Aug 24 05:53:10 2022] POST /volume/v3/09e1e4cf79744e2faf5a790019f41e57/volumes => generated 849 bytes in 676 msecs (HTTP/1.1 202) 7 headers in 291 bytes (1 switches on core 0)
Aug 24 05:53:11.575230 dv-cinder-854269-1-smb devstack@c-api.service[114252]: DEBUG cinder.api.middleware.request_id [None req-d29fa9d1-0af5-4f6a-9432-a41581a4fa36 None None] RequestId filter calling following filter/app {{(pid=114252) _context_setter /opt/stack/cinder/cinder/api/middleware/request_id.py:62}}
Aug 24 05:53:11.595169 dv-cinder-854269-1-smb devstack@c-api.service[114252]: INFO cinder.api.openstack.wsgi [None req-d29fa9d1-0af5-4f6a-9432-a41581a4fa36 tempest-VolumeTypesTest-76923961 tempest-VolumeTypesTest-76923961-project] GET http://10.222.0.61/volume/v3/09e1e4cf79744e2faf5a790019f41e57/volumes/57d84752-52b1-42bd-a5f7-48e2193b638f
Aug 24 05:53:11.595682 dv-cinder-854269-1-smb devstack@c-api.service[114252]: DEBUG cinder.api.openstack.wsgi [None req-d29fa9d1-0af5-4f6a-9432-a41581a4fa36 tempest-VolumeTypesTest-76923961 tempest-VolumeTypesTest-76923961-project] Empty body provided in request {{(pid=114252) get_body /opt/stack/cinder/cinder/api/openstack/wsgi.py:715}}
Aug 24 05:53:11.596175 dv-cinder-854269-1-smb devstack@c-api.service[114252]: DEBUG cinder.api.openstack.wsgi [None req-d29fa9d1-0af5-4f6a-9432-a41581a4fa36 tempest-VolumeTypesTest-76923961 tempest-VolumeTypesTest-76923961-project] Calling method 'show' {{(pid=114252) _process_stack /opt/stack/cinder/cinder/api/openstack/wsgi.py:868}}
Aug 24 05:53:11.637728 dv-cinder-854269-1-smb devstack@c-api.service[114252]: /usr/local/lib/python3.8/dist-packages/oslo_context/context.py:100: DeprecationWarning: Policy enforcement is depending on the value of is_admin. This key is deprecated. Please update your policy file to use the standard policy values.
Aug 24 05:53:11.637728 dv-cinder-854269-1-smb devstack@c-api.service[114252]: warnings.warn('Policy enforcement is depending on the value of '
Aug 24 05:53:11.655784 dv-cinder-854269-1-smb devstack@c-api.service[114252]: INFO cinder.volume.api [None req-d29fa9d1-0af5-4f6a-9432-a41581a4fa36 tempest-VolumeTypesTest-76923961 tempest-VolumeTypesTest-76923961-project] Volume info retrieved successfully.
Aug 24 05:53:11.672389 dv-cinder-854269-1-smb devstack@c-api.service[114252]: INFO cinder.api.openstack.wsgi [None req-d29fa9d1-0af5-4f6a-9432-a41581a4fa36 tempest-VolumeTypesTest-76923961 tempest-VolumeTypesTest-76923961-project] http://10.222.0.61/volume/v3/09e1e4cf79744e2faf5a790019f41e57/volumes/57d84752-52b1-42bd-a5f7-48e2193b638f returned with HTTP 200
Aug 24 05:53:11.687280 dv-cinder-854269-1-smb devstack@c-api.service[114252]: [pid: 114252|app: 0|req: 163/312] 10.222.0.61 () {58 vars in 1325 bytes} [Wed Aug 24 05:53:11 2022] GET /volume/v3/09e1e4cf79744e2faf5a790019f41e57/volumes/57d84752-52b1-42bd-a5f7-48e2193b638f => generated 917 bytes in 111 msecs (HTTP/1.1 200) 7 headers in 285 bytes (1 switches on core 0)
Aug 24 05:53:12.080385 dv-cinder-854269-1-smb devstack@c-api.service[114249]: DEBUG cinder.api.middleware.request_id [None req-bf309b28-7408-4bb4-a849-2648dfefc4ec None None] RequestId filter calling following filter/app {{(pid=114249) _context_setter /opt/stack/cinder/cinder/api/middleware/request_id.py:62}}
Aug 24 05:53:12.287961 dv-cinder-854269-1-smb devstack@c-api.service[114249]: INFO cinder.api.openstack.wsgi [None req-bf309b28-7408-4bb4-a849-2648dfefc4ec tempest-VolumesMetadataTest-1398236581 tempest-VolumesMetadataTest-1398236581-project] POST http://10.222.0.61/volume/v3/bfd0c22b5e4f4dd18772b928453cc861/volumes
Aug 24 05:53:12.288748 dv-cinder-854269-1-smb devstack@c-api.service[114249]: DEBUG cinder.api.openstack.wsgi [None req-bf309b28-7408-4bb4-a849-2648dfefc4ec tempest-VolumesMetadataTest-1398236581 tempest-VolumesMetadataTest-1398236581-project] Action: 'create', calling method: create, body: {"volume": {"size": 1, "name": "tempest-VolumesMetadataTest-Volume-1548923036"}} {{(pid=114249) _process_stack /opt/stack/cinder/cinder/api/openstack/wsgi.py:866}}
Aug 24 05:53:12.291315 dv-cinder-854269-1-smb devstack@c-api.service[114249]: DEBUG cinder.api.v3.volumes [None req-bf309b28-7408-4bb4-a849-2648dfefc4ec tempest-VolumesMetadataTest-1398236581 tempest-VolumesMetadataTest-1398236581-project] Create volume request body: {'volume': {'size': 1, 'name': 'tempest-VolumesMetadataTest-Volume-1548923036'}} {{(pid=114249) create /opt/stack/cinder/cinder/api/v3/volumes.py:298}}
Aug 24 05:53:12.291791 dv-cinder-854269-1-smb devstack@c-api.service[114249]: INFO cinder.api.v3.volumes [None req-bf309b28-7408-4bb4-a849-2648dfefc4ec tempest-VolumesMetadataTest-1398236581 tempest-VolumesMetadataTest-1398236581-project] Create volume of 1 GB
Aug 24 05:53:12.292603 dv-cinder-854269-1-smb devstack@c-api.service[114249]: /usr/local/lib/python3.8/dist-packages/oslo_context/context.py:100: DeprecationWarning: Policy enforcement is depending on the value of is_admin. This key is deprecated. Please update your policy file to use the standard policy values.
Aug 24 05:53:12.292603 dv-cinder-854269-1-smb devstack@c-api.service[114249]: warnings.warn('Policy enforcement is depending on the value of '
Aug 24 05:53:12.303128 dv-cinder-854269-1-smb devstack@c-api.service[114249]: INFO cinder.volume.api [None req-bf309b28-7408-4bb4-a849-2648dfefc4ec tempest-VolumesMetadataTest-1398236581 tempest-VolumesMetadataTest-1398236581-project] Availability Zones retrieved successfully.
Aug 24 05:53:12.367500 dv-cinder-854269-1-smb devstack@c-api.service[114249]: DEBUG cinder.volume.api [None req-bf309b28-7408-4bb4-a849-2648dfefc4ec tempest-VolumesMetadataTest-1398236581 tempest-VolumesMetadataTest-1398236581-project] Flow 'volume_create_api' (f8f18b5b-6332-4526-8b28-b558ff5f1223) transitioned into state 'RUNNING' from state 'PENDING' {{(pid=114249) _flow_receiver /usr/local/lib/python3.8/dist-packages/taskflow/listeners/logging.py:141}}
Aug 24 05:53:12.373684 dv-cinder-854269-1-smb devstack@c-api.service[114249]: DEBUG cinder.volume.api [None req-bf309b28-7408-4bb4-a849-2648dfefc4ec tempest-VolumesMetadataTest-1398236581 tempest-VolumesMetadataTest-1398236581-project] Task 'cinder.volume.flows.api.create_volume.ExtractVolumeRequestTask;volume:create' (d021930b-eacf-49ed-a7b1-a4bd4da5b430) transitioned into state 'RUNNING' from state 'PENDING' {{(pid=114249) _task_receiver /usr/local/lib/python3.8/dist-packages/taskflow/listeners/logging.py:190}}
Aug 24 05:53:12.378263 dv-cinder-854269-1-smb devstack@c-api.service[114249]: DEBUG cinder.volume.flows.api.create_volume [None req-bf309b28-7408-4bb4-a849-2648dfefc4ec tempest-VolumesMetadataTest-1398236581 tempest-VolumesMetadataTest-1398236581-project] Validating volume size '1' using validate_int {{(pid=114249) _extract_size /opt/stack/cinder/cinder/volume/flows/api/create_volume.py:228}}
Aug 24 05:53:12.442531 dv-cinder-854269-1-smb devstack@c-api.service[114249]: DEBUG cinder.volume.api [None req-bf309b28-7408-4bb4-a849-2648dfefc4ec tempest-VolumesMetadataTest-1398236581 tempest-VolumesMetadataTest-1398236581-project] Task 'cinder.volume.flows.api.create_volume.ExtractVolumeRequestTask;volume:create' (d021930b-eacf-49ed-a7b1-a4bd4da5b430) transitioned into state 'SUCCESS' from state 'RUNNING' with result '{'size': 1, 'snapshot_id': None, 'source_volid': None, 'volume_type': VolumeType(created_at=2022-08-24T05:42:50Z,deleted=False,deleted_at=None,description='Default Volume Type',extra_specs={},id=9499df51-8332-4c51-8502-6b80c36268fd,is_public=True,name='__DEFAULT__',projects=[],qos_specs=,qos_specs_id=None,updated_at=2022-08-24T05:42:50Z), 'volume_type_id': '9499df51-8332-4c51-8502-6b80c36268fd', 'encryption_key_id': None, 'qos_specs': None, 'consistencygroup_id': None, 'cgsnapshot_id': None, 'group_id': None, 'replication_status': 'disabled', 'refresh_az': False, 'backup_id': None, 'multiattach': False, 'availability_zones': ['nova']}' {{(pid=114249) _task_receiver /usr/local/lib/python3.8/dist-packages/taskflow/listeners/logging.py:178}}
Aug 24 05:53:12.447241 dv-cinder-854269-1-smb devstack@c-api.service[114249]: DEBUG cinder.volume.api [None req-bf309b28-7408-4bb4-a849-2648dfefc4ec tempest-VolumesMetadataTest-1398236581 tempest-VolumesMetadataTest-1398236581-project] Task 'cinder.volume.flows.api.create_volume.QuotaReserveTask;volume:create' (e554b688-05d4-4391-b001-0f2ecc8c3015) transitioned into state 'RUNNING' from state 'PENDING' {{(pid=114249) _task_receiver /usr/local/lib/python3.8/dist-packages/taskflow/listeners/logging.py:190}}
Aug 24 05:53:12.685102 dv-cinder-854269-1-smb devstack@c-api.service[114249]: DEBUG cinder.quota [None req-bf309b28-7408-4bb4-a849-2648dfefc4ec tempest-VolumesMetadataTest-1398236581 tempest-VolumesMetadataTest-1398236581-project] Created reservations ['008263a3-66ab-4dec-b0fa-d0346fe5a56f', '3e099816-27df-4c85-b947-f5afb5073e87', '3007d360-841b-46bc-ab13-38e50a7a670f', '9be5d159-1348-48e3-b143-b64085bef5c7'] {{(pid=114249) reserve /opt/stack/cinder/cinder/quota.py:755}}
Aug 24 05:53:12.689399 dv-cinder-854269-1-smb devstack@c-api.service[114252]: DEBUG cinder.api.middleware.request_id [None req-28e7eeb8-0a4b-4ea8-9198-37d383ff01ab None None] RequestId filter calling following filter/app {{(pid=114252) _context_setter /opt/stack/cinder/cinder/api/middleware/request_id.py:62}}
Aug 24 05:53:12.692451 dv-cinder-854269-1-smb devstack@c-api.service[114249]: DEBUG cinder.volume.api [None req-bf309b28-7408-4bb4-a849-2648dfefc4ec tempest-VolumesMetadataTest-1398236581 tempest-VolumesMetadataTest-1398236581-project] Task 'cinder.volume.flows.api.create_volume.QuotaReserveTask;volume:create' (e554b688-05d4-4391-b001-0f2ecc8c3015) transitioned into state 'SUCCESS' from state 'RUNNING' with result '{'reservations': ['008263a3-66ab-4dec-b0fa-d0346fe5a56f', '3e099816-27df-4c85-b947-f5afb5073e87', '3007d360-841b-46bc-ab13-38e50a7a670f', '9be5d159-1348-48e3-b143-b64085bef5c7']}' {{(pid=114249) _task_receiver /usr/local/lib/python3.8/dist-packages/taskflow/listeners/logging.py:178}}
Aug 24 05:53:12.694231 dv-cinder-854269-1-smb devstack@c-api.service[114252]: INFO cinder.api.openstack.wsgi [None req-28e7eeb8-0a4b-4ea8-9198-37d383ff01ab tempest-VolumeTypesTest-76923961 tempest-VolumeTypesTest-76923961-project] GET http://10.222.0.61/volume/v3/09e1e4cf79744e2faf5a790019f41e57/volumes/57d84752-52b1-42bd-a5f7-48e2193b638f
Aug 24 05:53:12.694705 dv-cinder-854269-1-smb devstack@c-api.service[114252]: DEBUG cinder.api.openstack.wsgi [None req-28e7eeb8-0a4b-4ea8-9198-37d383ff01ab tempest-VolumeTypesTest-76923961 tempest-VolumeTypesTest-76923961-project] Empty body provided in request {{(pid=114252) get_body /opt/stack/cinder/cinder/api/openstack/wsgi.py:715}}
Aug 24 05:53:12.695166 dv-cinder-854269-1-smb devstack@c-api.service[114252]: DEBUG cinder.api.openstack.wsgi [None req-28e7eeb8-0a4b-4ea8-9198-37d383ff01ab tempest-VolumeTypesTest-76923961 tempest-VolumeTypesTest-76923961-project] Calling method 'show' {{(pid=114252) _process_stack /opt/stack/cinder/cinder/api/openstack/wsgi.py:868}}
Aug 24 05:53:12.696088 dv-cinder-854269-1-smb devstack@c-api.service[114249]: DEBUG cinder.volume.api [None req-bf309b28-7408-4bb4-a849-2648dfefc4ec tempest-VolumesMetadataTest-1398236581 tempest-VolumesMetadataTest-1398236581-project] Task 'cinder.volume.flows.api.create_volume.EntryCreateTask;volume:create' (f4004fa3-07b2-4368-82ff-01e7bf689f4c) transitioned into state 'RUNNING' from state 'PENDING' {{(pid=114249) _task_receiver /usr/local/lib/python3.8/dist-packages/taskflow/listeners/logging.py:190}}
Aug 24 05:53:12.725438 dv-cinder-854269-1-smb devstack@c-api.service[114252]: /usr/local/lib/python3.8/dist-packages/oslo_context/context.py:100: DeprecationWarning: Policy enforcement is depending on the value of is_admin. This key is deprecated. Please update your policy file to use the standard policy values.
Aug 24 05:53:12.725438 dv-cinder-854269-1-smb devstack@c-api.service[114252]: warnings.warn('Policy enforcement is depending on the value of '
Aug 24 05:53:12.734290 dv-cinder-854269-1-smb devstack@c-api.service[114249]: DEBUG cinder.volume.api [None req-bf309b28-7408-4bb4-a849-2648dfefc4ec tempest-VolumesMetadataTest-1398236581 tempest-VolumesMetadataTest-1398236581-project] Task 'cinder.volume.flows.api.create_volume.EntryCreateTask;volume:create' (f4004fa3-07b2-4368-82ff-01e7bf689f4c) transitioned into state 'SUCCESS' from state 'RUNNING' with result '{'volume_id': 'b99f250c-e58d-414b-bda3-1dd54527d86a', 'volume_properties': VolumeProperties(attach_status='detached',availability_zone='nova',cgsnapshot_id=None,consistencygroup_id=None,display_description=None,display_name='tempest-VolumesMetadataTest-Volume-1548923036',encryption_key_id=None,group_id=None,group_type_id=,metadata={},multiattach=False,project_id='bfd0c22b5e4f4dd18772b928453cc861',qos_specs=None,replication_status=,reservations=['008263a3-66ab-4dec-b0fa-d0346fe5a56f','3e099816-27df-4c85-b947-f5afb5073e87','3007d360-841b-46bc-ab13-38e50a7a670f','9be5d159-1348-48e3-b143-b64085bef5c7'],size=1,snapshot_id=None,source_replicaid=,source_volid=None,status='creating',user_id='9f7dc9d744d043978ed2a69295333cf2',volume_type_id=9499df51-8332-4c51-8502-6b80c36268fd), 'volume': Volume(_name_id=None,admin_metadata=,attach_status='detached',availability_zone='nova',bootable=False,cluster=,cluster_name=None,consistencygroup=,consistencygroup_id=None,created_at=2022-08-24T05:53:12Z,deleted=False,deleted_at=None,display_description=None,display_name='tempest-VolumesMetadataTest-Volume-1548923036',ec2_id=None,encryption_key_id=None,glance_metadata=,group=,group_id=None,host=None,id=b99f250c-e58d-414b-bda3-1dd54527d86a,launched_at=None,metadata={},migration_status=None,multiattach=False,previous_status=None,project_id='bfd0c22b5e4f4dd18772b928453cc861',provider_auth=None,provider_geometry=None,provider_id=None,provider_location=None,replication_driver_data=None,replication_extended_status=None,replication_status=None,scheduled_at=None,service_uuid=None,shared_targets=True,size=1,snapshot_id=None,snapshots=,source_volid=None,status='creating',terminated_at=None,updated_at=None,use_quota=True,user_id='9f7dc9d744d043978ed2a69295333cf2',volume_attachment=VolumeAttachmentList,volume_type=VolumeType(9499df51-8332-4c51-8502-6b80c36268fd),volume_type_id=9499df51-8332-4c51-8502-6b80c36268fd)}' {{(pid=114249) _task_receiver /usr/local/lib/python3.8/dist-packages/taskflow/listeners/logging.py:178}}
Aug 24 05:53:12.736745 dv-cinder-854269-1-smb devstack@c-api.service[114249]: DEBUG cinder.volume.api [None req-bf309b28-7408-4bb4-a849-2648dfefc4ec tempest-VolumesMetadataTest-1398236581 tempest-VolumesMetadataTest-1398236581-project] Task 'cinder.volume.flows.api.create_volume.QuotaCommitTask;volume:create' (67191e22-0171-4786-bee4-df6526ad4dca) transitioned into state 'RUNNING' from state 'PENDING' {{(pid=114249) _task_receiver /usr/local/lib/python3.8/dist-packages/taskflow/listeners/logging.py:190}}
Aug 24 05:53:12.741673 dv-cinder-854269-1-smb devstack@c-api.service[114252]: INFO cinder.volume.api [None req-28e7eeb8-0a4b-4ea8-9198-37d383ff01ab tempest-VolumeTypesTest-76923961 tempest-VolumeTypesTest-76923961-project] Volume info retrieved successfully.
Aug 24 05:53:12.771812 dv-cinder-854269-1-smb devstack@c-api.service[114252]: INFO cinder.api.openstack.wsgi [None req-28e7eeb8-0a4b-4ea8-9198-37d383ff01ab tempest-VolumeTypesTest-76923961 tempest-VolumeTypesTest-76923961-project] http://10.222.0.61/volume/v3/09e1e4cf79744e2faf5a790019f41e57/volumes/57d84752-52b1-42bd-a5f7-48e2193b638f returned with HTTP 200
Aug 24 05:53:12.775171 dv-cinder-854269-1-smb devstack@c-api.service[114252]: [pid: 114252|app: 0|req: 164/313] 10.222.0.61 () {58 vars in 1325 bytes} [Wed Aug 24 05:53:12 2022] GET /volume/v3/09e1e4cf79744e2faf5a790019f41e57/volumes/57d84752-52b1-42bd-a5f7-48e2193b638f => generated 942 bytes in 87 msecs (HTTP/1.1 200) 7 headers in 285 bytes (2 switches on core 0)
Aug 24 05:53:12.789838 dv-cinder-854269-1-smb devstack@c-api.service[114252]: DEBUG cinder.api.middleware.request_id [None req-1ac949d4-7f28-4b80-bf31-4d678da0f2af None None] RequestId filter calling following filter/app {{(pid=114252) _context_setter /opt/stack/cinder/cinder/api/middleware/request_id.py:62}}
Aug 24 05:53:12.793527 dv-cinder-854269-1-smb devstack@c-api.service[114249]: DEBUG cinder.volume.api [None req-bf309b28-7408-4bb4-a849-2648dfefc4ec tempest-VolumesMetadataTest-1398236581 tempest-VolumesMetadataTest-1398236581-project] Task 'cinder.volume.flows.api.create_volume.QuotaCommitTask;volume:create' (67191e22-0171-4786-bee4-df6526ad4dca) transitioned into state 'SUCCESS' from state 'RUNNING' with result '{'volume_properties': VolumeProperties(attach_status='detached',availability_zone='nova',cgsnapshot_id=None,consistencygroup_id=None,display_description=None,display_name='tempest-VolumesMetadataTest-Volume-1548923036',encryption_key_id=None,group_id=None,group_type_id=,metadata={},multiattach=False,project_id='bfd0c22b5e4f4dd18772b928453cc861',qos_specs=None,replication_status=,reservations=['008263a3-66ab-4dec-b0fa-d0346fe5a56f','3e099816-27df-4c85-b947-f5afb5073e87','3007d360-841b-46bc-ab13-38e50a7a670f','9be5d159-1348-48e3-b143-b64085bef5c7'],size=1,snapshot_id=None,source_replicaid=,source_volid=None,status='creating',user_id='9f7dc9d744d043978ed2a69295333cf2',volume_type_id=9499df51-8332-4c51-8502-6b80c36268fd)}' {{(pid=114249) _task_receiver /usr/local/lib/python3.8/dist-packages/taskflow/listeners/logging.py:178}}
Aug 24 05:53:12.794441 dv-cinder-854269-1-smb devstack@c-api.service[114252]: INFO cinder.api.openstack.wsgi [None req-1ac949d4-7f28-4b80-bf31-4d678da0f2af tempest-VolumeTypesTest-76923961 tempest-VolumeTypesTest-76923961-project] POST http://10.222.0.61/volume/v3/09e1e4cf79744e2faf5a790019f41e57/volumes/57d84752-52b1-42bd-a5f7-48e2193b638f/action
Aug 24 05:53:12.795470 dv-cinder-854269-1-smb devstack@c-api.service[114252]: DEBUG cinder.api.openstack.wsgi [None req-1ac949d4-7f28-4b80-bf31-4d678da0f2af tempest-VolumeTypesTest-76923961 tempest-VolumeTypesTest-76923961-project] Action body: b'{"os-retype": {"new_type": "2b75d7bd-bf5c-4ec6-b5b2-8236b426a90a"}}' {{(pid=114252) get_method /opt/stack/cinder/cinder/api/openstack/wsgi.py:983}}
Aug 24 05:53:12.796014 dv-cinder-854269-1-smb devstack@c-api.service[114252]: DEBUG cinder.api.openstack.wsgi [None req-1ac949d4-7f28-4b80-bf31-4d678da0f2af tempest-VolumeTypesTest-76923961 tempest-VolumeTypesTest-76923961-project] Action: 'action', calling method: _retype, body: {"os-retype": {"new_type": "2b75d7bd-bf5c-4ec6-b5b2-8236b426a90a"}} {{(pid=114252) _process_stack /opt/stack/cinder/cinder/api/openstack/wsgi.py:866}}
Aug 24 05:53:12.796159 dv-cinder-854269-1-smb devstack@c-api.service[114249]: DEBUG cinder.volume.api [None req-bf309b28-7408-4bb4-a849-2648dfefc4ec tempest-VolumesMetadataTest-1398236581 tempest-VolumesMetadataTest-1398236581-project] Task 'cinder.volume.flows.api.create_volume.VolumeCastTask;volume:create' (db02cf42-7b50-4fac-9887-96b561590d5d) transitioned into state 'RUNNING' from state 'PENDING' {{(pid=114249) _task_receiver /usr/local/lib/python3.8/dist-packages/taskflow/listeners/logging.py:190}}
Aug 24 05:53:12.804299 dv-cinder-854269-1-smb devstack@c-api.service[114252]: DEBUG dbcounter [-] [114252] Writing DB stats cinder:SELECT=85,cinder:UPDATE=9,cinder:INSERT=6 {{(pid=114252) stat_writer /usr/local/lib/python3.8/dist-packages/dbcounter.py:114}}
Aug 24 05:53:12.852919 dv-cinder-854269-1-smb devstack@c-api.service[114249]: DEBUG cinder.volume.api [None req-bf309b28-7408-4bb4-a849-2648dfefc4ec tempest-VolumesMetadataTest-1398236581 tempest-VolumesMetadataTest-1398236581-project] Task 'cinder.volume.flows.api.create_volume.VolumeCastTask;volume:create' (db02cf42-7b50-4fac-9887-96b561590d5d) transitioned into state 'SUCCESS' from state 'RUNNING' with result 'None' {{(pid=114249) _task_receiver /usr/local/lib/python3.8/dist-packages/taskflow/listeners/logging.py:178}}
Aug 24 05:53:12.861478 dv-cinder-854269-1-smb devstack@c-api.service[114249]: DEBUG cinder.volume.api [None req-bf309b28-7408-4bb4-a849-2648dfefc4ec tempest-VolumesMetadataTest-1398236581 tempest-VolumesMetadataTest-1398236581-project] Flow 'volume_create_api' (f8f18b5b-6332-4526-8b28-b558ff5f1223) transitioned into state 'SUCCESS' from state 'RUNNING' {{(pid=114249) _flow_receiver /usr/local/lib/python3.8/dist-packages/taskflow/listeners/logging.py:141}}
Aug 24 05:53:12.862429 dv-cinder-854269-1-smb devstack@c-api.service[114249]: INFO cinder.volume.api [None req-bf309b28-7408-4bb4-a849-2648dfefc4ec tempest-VolumesMetadataTest-1398236581 tempest-VolumesMetadataTest-1398236581-project] Create volume request issued successfully.
Aug 24 05:53:12.867972 dv-cinder-854269-1-smb devstack@c-api.service[114252]: /usr/local/lib/python3.8/dist-packages/oslo_context/context.py:100: DeprecationWarning: Policy enforcement is depending on the value of is_admin. This key is deprecated. Please update your policy file to use the standard policy values.
Aug 24 05:53:12.867972 dv-cinder-854269-1-smb devstack@c-api.service[114252]: warnings.warn('Policy enforcement is depending on the value of '
Aug 24 05:53:12.869048 dv-cinder-854269-1-smb devstack@c-api.service[114249]: INFO cinder.api.openstack.wsgi [None req-bf309b28-7408-4bb4-a849-2648dfefc4ec tempest-VolumesMetadataTest-1398236581 tempest-VolumesMetadataTest-1398236581-project] http://10.222.0.61/volume/v3/bfd0c22b5e4f4dd18772b928453cc861/volumes returned with HTTP 202
Aug 24 05:53:12.872464 dv-cinder-854269-1-smb devstack@c-api.service[114252]: INFO cinder.volume.api [None req-1ac949d4-7f28-4b80-bf31-4d678da0f2af tempest-VolumeTypesTest-76923961 tempest-VolumeTypesTest-76923961-project] Volume info retrieved successfully.
Aug 24 05:53:12.873670 dv-cinder-854269-1-smb devstack@c-api.service[114249]: [pid: 114249|app: 0|req: 150/314] 10.222.0.61 () {60 vars in 1235 bytes} [Wed Aug 24 05:53:12 2022] POST /volume/v3/bfd0c22b5e4f4dd18772b928453cc861/volumes => generated 819 bytes in 795 msecs (HTTP/1.1 202) 7 headers in 291 bytes (1 switches on core 0)
Aug 24 05:53:12.886684 dv-cinder-854269-1-smb devstack@c-api.service[114249]: DEBUG cinder.api.middleware.request_id [None req-96a3fcd9-21e5-409d-9a11-ca20fb8281e4 None None] RequestId filter calling following filter/app {{(pid=114249) _context_setter /opt/stack/cinder/cinder/api/middleware/request_id.py:62}}
Aug 24 05:53:12.899218 dv-cinder-854269-1-smb devstack@c-api.service[114249]: INFO cinder.api.openstack.wsgi [None req-96a3fcd9-21e5-409d-9a11-ca20fb8281e4 tempest-VolumesMetadataTest-1398236581 tempest-VolumesMetadataTest-1398236581-project] GET http://10.222.0.61/volume/v3/bfd0c22b5e4f4dd18772b928453cc861/volumes/b99f250c-e58d-414b-bda3-1dd54527d86a
Aug 24 05:53:12.904067 dv-cinder-854269-1-smb devstack@c-api.service[114249]: DEBUG cinder.api.openstack.wsgi [None req-96a3fcd9-21e5-409d-9a11-ca20fb8281e4 tempest-VolumesMetadataTest-1398236581 tempest-VolumesMetadataTest-1398236581-project] Empty body provided in request {{(pid=114249) get_body /opt/stack/cinder/cinder/api/openstack/wsgi.py:715}}
Aug 24 05:53:12.905843 dv-cinder-854269-1-smb devstack@c-api.service[114249]: DEBUG cinder.api.openstack.wsgi [None req-96a3fcd9-21e5-409d-9a11-ca20fb8281e4 tempest-VolumesMetadataTest-1398236581 tempest-VolumesMetadataTest-1398236581-project] Calling method 'show' {{(pid=114249) _process_stack /opt/stack/cinder/cinder/api/openstack/wsgi.py:868}}
Aug 24 05:53:12.961284 dv-cinder-854269-1-smb devstack@c-api.service[114249]: /usr/local/lib/python3.8/dist-packages/oslo_context/context.py:100: DeprecationWarning: Policy enforcement is depending on the value of is_admin. This key is deprecated. Please update your policy file to use the standard policy values.
Aug 24 05:53:12.961284 dv-cinder-854269-1-smb devstack@c-api.service[114249]: warnings.warn('Policy enforcement is depending on the value of '
Aug 24 05:53:12.977199 dv-cinder-854269-1-smb devstack@c-api.service[114249]: INFO cinder.volume.api [None req-96a3fcd9-21e5-409d-9a11-ca20fb8281e4 tempest-VolumesMetadataTest-1398236581 tempest-VolumesMetadataTest-1398236581-project] Volume info retrieved successfully.
Aug 24 05:53:12.987200 dv-cinder-854269-1-smb devstack@c-api.service[114249]: DEBUG dbcounter [-] [114249] Writing DB stats cinder:INSERT=16,cinder:UPDATE=24,cinder:SELECT=60 {{(pid=114249) stat_writer /usr/local/lib/python3.8/dist-packages/dbcounter.py:114}}
Aug 24 05:53:13.004244 dv-cinder-854269-1-smb devstack@c-api.service[114249]: INFO cinder.api.openstack.wsgi [None req-96a3fcd9-21e5-409d-9a11-ca20fb8281e4 tempest-VolumesMetadataTest-1398236581 tempest-VolumesMetadataTest-1398236581-project] http://10.222.0.61/volume/v3/bfd0c22b5e4f4dd18772b928453cc861/volumes/b99f250c-e58d-414b-bda3-1dd54527d86a returned with HTTP 200
Aug 24 05:53:13.009011 dv-cinder-854269-1-smb devstack@c-api.service[114249]: [pid: 114249|app: 0|req: 151/315] 10.222.0.61 () {58 vars in 1325 bytes} [Wed Aug 24 05:53:12 2022] GET /volume/v3/bfd0c22b5e4f4dd18772b928453cc861/volumes/b99f250c-e58d-414b-bda3-1dd54527d86a => generated 887 bytes in 122 msecs (HTTP/1.1 200) 7 headers in 285 bytes (2 switches on core 0)
Aug 24 05:53:13.012026 dv-cinder-854269-1-smb devstack@c-api.service[114252]: WARNING cinder.quota [None req-1ac949d4-7f28-4b80-bf31-4d678da0f2af tempest-VolumeTypesTest-76923961 tempest-VolumeTypesTest-76923961-project] Deprecated: Default quota for resource: volumes_tempest-VolumeTypesTest-volume-type-1296116422 is set by the default quota flag: quota_volumes_tempest-VolumeTypesTest-volume-type-1296116422, it is now deprecated. Please use the default quota class for default quota.
Aug 24 05:53:13.017050 dv-cinder-854269-1-smb devstack@c-api.service[114252]: WARNING cinder.quota [None req-1ac949d4-7f28-4b80-bf31-4d678da0f2af tempest-VolumeTypesTest-76923961 tempest-VolumeTypesTest-76923961-project] Deprecated: Default quota for resource: gigabytes_tempest-VolumeTypesTest-volume-type-1296116422 is set by the default quota flag: quota_gigabytes_tempest-VolumeTypesTest-volume-type-1296116422, it is now deprecated. Please use the default quota class for default quota.
Aug 24 05:53:13.109545 dv-cinder-854269-1-smb devstack@c-api.service[114252]: DEBUG cinder.quota [None req-1ac949d4-7f28-4b80-bf31-4d678da0f2af tempest-VolumeTypesTest-76923961 tempest-VolumeTypesTest-76923961-project] Created reservations ['3131ddea-d69f-4331-91e1-3f0be53b0c13', 'e3ba09f4-4dd0-4792-b479-52afe36b6586'] {{(pid=114252) reserve /opt/stack/cinder/cinder/quota.py:755}}
Aug 24 05:53:13.166601 dv-cinder-854269-1-smb devstack@c-api.service[114252]: WARNING cinder.quota [None req-1ac949d4-7f28-4b80-bf31-4d678da0f2af tempest-VolumeTypesTest-76923961 tempest-VolumeTypesTest-76923961-project] Deprecated: Default quota for resource: volumes_tempest-VolumeTypesTest-volume-type-245194597 is set by the default quota flag: quota_volumes_tempest-VolumeTypesTest-volume-type-245194597, it is now deprecated. Please use the default quota class for default quota.
Aug 24 05:53:13.168933 dv-cinder-854269-1-smb devstack@c-api.service[114252]: WARNING cinder.quota [None req-1ac949d4-7f28-4b80-bf31-4d678da0f2af tempest-VolumeTypesTest-76923961 tempest-VolumeTypesTest-76923961-project] Deprecated: Default quota for resource: gigabytes_tempest-VolumeTypesTest-volume-type-245194597 is set by the default quota flag: quota_gigabytes_tempest-VolumeTypesTest-volume-type-245194597, it is now deprecated. Please use the default quota class for default quota.
Aug 24 05:53:13.198073 dv-cinder-854269-1-smb devstack@c-api.service[114252]: DEBUG cinder.quota [None req-1ac949d4-7f28-4b80-bf31-4d678da0f2af tempest-VolumeTypesTest-76923961 tempest-VolumeTypesTest-76923961-project] Created reservations ['4f690c8e-433e-4fbd-b821-450738b7c46f', '0517af53-15d3-4d28-b6aa-f2579295b5b9'] {{(pid=114252) reserve /opt/stack/cinder/cinder/quota.py:755}}
Aug 24 05:53:13.362863 dv-cinder-854269-1-smb devstack@c-api.service[114252]: INFO cinder.volume.api [None req-1ac949d4-7f28-4b80-bf31-4d678da0f2af tempest-VolumeTypesTest-76923961 tempest-VolumeTypesTest-76923961-project] Retype volume request issued successfully.
Aug 24 05:53:13.363734 dv-cinder-854269-1-smb devstack@c-api.service[114252]: INFO cinder.api.openstack.wsgi [None req-1ac949d4-7f28-4b80-bf31-4d678da0f2af tempest-VolumeTypesTest-76923961 tempest-VolumeTypesTest-76923961-project] http://10.222.0.61/volume/v3/09e1e4cf79744e2faf5a790019f41e57/volumes/57d84752-52b1-42bd-a5f7-48e2193b638f/action returned with HTTP 202
Aug 24 05:53:13.368655 dv-cinder-854269-1-smb devstack@c-api.service[114252]: [pid: 114252|app: 0|req: 165/316] 10.222.0.61 () {60 vars in 1367 bytes} [Wed Aug 24 05:53:12 2022] POST /volume/v3/09e1e4cf79744e2faf5a790019f41e57/volumes/57d84752-52b1-42bd-a5f7-48e2193b638f/action => generated 0 bytes in 578 msecs (HTTP/1.1 202) 7 headers in 289 bytes (1 switches on core 0)
Aug 24 05:53:13.370803 dv-cinder-854269-1-smb devstack@c-api.service[114249]: DEBUG cinder.api.middleware.request_id [None req-59d0be2f-bccb-46c6-be31-2316c6c766b0 None None] RequestId filter calling following filter/app {{(pid=114249) _context_setter /opt/stack/cinder/cinder/api/middleware/request_id.py:62}}
Aug 24 05:53:13.378897 dv-cinder-854269-1-smb devstack@c-api.service[114249]: INFO cinder.api.openstack.wsgi [None req-59d0be2f-bccb-46c6-be31-2316c6c766b0 tempest-VolumeTypesTest-76923961 tempest-VolumeTypesTest-76923961-project] GET http://10.222.0.61/volume/v3/09e1e4cf79744e2faf5a790019f41e57/volumes/57d84752-52b1-42bd-a5f7-48e2193b638f
Aug 24 05:53:13.380388 dv-cinder-854269-1-smb devstack@c-api.service[114249]: DEBUG cinder.api.openstack.wsgi [None req-59d0be2f-bccb-46c6-be31-2316c6c766b0 tempest-VolumeTypesTest-76923961 tempest-VolumeTypesTest-76923961-project] Empty body provided in request {{(pid=114249) get_body /opt/stack/cinder/cinder/api/openstack/wsgi.py:715}}
