Aug 29 22:28:00.829966 dv-cinder-854268-3-smb devstack@c-api.service[113333]: /usr/local/lib/python3.8/dist-packages/oslo_context/context.py:100: DeprecationWarning: Policy enforcement is depending on the value of is_admin. This key is deprecated. Please update your policy file to use the standard policy values.
Aug 29 22:28:00.829966 dv-cinder-854268-3-smb devstack@c-api.service[113333]: warnings.warn('Policy enforcement is depending on the value of '
Aug 29 22:28:00.840830 dv-cinder-854268-3-smb devstack@c-api.service[113334]: INFO cinder.api.openstack.wsgi [None req-e1d6ffc1-ba3b-432d-bc99-072bf8382aad tempest-QosSpecsTestJSON-300987502 tempest-QosSpecsTestJSON-300987502-project-admin] GET http://10.222.0.36/volume/v3/b6097a0798ca46a18721a4b85d0a0a06/qos-specs/405369f2-bb76-4213-ba24-e7e7177eb51f
Aug 29 22:28:00.841407 dv-cinder-854268-3-smb devstack@c-api.service[113334]: DEBUG cinder.api.openstack.wsgi [None req-e1d6ffc1-ba3b-432d-bc99-072bf8382aad tempest-QosSpecsTestJSON-300987502 tempest-QosSpecsTestJSON-300987502-project-admin] Empty body provided in request {{(pid=113334) get_body /opt/stack/cinder/cinder/api/openstack/wsgi.py:715}}
Aug 29 22:28:00.841897 dv-cinder-854268-3-smb devstack@c-api.service[113334]: DEBUG cinder.api.openstack.wsgi [None req-e1d6ffc1-ba3b-432d-bc99-072bf8382aad tempest-QosSpecsTestJSON-300987502 tempest-QosSpecsTestJSON-300987502-project-admin] Calling method 'show' {{(pid=113334) _process_stack /opt/stack/cinder/cinder/api/openstack/wsgi.py:868}}
Aug 29 22:28:00.856774 dv-cinder-854268-3-smb devstack@c-api.service[113333]: INFO cinder.volume.api [None req-e95b9731-3522-47b1-abe9-42cbc20e7d3f tempest-GroupsTest-4483945 tempest-GroupsTest-4483945-project] Volume info retrieved successfully.
Aug 29 22:28:00.864699 dv-cinder-854268-3-smb devstack@c-api.service[113334]: INFO cinder.api.openstack.wsgi [None req-e1d6ffc1-ba3b-432d-bc99-072bf8382aad tempest-QosSpecsTestJSON-300987502 tempest-QosSpecsTestJSON-300987502-project-admin] http://10.222.0.36/volume/v3/b6097a0798ca46a18721a4b85d0a0a06/qos-specs/405369f2-bb76-4213-ba24-e7e7177eb51f returned with HTTP 404
Aug 29 22:28:00.867982 dv-cinder-854268-3-smb devstack@c-api.service[113334]: [pid: 113334|app: 0|req: 90/163] 10.222.0.36 () {58 vars in 1331 bytes} [Mon Aug 29 22:28:00 2022] GET /volume/v3/b6097a0798ca46a18721a4b85d0a0a06/qos-specs/405369f2-bb76-4213-ba24-e7e7177eb51f => generated 100 bytes in 39 msecs (HTTP/1.1 404) 7 headers in 292 bytes (1 switches on core 0)
Aug 29 22:28:00.868428 dv-cinder-854268-3-smb devstack@c-api.service[113333]: WARNING stevedore.named [None req-e95b9731-3522-47b1-abe9-42cbc20e7d3f tempest-GroupsTest-4483945 tempest-GroupsTest-4483945-project] Could not load cinder.keymgr.conf_key_mgr.ConfKeyManager
Aug 29 22:28:00.869064 dv-cinder-854268-3-smb devstack@c-api.service[113333]: WARNING castellan.key_manager [None req-e95b9731-3522-47b1-abe9-42cbc20e7d3f tempest-GroupsTest-4483945 tempest-GroupsTest-4483945-project] Deprecation Warning : cinder.keymgr.conf_key_mgr.ConfKeyManager is not a stevedore based driver, trying to load it as a class: stevedore.exception.NoMatches: No 'castellan.drivers' driver found, looking for 'cinder.keymgr.conf_key_mgr.ConfKeyManager'
Aug 29 22:28:00.871795 dv-cinder-854268-3-smb devstack@c-api.service[113334]: DEBUG cinder.api.middleware.request_id [None req-e257c72e-7494-4880-a6b1-fddec7750304 None None] RequestId filter calling following filter/app {{(pid=113334) _context_setter /opt/stack/cinder/cinder/api/middleware/request_id.py:62}}
Aug 29 22:28:00.884923 dv-cinder-854268-3-smb devstack@c-api.service[113334]: INFO cinder.api.openstack.wsgi [None req-e257c72e-7494-4880-a6b1-fddec7750304 tempest-GroupSnapshotsV319Test-252671221 tempest-GroupSnapshotsV319Test-252671221-project] GET http://10.222.0.36/volume/v3/fbed0cc7bb6349418fac6cb5fcf1b295/group_snapshots/0b30fc75-417f-4fd3-886f-14963e59e19e
Aug 29 22:28:00.888529 dv-cinder-854268-3-smb devstack@c-api.service[113334]: DEBUG cinder.api.openstack.wsgi [None req-e257c72e-7494-4880-a6b1-fddec7750304 tempest-GroupSnapshotsV319Test-252671221 tempest-GroupSnapshotsV319Test-252671221-project] Empty body provided in request {{(pid=113334) get_body /opt/stack/cinder/cinder/api/openstack/wsgi.py:715}}
Aug 29 22:28:00.890735 dv-cinder-854268-3-smb devstack@c-api.service[113333]: DEBUG oslo_db.sqlalchemy.engines [None req-e95b9731-3522-47b1-abe9-42cbc20e7d3f tempest-GroupsTest-4483945 tempest-GroupsTest-4483945-project] MySQL server mode set to STRICT_TRANS_TABLES,STRICT_ALL_TABLES,NO_ZERO_IN_DATE,NO_ZERO_DATE,ERROR_FOR_DIVISION_BY_ZERO,TRADITIONAL,NO_ENGINE_SUBSTITUTION {{(pid=113333) _check_effective_sql_mode /usr/local/lib/python3.8/dist-packages/oslo_db/sqlalchemy/engines.py:314}}
Aug 29 22:28:00.906161 dv-cinder-854268-3-smb devstack@c-api.service[113334]: DEBUG cinder.api.openstack.wsgi [None req-e257c72e-7494-4880-a6b1-fddec7750304 tempest-GroupSnapshotsV319Test-252671221 tempest-GroupSnapshotsV319Test-252671221-project] Calling method 'version_select' {{(pid=113334) _process_stack /opt/stack/cinder/cinder/api/openstack/wsgi.py:868}}
Aug 29 22:28:00.910225 dv-cinder-854268-3-smb devstack@c-api.service[113334]: DEBUG cinder.api.v3.group_snapshots [None req-e257c72e-7494-4880-a6b1-fddec7750304 tempest-GroupSnapshotsV319Test-252671221 tempest-GroupSnapshotsV319Test-252671221-project] show called for member 0b30fc75-417f-4fd3-886f-14963e59e19e {{(pid=113334) show /opt/stack/cinder/cinder/api/v3/group_snapshots.py:58}}
Aug 29 22:28:00.914789 dv-cinder-854268-3-smb devstack@c-api.service[113333]: /usr/local/lib/python3.8/dist-packages/oslo_context/context.py:100: DeprecationWarning: Policy enforcement is depending on the value of is_admin. This key is deprecated. Please update your policy file to use the standard policy values.
Aug 29 22:28:00.914789 dv-cinder-854268-3-smb devstack@c-api.service[113333]: warnings.warn('Policy enforcement is depending on the value of '
Aug 29 22:28:00.932666 dv-cinder-854268-3-smb devstack@c-api.service[113334]: /usr/local/lib/python3.8/dist-packages/oslo_context/context.py:100: DeprecationWarning: Policy enforcement is depending on the value of is_admin. This key is deprecated. Please update your policy file to use the standard policy values.
Aug 29 22:28:00.932666 dv-cinder-854268-3-smb devstack@c-api.service[113334]: warnings.warn('Policy enforcement is depending on the value of '
Aug 29 22:28:00.961874 dv-cinder-854268-3-smb devstack@c-api.service[113334]: INFO cinder.api.openstack.wsgi [None req-e257c72e-7494-4880-a6b1-fddec7750304 tempest-GroupSnapshotsV319Test-252671221 tempest-GroupSnapshotsV319Test-252671221-project] http://10.222.0.36/volume/v3/fbed0cc7bb6349418fac6cb5fcf1b295/group_snapshots/0b30fc75-417f-4fd3-886f-14963e59e19e returned with HTTP 200
Aug 29 22:28:00.962623 dv-cinder-854268-3-smb devstack@c-api.service[113334]: [pid: 113334|app: 0|req: 91/164] 10.222.0.36 () {60 vars in 1390 bytes} [Mon Aug 29 22:28:00 2022] GET /volume/v3/fbed0cc7bb6349418fac6cb5fcf1b295/group_snapshots/0b30fc75-417f-4fd3-886f-14963e59e19e => generated 331 bytes in 94 msecs (HTTP/1.1 200) 7 headers in 286 bytes (1 switches on core 0)
Aug 29 22:28:00.964354 dv-cinder-854268-3-smb devstack@c-api.service[113334]: DEBUG cinder.api.middleware.request_id [None req-c44c36ec-53ff-4c1a-9cbc-935485aa4e3f None None] RequestId filter calling following filter/app {{(pid=113334) _context_setter /opt/stack/cinder/cinder/api/middleware/request_id.py:62}}
Aug 29 22:28:00.968204 dv-cinder-854268-3-smb devstack@c-api.service[113334]: INFO cinder.api.openstack.wsgi [None req-c44c36ec-53ff-4c1a-9cbc-935485aa4e3f tempest-QosSpecsTestJSON-300987502 tempest-QosSpecsTestJSON-300987502-project-admin] DELETE http://10.222.0.36/volume/v3/b6097a0798ca46a18721a4b85d0a0a06/types/f8af082d-892e-4349-bdbf-5a2de9ba9a1c
Aug 29 22:28:00.970268 dv-cinder-854268-3-smb devstack@c-api.service[113334]: DEBUG cinder.api.openstack.wsgi [None req-c44c36ec-53ff-4c1a-9cbc-935485aa4e3f tempest-QosSpecsTestJSON-300987502 tempest-QosSpecsTestJSON-300987502-project-admin] Empty body provided in request {{(pid=113334) get_body /opt/stack/cinder/cinder/api/openstack/wsgi.py:715}}
Aug 29 22:28:00.977178 dv-cinder-854268-3-smb devstack@c-api.service[113334]: DEBUG cinder.api.openstack.wsgi [None req-c44c36ec-53ff-4c1a-9cbc-935485aa4e3f tempest-QosSpecsTestJSON-300987502 tempest-QosSpecsTestJSON-300987502-project-admin] Calling method '_delete' {{(pid=113334) _process_stack /opt/stack/cinder/cinder/api/openstack/wsgi.py:868}}
Aug 29 22:28:00.998879 dv-cinder-854268-3-smb devstack@c-api.service[113333]: INFO cinder.api.openstack.wsgi [None req-e95b9731-3522-47b1-abe9-42cbc20e7d3f tempest-GroupsTest-4483945 tempest-GroupsTest-4483945-project] http://10.222.0.36/volume/v3/35c691abbf1b423e9a3abec32affcaca/volumes/46664212-38d6-4fbe-9d52-e09829b1362e returned with HTTP 200
Aug 29 22:28:01.013246 dv-cinder-854268-3-smb devstack@c-api.service[113333]: [pid: 113333|app: 0|req: 74/165] 10.222.0.36 () {60 vars in 1366 bytes} [Mon Aug 29 22:28:00 2022] GET /volume/v3/35c691abbf1b423e9a3abec32affcaca/volumes/46664212-38d6-4fbe-9d52-e09829b1362e => generated 983 bytes in 277 msecs (HTTP/1.1 200) 7 headers in 286 bytes (1 switches on core 0)
Aug 29 22:28:01.014970 dv-cinder-854268-3-smb devstack@c-api.service[113333]: DEBUG cinder.api.middleware.request_id [None req-b029991e-cf41-4d8d-95e3-427672783aec None None] RequestId filter calling following filter/app {{(pid=113333) _context_setter /opt/stack/cinder/cinder/api/middleware/request_id.py:62}}
Aug 29 22:28:01.030239 dv-cinder-854268-3-smb devstack@c-api.service[113333]: INFO cinder.api.openstack.wsgi [None req-b029991e-cf41-4d8d-95e3-427672783aec tempest-GroupSnapshotsV319Test-252671221 tempest-GroupSnapshotsV319Test-252671221-project] GET http://10.222.0.36/volume/v3/fbed0cc7bb6349418fac6cb5fcf1b295/snapshots/detail
Aug 29 22:28:01.038222 dv-cinder-854268-3-smb devstack@c-api.service[113333]: DEBUG cinder.api.openstack.wsgi [None req-b029991e-cf41-4d8d-95e3-427672783aec tempest-GroupSnapshotsV319Test-252671221 tempest-GroupSnapshotsV319Test-252671221-project] Empty body provided in request {{(pid=113333) get_body /opt/stack/cinder/cinder/api/openstack/wsgi.py:715}}
Aug 29 22:28:01.040771 dv-cinder-854268-3-smb devstack@c-api.service[113333]: DEBUG cinder.api.openstack.wsgi [None req-b029991e-cf41-4d8d-95e3-427672783aec tempest-GroupSnapshotsV319Test-252671221 tempest-GroupSnapshotsV319Test-252671221-project] Calling method 'detail' {{(pid=113333) _process_stack /opt/stack/cinder/cinder/api/openstack/wsgi.py:868}}
Aug 29 22:28:01.043417 dv-cinder-854268-3-smb devstack@c-api.service[113333]: DEBUG cinder.api.api_utils [None req-b029991e-cf41-4d8d-95e3-427672783aec tempest-GroupSnapshotsV319Test-252671221 tempest-GroupSnapshotsV319Test-252671221-project] Removing options '' from query. {{(pid=113333) remove_invalid_filter_options /opt/stack/cinder/cinder/api/api_utils.py:83}}
Aug 29 22:28:01.046405 dv-cinder-854268-3-smb devstack@c-api.service[113333]: DEBUG cinder.db.sqlalchemy.api [None req-b029991e-cf41-4d8d-95e3-427672783aec tempest-GroupSnapshotsV319Test-252671221 tempest-GroupSnapshotsV319Test-252671221-project] Building query based on filter {{(pid=113333) _process_snaps_filters /opt/stack/cinder/cinder/db/sqlalchemy/api.py:3885}}
Aug 29 22:28:01.070166 dv-cinder-854268-3-smb devstack@c-api.service[113333]: INFO cinder.volume.api [None req-b029991e-cf41-4d8d-95e3-427672783aec tempest-GroupSnapshotsV319Test-252671221 tempest-GroupSnapshotsV319Test-252671221-project] Get all snapshots completed successfully.
Aug 29 22:28:01.075595 dv-cinder-854268-3-smb devstack@c-api.service[113333]: /usr/local/lib/python3.8/dist-packages/oslo_context/context.py:100: DeprecationWarning: Policy enforcement is depending on the value of is_admin. This key is deprecated. Please update your policy file to use the standard policy values.
Aug 29 22:28:01.075595 dv-cinder-854268-3-smb devstack@c-api.service[113333]: warnings.warn('Policy enforcement is depending on the value of '
Aug 29 22:28:01.077598 dv-cinder-854268-3-smb devstack@c-api.service[113333]: INFO cinder.api.openstack.wsgi [None req-b029991e-cf41-4d8d-95e3-427672783aec tempest-GroupSnapshotsV319Test-252671221 tempest-GroupSnapshotsV319Test-252671221-project] http://10.222.0.36/volume/v3/fbed0cc7bb6349418fac6cb5fcf1b295/snapshots/detail returned with HTTP 200
Aug 29 22:28:01.086280 dv-cinder-854268-3-smb devstack@c-api.service[113333]: [pid: 113333|app: 0|req: 75/166] 10.222.0.36 () {58 vars in 1241 bytes} [Mon Aug 29 22:28:01 2022] GET /volume/v3/fbed0cc7bb6349418fac6cb5fcf1b295/snapshots/detail => generated 543 bytes in 72 msecs (HTTP/1.1 200) 7 headers in 285 bytes (1 switches on core 0)
Aug 29 22:28:01.090715 dv-cinder-854268-3-smb devstack@c-api.service[113333]: DEBUG cinder.api.middleware.request_id [None req-905c36b5-870e-45ae-a1ce-8cd39c779d44 None None] RequestId filter calling following filter/app {{(pid=113333) _context_setter /opt/stack/cinder/cinder/api/middleware/request_id.py:62}}
Aug 29 22:28:01.095843 dv-cinder-854268-3-smb devstack@c-api.service[113333]: INFO cinder.api.openstack.wsgi [None req-905c36b5-870e-45ae-a1ce-8cd39c779d44 tempest-GroupSnapshotsV319Test-252671221 tempest-GroupSnapshotsV319Test-252671221-project] GET http://10.222.0.36/volume/v3/fbed0cc7bb6349418fac6cb5fcf1b295/snapshots/96b6fbf8-06a0-4253-83f6-012a1835b149
Aug 29 22:28:01.110108 dv-cinder-854268-3-smb devstack@c-api.service[113333]: DEBUG cinder.api.openstack.wsgi [None req-905c36b5-870e-45ae-a1ce-8cd39c779d44 tempest-GroupSnapshotsV319Test-252671221 tempest-GroupSnapshotsV319Test-252671221-project] Empty body provided in request {{(pid=113333) get_body /opt/stack/cinder/cinder/api/openstack/wsgi.py:715}}
Aug 29 22:28:01.112155 dv-cinder-854268-3-smb devstack@c-api.service[113333]: DEBUG cinder.api.openstack.wsgi [None req-905c36b5-870e-45ae-a1ce-8cd39c779d44 tempest-GroupSnapshotsV319Test-252671221 tempest-GroupSnapshotsV319Test-252671221-project] Calling method 'show' {{(pid=113333) _process_stack /opt/stack/cinder/cinder/api/openstack/wsgi.py:868}}
Aug 29 22:28:01.131949 dv-cinder-854268-3-smb devstack@c-api.service[113334]: INFO cinder.api.openstack.wsgi [None req-c44c36ec-53ff-4c1a-9cbc-935485aa4e3f tempest-QosSpecsTestJSON-300987502 tempest-QosSpecsTestJSON-300987502-project-admin] http://10.222.0.36/volume/v3/b6097a0798ca46a18721a4b85d0a0a06/types/f8af082d-892e-4349-bdbf-5a2de9ba9a1c returned with HTTP 202
Aug 29 22:28:01.136501 dv-cinder-854268-3-smb devstack@c-api.service[113334]: [pid: 113334|app: 0|req: 92/167] 10.222.0.36 () {58 vars in 1322 bytes} [Mon Aug 29 22:28:00 2022] DELETE /volume/v3/b6097a0798ca46a18721a4b85d0a0a06/types/f8af082d-892e-4349-bdbf-5a2de9ba9a1c => generated 0 bytes in 171 msecs (HTTP/1.1 202) 6 headers in 233 bytes (1 switches on core 0)
Aug 29 22:28:01.139859 dv-cinder-854268-3-smb devstack@c-api.service[113334]: DEBUG cinder.api.middleware.request_id [None req-8f069e76-3282-472f-89c1-1e702875c1e0 None None] RequestId filter calling following filter/app {{(pid=113334) _context_setter /opt/stack/cinder/cinder/api/middleware/request_id.py:62}}
Aug 29 22:28:01.151200 dv-cinder-854268-3-smb devstack@c-api.service[113334]: INFO cinder.api.openstack.wsgi [None req-8f069e76-3282-472f-89c1-1e702875c1e0 tempest-QosSpecsTestJSON-300987502 tempest-QosSpecsTestJSON-300987502-project-admin] GET http://10.222.0.36/volume/v3/b6097a0798ca46a18721a4b85d0a0a06/types/f8af082d-892e-4349-bdbf-5a2de9ba9a1c
Aug 29 22:28:01.151674 dv-cinder-854268-3-smb devstack@c-api.service[113334]: DEBUG cinder.api.openstack.wsgi [None req-8f069e76-3282-472f-89c1-1e702875c1e0 tempest-QosSpecsTestJSON-300987502 tempest-QosSpecsTestJSON-300987502-project-admin] Empty body provided in request {{(pid=113334) get_body /opt/stack/cinder/cinder/api/openstack/wsgi.py:715}}
Aug 29 22:28:01.152147 dv-cinder-854268-3-smb devstack@c-api.service[113334]: DEBUG cinder.api.openstack.wsgi [None req-8f069e76-3282-472f-89c1-1e702875c1e0 tempest-QosSpecsTestJSON-300987502 tempest-QosSpecsTestJSON-300987502-project-admin] Calling method 'show' {{(pid=113334) _process_stack /opt/stack/cinder/cinder/api/openstack/wsgi.py:868}}
Aug 29 22:28:01.153194 dv-cinder-854268-3-smb devstack@c-api.service[113333]: /usr/local/lib/python3.8/dist-packages/oslo_context/context.py:100: DeprecationWarning: Policy enforcement is depending on the value of is_admin. This key is deprecated. Please update your policy file to use the standard policy values.
Aug 29 22:28:01.153194 dv-cinder-854268-3-smb devstack@c-api.service[113333]: warnings.warn('Policy enforcement is depending on the value of '
Aug 29 22:28:01.154590 dv-cinder-854268-3-smb devstack@c-api.service[113333]: INFO cinder.volume.api [None req-905c36b5-870e-45ae-a1ce-8cd39c779d44 tempest-GroupSnapshotsV319Test-252671221 tempest-GroupSnapshotsV319Test-252671221-project] Snapshot retrieved successfully.
Aug 29 22:28:01.157728 dv-cinder-854268-3-smb devstack@c-api.service[113333]: INFO cinder.api.openstack.wsgi [None req-905c36b5-870e-45ae-a1ce-8cd39c779d44 tempest-GroupSnapshotsV319Test-252671221 tempest-GroupSnapshotsV319Test-252671221-project] http://10.222.0.36/volume/v3/fbed0cc7bb6349418fac6cb5fcf1b295/snapshots/96b6fbf8-06a0-4253-83f6-012a1835b149 returned with HTTP 200
Aug 29 22:28:01.162486 dv-cinder-854268-3-smb devstack@c-api.service[113334]: INFO cinder.api.openstack.wsgi [None req-8f069e76-3282-472f-89c1-1e702875c1e0 tempest-QosSpecsTestJSON-300987502 tempest-QosSpecsTestJSON-300987502-project-admin] http://10.222.0.36/volume/v3/b6097a0798ca46a18721a4b85d0a0a06/types/f8af082d-892e-4349-bdbf-5a2de9ba9a1c returned with HTTP 404
Aug 29 22:28:01.163945 dv-cinder-854268-3-smb devstack@c-api.service[113334]: [pid: 113334|app: 0|req: 93/168] 10.222.0.36 () {58 vars in 1319 bytes} [Mon Aug 29 22:28:01 2022] GET /volume/v3/b6097a0798ca46a18721a4b85d0a0a06/types/f8af082d-892e-4349-bdbf-5a2de9ba9a1c => generated 114 bytes in 25 msecs (HTTP/1.1 404) 7 headers in 292 bytes (1 switches on core 0)
Aug 29 22:28:01.167885 dv-cinder-854268-3-smb devstack@c-api.service[113333]: [pid: 113333|app: 0|req: 76/169] 10.222.0.36 () {58 vars in 1331 bytes} [Mon Aug 29 22:28:01 2022] GET /volume/v3/fbed0cc7bb6349418fac6cb5fcf1b295/snapshots/96b6fbf8-06a0-4253-83f6-012a1835b149 => generated 540 bytes in 79 msecs (HTTP/1.1 200) 7 headers in 285 bytes (1 switches on core 0)
Aug 29 22:28:01.168241 dv-cinder-854268-3-smb devstack@c-api.service[113334]: DEBUG cinder.api.middleware.request_id [None req-6e754be1-dd77-4075-b083-f9068b01e3fe None None] RequestId filter calling following filter/app {{(pid=113334) _context_setter /opt/stack/cinder/cinder/api/middleware/request_id.py:62}}
Aug 29 22:28:01.179388 dv-cinder-854268-3-smb devstack@c-api.service[113334]: INFO cinder.api.openstack.wsgi [None req-6e754be1-dd77-4075-b083-f9068b01e3fe tempest-QosSpecsTestJSON-300987502 tempest-QosSpecsTestJSON-300987502-project-admin] DELETE http://10.222.0.36/volume/v3/b6097a0798ca46a18721a4b85d0a0a06/types/2542efa2-f032-4820-839a-d97889f7d9fc
Aug 29 22:28:01.179849 dv-cinder-854268-3-smb devstack@c-api.service[113334]: DEBUG cinder.api.openstack.wsgi [None req-6e754be1-dd77-4075-b083-f9068b01e3fe tempest-QosSpecsTestJSON-300987502 tempest-QosSpecsTestJSON-300987502-project-admin] Empty body provided in request {{(pid=113334) get_body /opt/stack/cinder/cinder/api/openstack/wsgi.py:715}}
Aug 29 22:28:01.180331 dv-cinder-854268-3-smb devstack@c-api.service[113334]: DEBUG cinder.api.openstack.wsgi [None req-6e754be1-dd77-4075-b083-f9068b01e3fe tempest-QosSpecsTestJSON-300987502 tempest-QosSpecsTestJSON-300987502-project-admin] Calling method '_delete' {{(pid=113334) _process_stack /opt/stack/cinder/cinder/api/openstack/wsgi.py:868}}
Aug 29 22:28:01.181568 dv-cinder-854268-3-smb devstack@c-api.service[113333]: DEBUG cinder.api.middleware.request_id [None req-b58c2c85-fa9f-497a-b3c0-c6068eb47c32 None None] RequestId filter calling following filter/app {{(pid=113333) _context_setter /opt/stack/cinder/cinder/api/middleware/request_id.py:62}}
Aug 29 22:28:01.191243 dv-cinder-854268-3-smb devstack@c-api.service[113333]: INFO cinder.api.openstack.wsgi [None req-b58c2c85-fa9f-497a-b3c0-c6068eb47c32 tempest-GroupSnapshotsV319Test-1093244241 tempest-GroupSnapshotsV319Test-1093244241-project-admin] POST http://10.222.0.36/volume/v3/2865af5f1b834eff8e5551b9c4ce7f69/group_snapshots/0b30fc75-417f-4fd3-886f-14963e59e19e/action
Aug 29 22:28:01.192241 dv-cinder-854268-3-smb devstack@c-api.service[113333]: DEBUG cinder.api.openstack.wsgi [None req-b58c2c85-fa9f-497a-b3c0-c6068eb47c32 tempest-GroupSnapshotsV319Test-1093244241 tempest-GroupSnapshotsV319Test-1093244241-project-admin] Action body: b'{"reset_status": {"status": "creating"}}' {{(pid=113333) get_method /opt/stack/cinder/cinder/api/openstack/wsgi.py:983}}
Aug 29 22:28:01.197820 dv-cinder-854268-3-smb devstack@c-api.service[113333]: DEBUG cinder.api.openstack.wsgi [None req-b58c2c85-fa9f-497a-b3c0-c6068eb47c32 tempest-GroupSnapshotsV319Test-1093244241 tempest-GroupSnapshotsV319Test-1093244241-project-admin] Action: 'action', calling method: version_select, body: {"reset_status": {"status": "creating"}} {{(pid=113333) _process_stack /opt/stack/cinder/cinder/api/openstack/wsgi.py:866}}
Aug 29 22:28:01.200633 dv-cinder-854268-3-smb devstack@c-api.service[113333]: DEBUG cinder.api.v3.group_snapshots [None req-b58c2c85-fa9f-497a-b3c0-c6068eb47c32 tempest-GroupSnapshotsV319Test-1093244241 tempest-GroupSnapshotsV319Test-1093244241-project-admin] Updating group '0b30fc75-417f-4fd3-886f-14963e59e19e' with 'creating' {{(pid=113333) _reset_status /opt/stack/cinder/cinder/api/v3/group_snapshots.py:194}}
Aug 29 22:28:01.249206 dv-cinder-854268-3-smb devstack@c-api.service[113333]: /usr/local/lib/python3.8/dist-packages/oslo_context/context.py:100: DeprecationWarning: Policy enforcement is depending on the value of is_admin. This key is deprecated. Please update your policy file to use the standard policy values.
Aug 29 22:28:01.249206 dv-cinder-854268-3-smb devstack@c-api.service[113333]: warnings.warn('Policy enforcement is depending on the value of '
Aug 29 22:28:01.297870 dv-cinder-854268-3-smb devstack@c-api.service[113334]: INFO cinder.api.openstack.wsgi [None req-6e754be1-dd77-4075-b083-f9068b01e3fe tempest-QosSpecsTestJSON-300987502 tempest-QosSpecsTestJSON-300987502-project-admin] http://10.222.0.36/volume/v3/b6097a0798ca46a18721a4b85d0a0a06/types/2542efa2-f032-4820-839a-d97889f7d9fc returned with HTTP 202
Aug 29 22:28:01.303925 dv-cinder-854268-3-smb devstack@c-api.service[113334]: [pid: 113334|app: 0|req: 94/170] 10.222.0.36 () {58 vars in 1322 bytes} [Mon Aug 29 22:28:01 2022] DELETE /volume/v3/b6097a0798ca46a18721a4b85d0a0a06/types/2542efa2-f032-4820-839a-d97889f7d9fc => generated 0 bytes in 134 msecs (HTTP/1.1 202) 6 headers in 233 bytes (1 switches on core 0)
Aug 29 22:28:01.306068 dv-cinder-854268-3-smb devstack@c-api.service[113334]: DEBUG cinder.api.middleware.request_id [None req-a9ba0f9d-fcf3-4f94-8679-e1013c8cb351 None None] RequestId filter calling following filter/app {{(pid=113334) _context_setter /opt/stack/cinder/cinder/api/middleware/request_id.py:62}}
Aug 29 22:28:01.316659 dv-cinder-854268-3-smb devstack@c-api.service[113333]: INFO cinder.api.openstack.wsgi [None req-b58c2c85-fa9f-497a-b3c0-c6068eb47c32 tempest-GroupSnapshotsV319Test-1093244241 tempest-GroupSnapshotsV319Test-1093244241-project-admin] http://10.222.0.36/volume/v3/2865af5f1b834eff8e5551b9c4ce7f69/group_snapshots/0b30fc75-417f-4fd3-886f-14963e59e19e/action returned with HTTP 202
Aug 29 22:28:01.317434 dv-cinder-854268-3-smb devstack@c-api.service[113334]: INFO cinder.api.openstack.wsgi [None req-a9ba0f9d-fcf3-4f94-8679-e1013c8cb351 tempest-QosSpecsTestJSON-300987502 tempest-QosSpecsTestJSON-300987502-project-admin] GET http://10.222.0.36/volume/v3/b6097a0798ca46a18721a4b85d0a0a06/types/2542efa2-f032-4820-839a-d97889f7d9fc
Aug 29 22:28:01.317932 dv-cinder-854268-3-smb devstack@c-api.service[113333]: [pid: 113333|app: 0|req: 77/171] 10.222.0.36 () {62 vars in 1432 bytes} [Mon Aug 29 22:28:01 2022] POST /volume/v3/2865af5f1b834eff8e5551b9c4ce7f69/group_snapshots/0b30fc75-417f-4fd3-886f-14963e59e19e/action => generated 0 bytes in 139 msecs (HTTP/1.1 202) 6 headers in 234 bytes (1 switches on core 0)
Aug 29 22:28:01.320270 dv-cinder-854268-3-smb devstack@c-api.service[113334]: DEBUG cinder.api.openstack.wsgi [None req-a9ba0f9d-fcf3-4f94-8679-e1013c8cb351 tempest-QosSpecsTestJSON-300987502 tempest-QosSpecsTestJSON-300987502-project-admin] Empty body provided in request {{(pid=113334) get_body /opt/stack/cinder/cinder/api/openstack/wsgi.py:715}}
Aug 29 22:28:01.322224 dv-cinder-854268-3-smb devstack@c-api.service[113334]: DEBUG cinder.api.openstack.wsgi [None req-a9ba0f9d-fcf3-4f94-8679-e1013c8cb351 tempest-QosSpecsTestJSON-300987502 tempest-QosSpecsTestJSON-300987502-project-admin] Calling method 'show' {{(pid=113334) _process_stack /opt/stack/cinder/cinder/api/openstack/wsgi.py:868}}
Aug 29 22:28:01.324255 dv-cinder-854268-3-smb devstack@c-api.service[113333]: DEBUG cinder.api.middleware.request_id [None req-f9618f84-ae04-4109-80c9-f8e8ec35ce5c None None] RequestId filter calling following filter/app {{(pid=113333) _context_setter /opt/stack/cinder/cinder/api/middleware/request_id.py:62}}
Aug 29 22:28:01.345251 dv-cinder-854268-3-smb devstack@c-api.service[113333]: INFO cinder.api.openstack.wsgi [None req-f9618f84-ae04-4109-80c9-f8e8ec35ce5c tempest-GroupSnapshotsV319Test-252671221 tempest-GroupSnapshotsV319Test-252671221-project] GET http://10.222.0.36/volume/v3/fbed0cc7bb6349418fac6cb5fcf1b295/group_snapshots/0b30fc75-417f-4fd3-886f-14963e59e19e
Aug 29 22:28:01.349275 dv-cinder-854268-3-smb devstack@c-api.service[113334]: INFO cinder.api.openstack.wsgi [None req-a9ba0f9d-fcf3-4f94-8679-e1013c8cb351 tempest-QosSpecsTestJSON-300987502 tempest-QosSpecsTestJSON-300987502-project-admin] http://10.222.0.36/volume/v3/b6097a0798ca46a18721a4b85d0a0a06/types/2542efa2-f032-4820-839a-d97889f7d9fc returned with HTTP 404
Aug 29 22:28:01.350610 dv-cinder-854268-3-smb devstack@c-api.service[113334]: [pid: 113334|app: 0|req: 95/172] 10.222.0.36 () {58 vars in 1319 bytes} [Mon Aug 29 22:28:01 2022] GET /volume/v3/b6097a0798ca46a18721a4b85d0a0a06/types/2542efa2-f032-4820-839a-d97889f7d9fc => generated 114 bytes in 46 msecs (HTTP/1.1 404) 7 headers in 292 bytes (1 switches on core 0)
Aug 29 22:28:01.355097 dv-cinder-854268-3-smb devstack@c-api.service[113333]: DEBUG cinder.api.openstack.wsgi [None req-f9618f84-ae04-4109-80c9-f8e8ec35ce5c tempest-GroupSnapshotsV319Test-252671221 tempest-GroupSnapshotsV319Test-252671221-project] Empty body provided in request {{(pid=113333) get_body /opt/stack/cinder/cinder/api/openstack/wsgi.py:715}}
Aug 29 22:28:01.355962 dv-cinder-854268-3-smb devstack@c-api.service[113333]: DEBUG cinder.api.openstack.wsgi [None req-f9618f84-ae04-4109-80c9-f8e8ec35ce5c tempest-GroupSnapshotsV319Test-252671221 tempest-GroupSnapshotsV319Test-252671221-project] Calling method 'version_select' {{(pid=113333) _process_stack /opt/stack/cinder/cinder/api/openstack/wsgi.py:868}}
Aug 29 22:28:01.365535 dv-cinder-854268-3-smb devstack@c-api.service[113333]: DEBUG cinder.api.v3.group_snapshots [None req-f9618f84-ae04-4109-80c9-f8e8ec35ce5c tempest-GroupSnapshotsV319Test-252671221 tempest-GroupSnapshotsV319Test-252671221-project] show called for member 0b30fc75-417f-4fd3-886f-14963e59e19e {{(pid=113333) show /opt/stack/cinder/cinder/api/v3/group_snapshots.py:58}}
Aug 29 22:28:01.366009 dv-cinder-854268-3-smb devstack@c-api.service[113334]: DEBUG cinder.api.middleware.request_id [None req-b490cc97-5016-481b-a20b-fd7ef15a57fd None None] RequestId filter calling following filter/app {{(pid=113334) _context_setter /opt/stack/cinder/cinder/api/middleware/request_id.py:62}}
Aug 29 22:28:01.389837 dv-cinder-854268-3-smb devstack@c-api.service[113334]: INFO cinder.api.openstack.wsgi [None req-b490cc97-5016-481b-a20b-fd7ef15a57fd tempest-QosSpecsTestJSON-300987502 tempest-QosSpecsTestJSON-300987502-project-admin] DELETE http://10.222.0.36/volume/v3/b6097a0798ca46a18721a4b85d0a0a06/types/5e2d1bc2-98a6-4aa3-8511-f17231fef86a
Aug 29 22:28:01.390304 dv-cinder-854268-3-smb devstack@c-api.service[113334]: DEBUG cinder.api.openstack.wsgi [None req-b490cc97-5016-481b-a20b-fd7ef15a57fd tempest-QosSpecsTestJSON-300987502 tempest-QosSpecsTestJSON-300987502-project-admin] Empty body provided in request {{(pid=113334) get_body /opt/stack/cinder/cinder/api/openstack/wsgi.py:715}}
Aug 29 22:28:01.390809 dv-cinder-854268-3-smb devstack@c-api.service[113334]: DEBUG cinder.api.openstack.wsgi [None req-b490cc97-5016-481b-a20b-fd7ef15a57fd tempest-QosSpecsTestJSON-300987502 tempest-QosSpecsTestJSON-300987502-project-admin] Calling method '_delete' {{(pid=113334) _process_stack /opt/stack/cinder/cinder/api/openstack/wsgi.py:868}}
Aug 29 22:28:01.394224 dv-cinder-854268-3-smb devstack@c-api.service[113333]: /usr/local/lib/python3.8/dist-packages/oslo_context/context.py:100: DeprecationWarning: Policy enforcement is depending on the value of is_admin. This key is deprecated. Please update your policy file to use the standard policy values.
Aug 29 22:28:01.394224 dv-cinder-854268-3-smb devstack@c-api.service[113333]: warnings.warn('Policy enforcement is depending on the value of '
Aug 29 22:28:01.440822 dv-cinder-854268-3-smb devstack@c-api.service[113333]: INFO cinder.api.openstack.wsgi [None req-f9618f84-ae04-4109-80c9-f8e8ec35ce5c tempest-GroupSnapshotsV319Test-252671221 tempest-GroupSnapshotsV319Test-252671221-project] http://10.222.0.36/volume/v3/fbed0cc7bb6349418fac6cb5fcf1b295/group_snapshots/0b30fc75-417f-4fd3-886f-14963e59e19e returned with HTTP 200
Aug 29 22:28:01.443354 dv-cinder-854268-3-smb devstack@c-api.service[113333]: [pid: 113333|app: 0|req: 78/173] 10.222.0.36 () {60 vars in 1390 bytes} [Mon Aug 29 22:28:01 2022] GET /volume/v3/fbed0cc7bb6349418fac6cb5fcf1b295/group_snapshots/0b30fc75-417f-4fd3-886f-14963e59e19e => generated 330 bytes in 120 msecs (HTTP/1.1 200) 7 headers in 286 bytes (1 switches on core 0)
Aug 29 22:28:01.453791 dv-cinder-854268-3-smb devstack@c-api.service[113333]: DEBUG cinder.api.middleware.request_id [None req-59e2f670-84c4-44e6-84db-64ea9b03948e None None] RequestId filter calling following filter/app {{(pid=113333) _context_setter /opt/stack/cinder/cinder/api/middleware/request_id.py:62}}
Aug 29 22:28:01.484907 dv-cinder-854268-3-smb devstack@c-api.service[113333]: INFO cinder.api.openstack.wsgi [None req-59e2f670-84c4-44e6-84db-64ea9b03948e tempest-GroupSnapshotsV319Test-1093244241 tempest-GroupSnapshotsV319Test-1093244241-project-admin] POST http://10.222.0.36/volume/v3/2865af5f1b834eff8e5551b9c4ce7f69/group_snapshots/0b30fc75-417f-4fd3-886f-14963e59e19e/action
Aug 29 22:28:01.485983 dv-cinder-854268-3-smb devstack@c-api.service[113333]: DEBUG cinder.api.openstack.wsgi [None req-59e2f670-84c4-44e6-84db-64ea9b03948e tempest-GroupSnapshotsV319Test-1093244241 tempest-GroupSnapshotsV319Test-1093244241-project-admin] Action body: b'{"reset_status": {"status": "available"}}' {{(pid=113333) get_method /opt/stack/cinder/cinder/api/openstack/wsgi.py:983}}
Aug 29 22:28:01.486303 dv-cinder-854268-3-smb devstack@c-api.service[113333]: DEBUG cinder.api.openstack.wsgi [None req-59e2f670-84c4-44e6-84db-64ea9b03948e tempest-GroupSnapshotsV319Test-1093244241 tempest-GroupSnapshotsV319Test-1093244241-project-admin] Action: 'action', calling method: reset_status, body: {"reset_status": {"status": "available"}} {{(pid=113333) _process_stack /opt/stack/cinder/cinder/api/openstack/wsgi.py:866}}
Aug 29 22:28:01.494507 dv-cinder-854268-3-smb devstack@c-api.service[113333]: DEBUG cinder.api.v3.group_snapshots [None req-59e2f670-84c4-44e6-84db-64ea9b03948e tempest-GroupSnapshotsV319Test-1093244241 tempest-GroupSnapshotsV319Test-1093244241-project-admin] Updating group '0b30fc75-417f-4fd3-886f-14963e59e19e' with 'available' {{(pid=113333) _reset_status /opt/stack/cinder/cinder/api/v3/group_snapshots.py:194}}
Aug 29 22:28:01.516205 dv-cinder-854268-3-smb devstack@c-api.service[113333]: /usr/local/lib/python3.8/dist-packages/oslo_context/context.py:100: DeprecationWarning: Policy enforcement is depending on the value of is_admin. This key is deprecated. Please update your policy file to use the standard policy values.
Aug 29 22:28:01.516205 dv-cinder-854268-3-smb devstack@c-api.service[113333]: warnings.warn('Policy enforcement is depending on the value of '
Aug 29 22:28:01.544031 dv-cinder-854268-3-smb devstack@c-api.service[113333]: INFO cinder.api.openstack.wsgi [None req-59e2f670-84c4-44e6-84db-64ea9b03948e tempest-GroupSnapshotsV319Test-1093244241 tempest-GroupSnapshotsV319Test-1093244241-project-admin] http://10.222.0.36/volume/v3/2865af5f1b834eff8e5551b9c4ce7f69/group_snapshots/0b30fc75-417f-4fd3-886f-14963e59e19e/action returned with HTTP 202
Aug 29 22:28:01.547309 dv-cinder-854268-3-smb devstack@c-api.service[113333]: [pid: 113333|app: 0|req: 79/174] 10.222.0.36 () {62 vars in 1432 bytes} [Mon Aug 29 22:28:01 2022] POST /volume/v3/2865af5f1b834eff8e5551b9c4ce7f69/group_snapshots/0b30fc75-417f-4fd3-886f-14963e59e19e/action => generated 0 bytes in 96 msecs (HTTP/1.1 202) 6 headers in 234 bytes (1 switches on core 0)
Aug 29 22:28:01.553947 dv-cinder-854268-3-smb devstack@c-api.service[113333]: DEBUG cinder.api.middleware.request_id [None req-4f9e2391-00b7-4450-8563-d334ce678b1b None None] RequestId filter calling following filter/app {{(pid=113333) _context_setter /opt/stack/cinder/cinder/api/middleware/request_id.py:62}}
Aug 29 22:28:01.560087 dv-cinder-854268-3-smb devstack@c-api.service[113333]: INFO cinder.api.openstack.wsgi [None req-4f9e2391-00b7-4450-8563-d334ce678b1b tempest-GroupSnapshotsV319Test-252671221 tempest-GroupSnapshotsV319Test-252671221-project] GET http://10.222.0.36/volume/v3/fbed0cc7bb6349418fac6cb5fcf1b295/group_snapshots/0b30fc75-417f-4fd3-886f-14963e59e19e
Aug 29 22:28:01.560087 dv-cinder-854268-3-smb devstack@c-api.service[113333]: DEBUG cinder.api.openstack.wsgi [None req-4f9e2391-00b7-4450-8563-d334ce678b1b tempest-GroupSnapshotsV319Test-252671221 tempest-GroupSnapshotsV319Test-252671221-project] Empty body provided in request {{(pid=113333) get_body /opt/stack/cinder/cinder/api/openstack/wsgi.py:715}}
Aug 29 22:28:01.569008 dv-cinder-854268-3-smb devstack@c-api.service[113334]: INFO cinder.api.openstack.wsgi [None req-b490cc97-5016-481b-a20b-fd7ef15a57fd tempest-QosSpecsTestJSON-300987502 tempest-QosSpecsTestJSON-300987502-project-admin] http://10.222.0.36/volume/v3/b6097a0798ca46a18721a4b85d0a0a06/types/5e2d1bc2-98a6-4aa3-8511-f17231fef86a returned with HTTP 202
Aug 29 22:28:01.570160 dv-cinder-854268-3-smb devstack@c-api.service[113334]: [pid: 113334|app: 0|req: 96/175] 10.222.0.36 () {58 vars in 1322 bytes} [Mon Aug 29 22:28:01 2022] DELETE /volume/v3/b6097a0798ca46a18721a4b85d0a0a06/types/5e2d1bc2-98a6-4aa3-8511-f17231fef86a => generated 0 bytes in 216 msecs (HTTP/1.1 202) 6 headers in 233 bytes (1 switches on core 0)
Aug 29 22:28:01.570738 dv-cinder-854268-3-smb devstack@c-api.service[113333]: DEBUG cinder.api.openstack.wsgi [None req-4f9e2391-00b7-4450-8563-d334ce678b1b tempest-GroupSnapshotsV319Test-252671221 tempest-GroupSnapshotsV319Test-252671221-project] Calling method 'version_select' {{(pid=113333) _process_stack /opt/stack/cinder/cinder/api/openstack/wsgi.py:868}}
Aug 29 22:28:01.571280 dv-cinder-854268-3-smb devstack@c-api.service[113333]: DEBUG cinder.api.v3.group_snapshots [None req-4f9e2391-00b7-4450-8563-d334ce678b1b tempest-GroupSnapshotsV319Test-252671221 tempest-GroupSnapshotsV319Test-252671221-project] show called for member 0b30fc75-417f-4fd3-886f-14963e59e19e {{(pid=113333) show /opt/stack/cinder/cinder/api/v3/group_snapshots.py:58}}
Aug 29 22:28:01.574462 dv-cinder-854268-3-smb devstack@c-api.service[113334]: DEBUG cinder.api.middleware.request_id [None req-a195456b-8a59-4619-b63a-5f87916acf2d None None] RequestId filter calling following filter/app {{(pid=113334) _context_setter /opt/stack/cinder/cinder/api/middleware/request_id.py:62}}
Aug 29 22:28:01.587441 dv-cinder-854268-3-smb devstack@c-api.service[113334]: INFO cinder.api.openstack.wsgi [None req-a195456b-8a59-4619-b63a-5f87916acf2d tempest-QosSpecsTestJSON-300987502 tempest-QosSpecsTestJSON-300987502-project-admin] GET http://10.222.0.36/volume/v3/b6097a0798ca46a18721a4b85d0a0a06/types/5e2d1bc2-98a6-4aa3-8511-f17231fef86a
Aug 29 22:28:01.587884 dv-cinder-854268-3-smb devstack@c-api.service[113334]: DEBUG cinder.api.openstack.wsgi [None req-a195456b-8a59-4619-b63a-5f87916acf2d tempest-QosSpecsTestJSON-300987502 tempest-QosSpecsTestJSON-300987502-project-admin] Empty body provided in request {{(pid=113334) get_body /opt/stack/cinder/cinder/api/openstack/wsgi.py:715}}
Aug 29 22:28:01.588802 dv-cinder-854268-3-smb devstack@c-api.service[113334]: DEBUG cinder.api.openstack.wsgi [None req-a195456b-8a59-4619-b63a-5f87916acf2d tempest-QosSpecsTestJSON-300987502 tempest-QosSpecsTestJSON-300987502-project-admin] Calling method 'show' {{(pid=113334) _process_stack /opt/stack/cinder/cinder/api/openstack/wsgi.py:868}}
Aug 29 22:28:01.597861 dv-cinder-854268-3-smb devstack@c-api.service[113333]: /usr/local/lib/python3.8/dist-packages/oslo_context/context.py:100: DeprecationWarning: Policy enforcement is depending on the value of is_admin. This key is deprecated. Please update your policy file to use the standard policy values.
Aug 29 22:28:01.597861 dv-cinder-854268-3-smb devstack@c-api.service[113333]: warnings.warn('Policy enforcement is depending on the value of '
Aug 29 22:28:01.604588 dv-cinder-854268-3-smb devstack@c-api.service[113334]: INFO cinder.api.openstack.wsgi [None req-a195456b-8a59-4619-b63a-5f87916acf2d tempest-QosSpecsTestJSON-300987502 tempest-QosSpecsTestJSON-300987502-project-admin] http://10.222.0.36/volume/v3/b6097a0798ca46a18721a4b85d0a0a06/types/5e2d1bc2-98a6-4aa3-8511-f17231fef86a returned with HTTP 404
Aug 29 22:28:01.605864 dv-cinder-854268-3-smb devstack@c-api.service[113334]: [pid: 113334|app: 0|req: 97/176] 10.222.0.36 () {58 vars in 1319 bytes} [Mon Aug 29 22:28:01 2022] GET /volume/v3/b6097a0798ca46a18721a4b85d0a0a06/types/5e2d1bc2-98a6-4aa3-8511-f17231fef86a => generated 114 bytes in 32 msecs (HTTP/1.1 404) 7 headers in 292 bytes (2 switches on core 0)
Aug 29 22:28:01.610268 dv-cinder-854268-3-smb devstack@c-api.service[113334]: DEBUG cinder.api.middleware.request_id [None req-e2aedb90-fd4a-49e3-a2b8-385cc87d1463 None None] RequestId filter calling following filter/app {{(pid=113334) _context_setter /opt/stack/cinder/cinder/api/middleware/request_id.py:62}}
Aug 29 22:28:01.615625 dv-cinder-854268-3-smb devstack@c-api.service[113333]: INFO cinder.api.openstack.wsgi [None req-4f9e2391-00b7-4450-8563-d334ce678b1b tempest-GroupSnapshotsV319Test-252671221 tempest-GroupSnapshotsV319Test-252671221-project] http://10.222.0.36/volume/v3/fbed0cc7bb6349418fac6cb5fcf1b295/group_snapshots/0b30fc75-417f-4fd3-886f-14963e59e19e returned with HTTP 200
Aug 29 22:28:01.623251 dv-cinder-854268-3-smb devstack@c-api.service[113334]: INFO cinder.api.openstack.wsgi [None req-e2aedb90-fd4a-49e3-a2b8-385cc87d1463 tempest-QosSpecsTestJSON-300987502 tempest-QosSpecsTestJSON-300987502-project-admin] DELETE http://10.222.0.36/volume/v3/b6097a0798ca46a18721a4b85d0a0a06/qos-specs/6a8462ea-f9fa-4756-85df-256a8d812a83?force=False
Aug 29 22:28:01.623712 dv-cinder-854268-3-smb devstack@c-api.service[113334]: DEBUG cinder.api.openstack.wsgi [None req-e2aedb90-fd4a-49e3-a2b8-385cc87d1463 tempest-QosSpecsTestJSON-300987502 tempest-QosSpecsTestJSON-300987502-project-admin] Empty body provided in request {{(pid=113334) get_body /opt/stack/cinder/cinder/api/openstack/wsgi.py:715}}
Aug 29 22:28:01.624185 dv-cinder-854268-3-smb devstack@c-api.service[113334]: DEBUG cinder.api.openstack.wsgi [None req-e2aedb90-fd4a-49e3-a2b8-385cc87d1463 tempest-QosSpecsTestJSON-300987502 tempest-QosSpecsTestJSON-300987502-project-admin] Calling method 'delete' {{(pid=113334) _process_stack /opt/stack/cinder/cinder/api/openstack/wsgi.py:868}}
Aug 29 22:28:01.625589 dv-cinder-854268-3-smb devstack@c-api.service[113334]: DEBUG cinder.api.contrib.qos_specs_manage [None req-e2aedb90-fd4a-49e3-a2b8-385cc87d1463 tempest-QosSpecsTestJSON-300987502 tempest-QosSpecsTestJSON-300987502-project-admin] Delete qos_spec: 6a8462ea-f9fa-4756-85df-256a8d812a83, force: False {{(pid=113334) delete /opt/stack/cinder/cinder/api/contrib/qos_specs_manage.py:168}}
Aug 29 22:28:01.633652 dv-cinder-854268-3-smb devstack@c-api.service[113333]: [pid: 113333|app: 0|req: 80/177] 10.222.0.36 () {60 vars in 1390 bytes} [Mon Aug 29 22:28:01 2022] GET /volume/v3/fbed0cc7bb6349418fac6cb5fcf1b295/group_snapshots/0b30fc75-417f-4fd3-886f-14963e59e19e => generated 331 bytes in 81 msecs (HTTP/1.1 200) 7 headers in 286 bytes (1 switches on core 0)
Aug 29 22:28:01.635817 dv-cinder-854268-3-smb devstack@c-api.service[113333]: DEBUG cinder.api.middleware.request_id [None req-533d73c9-34b5-4b4f-8200-ca1d875c5967 None None] RequestId filter calling following filter/app {{(pid=113333) _context_setter /opt/stack/cinder/cinder/api/middleware/request_id.py:62}}
Aug 29 22:28:01.640181 dv-cinder-854268-3-smb devstack@c-api.service[113333]: INFO cinder.api.openstack.wsgi [None req-533d73c9-34b5-4b4f-8200-ca1d875c5967 tempest-GroupSnapshotsV319Test-1093244241 tempest-GroupSnapshotsV319Test-1093244241-project-admin] POST http://10.222.0.36/volume/v3/2865af5f1b834eff8e5551b9c4ce7f69/group_snapshots/0b30fc75-417f-4fd3-886f-14963e59e19e/action
Aug 29 22:28:01.646471 dv-cinder-854268-3-smb devstack@c-api.service[113333]: DEBUG cinder.api.openstack.wsgi [None req-533d73c9-34b5-4b4f-8200-ca1d875c5967 tempest-GroupSnapshotsV319Test-1093244241 tempest-GroupSnapshotsV319Test-1093244241-project-admin] Action body: b'{"reset_status": {"status": "error"}}' {{(pid=113333) get_method /opt/stack/cinder/cinder/api/openstack/wsgi.py:983}}
Aug 29 22:28:01.646821 dv-cinder-854268-3-smb devstack@c-api.service[113333]: DEBUG cinder.api.openstack.wsgi [None req-533d73c9-34b5-4b4f-8200-ca1d875c5967 tempest-GroupSnapshotsV319Test-1093244241 tempest-GroupSnapshotsV319Test-1093244241-project-admin] Action: 'action', calling method: reset_status, body: {"reset_status": {"status": "error"}} {{(pid=113333) _process_stack /opt/stack/cinder/cinder/api/openstack/wsgi.py:866}}
Aug 29 22:28:01.654859 dv-cinder-854268-3-smb devstack@c-api.service[113333]: DEBUG cinder.api.v3.group_snapshots [None req-533d73c9-34b5-4b4f-8200-ca1d875c5967 tempest-GroupSnapshotsV319Test-1093244241 tempest-GroupSnapshotsV319Test-1093244241-project-admin] Updating group '0b30fc75-417f-4fd3-886f-14963e59e19e' with 'error' {{(pid=113333) _reset_status /opt/stack/cinder/cinder/api/v3/group_snapshots.py:194}}
Aug 29 22:28:01.675490 dv-cinder-854268-3-smb devstack@c-api.service[113333]: /usr/local/lib/python3.8/dist-packages/oslo_context/context.py:100: DeprecationWarning: Policy enforcement is depending on the value of is_admin. This key is deprecated. Please update your policy file to use the standard policy values.
Aug 29 22:28:01.675490 dv-cinder-854268-3-smb devstack@c-api.service[113333]: warnings.warn('Policy enforcement is depending on the value of '
Aug 29 22:28:01.705742 dv-cinder-854268-3-smb devstack@c-api.service[113333]: INFO cinder.api.openstack.wsgi [None req-533d73c9-34b5-4b4f-8200-ca1d875c5967 tempest-GroupSnapshotsV319Test-1093244241 tempest-GroupSnapshotsV319Test-1093244241-project-admin] http://10.222.0.36/volume/v3/2865af5f1b834eff8e5551b9c4ce7f69/group_snapshots/0b30fc75-417f-4fd3-886f-14963e59e19e/action returned with HTTP 202
Aug 29 22:28:01.710345 dv-cinder-854268-3-smb devstack@c-api.service[113333]: [pid: 113333|app: 0|req: 81/178] 10.222.0.36 () {62 vars in 1432 bytes} [Mon Aug 29 22:28:01 2022] POST /volume/v3/2865af5f1b834eff8e5551b9c4ce7f69/group_snapshots/0b30fc75-417f-4fd3-886f-14963e59e19e/action => generated 0 bytes in 76 msecs (HTTP/1.1 202) 6 headers in 234 bytes (1 switches on core 0)
Aug 29 22:28:01.713138 dv-cinder-854268-3-smb devstack@c-api.service[113333]: DEBUG cinder.api.middleware.request_id [None req-a3006af0-3c54-4bdb-813d-090a4dba3b76 None None] RequestId filter calling following filter/app {{(pid=113333) _context_setter /opt/stack/cinder/cinder/api/middleware/request_id.py:62}}
Aug 29 22:28:01.724553 dv-cinder-854268-3-smb devstack@c-api.service[113333]: INFO cinder.api.openstack.wsgi [None req-a3006af0-3c54-4bdb-813d-090a4dba3b76 tempest-GroupSnapshotsV319Test-252671221 tempest-GroupSnapshotsV319Test-252671221-project] GET http://10.222.0.36/volume/v3/fbed0cc7bb6349418fac6cb5fcf1b295/group_snapshots/0b30fc75-417f-4fd3-886f-14963e59e19e
Aug 29 22:28:01.726329 dv-cinder-854268-3-smb devstack@c-api.service[113333]: DEBUG cinder.api.openstack.wsgi [None req-a3006af0-3c54-4bdb-813d-090a4dba3b76 tempest-GroupSnapshotsV319Test-252671221 tempest-GroupSnapshotsV319Test-252671221-project] Empty body provided in request {{(pid=113333) get_body /opt/stack/cinder/cinder/api/openstack/wsgi.py:715}}
Aug 29 22:28:01.726967 dv-cinder-854268-3-smb devstack@c-api.service[113333]: DEBUG cinder.api.openstack.wsgi [None req-a3006af0-3c54-4bdb-813d-090a4dba3b76 tempest-GroupSnapshotsV319Test-252671221 tempest-GroupSnapshotsV319Test-252671221-project] Calling method 'version_select' {{(pid=113333) _process_stack /opt/stack/cinder/cinder/api/openstack/wsgi.py:868}}
Aug 29 22:28:01.727513 dv-cinder-854268-3-smb devstack@c-api.service[113333]: DEBUG cinder.api.v3.group_snapshots [None req-a3006af0-3c54-4bdb-813d-090a4dba3b76 tempest-GroupSnapshotsV319Test-252671221 tempest-GroupSnapshotsV319Test-252671221-project] show called for member 0b30fc75-417f-4fd3-886f-14963e59e19e {{(pid=113333) show /opt/stack/cinder/cinder/api/v3/group_snapshots.py:58}}
Aug 29 22:28:01.730340 dv-cinder-854268-3-smb devstack@c-api.service[113334]: INFO cinder.api.openstack.wsgi [None req-e2aedb90-fd4a-49e3-a2b8-385cc87d1463 tempest-QosSpecsTestJSON-300987502 tempest-QosSpecsTestJSON-300987502-project-admin] http://10.222.0.36/volume/v3/b6097a0798ca46a18721a4b85d0a0a06/qos-specs/6a8462ea-f9fa-4756-85df-256a8d812a83?force=False returned with HTTP 202
Aug 29 22:28:01.734088 dv-cinder-854268-3-smb devstack@c-api.service[113334]: [pid: 113334|app: 0|req: 98/179] 10.222.0.36 () {58 vars in 1357 bytes} [Mon Aug 29 22:28:01 2022] DELETE /volume/v3/b6097a0798ca46a18721a4b85d0a0a06/qos-specs/6a8462ea-f9fa-4756-85df-256a8d812a83?force=False => generated 0 bytes in 122 msecs (HTTP/1.1 202) 6 headers in 233 bytes (1 switches on core 0)
Aug 29 22:28:01.736663 dv-cinder-854268-3-smb devstack@c-api.service[113334]: DEBUG cinder.api.middleware.request_id [None req-f548f468-3fa8-4613-93c0-27c47453a14d None None] RequestId filter calling following filter/app {{(pid=113334) _context_setter /opt/stack/cinder/cinder/api/middleware/request_id.py:62}}
Aug 29 22:28:01.761551 dv-cinder-854268-3-smb devstack@c-api.service[113333]: /usr/local/lib/python3.8/dist-packages/oslo_context/context.py:100: DeprecationWarning: Policy enforcement is depending on the value of is_admin. This key is deprecated. Please update your policy file to use the standard policy values.
Aug 29 22:28:01.761551 dv-cinder-854268-3-smb devstack@c-api.service[113333]: warnings.warn('Policy enforcement is depending on the value of '
Aug 29 22:28:01.764931 dv-cinder-854268-3-smb devstack@c-api.service[113334]: INFO cinder.api.openstack.wsgi [None req-f548f468-3fa8-4613-93c0-27c47453a14d tempest-QosSpecsTestJSON-300987502 tempest-QosSpecsTestJSON-300987502-project-admin] GET http://10.222.0.36/volume/v3/b6097a0798ca46a18721a4b85d0a0a06/qos-specs/6a8462ea-f9fa-4756-85df-256a8d812a83
Aug 29 22:28:01.770599 dv-cinder-854268-3-smb devstack@c-api.service[113334]: DEBUG cinder.api.openstack.wsgi [None req-f548f468-3fa8-4613-93c0-27c47453a14d tempest-QosSpecsTestJSON-300987502 tempest-QosSpecsTestJSON-300987502-project-admin] Empty body provided in request {{(pid=113334) get_body /opt/stack/cinder/cinder/api/openstack/wsgi.py:715}}
Aug 29 22:28:01.771880 dv-cinder-854268-3-smb devstack@c-api.service[113334]: DEBUG cinder.api.openstack.wsgi [None req-f548f468-3fa8-4613-93c0-27c47453a14d tempest-QosSpecsTestJSON-300987502 tempest-QosSpecsTestJSON-300987502-project-admin] Calling method 'show' {{(pid=113334) _process_stack /opt/stack/cinder/cinder/api/openstack/wsgi.py:868}}
Aug 29 22:28:01.772648 dv-cinder-854268-3-smb devstack@c-api.service[113334]: /usr/local/lib/python3.8/dist-packages/oslo_context/context.py:100: DeprecationWarning: Policy enforcement is depending on the value of is_admin. This key is deprecated. Please update your policy file to use the standard policy values.
Aug 29 22:28:01.772648 dv-cinder-854268-3-smb devstack@c-api.service[113334]: warnings.warn('Policy enforcement is depending on the value of '
Aug 29 22:28:01.782413 dv-cinder-854268-3-smb devstack@c-api.service[113333]: INFO cinder.api.openstack.wsgi [None req-a3006af0-3c54-4bdb-813d-090a4dba3b76 tempest-GroupSnapshotsV319Test-252671221 tempest-GroupSnapshotsV319Test-252671221-project] http://10.222.0.36/volume/v3/fbed0cc7bb6349418fac6cb5fcf1b295/group_snapshots/0b30fc75-417f-4fd3-886f-14963e59e19e returned with HTTP 200
Aug 29 22:28:01.799850 dv-cinder-854268-3-smb devstack@c-api.service[113333]: [pid: 113333|app: 0|req: 82/180] 10.222.0.36 () {60 vars in 1390 bytes} [Mon Aug 29 22:28:01 2022] GET /volume/v3/fbed0cc7bb6349418fac6cb5fcf1b295/group_snapshots/0b30fc75-417f-4fd3-886f-14963e59e19e => generated 327 bytes in 83 msecs (HTTP/1.1 200) 7 headers in 286 bytes (1 switches on core 0)
