Aug 24 05:46:02.923677 dv-cinder-854268-1-iscsi devstack@c-api.service[120015]: INFO cinder.volume.api [None req-8740e2b3-0f2c-4be2-8bfc-5c3fffc94da4 tempest-GroupsV314Test-1536996968 tempest-GroupsV314Test-1536996968-project] Volume info retrieved successfully.
Aug 24 05:46:02.925147 dv-cinder-854268-1-iscsi devstack@c-api.service[120016]: /usr/local/lib/python3.8/dist-packages/oslo_context/context.py:100: DeprecationWarning: Policy enforcement is depending on the value of is_admin. This key is deprecated. Please update your policy file to use the standard policy values.
Aug 24 05:46:02.925147 dv-cinder-854268-1-iscsi devstack@c-api.service[120016]: warnings.warn('Policy enforcement is depending on the value of '
Aug 24 05:46:02.926443 dv-cinder-854268-1-iscsi devstack@c-api.service[120015]: WARNING stevedore.named [None req-8740e2b3-0f2c-4be2-8bfc-5c3fffc94da4 tempest-GroupsV314Test-1536996968 tempest-GroupsV314Test-1536996968-project] Could not load cinder.keymgr.conf_key_mgr.ConfKeyManager
Aug 24 05:46:02.926977 dv-cinder-854268-1-iscsi devstack@c-api.service[120015]: WARNING castellan.key_manager [None req-8740e2b3-0f2c-4be2-8bfc-5c3fffc94da4 tempest-GroupsV314Test-1536996968 tempest-GroupsV314Test-1536996968-project] Deprecation Warning : cinder.keymgr.conf_key_mgr.ConfKeyManager is not a stevedore based driver, trying to load it as a class: stevedore.exception.NoMatches: No 'castellan.drivers' driver found, looking for 'cinder.keymgr.conf_key_mgr.ConfKeyManager'
Aug 24 05:46:02.927471 dv-cinder-854268-1-iscsi devstack@c-api.service[120016]: INFO cinder.volume.api [None req-fd51de61-a9e6-45f4-81a2-51aa523b2d83 tempest-SnapshotsActionsTest-2139825627 tempest-SnapshotsActionsTest-2139825627-project] Snapshot retrieved successfully.
Aug 24 05:46:02.932829 dv-cinder-854268-1-iscsi devstack@c-api.service[120016]: INFO cinder.api.openstack.wsgi [None req-fd51de61-a9e6-45f4-81a2-51aa523b2d83 tempest-SnapshotsActionsTest-2139825627 tempest-SnapshotsActionsTest-2139825627-project] http://10.222.0.73/volume/v3/e35cf25979d449219f522afe907f1fb8/snapshots/dec40131-bf90-451e-bd3c-27a5505c04fa returned with HTTP 200
Aug 24 05:46:02.933607 dv-cinder-854268-1-iscsi devstack@c-api.service[120016]: [pid: 120016|app: 0|req: 37/88] 10.222.0.73 () {58 vars in 1331 bytes} [Wed Aug 24 05:46:02 2022] GET /volume/v3/e35cf25979d449219f522afe907f1fb8/snapshots/dec40131-bf90-451e-bd3c-27a5505c04fa => generated 466 bytes in 49 msecs (HTTP/1.1 200) 7 headers in 285 bytes (1 switches on core 0)
Aug 24 05:46:02.937699 dv-cinder-854268-1-iscsi devstack@c-api.service[120015]: DEBUG oslo_db.sqlalchemy.engines [None req-8740e2b3-0f2c-4be2-8bfc-5c3fffc94da4 tempest-GroupsV314Test-1536996968 tempest-GroupsV314Test-1536996968-project] MySQL server mode set to STRICT_TRANS_TABLES,STRICT_ALL_TABLES,NO_ZERO_IN_DATE,NO_ZERO_DATE,ERROR_FOR_DIVISION_BY_ZERO,TRADITIONAL,NO_ENGINE_SUBSTITUTION {{(pid=120015) _check_effective_sql_mode /usr/local/lib/python3.8/dist-packages/oslo_db/sqlalchemy/engines.py:314}}
Aug 24 05:46:02.945265 dv-cinder-854268-1-iscsi devstack@c-api.service[120016]: DEBUG cinder.api.middleware.request_id [None req-c11802ec-718c-497b-9177-1843d9c35b7c None None] RequestId filter calling following filter/app {{(pid=120016) _context_setter /opt/stack/cinder/cinder/api/middleware/request_id.py:62}}
Aug 24 05:46:02.949019 dv-cinder-854268-1-iscsi devstack@c-api.service[120015]: /usr/local/lib/python3.8/dist-packages/oslo_context/context.py:100: DeprecationWarning: Policy enforcement is depending on the value of is_admin. This key is deprecated. Please update your policy file to use the standard policy values.
Aug 24 05:46:02.949019 dv-cinder-854268-1-iscsi devstack@c-api.service[120015]: warnings.warn('Policy enforcement is depending on the value of '
Aug 24 05:46:02.950854 dv-cinder-854268-1-iscsi devstack@c-api.service[120016]: INFO cinder.api.openstack.wsgi [None req-c11802ec-718c-497b-9177-1843d9c35b7c tempest-VolumeRetypeWithoutMigrationTest-51240465 tempest-VolumeRetypeWithoutMigrationTest-51240465-project-admin] GET http://10.222.0.73/volume/v3/704b86c87a9e4642b736c4f99c33b18e/volumes?all_tenants=True&name=tempest-VolumeRetypeWithoutMigrationTest-Volume-1615085948
Aug 24 05:46:02.952598 dv-cinder-854268-1-iscsi devstack@c-api.service[120016]: DEBUG cinder.api.openstack.wsgi [None req-c11802ec-718c-497b-9177-1843d9c35b7c tempest-VolumeRetypeWithoutMigrationTest-51240465 tempest-VolumeRetypeWithoutMigrationTest-51240465-project-admin] Empty body provided in request {{(pid=120016) get_body /opt/stack/cinder/cinder/api/openstack/wsgi.py:715}}
Aug 24 05:46:02.953483 dv-cinder-854268-1-iscsi devstack@c-api.service[120016]: DEBUG cinder.api.openstack.wsgi [None req-c11802ec-718c-497b-9177-1843d9c35b7c tempest-VolumeRetypeWithoutMigrationTest-51240465 tempest-VolumeRetypeWithoutMigrationTest-51240465-project-admin] Calling method 'index' {{(pid=120016) _process_stack /opt/stack/cinder/cinder/api/openstack/wsgi.py:868}}
Aug 24 05:46:02.958417 dv-cinder-854268-1-iscsi devstack@c-api.service[120016]: DEBUG cinder.volume.api [None req-c11802ec-718c-497b-9177-1843d9c35b7c tempest-VolumeRetypeWithoutMigrationTest-51240465 tempest-VolumeRetypeWithoutMigrationTest-51240465-project-admin] Searching by: MultiDict([('display_name', 'tempest-VolumeRetypeWithoutMigrationTest-Volume-1615085948'), ('all_tenants', True)]). {{(pid=120016) get_all /opt/stack/cinder/cinder/volume/api.py:664}}
Aug 24 05:46:02.994856 dv-cinder-854268-1-iscsi devstack@c-api.service[120015]: INFO cinder.api.openstack.wsgi [None req-8740e2b3-0f2c-4be2-8bfc-5c3fffc94da4 tempest-GroupsV314Test-1536996968 tempest-GroupsV314Test-1536996968-project] http://10.222.0.73/volume/v3/4c9d6530be4346fe9bde87d62026017d/volumes/6aba98de-fea0-45d8-bcb1-f4ca53bae4d2 returned with HTTP 200
Aug 24 05:46:02.999137 dv-cinder-854268-1-iscsi devstack@c-api.service[120015]: [pid: 120015|app: 0|req: 52/89] 10.222.0.73 () {60 vars in 1366 bytes} [Wed Aug 24 05:46:02 2022] GET /volume/v3/4c9d6530be4346fe9bde87d62026017d/volumes/6aba98de-fea0-45d8-bcb1-f4ca53bae4d2 => generated 992 bytes in 116 msecs (HTTP/1.1 200) 7 headers in 286 bytes (1 switches on core 0)
Aug 24 05:46:03.002432 dv-cinder-854268-1-iscsi devstack@c-api.service[120015]: DEBUG cinder.api.middleware.request_id [None req-596e742a-e798-4cd9-96d8-feba54172fe3 None None] RequestId filter calling following filter/app {{(pid=120015) _context_setter /opt/stack/cinder/cinder/api/middleware/request_id.py:62}}
Aug 24 05:46:03.033985 dv-cinder-854268-1-iscsi devstack@c-api.service[120015]: INFO cinder.api.openstack.wsgi [None req-596e742a-e798-4cd9-96d8-feba54172fe3 tempest-SnapshotsActionsTest-2139825627 tempest-SnapshotsActionsTest-2139825627-project] POST http://10.222.0.73/volume/v3/e35cf25979d449219f522afe907f1fb8/snapshots
Aug 24 05:46:03.035629 dv-cinder-854268-1-iscsi devstack@c-api.service[120015]: DEBUG cinder.api.openstack.wsgi [None req-596e742a-e798-4cd9-96d8-feba54172fe3 tempest-SnapshotsActionsTest-2139825627 tempest-SnapshotsActionsTest-2139825627-project] Action: 'create', calling method: create, body: {"snapshot": {"volume_id": "7b49c0af-76ff-412e-b1b8-88f426fa0b31", "name": "tempest-SnapshotsActionsTest-Snapshot-1369997252"}} {{(pid=120015) _process_stack /opt/stack/cinder/cinder/api/openstack/wsgi.py:866}}
Aug 24 05:46:03.042645 dv-cinder-854268-1-iscsi devstack@c-api.service[120016]: INFO cinder.volume.api [None req-c11802ec-718c-497b-9177-1843d9c35b7c tempest-VolumeRetypeWithoutMigrationTest-51240465 tempest-VolumeRetypeWithoutMigrationTest-51240465-project-admin] Get all volumes completed successfully.
Aug 24 05:46:03.044243 dv-cinder-854268-1-iscsi devstack@c-api.service[120016]: INFO cinder.api.openstack.wsgi [None req-c11802ec-718c-497b-9177-1843d9c35b7c tempest-VolumeRetypeWithoutMigrationTest-51240465 tempest-VolumeRetypeWithoutMigrationTest-51240465-project-admin] http://10.222.0.73/volume/v3/704b86c87a9e4642b736c4f99c33b18e/volumes?all_tenants=True&name=tempest-VolumeRetypeWithoutMigrationTest-Volume-1615085948 returned with HTTP 200
Aug 24 05:46:03.046350 dv-cinder-854268-1-iscsi devstack@c-api.service[120016]: [pid: 120016|app: 0|req: 38/90] 10.222.0.73 () {58 vars in 1375 bytes} [Wed Aug 24 05:46:02 2022] GET /volume/v3/704b86c87a9e4642b736c4f99c33b18e/volumes?all_tenants=True&name=tempest-VolumeRetypeWithoutMigrationTest-Volume-1615085948 => generated 413 bytes in 111 msecs (HTTP/1.1 200) 7 headers in 285 bytes (1 switches on core 0)
Aug 24 05:46:03.048030 dv-cinder-854268-1-iscsi devstack@c-api.service[120016]: DEBUG cinder.api.middleware.request_id [None req-a0c2477a-9c0d-4b2a-a8d4-3285b1a977fd None None] RequestId filter calling following filter/app {{(pid=120016) _context_setter /opt/stack/cinder/cinder/api/middleware/request_id.py:62}}
Aug 24 05:46:03.052490 dv-cinder-854268-1-iscsi devstack@c-api.service[120016]: INFO cinder.api.openstack.wsgi [None req-a0c2477a-9c0d-4b2a-a8d4-3285b1a977fd tempest-GroupsV314Test-1536996968 tempest-GroupsV314Test-1536996968-project] POST http://10.222.0.73/volume/v3/4c9d6530be4346fe9bde87d62026017d/groups/action
Aug 24 05:46:03.053783 dv-cinder-854268-1-iscsi devstack@c-api.service[120016]: DEBUG cinder.api.openstack.wsgi [None req-a0c2477a-9c0d-4b2a-a8d4-3285b1a977fd tempest-GroupsV314Test-1536996968 tempest-GroupsV314Test-1536996968-project] Action body: b'{"create-from-src": {"source_group_id": "5acdc7bb-a0e0-4c5a-b5cf-5ef97f147549", "name": "tempest-Group_from_grp-1889211967"}}' {{(pid=120016) get_method /opt/stack/cinder/cinder/api/openstack/wsgi.py:983}}
Aug 24 05:46:03.054266 dv-cinder-854268-1-iscsi devstack@c-api.service[120016]: DEBUG cinder.api.openstack.wsgi [None req-a0c2477a-9c0d-4b2a-a8d4-3285b1a977fd tempest-GroupsV314Test-1536996968 tempest-GroupsV314Test-1536996968-project] Action: 'action', calling method: version_select, body: {"create-from-src": {"source_group_id": "5acdc7bb-a0e0-4c5a-b5cf-5ef97f147549", "name": "tempest-Group_from_grp-1889211967"}} {{(pid=120016) _process_stack /opt/stack/cinder/cinder/api/openstack/wsgi.py:866}}
Aug 24 05:46:03.057126 dv-cinder-854268-1-iscsi devstack@c-api.service[120016]: DEBUG cinder.api.v3.groups [None req-a0c2477a-9c0d-4b2a-a8d4-3285b1a977fd tempest-GroupsV314Test-1536996968 tempest-GroupsV314Test-1536996968-project] Creating new group {'create-from-src': {'source_group_id': '5acdc7bb-a0e0-4c5a-b5cf-5ef97f147549', 'name': 'tempest-Group_from_grp-1889211967'}}. {{(pid=120016) create_from_src /opt/stack/cinder/cinder/api/v3/groups.py:236}}
Aug 24 05:46:03.057643 dv-cinder-854268-1-iscsi devstack@c-api.service[120016]: INFO cinder.api.v3.groups [None req-a0c2477a-9c0d-4b2a-a8d4-3285b1a977fd tempest-GroupsV314Test-1536996968 tempest-GroupsV314Test-1536996968-project] Creating group tempest-Group_from_grp-1889211967 from source group 5acdc7bb-a0e0-4c5a-b5cf-5ef97f147549.
Aug 24 05:46:03.066047 dv-cinder-854268-1-iscsi devstack@c-api.service[120016]: /usr/local/lib/python3.8/dist-packages/oslo_context/context.py:100: DeprecationWarning: Policy enforcement is depending on the value of is_admin. This key is deprecated. Please update your policy file to use the standard policy values.
Aug 24 05:46:03.066047 dv-cinder-854268-1-iscsi devstack@c-api.service[120016]: warnings.warn('Policy enforcement is depending on the value of '
Aug 24 05:46:03.081194 dv-cinder-854268-1-iscsi devstack@c-api.service[120016]: /usr/local/lib/python3.8/dist-packages/oslo_context/context.py:100: DeprecationWarning: Policy enforcement is depending on the value of is_admin. This key is deprecated. Please update your policy file to use the standard policy values.
Aug 24 05:46:03.081194 dv-cinder-854268-1-iscsi devstack@c-api.service[120016]: warnings.warn('Policy enforcement is depending on the value of '
Aug 24 05:46:03.098480 dv-cinder-854268-1-iscsi devstack@c-api.service[120015]: /usr/local/lib/python3.8/dist-packages/oslo_context/context.py:100: DeprecationWarning: Policy enforcement is depending on the value of is_admin. This key is deprecated. Please update your policy file to use the standard policy values.
Aug 24 05:46:03.098480 dv-cinder-854268-1-iscsi devstack@c-api.service[120015]: warnings.warn('Policy enforcement is depending on the value of '
Aug 24 05:46:03.100603 dv-cinder-854268-1-iscsi devstack@c-api.service[120015]: INFO cinder.volume.api [None req-596e742a-e798-4cd9-96d8-feba54172fe3 tempest-SnapshotsActionsTest-2139825627 tempest-SnapshotsActionsTest-2139825627-project] Volume info retrieved successfully.
Aug 24 05:46:03.101604 dv-cinder-854268-1-iscsi devstack@c-api.service[120015]: INFO cinder.api.v3.snapshots [None req-596e742a-e798-4cd9-96d8-feba54172fe3 tempest-SnapshotsActionsTest-2139825627 tempest-SnapshotsActionsTest-2139825627-project] Create snapshot from volume 7b49c0af-76ff-412e-b1b8-88f426fa0b31
Aug 24 05:46:03.151922 dv-cinder-854268-1-iscsi devstack@c-api.service[120016]: DEBUG dbcounter [-] [120016] Writing DB stats cinder:SELECT=73,cinder:INSERT=12,cinder:UPDATE=14,cinder:DELETE=1 {{(pid=120016) stat_writer /usr/local/lib/python3.8/dist-packages/dbcounter.py:114}}
Aug 24 05:46:03.163431 dv-cinder-854268-1-iscsi devstack@c-api.service[120016]: DEBUG cinder.quota [None req-a0c2477a-9c0d-4b2a-a8d4-3285b1a977fd tempest-GroupsV314Test-1536996968 tempest-GroupsV314Test-1536996968-project] Created reservations ['d7c84a64-acc2-4fb6-9367-1a387ac5bc0e'] {{(pid=120016) reserve /opt/stack/cinder/cinder/quota.py:755}}
Aug 24 05:46:03.267606 dv-cinder-854268-1-iscsi devstack@c-api.service[120015]: DEBUG cinder.quota [None req-596e742a-e798-4cd9-96d8-feba54172fe3 tempest-SnapshotsActionsTest-2139825627 tempest-SnapshotsActionsTest-2139825627-project] Created reservations ['46ad0f8b-ceff-46b6-9605-85914b5291ee', 'f8b4377c-e05d-4977-9a6e-956f1ef24587', '3356d125-2c7f-4516-a4a0-8e6d4047e327', '926090ad-03f8-43aa-b842-922ebab8f717'] {{(pid=120015) reserve /opt/stack/cinder/cinder/quota.py:755}}
Aug 24 05:46:03.406566 dv-cinder-854268-1-iscsi devstack@c-api.service[120016]: INFO cinder.group.api [None req-a0c2477a-9c0d-4b2a-a8d4-3285b1a977fd tempest-GroupsV314Test-1536996968 tempest-GroupsV314Test-1536996968-project] A mapping entry already exists for group 36161e39-7924-40aa-a3e0-922782849fa7 and volume type 042d45dd-dbb5-4a95-953c-15bdeb4d3282. Do not need to create again.
Aug 24 05:46:03.409109 dv-cinder-854268-1-iscsi devstack@c-api.service[120016]: /usr/local/lib/python3.8/dist-packages/oslo_context/context.py:100: DeprecationWarning: Policy enforcement is depending on the value of is_admin. This key is deprecated. Please update your policy file to use the standard policy values.
Aug 24 05:46:03.409109 dv-cinder-854268-1-iscsi devstack@c-api.service[120016]: warnings.warn('Policy enforcement is depending on the value of '
Aug 24 05:46:03.418114 dv-cinder-854268-1-iscsi devstack@c-api.service[120016]: INFO cinder.volume.api [None req-a0c2477a-9c0d-4b2a-a8d4-3285b1a977fd tempest-GroupsV314Test-1536996968 tempest-GroupsV314Test-1536996968-project] Availability Zones retrieved successfully.
Aug 24 05:46:03.433010 dv-cinder-854268-1-iscsi devstack@c-api.service[120015]: INFO cinder.volume.api [None req-596e742a-e798-4cd9-96d8-feba54172fe3 tempest-SnapshotsActionsTest-2139825627 tempest-SnapshotsActionsTest-2139825627-project] Snapshot create request issued successfully.
Aug 24 05:46:03.437095 dv-cinder-854268-1-iscsi devstack@c-api.service[120015]: INFO cinder.api.openstack.wsgi [None req-596e742a-e798-4cd9-96d8-feba54172fe3 tempest-SnapshotsActionsTest-2139825627 tempest-SnapshotsActionsTest-2139825627-project] http://10.222.0.73/volume/v3/e35cf25979d449219f522afe907f1fb8/snapshots returned with HTTP 202
Aug 24 05:46:03.451507 dv-cinder-854268-1-iscsi devstack@c-api.service[120015]: [pid: 120015|app: 0|req: 53/91] 10.222.0.73 () {60 vars in 1242 bytes} [Wed Aug 24 05:46:02 2022] POST /volume/v3/e35cf25979d449219f522afe907f1fb8/snapshots => generated 307 bytes in 451 msecs (HTTP/1.1 202) 7 headers in 291 bytes (1 switches on core 0)
Aug 24 05:46:03.461604 dv-cinder-854268-1-iscsi devstack@c-api.service[120015]: DEBUG cinder.api.middleware.request_id [None req-fa6206ac-229d-40af-9f40-b4f5e9f947b3 None None] RequestId filter calling following filter/app {{(pid=120015) _context_setter /opt/stack/cinder/cinder/api/middleware/request_id.py:62}}
Aug 24 05:46:03.478519 dv-cinder-854268-1-iscsi devstack@c-api.service[120015]: INFO cinder.api.openstack.wsgi [None req-fa6206ac-229d-40af-9f40-b4f5e9f947b3 tempest-VolumeRetypeWithoutMigrationTest-549191215 tempest-VolumeRetypeWithoutMigrationTest-549191215-project] DELETE http://10.222.0.73/volume/v3/003b4ddd274d42d49fc1e5d70a772505/volumes/39e7def3-0865-409b-8673-97fcf52e2af6
Aug 24 05:46:03.479227 dv-cinder-854268-1-iscsi devstack@c-api.service[120015]: DEBUG cinder.api.openstack.wsgi [None req-fa6206ac-229d-40af-9f40-b4f5e9f947b3 tempest-VolumeRetypeWithoutMigrationTest-549191215 tempest-VolumeRetypeWithoutMigrationTest-549191215-project] Empty body provided in request {{(pid=120015) get_body /opt/stack/cinder/cinder/api/openstack/wsgi.py:715}}
Aug 24 05:46:03.479847 dv-cinder-854268-1-iscsi devstack@c-api.service[120015]: DEBUG cinder.api.openstack.wsgi [None req-fa6206ac-229d-40af-9f40-b4f5e9f947b3 tempest-VolumeRetypeWithoutMigrationTest-549191215 tempest-VolumeRetypeWithoutMigrationTest-549191215-project] Calling method 'delete' {{(pid=120015) _process_stack /opt/stack/cinder/cinder/api/openstack/wsgi.py:868}}
Aug 24 05:46:03.480592 dv-cinder-854268-1-iscsi devstack@c-api.service[120015]: INFO cinder.api.v3.volumes [None req-fa6206ac-229d-40af-9f40-b4f5e9f947b3 tempest-VolumeRetypeWithoutMigrationTest-549191215 tempest-VolumeRetypeWithoutMigrationTest-549191215-project] Delete volume with id: 39e7def3-0865-409b-8673-97fcf52e2af6
Aug 24 05:46:03.511105 dv-cinder-854268-1-iscsi devstack@c-api.service[120015]: /usr/local/lib/python3.8/dist-packages/oslo_context/context.py:100: DeprecationWarning: Policy enforcement is depending on the value of is_admin. This key is deprecated. Please update your policy file to use the standard policy values.
Aug 24 05:46:03.511105 dv-cinder-854268-1-iscsi devstack@c-api.service[120015]: warnings.warn('Policy enforcement is depending on the value of '
Aug 24 05:46:03.514472 dv-cinder-854268-1-iscsi devstack@c-api.service[120015]: INFO cinder.volume.api [None req-fa6206ac-229d-40af-9f40-b4f5e9f947b3 tempest-VolumeRetypeWithoutMigrationTest-549191215 tempest-VolumeRetypeWithoutMigrationTest-549191215-project] Volume info retrieved successfully.
Aug 24 05:46:03.519588 dv-cinder-854268-1-iscsi devstack@c-api.service[120016]: DEBUG cinder.volume.api [None req-a0c2477a-9c0d-4b2a-a8d4-3285b1a977fd tempest-GroupsV314Test-1536996968 tempest-GroupsV314Test-1536996968-project] Flow 'volume_create_api' (179a0eb5-380b-4f9f-8f01-2d63ac4f350c) transitioned into state 'RUNNING' from state 'PENDING' {{(pid=120016) _flow_receiver /usr/local/lib/python3.8/dist-packages/taskflow/listeners/logging.py:141}}
Aug 24 05:46:03.535780 dv-cinder-854268-1-iscsi devstack@c-api.service[120016]: DEBUG cinder.volume.api [None req-a0c2477a-9c0d-4b2a-a8d4-3285b1a977fd tempest-GroupsV314Test-1536996968 tempest-GroupsV314Test-1536996968-project] Task 'cinder.volume.flows.api.create_volume.ExtractVolumeRequestTask;volume:create' (17088969-1f62-46ef-b3ec-d7124365fce7) transitioned into state 'RUNNING' from state 'PENDING' {{(pid=120016) _task_receiver /usr/local/lib/python3.8/dist-packages/taskflow/listeners/logging.py:190}}
Aug 24 05:46:03.535780 dv-cinder-854268-1-iscsi devstack@c-api.service[120016]: DEBUG cinder.volume.flows.api.create_volume [None req-a0c2477a-9c0d-4b2a-a8d4-3285b1a977fd tempest-GroupsV314Test-1536996968 tempest-GroupsV314Test-1536996968-project] Validating volume size '1' using validate_int, validate_source_size {{(pid=120016) _extract_size /opt/stack/cinder/cinder/volume/flows/api/create_volume.py:228}}
Aug 24 05:46:03.618259 dv-cinder-854268-1-iscsi devstack@c-api.service[120015]: INFO cinder.volume.api [None req-fa6206ac-229d-40af-9f40-b4f5e9f947b3 tempest-VolumeRetypeWithoutMigrationTest-549191215 tempest-VolumeRetypeWithoutMigrationTest-549191215-project] Delete volume request issued successfully.
Aug 24 05:46:03.619622 dv-cinder-854268-1-iscsi devstack@c-api.service[120015]: INFO cinder.api.openstack.wsgi [None req-fa6206ac-229d-40af-9f40-b4f5e9f947b3 tempest-VolumeRetypeWithoutMigrationTest-549191215 tempest-VolumeRetypeWithoutMigrationTest-549191215-project] http://10.222.0.73/volume/v3/003b4ddd274d42d49fc1e5d70a772505/volumes/39e7def3-0865-409b-8673-97fcf52e2af6 returned with HTTP 202
Aug 24 05:46:03.619960 dv-cinder-854268-1-iscsi devstack@c-api.service[120015]: [pid: 120015|app: 0|req: 54/92] 10.222.0.73 () {58 vars in 1328 bytes} [Wed Aug 24 05:46:03 2022] DELETE /volume/v3/003b4ddd274d42d49fc1e5d70a772505/volumes/39e7def3-0865-409b-8673-97fcf52e2af6 => generated 0 bytes in 168 msecs (HTTP/1.1 202) 6 headers in 233 bytes (1 switches on core 0)
Aug 24 05:46:03.625255 dv-cinder-854268-1-iscsi devstack@c-api.service[120015]: DEBUG cinder.api.middleware.request_id [None req-d23658e0-28a8-48c2-b479-424855b2d172 None None] RequestId filter calling following filter/app {{(pid=120015) _context_setter /opt/stack/cinder/cinder/api/middleware/request_id.py:62}}
Aug 24 05:46:03.630703 dv-cinder-854268-1-iscsi devstack@c-api.service[120015]: INFO cinder.api.openstack.wsgi [None req-d23658e0-28a8-48c2-b479-424855b2d172 tempest-SnapshotsActionsTest-2139825627 tempest-SnapshotsActionsTest-2139825627-project] GET http://10.222.0.73/volume/v3/e35cf25979d449219f522afe907f1fb8/snapshots/81e09fc5-c12b-48c5-a5a3-dd0ffe04df8e
Aug 24 05:46:03.631310 dv-cinder-854268-1-iscsi devstack@c-api.service[120015]: DEBUG cinder.api.openstack.wsgi [None req-d23658e0-28a8-48c2-b479-424855b2d172 tempest-SnapshotsActionsTest-2139825627 tempest-SnapshotsActionsTest-2139825627-project] Empty body provided in request {{(pid=120015) get_body /opt/stack/cinder/cinder/api/openstack/wsgi.py:715}}
Aug 24 05:46:03.631905 dv-cinder-854268-1-iscsi devstack@c-api.service[120015]: DEBUG cinder.api.openstack.wsgi [None req-d23658e0-28a8-48c2-b479-424855b2d172 tempest-SnapshotsActionsTest-2139825627 tempest-SnapshotsActionsTest-2139825627-project] Calling method 'show' {{(pid=120015) _process_stack /opt/stack/cinder/cinder/api/openstack/wsgi.py:868}}
Aug 24 05:46:03.638967 dv-cinder-854268-1-iscsi devstack@c-api.service[120016]: DEBUG cinder.volume.api [None req-a0c2477a-9c0d-4b2a-a8d4-3285b1a977fd tempest-GroupsV314Test-1536996968 tempest-GroupsV314Test-1536996968-project] Task 'cinder.volume.flows.api.create_volume.ExtractVolumeRequestTask;volume:create' (17088969-1f62-46ef-b3ec-d7124365fce7) transitioned into state 'SUCCESS' from state 'RUNNING' with result '{'size': 1, 'snapshot_id': None, 'source_volid': '6aba98de-fea0-45d8-bcb1-f4ca53bae4d2', 'volume_type': VolumeType(created_at=2022-08-24T05:45:59Z,deleted=False,deleted_at=None,description=None,extra_specs={},id=042d45dd-dbb5-4a95-953c-15bdeb4d3282,is_public=True,name='tempest-GroupsV314Test-volume-type-243072471',projects=[],qos_specs=,qos_specs_id=None,updated_at=None), 'volume_type_id': '042d45dd-dbb5-4a95-953c-15bdeb4d3282', 'encryption_key_id': None, 'qos_specs': None, 'consistencygroup_id': None, 'cgsnapshot_id': None, 'group_id': '36161e39-7924-40aa-a3e0-922782849fa7', 'replication_status': 'disabled', 'refresh_az': False, 'backup_id': None, 'multiattach': False, 'availability_zones': ['nova']}' {{(pid=120016) _task_receiver /usr/local/lib/python3.8/dist-packages/taskflow/listeners/logging.py:178}}
Aug 24 05:46:03.644846 dv-cinder-854268-1-iscsi devstack@c-api.service[120016]: DEBUG cinder.volume.api [None req-a0c2477a-9c0d-4b2a-a8d4-3285b1a977fd tempest-GroupsV314Test-1536996968 tempest-GroupsV314Test-1536996968-project] Task 'cinder.volume.flows.api.create_volume.QuotaReserveTask;volume:create' (d26e2d69-541b-4663-a219-1d9becefc862) transitioned into state 'RUNNING' from state 'PENDING' {{(pid=120016) _task_receiver /usr/local/lib/python3.8/dist-packages/taskflow/listeners/logging.py:190}}
Aug 24 05:46:03.647975 dv-cinder-854268-1-iscsi devstack@c-api.service[120015]: /usr/local/lib/python3.8/dist-packages/oslo_context/context.py:100: DeprecationWarning: Policy enforcement is depending on the value of is_admin. This key is deprecated. Please update your policy file to use the standard policy values.
Aug 24 05:46:03.647975 dv-cinder-854268-1-iscsi devstack@c-api.service[120015]: warnings.warn('Policy enforcement is depending on the value of '
Aug 24 05:46:03.649399 dv-cinder-854268-1-iscsi devstack@c-api.service[120015]: INFO cinder.volume.api [None req-d23658e0-28a8-48c2-b479-424855b2d172 tempest-SnapshotsActionsTest-2139825627 tempest-SnapshotsActionsTest-2139825627-project] Snapshot retrieved successfully.
Aug 24 05:46:03.652747 dv-cinder-854268-1-iscsi devstack@c-api.service[120015]: INFO cinder.api.openstack.wsgi [None req-d23658e0-28a8-48c2-b479-424855b2d172 tempest-SnapshotsActionsTest-2139825627 tempest-SnapshotsActionsTest-2139825627-project] http://10.222.0.73/volume/v3/e35cf25979d449219f522afe907f1fb8/snapshots/81e09fc5-c12b-48c5-a5a3-dd0ffe04df8e returned with HTTP 200
Aug 24 05:46:03.659203 dv-cinder-854268-1-iscsi devstack@c-api.service[120015]: [pid: 120015|app: 0|req: 55/93] 10.222.0.73 () {58 vars in 1331 bytes} [Wed Aug 24 05:46:03 2022] GET /volume/v3/e35cf25979d449219f522afe907f1fb8/snapshots/81e09fc5-c12b-48c5-a5a3-dd0ffe04df8e => generated 439 bytes in 33 msecs (HTTP/1.1 200) 7 headers in 285 bytes (1 switches on core 0)
Aug 24 05:46:03.660058 dv-cinder-854268-1-iscsi devstack@c-api.service[120015]: DEBUG cinder.api.middleware.request_id [None req-bbc33cca-5371-48dc-bac5-a4b23c04731a None None] RequestId filter calling following filter/app {{(pid=120015) _context_setter /opt/stack/cinder/cinder/api/middleware/request_id.py:62}}
Aug 24 05:46:03.685425 dv-cinder-854268-1-iscsi devstack@c-api.service[120015]: INFO cinder.api.openstack.wsgi [None req-bbc33cca-5371-48dc-bac5-a4b23c04731a tempest-VolumeRetypeWithoutMigrationTest-549191215 tempest-VolumeRetypeWithoutMigrationTest-549191215-project] GET http://10.222.0.73/volume/v3/003b4ddd274d42d49fc1e5d70a772505/volumes/39e7def3-0865-409b-8673-97fcf52e2af6
Aug 24 05:46:03.689357 dv-cinder-854268-1-iscsi devstack@c-api.service[120015]: DEBUG cinder.api.openstack.wsgi [None req-bbc33cca-5371-48dc-bac5-a4b23c04731a tempest-VolumeRetypeWithoutMigrationTest-549191215 tempest-VolumeRetypeWithoutMigrationTest-549191215-project] Empty body provided in request {{(pid=120015) get_body /opt/stack/cinder/cinder/api/openstack/wsgi.py:715}}
Aug 24 05:46:03.690043 dv-cinder-854268-1-iscsi devstack@c-api.service[120015]: DEBUG cinder.api.openstack.wsgi [None req-bbc33cca-5371-48dc-bac5-a4b23c04731a tempest-VolumeRetypeWithoutMigrationTest-549191215 tempest-VolumeRetypeWithoutMigrationTest-549191215-project] Calling method 'show' {{(pid=120015) _process_stack /opt/stack/cinder/cinder/api/openstack/wsgi.py:868}}
Aug 24 05:46:03.739262 dv-cinder-854268-1-iscsi devstack@c-api.service[120015]: /usr/local/lib/python3.8/dist-packages/oslo_context/context.py:100: DeprecationWarning: Policy enforcement is depending on the value of is_admin. This key is deprecated. Please update your policy file to use the standard policy values.
Aug 24 05:46:03.739262 dv-cinder-854268-1-iscsi devstack@c-api.service[120015]: warnings.warn('Policy enforcement is depending on the value of '
Aug 24 05:46:03.764390 dv-cinder-854268-1-iscsi devstack@c-api.service[120015]: INFO cinder.volume.api [None req-bbc33cca-5371-48dc-bac5-a4b23c04731a tempest-VolumeRetypeWithoutMigrationTest-549191215 tempest-VolumeRetypeWithoutMigrationTest-549191215-project] Volume info retrieved successfully.
Aug 24 05:46:03.802312 dv-cinder-854268-1-iscsi devstack@c-api.service[120015]: INFO cinder.api.openstack.wsgi [None req-bbc33cca-5371-48dc-bac5-a4b23c04731a tempest-VolumeRetypeWithoutMigrationTest-549191215 tempest-VolumeRetypeWithoutMigrationTest-549191215-project] http://10.222.0.73/volume/v3/003b4ddd274d42d49fc1e5d70a772505/volumes/39e7def3-0865-409b-8673-97fcf52e2af6 returned with HTTP 200
Aug 24 05:46:03.803466 dv-cinder-854268-1-iscsi devstack@c-api.service[120015]: [pid: 120015|app: 0|req: 56/94] 10.222.0.73 () {58 vars in 1325 bytes} [Wed Aug 24 05:46:03 2022] GET /volume/v3/003b4ddd274d42d49fc1e5d70a772505/volumes/39e7def3-0865-409b-8673-97fcf52e2af6 => generated 926 bytes in 149 msecs (HTTP/1.1 200) 7 headers in 285 bytes (1 switches on core 0)
Aug 24 05:46:03.821790 dv-cinder-854268-1-iscsi devstack@c-api.service[120016]: DEBUG cinder.quota [None req-a0c2477a-9c0d-4b2a-a8d4-3285b1a977fd tempest-GroupsV314Test-1536996968 tempest-GroupsV314Test-1536996968-project] Created reservations ['0daadca4-eaab-4165-94bb-a581167bb0db', '1108fd3c-016f-478a-9cfd-41d403974d16', 'd1f45673-4365-4f34-968b-cfc74bdeedc3', '51ca1280-9ce7-4ab4-8368-35aa5c206677'] {{(pid=120016) reserve /opt/stack/cinder/cinder/quota.py:755}}
Aug 24 05:46:03.825118 dv-cinder-854268-1-iscsi devstack@c-api.service[120016]: DEBUG cinder.volume.api [None req-a0c2477a-9c0d-4b2a-a8d4-3285b1a977fd tempest-GroupsV314Test-1536996968 tempest-GroupsV314Test-1536996968-project] Task 'cinder.volume.flows.api.create_volume.QuotaReserveTask;volume:create' (d26e2d69-541b-4663-a219-1d9becefc862) transitioned into state 'SUCCESS' from state 'RUNNING' with result '{'reservations': ['0daadca4-eaab-4165-94bb-a581167bb0db', '1108fd3c-016f-478a-9cfd-41d403974d16', 'd1f45673-4365-4f34-968b-cfc74bdeedc3', '51ca1280-9ce7-4ab4-8368-35aa5c206677']}' {{(pid=120016) _task_receiver /usr/local/lib/python3.8/dist-packages/taskflow/listeners/logging.py:178}}
Aug 24 05:46:03.828620 dv-cinder-854268-1-iscsi devstack@c-api.service[120016]: DEBUG cinder.volume.api [None req-a0c2477a-9c0d-4b2a-a8d4-3285b1a977fd tempest-GroupsV314Test-1536996968 tempest-GroupsV314Test-1536996968-project] Task 'cinder.volume.flows.api.create_volume.EntryCreateTask;volume:create' (4d37484f-1b67-489e-a40d-ca01be8ed58b) transitioned into state 'RUNNING' from state 'PENDING' {{(pid=120016) _task_receiver /usr/local/lib/python3.8/dist-packages/taskflow/listeners/logging.py:190}}
Aug 24 05:46:03.831166 dv-cinder-854268-1-iscsi devstack@c-api.service[120015]: DEBUG cinder.api.middleware.request_id [None req-d79d08c6-e5fd-48c1-88be-486e3d3efd2b None None] RequestId filter calling following filter/app {{(pid=120015) _context_setter /opt/stack/cinder/cinder/api/middleware/request_id.py:62}}
Aug 24 05:46:03.845055 dv-cinder-854268-1-iscsi devstack@c-api.service[120015]: INFO cinder.api.openstack.wsgi [None req-d79d08c6-e5fd-48c1-88be-486e3d3efd2b tempest-VolumesTestJSON-563336969 tempest-VolumesTestJSON-563336969-project] GET http://10.222.0.73/volume/v3/16c0b954c05446fca0b4cfc687a4f6a4/volumes/39a3e2e1-07b5-497b-9495-6dd9a8c4d115
Aug 24 05:46:03.846738 dv-cinder-854268-1-iscsi devstack@c-api.service[120015]: DEBUG cinder.api.openstack.wsgi [None req-d79d08c6-e5fd-48c1-88be-486e3d3efd2b tempest-VolumesTestJSON-563336969 tempest-VolumesTestJSON-563336969-project] Empty body provided in request {{(pid=120015) get_body /opt/stack/cinder/cinder/api/openstack/wsgi.py:715}}
Aug 24 05:46:03.847904 dv-cinder-854268-1-iscsi devstack@c-api.service[120015]: DEBUG cinder.api.openstack.wsgi [None req-d79d08c6-e5fd-48c1-88be-486e3d3efd2b tempest-VolumesTestJSON-563336969 tempest-VolumesTestJSON-563336969-project] Calling method 'show' {{(pid=120015) _process_stack /opt/stack/cinder/cinder/api/openstack/wsgi.py:868}}
Aug 24 05:46:03.903302 dv-cinder-854268-1-iscsi devstack@c-api.service[120015]: /usr/local/lib/python3.8/dist-packages/oslo_context/context.py:100: DeprecationWarning: Policy enforcement is depending on the value of is_admin. This key is deprecated. Please update your policy file to use the standard policy values.
Aug 24 05:46:03.903302 dv-cinder-854268-1-iscsi devstack@c-api.service[120015]: warnings.warn('Policy enforcement is depending on the value of '
Aug 24 05:46:03.921716 dv-cinder-854268-1-iscsi devstack@c-api.service[120015]: INFO cinder.volume.api [None req-d79d08c6-e5fd-48c1-88be-486e3d3efd2b tempest-VolumesTestJSON-563336969 tempest-VolumesTestJSON-563336969-project] Volume info retrieved successfully.
Aug 24 05:46:03.942419 dv-cinder-854268-1-iscsi devstack@c-api.service[120016]: DEBUG cinder.volume.api [None req-a0c2477a-9c0d-4b2a-a8d4-3285b1a977fd tempest-GroupsV314Test-1536996968 tempest-GroupsV314Test-1536996968-project] Task 'cinder.volume.flows.api.create_volume.EntryCreateTask;volume:create' (4d37484f-1b67-489e-a40d-ca01be8ed58b) transitioned into state 'SUCCESS' from state 'RUNNING' with result '{'volume_id': '4eee6df3-7084-46cd-95fd-2442dc561eca', 'volume_properties': VolumeProperties(attach_status='detached',availability_zone='nova',cgsnapshot_id=None,consistencygroup_id=None,display_description=None,display_name=None,encryption_key_id=None,group_id=36161e39-7924-40aa-a3e0-922782849fa7,group_type_id=,metadata={},multiattach=False,project_id='4c9d6530be4346fe9bde87d62026017d',qos_specs=None,replication_status=,reservations=['0daadca4-eaab-4165-94bb-a581167bb0db','1108fd3c-016f-478a-9cfd-41d403974d16','d1f45673-4365-4f34-968b-cfc74bdeedc3','51ca1280-9ce7-4ab4-8368-35aa5c206677'],size=1,snapshot_id=None,source_replicaid=,source_volid=6aba98de-fea0-45d8-bcb1-f4ca53bae4d2,status='creating',user_id='bc28b3b2a48e416ebbaa0a814baa2626',volume_type_id=042d45dd-dbb5-4a95-953c-15bdeb4d3282), 'volume': Volume(_name_id=None,admin_metadata=,attach_status='detached',availability_zone='nova',bootable=False,cluster=,cluster_name=None,consistencygroup=,consistencygroup_id=None,created_at=2022-08-24T05:46:03Z,deleted=False,deleted_at=None,display_description=None,display_name=None,ec2_id=None,encryption_key_id=None,glance_metadata=,group=,group_id=36161e39-7924-40aa-a3e0-922782849fa7,host=None,id=4eee6df3-7084-46cd-95fd-2442dc561eca,launched_at=None,metadata={},migration_status=None,multiattach=False,previous_status=None,project_id='4c9d6530be4346fe9bde87d62026017d',provider_auth=None,provider_geometry=None,provider_id=None,provider_location=None,replication_driver_data=None,replication_extended_status=None,replication_status=None,scheduled_at=None,service_uuid=None,shared_targets=True,size=1,snapshot_id=None,snapshots=,source_volid=6aba98de-fea0-45d8-bcb1-f4ca53bae4d2,status='creating',terminated_at=None,updated_at=None,use_quota=True,user_id='bc28b3b2a48e416ebbaa0a814baa2626',volume_attachment=VolumeAttachmentList,volume_type=VolumeType(042d45dd-dbb5-4a95-953c-15bdeb4d3282),volume_type_id=042d45dd-dbb5-4a95-953c-15bdeb4d3282)}' {{(pid=120016) _task_receiver /usr/local/lib/python3.8/dist-packages/taskflow/listeners/logging.py:178}}
Aug 24 05:46:03.950302 dv-cinder-854268-1-iscsi devstack@c-api.service[120016]: DEBUG cinder.volume.api [None req-a0c2477a-9c0d-4b2a-a8d4-3285b1a977fd tempest-GroupsV314Test-1536996968 tempest-GroupsV314Test-1536996968-project] Task 'cinder.volume.flows.api.create_volume.QuotaCommitTask;volume:create' (6689c929-c993-4be5-b1ec-5f6a67de8324) transitioned into state 'RUNNING' from state 'PENDING' {{(pid=120016) _task_receiver /usr/local/lib/python3.8/dist-packages/taskflow/listeners/logging.py:190}}
Aug 24 05:46:03.956078 dv-cinder-854268-1-iscsi devstack@c-api.service[120015]: INFO cinder.api.openstack.wsgi [None req-d79d08c6-e5fd-48c1-88be-486e3d3efd2b tempest-VolumesTestJSON-563336969 tempest-VolumesTestJSON-563336969-project] http://10.222.0.73/volume/v3/16c0b954c05446fca0b4cfc687a4f6a4/volumes/39a3e2e1-07b5-497b-9495-6dd9a8c4d115 returned with HTTP 200
Aug 24 05:46:03.960643 dv-cinder-854268-1-iscsi devstack@c-api.service[120015]: [pid: 120015|app: 0|req: 57/95] 10.222.0.73 () {58 vars in 1325 bytes} [Wed Aug 24 05:46:03 2022] GET /volume/v3/16c0b954c05446fca0b4cfc687a4f6a4/volumes/39a3e2e1-07b5-497b-9495-6dd9a8c4d115 => generated 922 bytes in 130 msecs (HTTP/1.1 200) 7 headers in 285 bytes (1 switches on core 0)
Aug 24 05:46:03.994780 dv-cinder-854268-1-iscsi devstack@c-api.service[120015]: DEBUG cinder.api.middleware.request_id [req-9dabcf1b-a350-421f-8dcf-38f3894948f9 req-16cd0aad-5814-4716-8611-23c276d36db6 None None] RequestId filter calling following filter/app {{(pid=120015) _context_setter /opt/stack/cinder/cinder/api/middleware/request_id.py:62}}
Aug 24 05:46:04.000343 dv-cinder-854268-1-iscsi devstack@c-api.service[120015]: INFO cinder.api.openstack.wsgi [req-9dabcf1b-a350-421f-8dcf-38f3894948f9 req-16cd0aad-5814-4716-8611-23c276d36db6 tempest-VolumesTestJSON-563336969 tempest-VolumesTestJSON-563336969-project] GET http://10.222.0.73/volume/v3/16c0b954c05446fca0b4cfc687a4f6a4/volumes/39a3e2e1-07b5-497b-9495-6dd9a8c4d115
Aug 24 05:46:04.000808 dv-cinder-854268-1-iscsi devstack@c-api.service[120015]: DEBUG cinder.api.openstack.wsgi [req-9dabcf1b-a350-421f-8dcf-38f3894948f9 req-16cd0aad-5814-4716-8611-23c276d36db6 tempest-VolumesTestJSON-563336969 tempest-VolumesTestJSON-563336969-project] Empty body provided in request {{(pid=120015) get_body /opt/stack/cinder/cinder/api/openstack/wsgi.py:715}}
Aug 24 05:46:04.003867 dv-cinder-854268-1-iscsi devstack@c-api.service[120015]: DEBUG cinder.api.openstack.wsgi [req-9dabcf1b-a350-421f-8dcf-38f3894948f9 req-16cd0aad-5814-4716-8611-23c276d36db6 tempest-VolumesTestJSON-563336969 tempest-VolumesTestJSON-563336969-project] Calling method 'show' {{(pid=120015) _process_stack /opt/stack/cinder/cinder/api/openstack/wsgi.py:868}}
Aug 24 05:46:04.059199 dv-cinder-854268-1-iscsi devstack@c-api.service[120015]: /usr/local/lib/python3.8/dist-packages/oslo_context/context.py:100: DeprecationWarning: Policy enforcement is depending on the value of is_admin. This key is deprecated. Please update your policy file to use the standard policy values.
Aug 24 05:46:04.059199 dv-cinder-854268-1-iscsi devstack@c-api.service[120015]: warnings.warn('Policy enforcement is depending on the value of '
Aug 24 05:46:04.065352 dv-cinder-854268-1-iscsi devstack@c-api.service[120016]: DEBUG cinder.volume.api [None req-a0c2477a-9c0d-4b2a-a8d4-3285b1a977fd tempest-GroupsV314Test-1536996968 tempest-GroupsV314Test-1536996968-project] Task 'cinder.volume.flows.api.create_volume.QuotaCommitTask;volume:create' (6689c929-c993-4be5-b1ec-5f6a67de8324) transitioned into state 'SUCCESS' from state 'RUNNING' with result '{'volume_properties': VolumeProperties(attach_status='detached',availability_zone='nova',cgsnapshot_id=None,consistencygroup_id=None,display_description=None,display_name=None,encryption_key_id=None,group_id=36161e39-7924-40aa-a3e0-922782849fa7,group_type_id=,metadata={},multiattach=False,project_id='4c9d6530be4346fe9bde87d62026017d',qos_specs=None,replication_status=,reservations=['0daadca4-eaab-4165-94bb-a581167bb0db','1108fd3c-016f-478a-9cfd-41d403974d16','d1f45673-4365-4f34-968b-cfc74bdeedc3','51ca1280-9ce7-4ab4-8368-35aa5c206677'],size=1,snapshot_id=None,source_replicaid=,source_volid=6aba98de-fea0-45d8-bcb1-f4ca53bae4d2,status='creating',user_id='bc28b3b2a48e416ebbaa0a814baa2626',volume_type_id=042d45dd-dbb5-4a95-953c-15bdeb4d3282)}' {{(pid=120016) _task_receiver /usr/local/lib/python3.8/dist-packages/taskflow/listeners/logging.py:178}}
Aug 24 05:46:04.068949 dv-cinder-854268-1-iscsi devstack@c-api.service[120016]: DEBUG cinder.volume.api [None req-a0c2477a-9c0d-4b2a-a8d4-3285b1a977fd tempest-GroupsV314Test-1536996968 tempest-GroupsV314Test-1536996968-project] Flow 'volume_create_api' (179a0eb5-380b-4f9f-8f01-2d63ac4f350c) transitioned into state 'SUCCESS' from state 'RUNNING' {{(pid=120016) _flow_receiver /usr/local/lib/python3.8/dist-packages/taskflow/listeners/logging.py:141}}
Aug 24 05:46:04.071925 dv-cinder-854268-1-iscsi devstack@c-api.service[120016]: INFO cinder.volume.api [None req-a0c2477a-9c0d-4b2a-a8d4-3285b1a977fd tempest-GroupsV314Test-1536996968 tempest-GroupsV314Test-1536996968-project] Create volume request issued successfully.
Aug 24 05:46:04.103921 dv-cinder-854268-1-iscsi devstack@c-api.service[120015]: INFO cinder.volume.api [req-9dabcf1b-a350-421f-8dcf-38f3894948f9 req-16cd0aad-5814-4716-8611-23c276d36db6 tempest-VolumesTestJSON-563336969 tempest-VolumesTestJSON-563336969-project] Volume info retrieved successfully.
Aug 24 05:46:04.133822 dv-cinder-854268-1-iscsi devstack@c-api.service[120015]: INFO cinder.api.openstack.wsgi [req-9dabcf1b-a350-421f-8dcf-38f3894948f9 req-16cd0aad-5814-4716-8611-23c276d36db6 tempest-VolumesTestJSON-563336969 tempest-VolumesTestJSON-563336969-project] http://10.222.0.73/volume/v3/16c0b954c05446fca0b4cfc687a4f6a4/volumes/39a3e2e1-07b5-497b-9495-6dd9a8c4d115 returned with HTTP 200
Aug 24 05:46:04.135336 dv-cinder-854268-1-iscsi devstack@c-api.service[120015]: [pid: 120015|app: 0|req: 58/96] 10.222.0.73 () {60 vars in 1578 bytes} [Wed Aug 24 05:46:03 2022] GET /volume/v3/16c0b954c05446fca0b4cfc687a4f6a4/volumes/39a3e2e1-07b5-497b-9495-6dd9a8c4d115 => generated 922 bytes in 141 msecs (HTTP/1.1 200) 7 headers in 285 bytes (1 switches on core 0)
Aug 24 05:46:04.145798 dv-cinder-854268-1-iscsi devstack@c-api.service[120016]: INFO cinder.api.openstack.wsgi [None req-a0c2477a-9c0d-4b2a-a8d4-3285b1a977fd tempest-GroupsV314Test-1536996968 tempest-GroupsV314Test-1536996968-project] http://10.222.0.73/volume/v3/4c9d6530be4346fe9bde87d62026017d/groups/action returned with HTTP 202
Aug 24 05:46:04.151846 dv-cinder-854268-1-iscsi devstack@c-api.service[120016]: [pid: 120016|app: 0|req: 39/97] 10.222.0.73 () {62 vars in 1295 bytes} [Wed Aug 24 05:46:03 2022] POST /volume/v3/4c9d6530be4346fe9bde87d62026017d/groups/action => generated 102 bytes in 1100 msecs (HTTP/1.1 202) 7 headers in 292 bytes (1 switches on core 0)
Aug 24 05:46:04.153922 dv-cinder-854268-1-iscsi devstack@c-api.service[120015]: DEBUG cinder.api.middleware.request_id [None req-33326cd7-7439-4daa-bf19-c60a889947a1 None None] RequestId filter calling following filter/app {{(pid=120015) _context_setter /opt/stack/cinder/cinder/api/middleware/request_id.py:62}}
Aug 24 05:46:04.155520 dv-cinder-854268-1-iscsi devstack@c-api.service[120016]: DEBUG cinder.api.middleware.request_id [None req-e796c510-6fd9-4052-aad4-2dac0349dad1 None None] RequestId filter calling following filter/app {{(pid=120016) _context_setter /opt/stack/cinder/cinder/api/middleware/request_id.py:62}}
Aug 24 05:46:04.158037 dv-cinder-854268-1-iscsi devstack@c-api.service[120015]: INFO cinder.api.openstack.wsgi [None req-33326cd7-7439-4daa-bf19-c60a889947a1 tempest-VolumesTestJSON-563336969 tempest-VolumesTestJSON-563336969-project] POST http://10.222.0.73/volume/v3/16c0b954c05446fca0b4cfc687a4f6a4/volumes
Aug 24 05:46:04.158943 dv-cinder-854268-1-iscsi devstack@c-api.service[120015]: DEBUG cinder.api.openstack.wsgi [None req-33326cd7-7439-4daa-bf19-c60a889947a1 tempest-VolumesTestJSON-563336969 tempest-VolumesTestJSON-563336969-project] Action: 'create', calling method: create, body: {"volume": {"metadata": {"Type": "work"}, "size": 1, "display_name": "tempest-VolumesTestJSON-volume-1615309116"}} {{(pid=120015) _process_stack /opt/stack/cinder/cinder/api/openstack/wsgi.py:866}}
Aug 24 05:46:04.161497 dv-cinder-854268-1-iscsi devstack@c-api.service[120015]: DEBUG cinder.api.v3.volumes [None req-33326cd7-7439-4daa-bf19-c60a889947a1 tempest-VolumesTestJSON-563336969 tempest-VolumesTestJSON-563336969-project] Create volume request body: {'volume': {'metadata': {'Type': 'work'}, 'size': 1, 'display_name': 'tempest-VolumesTestJSON-volume-1615309116'}} {{(pid=120015) create /opt/stack/cinder/cinder/api/v3/volumes.py:298}}
Aug 24 05:46:04.161995 dv-cinder-854268-1-iscsi devstack@c-api.service[120015]: INFO cinder.api.v3.volumes [None req-33326cd7-7439-4daa-bf19-c60a889947a1 tempest-VolumesTestJSON-563336969 tempest-VolumesTestJSON-563336969-project] Create volume of 1 GB
Aug 24 05:46:04.171569 dv-cinder-854268-1-iscsi devstack@c-api.service[120015]: INFO cinder.volume.api [None req-33326cd7-7439-4daa-bf19-c60a889947a1 tempest-VolumesTestJSON-563336969 tempest-VolumesTestJSON-563336969-project] Availability Zones retrieved successfully.
Aug 24 05:46:04.198569 dv-cinder-854268-1-iscsi devstack@c-api.service[120015]: DEBUG cinder.volume.api [None req-33326cd7-7439-4daa-bf19-c60a889947a1 tempest-VolumesTestJSON-563336969 tempest-VolumesTestJSON-563336969-project] Flow 'volume_create_api' (0360e0fe-72a9-4cd5-916e-6d63c2a659e4) transitioned into state 'RUNNING' from state 'PENDING' {{(pid=120015) _flow_receiver /usr/local/lib/python3.8/dist-packages/taskflow/listeners/logging.py:141}}
Aug 24 05:46:04.202429 dv-cinder-854268-1-iscsi devstack@c-api.service[120015]: DEBUG cinder.volume.api [None req-33326cd7-7439-4daa-bf19-c60a889947a1 tempest-VolumesTestJSON-563336969 tempest-VolumesTestJSON-563336969-project] Task 'cinder.volume.flows.api.create_volume.ExtractVolumeRequestTask;volume:create' (7a5d4b53-0195-450e-86cb-4c9d8c8c5bb7) transitioned into state 'RUNNING' from state 'PENDING' {{(pid=120015) _task_receiver /usr/local/lib/python3.8/dist-packages/taskflow/listeners/logging.py:190}}
Aug 24 05:46:04.203113 dv-cinder-854268-1-iscsi devstack@c-api.service[120016]: INFO cinder.api.openstack.wsgi [None req-e796c510-6fd9-4052-aad4-2dac0349dad1 tempest-GroupsV314Test-1536996968 tempest-GroupsV314Test-1536996968-project] GET http://10.222.0.73/volume/v3/4c9d6530be4346fe9bde87d62026017d/volumes/detail
Aug 24 05:46:04.203708 dv-cinder-854268-1-iscsi devstack@c-api.service[120016]: DEBUG cinder.api.openstack.wsgi [None req-e796c510-6fd9-4052-aad4-2dac0349dad1 tempest-GroupsV314Test-1536996968 tempest-GroupsV314Test-1536996968-project] Empty body provided in request {{(pid=120016) get_body /opt/stack/cinder/cinder/api/openstack/wsgi.py:715}}
Aug 24 05:46:04.205873 dv-cinder-854268-1-iscsi devstack@c-api.service[120016]: DEBUG cinder.api.openstack.wsgi [None req-e796c510-6fd9-4052-aad4-2dac0349dad1 tempest-GroupsV314Test-1536996968 tempest-GroupsV314Test-1536996968-project] Calling method 'detail' {{(pid=120016) _process_stack /opt/stack/cinder/cinder/api/openstack/wsgi.py:868}}
Aug 24 05:46:04.206362 dv-cinder-854268-1-iscsi devstack@c-api.service[120015]: DEBUG cinder.volume.flows.api.create_volume [None req-33326cd7-7439-4daa-bf19-c60a889947a1 tempest-VolumesTestJSON-563336969 tempest-VolumesTestJSON-563336969-project] Validating volume size '1' using validate_int {{(pid=120015) _extract_size /opt/stack/cinder/cinder/volume/flows/api/create_volume.py:228}}
Aug 24 05:46:04.208533 dv-cinder-854268-1-iscsi devstack@c-api.service[120016]: DEBUG cinder.api.api_utils [None req-e796c510-6fd9-4052-aad4-2dac0349dad1 tempest-GroupsV314Test-1536996968 tempest-GroupsV314Test-1536996968-project] Removing options '' from query. {{(pid=120016) remove_invalid_filter_options /opt/stack/cinder/cinder/api/api_utils.py:83}}
Aug 24 05:46:04.209985 dv-cinder-854268-1-iscsi devstack@c-api.service[120016]: /usr/local/lib/python3.8/dist-packages/oslo_context/context.py:100: DeprecationWarning: Policy enforcement is depending on the value of is_admin. This key is deprecated. Please update your policy file to use the standard policy values.
Aug 24 05:46:04.209985 dv-cinder-854268-1-iscsi devstack@c-api.service[120016]: warnings.warn('Policy enforcement is depending on the value of '
Aug 24 05:46:04.211222 dv-cinder-854268-1-iscsi devstack@c-api.service[120016]: DEBUG cinder.volume.api [None req-e796c510-6fd9-4052-aad4-2dac0349dad1 tempest-GroupsV314Test-1536996968 tempest-GroupsV314Test-1536996968-project] Searching by: MultiDict([('no_migration_targets', True)]). {{(pid=120016) get_all /opt/stack/cinder/cinder/volume/api.py:664}}
Aug 24 05:46:04.251448 dv-cinder-854268-1-iscsi devstack@c-api.service[120015]: DEBUG dbcounter [-] [120015] Writing DB stats cinder:SELECT=81,cinder:INSERT=6,cinder:UPDATE=13 {{(pid=120015) stat_writer /usr/local/lib/python3.8/dist-packages/dbcounter.py:114}}
Aug 24 05:46:04.325602 dv-cinder-854268-1-iscsi devstack@c-api.service[120015]: DEBUG cinder.volume.api [None req-33326cd7-7439-4daa-bf19-c60a889947a1 tempest-VolumesTestJSON-563336969 tempest-VolumesTestJSON-563336969-project] Task 'cinder.volume.flows.api.create_volume.ExtractVolumeRequestTask;volume:create' (7a5d4b53-0195-450e-86cb-4c9d8c8c5bb7) transitioned into state 'SUCCESS' from state 'RUNNING' with result '{'size': 1, 'snapshot_id': None, 'source_volid': None, 'volume_type': VolumeType(created_at=2022-08-24T05:36:20Z,deleted=False,deleted_at=None,description='Default Volume Type',extra_specs={},id=4625d647-f1bc-484d-8a6f-45af4accdf44,is_public=True,name='__DEFAULT__',projects=[],qos_specs=,qos_specs_id=None,updated_at=2022-08-24T05:36:20Z), 'volume_type_id': '4625d647-f1bc-484d-8a6f-45af4accdf44', 'encryption_key_id': None, 'qos_specs': None, 'consistencygroup_id': None, 'cgsnapshot_id': None, 'group_id': None, 'replication_status': 'disabled', 'refresh_az': False, 'backup_id': None, 'multiattach': False, 'availability_zones': ['nova']}' {{(pid=120015) _task_receiver /usr/local/lib/python3.8/dist-packages/taskflow/listeners/logging.py:178}}
Aug 24 05:46:04.328377 dv-cinder-854268-1-iscsi devstack@c-api.service[120015]: DEBUG cinder.volume.api [None req-33326cd7-7439-4daa-bf19-c60a889947a1 tempest-VolumesTestJSON-563336969 tempest-VolumesTestJSON-563336969-project] Task 'cinder.volume.flows.api.create_volume.QuotaReserveTask;volume:create' (b02d2c4d-dcb4-4079-9c78-7e6d9e677c4e) transitioned into state 'RUNNING' from state 'PENDING' {{(pid=120015) _task_receiver /usr/local/lib/python3.8/dist-packages/taskflow/listeners/logging.py:190}}
Aug 24 05:46:04.369523 dv-cinder-854268-1-iscsi devstack@c-api.service[120016]: INFO cinder.volume.api [None req-e796c510-6fd9-4052-aad4-2dac0349dad1 tempest-GroupsV314Test-1536996968 tempest-GroupsV314Test-1536996968-project] Get all volumes completed successfully.
