Aug 24 05:46:50.228537 dv-cinder-854268-1-iscsi devstack@c-api.service[120015]: DEBUG cinder.volume.api [None req-bc516c66-ad95-4cb5-a570-b4ffc68b41fa tempest-VolumeTypesTest-1588468319 tempest-VolumeTypesTest-1588468319-project] Task 'cinder.volume.flows.api.create_volume.VolumeCastTask;volume:create' (6f93099d-d206-4acb-9084-ba5bc7816b02) transitioned into state 'RUNNING' from state 'PENDING' {{(pid=120015) _task_receiver /usr/local/lib/python3.8/dist-packages/taskflow/listeners/logging.py:190}}
Aug 24 05:46:50.277105 dv-cinder-854268-1-iscsi devstack@c-api.service[120015]: DEBUG cinder.volume.api [None req-bc516c66-ad95-4cb5-a570-b4ffc68b41fa tempest-VolumeTypesTest-1588468319 tempest-VolumeTypesTest-1588468319-project] Task 'cinder.volume.flows.api.create_volume.VolumeCastTask;volume:create' (6f93099d-d206-4acb-9084-ba5bc7816b02) transitioned into state 'SUCCESS' from state 'RUNNING' with result 'None' {{(pid=120015) _task_receiver /usr/local/lib/python3.8/dist-packages/taskflow/listeners/logging.py:178}}
Aug 24 05:46:50.285918 dv-cinder-854268-1-iscsi devstack@c-api.service[120015]: DEBUG cinder.volume.api [None req-bc516c66-ad95-4cb5-a570-b4ffc68b41fa tempest-VolumeTypesTest-1588468319 tempest-VolumeTypesTest-1588468319-project] Flow 'volume_create_api' (9d0a1493-0799-45dd-b134-9e5e43ba834e) transitioned into state 'SUCCESS' from state 'RUNNING' {{(pid=120015) _flow_receiver /usr/local/lib/python3.8/dist-packages/taskflow/listeners/logging.py:141}}
Aug 24 05:46:50.287413 dv-cinder-854268-1-iscsi devstack@c-api.service[120015]: INFO cinder.volume.api [None req-bc516c66-ad95-4cb5-a570-b4ffc68b41fa tempest-VolumeTypesTest-1588468319 tempest-VolumeTypesTest-1588468319-project] Create volume request issued successfully.
Aug 24 05:46:50.290138 dv-cinder-854268-1-iscsi devstack@c-api.service[120015]: INFO cinder.api.openstack.wsgi [None req-bc516c66-ad95-4cb5-a570-b4ffc68b41fa tempest-VolumeTypesTest-1588468319 tempest-VolumeTypesTest-1588468319-project] http://10.222.0.73/volume/v3/79ceefe925a54c41ba4e2a8ff3bf52b4/volumes returned with HTTP 202
Aug 24 05:46:50.293082 dv-cinder-854268-1-iscsi devstack@c-api.service[120015]: [pid: 120015|app: 0|req: 221/405] 10.222.0.73 () {60 vars in 1236 bytes} [Wed Aug 24 05:46:49 2022] POST /volume/v3/79ceefe925a54c41ba4e2a8ff3bf52b4/volumes => generated 850 bytes in 950 msecs (HTTP/1.1 202) 7 headers in 291 bytes (1 switches on core 0)
Aug 24 05:46:50.296729 dv-cinder-854268-1-iscsi devstack@c-api.service[120015]: DEBUG cinder.api.middleware.request_id [None req-692a2756-fa3a-4751-9a43-0e3a00be5256 None None] RequestId filter calling following filter/app {{(pid=120015) _context_setter /opt/stack/cinder/cinder/api/middleware/request_id.py:62}}
Aug 24 05:46:50.312103 dv-cinder-854268-1-iscsi devstack@c-api.service[120015]: INFO cinder.api.openstack.wsgi [None req-692a2756-fa3a-4751-9a43-0e3a00be5256 tempest-VolumesTransfersV355Test-888850868 tempest-VolumesTransfersV355Test-888850868-project-admin] GET http://10.222.0.73/volume/v3/0e65a64f689e4479bd69aef258da147a/volumes/8da2f8cb-beb2-4958-9c79-cf00decb2757
Aug 24 05:46:50.312665 dv-cinder-854268-1-iscsi devstack@c-api.service[120015]: DEBUG cinder.api.openstack.wsgi [None req-692a2756-fa3a-4751-9a43-0e3a00be5256 tempest-VolumesTransfersV355Test-888850868 tempest-VolumesTransfersV355Test-888850868-project-admin] Empty body provided in request {{(pid=120015) get_body /opt/stack/cinder/cinder/api/openstack/wsgi.py:715}}
Aug 24 05:46:50.313145 dv-cinder-854268-1-iscsi devstack@c-api.service[120015]: DEBUG cinder.api.openstack.wsgi [None req-692a2756-fa3a-4751-9a43-0e3a00be5256 tempest-VolumesTransfersV355Test-888850868 tempest-VolumesTransfersV355Test-888850868-project-admin] Calling method 'show' {{(pid=120015) _process_stack /opt/stack/cinder/cinder/api/openstack/wsgi.py:868}}
Aug 24 05:46:50.319659 dv-cinder-854268-1-iscsi devstack@c-api.service[120016]: INFO cinder.api.openstack.wsgi [None req-8567c00d-abe5-4784-a373-3b4c97b86a96 tempest-GroupsV320Test-982483119 tempest-GroupsV320Test-982483119-project-admin] POST http://10.222.0.73/volume/v3/8c750b23ea9e4363a1e7619941fca616/types
Aug 24 05:46:50.320547 dv-cinder-854268-1-iscsi devstack@c-api.service[120016]: DEBUG cinder.api.openstack.wsgi [None req-8567c00d-abe5-4784-a373-3b4c97b86a96 tempest-GroupsV320Test-982483119 tempest-GroupsV320Test-982483119-project-admin] Action: 'create', calling method: _create, body: {"volume_type": {"name": "tempest-GroupsV320Test-volume-type-75722239"}} {{(pid=120016) _process_stack /opt/stack/cinder/cinder/api/openstack/wsgi.py:866}}
Aug 24 05:46:50.328823 dv-cinder-854268-1-iscsi devstack@c-api.service[120015]: DEBUG dbcounter [-] [120015] Writing DB stats cinder:SELECT=63,cinder:UPDATE=20,cinder:INSERT=17 {{(pid=120015) stat_writer /usr/local/lib/python3.8/dist-packages/dbcounter.py:114}}
Aug 24 05:46:50.350517 dv-cinder-854268-1-iscsi devstack@c-api.service[120015]: /usr/local/lib/python3.8/dist-packages/oslo_context/context.py:100: DeprecationWarning: Policy enforcement is depending on the value of is_admin. This key is deprecated. Please update your policy file to use the standard policy values.
Aug 24 05:46:50.350517 dv-cinder-854268-1-iscsi devstack@c-api.service[120015]: warnings.warn('Policy enforcement is depending on the value of '
Aug 24 05:46:50.363093 dv-cinder-854268-1-iscsi devstack@c-api.service[120016]: INFO cinder.api.openstack.wsgi [None req-8567c00d-abe5-4784-a373-3b4c97b86a96 tempest-GroupsV320Test-982483119 tempest-GroupsV320Test-982483119-project-admin] http://10.222.0.73/volume/v3/8c750b23ea9e4363a1e7619941fca616/types returned with HTTP 200
Aug 24 05:46:50.373129 dv-cinder-854268-1-iscsi devstack@c-api.service[120016]: [pid: 120016|app: 0|req: 185/406] 10.222.0.73 () {60 vars in 1229 bytes} [Wed Aug 24 05:46:50 2022] POST /volume/v3/8c750b23ea9e4363a1e7619941fca616/types => generated 218 bytes in 205 msecs (HTTP/1.1 200) 7 headers in 285 bytes (1 switches on core 0)
Aug 24 05:46:50.376544 dv-cinder-854268-1-iscsi devstack@c-api.service[120016]: DEBUG cinder.api.middleware.request_id [None req-7c230449-ca08-4473-a177-6de8d3f5cd0a None None] RequestId filter calling following filter/app {{(pid=120016) _context_setter /opt/stack/cinder/cinder/api/middleware/request_id.py:62}}
Aug 24 05:46:50.383010 dv-cinder-854268-1-iscsi devstack@c-api.service[120016]: INFO cinder.api.openstack.wsgi [None req-7c230449-ca08-4473-a177-6de8d3f5cd0a tempest-VolumeTypesTest-1588468319 tempest-VolumeTypesTest-1588468319-project] GET http://10.222.0.73/volume/v3/79ceefe925a54c41ba4e2a8ff3bf52b4/volumes/e7a9c5aa-f8e4-451a-89f6-9613926fdf00
Aug 24 05:46:50.383532 dv-cinder-854268-1-iscsi devstack@c-api.service[120016]: DEBUG cinder.api.openstack.wsgi [None req-7c230449-ca08-4473-a177-6de8d3f5cd0a tempest-VolumeTypesTest-1588468319 tempest-VolumeTypesTest-1588468319-project] Empty body provided in request {{(pid=120016) get_body /opt/stack/cinder/cinder/api/openstack/wsgi.py:715}}
Aug 24 05:46:50.383934 dv-cinder-854268-1-iscsi devstack@c-api.service[120016]: DEBUG cinder.api.openstack.wsgi [None req-7c230449-ca08-4473-a177-6de8d3f5cd0a tempest-VolumeTypesTest-1588468319 tempest-VolumeTypesTest-1588468319-project] Calling method 'show' {{(pid=120016) _process_stack /opt/stack/cinder/cinder/api/openstack/wsgi.py:868}}
Aug 24 05:46:50.388595 dv-cinder-854268-1-iscsi devstack@c-api.service[120015]: INFO cinder.volume.api [None req-692a2756-fa3a-4751-9a43-0e3a00be5256 tempest-VolumesTransfersV355Test-888850868 tempest-VolumesTransfersV355Test-888850868-project-admin] Volume info retrieved successfully.
Aug 24 05:46:50.406520 dv-cinder-854268-1-iscsi devstack@c-api.service[120015]: INFO cinder.api.openstack.wsgi [None req-692a2756-fa3a-4751-9a43-0e3a00be5256 tempest-VolumesTransfersV355Test-888850868 tempest-VolumesTransfersV355Test-888850868-project-admin] http://10.222.0.73/volume/v3/0e65a64f689e4479bd69aef258da147a/volumes/8da2f8cb-beb2-4958-9c79-cf00decb2757 returned with HTTP 200
Aug 24 05:46:50.410057 dv-cinder-854268-1-iscsi devstack@c-api.service[120015]: [pid: 120015|app: 0|req: 222/407] 10.222.0.73 () {60 vars in 1366 bytes} [Wed Aug 24 05:46:50 2022] GET /volume/v3/0e65a64f689e4479bd69aef258da147a/volumes/8da2f8cb-beb2-4958-9c79-cf00decb2757 => generated 1210 bytes in 116 msecs (HTTP/1.1 200) 7 headers in 287 bytes (1 switches on core 0)
Aug 24 05:46:50.411512 dv-cinder-854268-1-iscsi devstack@c-api.service[120015]: DEBUG cinder.api.middleware.request_id [None req-e180f41c-dd23-4bc8-a445-3579f0612255 None None] RequestId filter calling following filter/app {{(pid=120015) _context_setter /opt/stack/cinder/cinder/api/middleware/request_id.py:62}}
Aug 24 05:46:50.417609 dv-cinder-854268-1-iscsi devstack@c-api.service[120016]: /usr/local/lib/python3.8/dist-packages/oslo_context/context.py:100: DeprecationWarning: Policy enforcement is depending on the value of is_admin. This key is deprecated. Please update your policy file to use the standard policy values.
Aug 24 05:46:50.417609 dv-cinder-854268-1-iscsi devstack@c-api.service[120016]: warnings.warn('Policy enforcement is depending on the value of '
Aug 24 05:46:50.421835 dv-cinder-854268-1-iscsi devstack@c-api.service[120015]: INFO cinder.api.openstack.wsgi [None req-e180f41c-dd23-4bc8-a445-3579f0612255 tempest-GroupsV320Test-982483119 tempest-GroupsV320Test-982483119-project-admin] POST http://10.222.0.73/volume/v3/8c750b23ea9e4363a1e7619941fca616/group_types
Aug 24 05:46:50.422511 dv-cinder-854268-1-iscsi devstack@c-api.service[120015]: DEBUG cinder.api.openstack.wsgi [None req-e180f41c-dd23-4bc8-a445-3579f0612255 tempest-GroupsV320Test-982483119 tempest-GroupsV320Test-982483119-project-admin] Action: 'create', calling method: version_select, body: {"group_type": {"name": "tempest-GroupsV320Test-group-type-369566755"}} {{(pid=120015) _process_stack /opt/stack/cinder/cinder/api/openstack/wsgi.py:866}}
Aug 24 05:46:50.436088 dv-cinder-854268-1-iscsi devstack@c-api.service[120016]: INFO cinder.volume.api [None req-7c230449-ca08-4473-a177-6de8d3f5cd0a tempest-VolumeTypesTest-1588468319 tempest-VolumeTypesTest-1588468319-project] Volume info retrieved successfully.
Aug 24 05:46:50.457280 dv-cinder-854268-1-iscsi devstack@c-api.service[120016]: INFO cinder.api.openstack.wsgi [None req-7c230449-ca08-4473-a177-6de8d3f5cd0a tempest-VolumeTypesTest-1588468319 tempest-VolumeTypesTest-1588468319-project] http://10.222.0.73/volume/v3/79ceefe925a54c41ba4e2a8ff3bf52b4/volumes/e7a9c5aa-f8e4-451a-89f6-9613926fdf00 returned with HTTP 200
Aug 24 05:46:50.475118 dv-cinder-854268-1-iscsi devstack@c-api.service[120016]: [pid: 120016|app: 0|req: 186/408] 10.222.0.73 () {58 vars in 1325 bytes} [Wed Aug 24 05:46:50 2022] GET /volume/v3/79ceefe925a54c41ba4e2a8ff3bf52b4/volumes/e7a9c5aa-f8e4-451a-89f6-9613926fdf00 => generated 918 bytes in 101 msecs (HTTP/1.1 200) 7 headers in 285 bytes (1 switches on core 0)
Aug 24 05:46:50.481168 dv-cinder-854268-1-iscsi devstack@c-api.service[120015]: INFO cinder.api.openstack.wsgi [None req-e180f41c-dd23-4bc8-a445-3579f0612255 tempest-GroupsV320Test-982483119 tempest-GroupsV320Test-982483119-project-admin] http://10.222.0.73/volume/v3/8c750b23ea9e4363a1e7619941fca616/group_types returned with HTTP 202
Aug 24 05:46:50.491010 dv-cinder-854268-1-iscsi devstack@c-api.service[120016]: DEBUG cinder.api.middleware.request_id [None req-eeac486c-3ff1-47ae-85a5-36884d0e6e58 None None] RequestId filter calling following filter/app {{(pid=120016) _context_setter /opt/stack/cinder/cinder/api/middleware/request_id.py:62}}
Aug 24 05:46:50.492862 dv-cinder-854268-1-iscsi devstack@c-api.service[120015]: [pid: 120015|app: 0|req: 223/409] 10.222.0.73 () {62 vars in 1288 bytes} [Wed Aug 24 05:46:50 2022] POST /volume/v3/8c750b23ea9e4363a1e7619941fca616/group_types => generated 176 bytes in 82 msecs (HTTP/1.1 202) 7 headers in 292 bytes (1 switches on core 0)
Aug 24 05:46:50.682542 dv-cinder-854268-1-iscsi devstack@c-api.service[120016]: INFO cinder.api.openstack.wsgi [None req-eeac486c-3ff1-47ae-85a5-36884d0e6e58 tempest-GroupsV320Test-1545756563 tempest-GroupsV320Test-1545756563-project] POST http://10.222.0.73/volume/v3/92651e9bbc2d4585b617d70ee046d693/groups
Aug 24 05:46:50.683582 dv-cinder-854268-1-iscsi devstack@c-api.service[120016]: DEBUG cinder.api.openstack.wsgi [None req-eeac486c-3ff1-47ae-85a5-36884d0e6e58 tempest-GroupsV320Test-1545756563 tempest-GroupsV320Test-1545756563-project] Action: 'create', calling method: version_select, body: {"group": {"group_type": "f644545b-ed8d-4640-a5fc-1a6c18dc3cc5", "volume_types": ["cf55800e-37cb-4dc4-b611-cb882ad461af"], "name": "tempest-GroupsV320Test-Group-303361230"}} {{(pid=120016) _process_stack /opt/stack/cinder/cinder/api/openstack/wsgi.py:866}}
Aug 24 05:46:50.686778 dv-cinder-854268-1-iscsi devstack@c-api.service[120016]: DEBUG cinder.api.v3.groups [None req-eeac486c-3ff1-47ae-85a5-36884d0e6e58 tempest-GroupsV320Test-1545756563 tempest-GroupsV320Test-1545756563-project] Creating new group {'group': {'group_type': 'f644545b-ed8d-4640-a5fc-1a6c18dc3cc5', 'volume_types': ['cf55800e-37cb-4dc4-b611-cb882ad461af'], 'name': 'tempest-GroupsV320Test-Group-303361230'}} {{(pid=120016) create /opt/stack/cinder/cinder/api/v3/groups.py:190}}
Aug 24 05:46:50.702542 dv-cinder-854268-1-iscsi devstack@c-api.service[120016]: INFO cinder.api.v3.groups [None req-eeac486c-3ff1-47ae-85a5-36884d0e6e58 tempest-GroupsV320Test-1545756563 tempest-GroupsV320Test-1545756563-project] Creating group tempest-GroupsV320Test-Group-303361230.
Aug 24 05:46:50.743401 dv-cinder-854268-1-iscsi devstack@c-api.service[120016]: INFO cinder.volume.api [None req-eeac486c-3ff1-47ae-85a5-36884d0e6e58 tempest-GroupsV320Test-1545756563 tempest-GroupsV320Test-1545756563-project] Availability Zones retrieved successfully.
Aug 24 05:46:50.822393 dv-cinder-854268-1-iscsi devstack@c-api.service[120016]: DEBUG cinder.quota [None req-eeac486c-3ff1-47ae-85a5-36884d0e6e58 tempest-GroupsV320Test-1545756563 tempest-GroupsV320Test-1545756563-project] Created reservations ['cbfe4d1d-c03e-420c-b224-fe7af3502bbc'] {{(pid=120016) reserve /opt/stack/cinder/cinder/quota.py:755}}
Aug 24 05:46:50.882388 dv-cinder-854268-1-iscsi devstack@c-api.service[120016]: INFO cinder.api.openstack.wsgi [None req-eeac486c-3ff1-47ae-85a5-36884d0e6e58 tempest-GroupsV320Test-1545756563 tempest-GroupsV320Test-1545756563-project] http://10.222.0.73/volume/v3/92651e9bbc2d4585b617d70ee046d693/groups returned with HTTP 202
Aug 24 05:46:50.884784 dv-cinder-854268-1-iscsi devstack@c-api.service[120016]: [pid: 120016|app: 0|req: 187/410] 10.222.0.73 () {62 vars in 1274 bytes} [Wed Aug 24 05:46:50 2022] POST /volume/v3/92651e9bbc2d4585b617d70ee046d693/groups => generated 107 bytes in 395 msecs (HTTP/1.1 202) 7 headers in 292 bytes (1 switches on core 0)
Aug 24 05:46:50.895278 dv-cinder-854268-1-iscsi devstack@c-api.service[120015]: DEBUG cinder.api.middleware.request_id [None req-db9816c0-a3ce-4f37-bad8-33e9236689fe None None] RequestId filter calling following filter/app {{(pid=120015) _context_setter /opt/stack/cinder/cinder/api/middleware/request_id.py:62}}
Aug 24 05:46:50.906822 dv-cinder-854268-1-iscsi devstack@c-api.service[120015]: INFO cinder.api.openstack.wsgi [None req-db9816c0-a3ce-4f37-bad8-33e9236689fe tempest-GroupsV320Test-1545756563 tempest-GroupsV320Test-1545756563-project] GET http://10.222.0.73/volume/v3/92651e9bbc2d4585b617d70ee046d693/groups/a79eedcf-f02b-4e36-8d87-15c3f6f531b9
Aug 24 05:46:50.907914 dv-cinder-854268-1-iscsi devstack@c-api.service[120015]: DEBUG cinder.api.openstack.wsgi [None req-db9816c0-a3ce-4f37-bad8-33e9236689fe tempest-GroupsV320Test-1545756563 tempest-GroupsV320Test-1545756563-project] Empty body provided in request {{(pid=120015) get_body /opt/stack/cinder/cinder/api/openstack/wsgi.py:715}}
Aug 24 05:46:50.908920 dv-cinder-854268-1-iscsi devstack@c-api.service[120015]: DEBUG cinder.api.openstack.wsgi [None req-db9816c0-a3ce-4f37-bad8-33e9236689fe tempest-GroupsV320Test-1545756563 tempest-GroupsV320Test-1545756563-project] Calling method 'version_select' {{(pid=120015) _process_stack /opt/stack/cinder/cinder/api/openstack/wsgi.py:868}}
Aug 24 05:46:50.910280 dv-cinder-854268-1-iscsi devstack@c-api.service[120015]: DEBUG cinder.api.v3.groups [None req-db9816c0-a3ce-4f37-bad8-33e9236689fe tempest-GroupsV320Test-1545756563 tempest-GroupsV320Test-1545756563-project] show called for member a79eedcf-f02b-4e36-8d87-15c3f6f531b9 {{(pid=120015) show /opt/stack/cinder/cinder/api/v3/groups.py:58}}
Aug 24 05:46:50.923764 dv-cinder-854268-1-iscsi devstack@c-api.service[120015]: /usr/local/lib/python3.8/dist-packages/oslo_context/context.py:100: DeprecationWarning: Policy enforcement is depending on the value of is_admin. This key is deprecated. Please update your policy file to use the standard policy values.
Aug 24 05:46:50.923764 dv-cinder-854268-1-iscsi devstack@c-api.service[120015]: warnings.warn('Policy enforcement is depending on the value of '
Aug 24 05:46:50.967677 dv-cinder-854268-1-iscsi devstack@c-api.service[120015]: INFO cinder.api.openstack.wsgi [None req-db9816c0-a3ce-4f37-bad8-33e9236689fe tempest-GroupsV320Test-1545756563 tempest-GroupsV320Test-1545756563-project] http://10.222.0.73/volume/v3/92651e9bbc2d4585b617d70ee046d693/groups/a79eedcf-f02b-4e36-8d87-15c3f6f531b9 returned with HTTP 200
Aug 24 05:46:50.968776 dv-cinder-854268-1-iscsi devstack@c-api.service[120015]: [pid: 120015|app: 0|req: 224/411] 10.222.0.73 () {60 vars in 1363 bytes} [Wed Aug 24 05:46:50 2022] GET /volume/v3/92651e9bbc2d4585b617d70ee046d693/groups/a79eedcf-f02b-4e36-8d87-15c3f6f531b9 => generated 387 bytes in 75 msecs (HTTP/1.1 200) 7 headers in 286 bytes (1 switches on core 0)
Aug 24 05:46:51.427473 dv-cinder-854268-1-iscsi devstack@c-api.service[120016]: DEBUG cinder.api.middleware.request_id [None req-b52cc8bd-42c0-42b6-96a3-98b7bc0f6c5e None None] RequestId filter calling following filter/app {{(pid=120016) _context_setter /opt/stack/cinder/cinder/api/middleware/request_id.py:62}}
Aug 24 05:46:51.432577 dv-cinder-854268-1-iscsi devstack@c-api.service[120016]: INFO cinder.api.openstack.wsgi [None req-b52cc8bd-42c0-42b6-96a3-98b7bc0f6c5e tempest-VolumesTransfersV355Test-888850868 tempest-VolumesTransfersV355Test-888850868-project-admin] GET http://10.222.0.73/volume/v3/0e65a64f689e4479bd69aef258da147a/volumes/8da2f8cb-beb2-4958-9c79-cf00decb2757
Aug 24 05:46:51.433495 dv-cinder-854268-1-iscsi devstack@c-api.service[120016]: DEBUG cinder.api.openstack.wsgi [None req-b52cc8bd-42c0-42b6-96a3-98b7bc0f6c5e tempest-VolumesTransfersV355Test-888850868 tempest-VolumesTransfersV355Test-888850868-project-admin] Empty body provided in request {{(pid=120016) get_body /opt/stack/cinder/cinder/api/openstack/wsgi.py:715}}
Aug 24 05:46:51.434279 dv-cinder-854268-1-iscsi devstack@c-api.service[120016]: DEBUG cinder.api.openstack.wsgi [None req-b52cc8bd-42c0-42b6-96a3-98b7bc0f6c5e tempest-VolumesTransfersV355Test-888850868 tempest-VolumesTransfersV355Test-888850868-project-admin] Calling method 'show' {{(pid=120016) _process_stack /opt/stack/cinder/cinder/api/openstack/wsgi.py:868}}
Aug 24 05:46:51.460160 dv-cinder-854268-1-iscsi devstack@c-api.service[120016]: INFO cinder.api.openstack.wsgi [None req-b52cc8bd-42c0-42b6-96a3-98b7bc0f6c5e tempest-VolumesTransfersV355Test-888850868 tempest-VolumesTransfersV355Test-888850868-project-admin] http://10.222.0.73/volume/v3/0e65a64f689e4479bd69aef258da147a/volumes/8da2f8cb-beb2-4958-9c79-cf00decb2757 returned with HTTP 404
Aug 24 05:46:51.468809 dv-cinder-854268-1-iscsi devstack@c-api.service[120016]: [pid: 120016|app: 0|req: 188/412] 10.222.0.73 () {60 vars in 1366 bytes} [Wed Aug 24 05:46:51 2022] GET /volume/v3/0e65a64f689e4479bd69aef258da147a/volumes/8da2f8cb-beb2-4958-9c79-cf00decb2757 => generated 109 bytes in 42 msecs (HTTP/1.1 404) 7 headers in 293 bytes (1 switches on core 0)
Aug 24 05:46:51.469162 dv-cinder-854268-1-iscsi devstack@c-api.service[120015]: DEBUG cinder.api.middleware.request_id [None req-1e4a03ac-bb5d-40b1-9100-8b806731ad5d None None] RequestId filter calling following filter/app {{(pid=120015) _context_setter /opt/stack/cinder/cinder/api/middleware/request_id.py:62}}
Aug 24 05:46:51.473817 dv-cinder-854268-1-iscsi devstack@c-api.service[120015]: INFO cinder.api.openstack.wsgi [None req-1e4a03ac-bb5d-40b1-9100-8b806731ad5d tempest-VolumesTransfersV355Test-1760780610 tempest-VolumesTransfersV355Test-1760780610-project] POST http://10.222.0.73/volume/v3/9d506ccfc1464224912d2b550f40ef09/volumes
Aug 24 05:46:51.474548 dv-cinder-854268-1-iscsi devstack@c-api.service[120015]: DEBUG cinder.api.openstack.wsgi [None req-1e4a03ac-bb5d-40b1-9100-8b806731ad5d tempest-VolumesTransfersV355Test-1760780610 tempest-VolumesTransfersV355Test-1760780610-project] Action: 'create', calling method: create, body: {"volume": {"size": 1, "name": "tempest-VolumesTransfersV355Test-Volume-1017152085"}} {{(pid=120015) _process_stack /opt/stack/cinder/cinder/api/openstack/wsgi.py:866}}
Aug 24 05:46:51.479425 dv-cinder-854268-1-iscsi devstack@c-api.service[120015]: DEBUG cinder.api.v3.volumes [None req-1e4a03ac-bb5d-40b1-9100-8b806731ad5d tempest-VolumesTransfersV355Test-1760780610 tempest-VolumesTransfersV355Test-1760780610-project] Create volume request body: {'volume': {'size': 1, 'name': 'tempest-VolumesTransfersV355Test-Volume-1017152085'}} {{(pid=120015) create /opt/stack/cinder/cinder/api/v3/volumes.py:298}}
Aug 24 05:46:51.479604 dv-cinder-854268-1-iscsi devstack@c-api.service[120015]: INFO cinder.api.v3.volumes [None req-1e4a03ac-bb5d-40b1-9100-8b806731ad5d tempest-VolumesTransfersV355Test-1760780610 tempest-VolumesTransfersV355Test-1760780610-project] Create volume of 1 GB
Aug 24 05:46:51.480145 dv-cinder-854268-1-iscsi devstack@c-api.service[120016]: DEBUG cinder.api.middleware.request_id [None req-eae8a1a7-b9db-4cf4-8863-5f71e85adcc2 None None] RequestId filter calling following filter/app {{(pid=120016) _context_setter /opt/stack/cinder/cinder/api/middleware/request_id.py:62}}
Aug 24 05:46:51.480283 dv-cinder-854268-1-iscsi devstack@c-api.service[120015]: /usr/local/lib/python3.8/dist-packages/oslo_context/context.py:100: DeprecationWarning: Policy enforcement is depending on the value of is_admin. This key is deprecated. Please update your policy file to use the standard policy values.
Aug 24 05:46:51.480283 dv-cinder-854268-1-iscsi devstack@c-api.service[120015]: warnings.warn('Policy enforcement is depending on the value of '
Aug 24 05:46:51.489494 dv-cinder-854268-1-iscsi devstack@c-api.service[120016]: INFO cinder.api.openstack.wsgi [None req-eae8a1a7-b9db-4cf4-8863-5f71e85adcc2 tempest-VolumeTypesTest-1588468319 tempest-VolumeTypesTest-1588468319-project] GET http://10.222.0.73/volume/v3/79ceefe925a54c41ba4e2a8ff3bf52b4/volumes/e7a9c5aa-f8e4-451a-89f6-9613926fdf00
Aug 24 05:46:51.492409 dv-cinder-854268-1-iscsi devstack@c-api.service[120016]: DEBUG cinder.api.openstack.wsgi [None req-eae8a1a7-b9db-4cf4-8863-5f71e85adcc2 tempest-VolumeTypesTest-1588468319 tempest-VolumeTypesTest-1588468319-project] Empty body provided in request {{(pid=120016) get_body /opt/stack/cinder/cinder/api/openstack/wsgi.py:715}}
Aug 24 05:46:51.495278 dv-cinder-854268-1-iscsi devstack@c-api.service[120016]: DEBUG cinder.api.openstack.wsgi [None req-eae8a1a7-b9db-4cf4-8863-5f71e85adcc2 tempest-VolumeTypesTest-1588468319 tempest-VolumeTypesTest-1588468319-project] Calling method 'show' {{(pid=120016) _process_stack /opt/stack/cinder/cinder/api/openstack/wsgi.py:868}}
Aug 24 05:46:51.500731 dv-cinder-854268-1-iscsi devstack@c-api.service[120015]: INFO cinder.volume.api [None req-1e4a03ac-bb5d-40b1-9100-8b806731ad5d tempest-VolumesTransfersV355Test-1760780610 tempest-VolumesTransfersV355Test-1760780610-project] Availability Zones retrieved successfully.
Aug 24 05:46:51.533611 dv-cinder-854268-1-iscsi devstack@c-api.service[120015]: DEBUG cinder.volume.api [None req-1e4a03ac-bb5d-40b1-9100-8b806731ad5d tempest-VolumesTransfersV355Test-1760780610 tempest-VolumesTransfersV355Test-1760780610-project] Flow 'volume_create_api' (0bc57b5d-d91b-469c-a55e-a7b01dc343d7) transitioned into state 'RUNNING' from state 'PENDING' {{(pid=120015) _flow_receiver /usr/local/lib/python3.8/dist-packages/taskflow/listeners/logging.py:141}}
Aug 24 05:46:51.543202 dv-cinder-854268-1-iscsi devstack@c-api.service[120015]: DEBUG cinder.volume.api [None req-1e4a03ac-bb5d-40b1-9100-8b806731ad5d tempest-VolumesTransfersV355Test-1760780610 tempest-VolumesTransfersV355Test-1760780610-project] Task 'cinder.volume.flows.api.create_volume.ExtractVolumeRequestTask;volume:create' (5a0d739c-7da8-4fcb-98a8-715c67a846ae) transitioned into state 'RUNNING' from state 'PENDING' {{(pid=120015) _task_receiver /usr/local/lib/python3.8/dist-packages/taskflow/listeners/logging.py:190}}
Aug 24 05:46:51.549666 dv-cinder-854268-1-iscsi devstack@c-api.service[120015]: DEBUG cinder.volume.flows.api.create_volume [None req-1e4a03ac-bb5d-40b1-9100-8b806731ad5d tempest-VolumesTransfersV355Test-1760780610 tempest-VolumesTransfersV355Test-1760780610-project] Validating volume size '1' using validate_int {{(pid=120015) _extract_size /opt/stack/cinder/cinder/volume/flows/api/create_volume.py:228}}
Aug 24 05:46:51.553945 dv-cinder-854268-1-iscsi devstack@c-api.service[120016]: /usr/local/lib/python3.8/dist-packages/oslo_context/context.py:100: DeprecationWarning: Policy enforcement is depending on the value of is_admin. This key is deprecated. Please update your policy file to use the standard policy values.
Aug 24 05:46:51.553945 dv-cinder-854268-1-iscsi devstack@c-api.service[120016]: warnings.warn('Policy enforcement is depending on the value of '
Aug 24 05:46:51.577610 dv-cinder-854268-1-iscsi devstack@c-api.service[120016]: INFO cinder.volume.api [None req-eae8a1a7-b9db-4cf4-8863-5f71e85adcc2 tempest-VolumeTypesTest-1588468319 tempest-VolumeTypesTest-1588468319-project] Volume info retrieved successfully.
Aug 24 05:46:51.595749 dv-cinder-854268-1-iscsi devstack@c-api.service[120016]: INFO cinder.api.openstack.wsgi [None req-eae8a1a7-b9db-4cf4-8863-5f71e85adcc2 tempest-VolumeTypesTest-1588468319 tempest-VolumeTypesTest-1588468319-project] http://10.222.0.73/volume/v3/79ceefe925a54c41ba4e2a8ff3bf52b4/volumes/e7a9c5aa-f8e4-451a-89f6-9613926fdf00 returned with HTTP 200
Aug 24 05:46:51.599676 dv-cinder-854268-1-iscsi devstack@c-api.service[120016]: [pid: 120016|app: 0|req: 189/413] 10.222.0.73 () {58 vars in 1325 bytes} [Wed Aug 24 05:46:51 2022] GET /volume/v3/79ceefe925a54c41ba4e2a8ff3bf52b4/volumes/e7a9c5aa-f8e4-451a-89f6-9613926fdf00 => generated 943 bytes in 122 msecs (HTTP/1.1 200) 7 headers in 285 bytes (1 switches on core 0)
Aug 24 05:46:51.612705 dv-cinder-854268-1-iscsi devstack@c-api.service[120016]: DEBUG cinder.api.middleware.request_id [None req-d08f3362-51ab-4417-8bda-f942d354de12 None None] RequestId filter calling following filter/app {{(pid=120016) _context_setter /opt/stack/cinder/cinder/api/middleware/request_id.py:62}}
Aug 24 05:46:51.617311 dv-cinder-854268-1-iscsi devstack@c-api.service[120016]: INFO cinder.api.openstack.wsgi [None req-d08f3362-51ab-4417-8bda-f942d354de12 tempest-VolumeTypesTest-1588468319 tempest-VolumeTypesTest-1588468319-project] POST http://10.222.0.73/volume/v3/79ceefe925a54c41ba4e2a8ff3bf52b4/volumes/e7a9c5aa-f8e4-451a-89f6-9613926fdf00/action
Aug 24 05:46:51.618511 dv-cinder-854268-1-iscsi devstack@c-api.service[120016]: DEBUG cinder.api.openstack.wsgi [None req-d08f3362-51ab-4417-8bda-f942d354de12 tempest-VolumeTypesTest-1588468319 tempest-VolumeTypesTest-1588468319-project] Action body: b'{"os-retype": {"new_type": "8a9f7147-0c67-4f44-911d-30547e9e2843"}}' {{(pid=120016) get_method /opt/stack/cinder/cinder/api/openstack/wsgi.py:983}}
Aug 24 05:46:51.618752 dv-cinder-854268-1-iscsi devstack@c-api.service[120016]: DEBUG cinder.api.openstack.wsgi [None req-d08f3362-51ab-4417-8bda-f942d354de12 tempest-VolumeTypesTest-1588468319 tempest-VolumeTypesTest-1588468319-project] Action: 'action', calling method: _retype, body: {"os-retype": {"new_type": "8a9f7147-0c67-4f44-911d-30547e9e2843"}} {{(pid=120016) _process_stack /opt/stack/cinder/cinder/api/openstack/wsgi.py:866}}
Aug 24 05:46:51.659372 dv-cinder-854268-1-iscsi devstack@c-api.service[120016]: /usr/local/lib/python3.8/dist-packages/oslo_context/context.py:100: DeprecationWarning: Policy enforcement is depending on the value of is_admin. This key is deprecated. Please update your policy file to use the standard policy values.
Aug 24 05:46:51.659372 dv-cinder-854268-1-iscsi devstack@c-api.service[120016]: warnings.warn('Policy enforcement is depending on the value of '
Aug 24 05:46:51.660505 dv-cinder-854268-1-iscsi devstack@c-api.service[120016]: INFO cinder.volume.api [None req-d08f3362-51ab-4417-8bda-f942d354de12 tempest-VolumeTypesTest-1588468319 tempest-VolumeTypesTest-1588468319-project] Volume info retrieved successfully.
Aug 24 05:46:51.668060 dv-cinder-854268-1-iscsi devstack@c-api.service[120015]: DEBUG cinder.volume.api [None req-1e4a03ac-bb5d-40b1-9100-8b806731ad5d tempest-VolumesTransfersV355Test-1760780610 tempest-VolumesTransfersV355Test-1760780610-project] Task 'cinder.volume.flows.api.create_volume.ExtractVolumeRequestTask;volume:create' (5a0d739c-7da8-4fcb-98a8-715c67a846ae) transitioned into state 'SUCCESS' from state 'RUNNING' with result '{'size': 1, 'snapshot_id': None, 'source_volid': None, 'volume_type': VolumeType(created_at=2022-08-24T05:36:20Z,deleted=False,deleted_at=None,description='Default Volume Type',extra_specs={},id=4625d647-f1bc-484d-8a6f-45af4accdf44,is_public=True,name='__DEFAULT__',projects=[],qos_specs=,qos_specs_id=None,updated_at=2022-08-24T05:36:20Z), 'volume_type_id': '4625d647-f1bc-484d-8a6f-45af4accdf44', 'encryption_key_id': None, 'qos_specs': None, 'consistencygroup_id': None, 'cgsnapshot_id': None, 'group_id': None, 'replication_status': 'disabled', 'refresh_az': False, 'backup_id': None, 'multiattach': False, 'availability_zones': ['nova']}' {{(pid=120015) _task_receiver /usr/local/lib/python3.8/dist-packages/taskflow/listeners/logging.py:178}}
Aug 24 05:46:51.672300 dv-cinder-854268-1-iscsi devstack@c-api.service[120015]: DEBUG cinder.volume.api [None req-1e4a03ac-bb5d-40b1-9100-8b806731ad5d tempest-VolumesTransfersV355Test-1760780610 tempest-VolumesTransfersV355Test-1760780610-project] Task 'cinder.volume.flows.api.create_volume.QuotaReserveTask;volume:create' (d0e5769d-f15c-4f2c-b50a-121f8641d204) transitioned into state 'RUNNING' from state 'PENDING' {{(pid=120015) _task_receiver /usr/local/lib/python3.8/dist-packages/taskflow/listeners/logging.py:190}}
Aug 24 05:46:51.714791 dv-cinder-854268-1-iscsi devstack@c-api.service[120016]: WARNING cinder.quota [None req-d08f3362-51ab-4417-8bda-f942d354de12 tempest-VolumeTypesTest-1588468319 tempest-VolumeTypesTest-1588468319-project] Deprecated: Default quota for resource: volumes_tempest-VolumeTypesTest-volume-type-1225833766 is set by the default quota flag: quota_volumes_tempest-VolumeTypesTest-volume-type-1225833766, it is now deprecated. Please use the default quota class for default quota.
Aug 24 05:46:51.715879 dv-cinder-854268-1-iscsi devstack@c-api.service[120016]: WARNING cinder.quota [None req-d08f3362-51ab-4417-8bda-f942d354de12 tempest-VolumeTypesTest-1588468319 tempest-VolumeTypesTest-1588468319-project] Deprecated: Default quota for resource: gigabytes_tempest-VolumeTypesTest-volume-type-1225833766 is set by the default quota flag: quota_gigabytes_tempest-VolumeTypesTest-volume-type-1225833766, it is now deprecated. Please use the default quota class for default quota.
Aug 24 05:46:51.771920 dv-cinder-854268-1-iscsi devstack@c-api.service[120016]: DEBUG cinder.quota [None req-d08f3362-51ab-4417-8bda-f942d354de12 tempest-VolumeTypesTest-1588468319 tempest-VolumeTypesTest-1588468319-project] Created reservations ['b04c16c3-5ed7-4d30-8ef2-92ebbca496a6', 'e2228c27-bbbe-4da6-8d7a-1aefb7c66e1c'] {{(pid=120016) reserve /opt/stack/cinder/cinder/quota.py:755}}
Aug 24 05:46:51.779850 dv-cinder-854268-1-iscsi devstack@c-api.service[120015]: DEBUG cinder.quota [None req-1e4a03ac-bb5d-40b1-9100-8b806731ad5d tempest-VolumesTransfersV355Test-1760780610 tempest-VolumesTransfersV355Test-1760780610-project] Created reservations ['dd947e2c-e331-4175-bb59-014b65ee338f', '52c7e5b4-ac02-460f-9431-06de9629f835', 'c68c88a8-c9ea-4602-9c46-2df20a55e56d', '44b97d10-ebf8-409b-9b60-c9c5f68af9d1'] {{(pid=120015) reserve /opt/stack/cinder/cinder/quota.py:755}}
Aug 24 05:46:51.781907 dv-cinder-854268-1-iscsi devstack@c-api.service[120015]: DEBUG cinder.volume.api [None req-1e4a03ac-bb5d-40b1-9100-8b806731ad5d tempest-VolumesTransfersV355Test-1760780610 tempest-VolumesTransfersV355Test-1760780610-project] Task 'cinder.volume.flows.api.create_volume.QuotaReserveTask;volume:create' (d0e5769d-f15c-4f2c-b50a-121f8641d204) transitioned into state 'SUCCESS' from state 'RUNNING' with result '{'reservations': ['dd947e2c-e331-4175-bb59-014b65ee338f', '52c7e5b4-ac02-460f-9431-06de9629f835', 'c68c88a8-c9ea-4602-9c46-2df20a55e56d', '44b97d10-ebf8-409b-9b60-c9c5f68af9d1']}' {{(pid=120015) _task_receiver /usr/local/lib/python3.8/dist-packages/taskflow/listeners/logging.py:178}}
Aug 24 05:46:51.784341 dv-cinder-854268-1-iscsi devstack@c-api.service[120015]: DEBUG cinder.volume.api [None req-1e4a03ac-bb5d-40b1-9100-8b806731ad5d tempest-VolumesTransfersV355Test-1760780610 tempest-VolumesTransfersV355Test-1760780610-project] Task 'cinder.volume.flows.api.create_volume.EntryCreateTask;volume:create' (f212c474-e96b-4032-b3a8-98ab1ad4c318) transitioned into state 'RUNNING' from state 'PENDING' {{(pid=120015) _task_receiver /usr/local/lib/python3.8/dist-packages/taskflow/listeners/logging.py:190}}
Aug 24 05:46:51.801044 dv-cinder-854268-1-iscsi devstack@c-api.service[120016]: WARNING cinder.quota [None req-d08f3362-51ab-4417-8bda-f942d354de12 tempest-VolumeTypesTest-1588468319 tempest-VolumeTypesTest-1588468319-project] Deprecated: Default quota for resource: volumes_tempest-VolumeTypesTest-volume-type-1636646840 is set by the default quota flag: quota_volumes_tempest-VolumeTypesTest-volume-type-1636646840, it is now deprecated. Please use the default quota class for default quota.
Aug 24 05:46:51.801921 dv-cinder-854268-1-iscsi devstack@c-api.service[120016]: WARNING cinder.quota [None req-d08f3362-51ab-4417-8bda-f942d354de12 tempest-VolumeTypesTest-1588468319 tempest-VolumeTypesTest-1588468319-project] Deprecated: Default quota for resource: gigabytes_tempest-VolumeTypesTest-volume-type-1636646840 is set by the default quota flag: quota_gigabytes_tempest-VolumeTypesTest-volume-type-1636646840, it is now deprecated. Please use the default quota class for default quota.
Aug 24 05:46:51.813183 dv-cinder-854268-1-iscsi devstack@c-api.service[120015]: DEBUG cinder.volume.api [None req-1e4a03ac-bb5d-40b1-9100-8b806731ad5d tempest-VolumesTransfersV355Test-1760780610 tempest-VolumesTransfersV355Test-1760780610-project] Task 'cinder.volume.flows.api.create_volume.EntryCreateTask;volume:create' (f212c474-e96b-4032-b3a8-98ab1ad4c318) transitioned into state 'SUCCESS' from state 'RUNNING' with result '{'volume_id': '6a0a5158-699d-4786-ad45-827e8929560e', 'volume_properties': VolumeProperties(attach_status='detached',availability_zone='nova',cgsnapshot_id=None,consistencygroup_id=None,display_description=None,display_name='tempest-VolumesTransfersV355Test-Volume-1017152085',encryption_key_id=None,group_id=None,group_type_id=,metadata={},multiattach=False,project_id='9d506ccfc1464224912d2b550f40ef09',qos_specs=None,replication_status=,reservations=['dd947e2c-e331-4175-bb59-014b65ee338f','52c7e5b4-ac02-460f-9431-06de9629f835','c68c88a8-c9ea-4602-9c46-2df20a55e56d','44b97d10-ebf8-409b-9b60-c9c5f68af9d1'],size=1,snapshot_id=None,source_replicaid=,source_volid=None,status='creating',user_id='466563f90b0d46d69dbe2038c11d5679',volume_type_id=4625d647-f1bc-484d-8a6f-45af4accdf44), 'volume': Volume(_name_id=None,admin_metadata=,attach_status='detached',availability_zone='nova',bootable=False,cluster=,cluster_name=None,consistencygroup=,consistencygroup_id=None,created_at=2022-08-24T05:46:51Z,deleted=False,deleted_at=None,display_description=None,display_name='tempest-VolumesTransfersV355Test-Volume-1017152085',ec2_id=None,encryption_key_id=None,glance_metadata=,group=,group_id=None,host=None,id=6a0a5158-699d-4786-ad45-827e8929560e,launched_at=None,metadata={},migration_status=None,multiattach=False,previous_status=None,project_id='9d506ccfc1464224912d2b550f40ef09',provider_auth=None,provider_geometry=None,provider_id=None,provider_location=None,replication_driver_data=None,replication_extended_status=None,replication_status=None,scheduled_at=None,service_uuid=None,shared_targets=True,size=1,snapshot_id=None,snapshots=,source_volid=None,status='creating',terminated_at=None,updated_at=None,use_quota=True,user_id='466563f90b0d46d69dbe2038c11d5679',volume_attachment=VolumeAttachmentList,volume_type=VolumeType(4625d647-f1bc-484d-8a6f-45af4accdf44),volume_type_id=4625d647-f1bc-484d-8a6f-45af4accdf44)}' {{(pid=120015) _task_receiver /usr/local/lib/python3.8/dist-packages/taskflow/listeners/logging.py:178}}
Aug 24 05:46:51.816266 dv-cinder-854268-1-iscsi devstack@c-api.service[120016]: DEBUG cinder.quota [None req-d08f3362-51ab-4417-8bda-f942d354de12 tempest-VolumeTypesTest-1588468319 tempest-VolumeTypesTest-1588468319-project] Created reservations ['b89ac657-7dc3-46cc-a632-47bcde12b41e', '38b3358f-ef16-485f-a0b5-492cec92842c'] {{(pid=120016) reserve /opt/stack/cinder/cinder/quota.py:755}}
Aug 24 05:46:51.817035 dv-cinder-854268-1-iscsi devstack@c-api.service[120015]: DEBUG cinder.volume.api [None req-1e4a03ac-bb5d-40b1-9100-8b806731ad5d tempest-VolumesTransfersV355Test-1760780610 tempest-VolumesTransfersV355Test-1760780610-project] Task 'cinder.volume.flows.api.create_volume.QuotaCommitTask;volume:create' (1d0c0381-ee35-47d0-9b97-bc49da923899) transitioned into state 'RUNNING' from state 'PENDING' {{(pid=120015) _task_receiver /usr/local/lib/python3.8/dist-packages/taskflow/listeners/logging.py:190}}
Aug 24 05:46:51.822772 dv-cinder-854268-1-iscsi devstack@c-api.service[120016]: DEBUG dbcounter [-] [120016] Writing DB stats cinder:SELECT=82,cinder:UPDATE=6,cinder:INSERT=12 {{(pid=120016) stat_writer /usr/local/lib/python3.8/dist-packages/dbcounter.py:114}}
Aug 24 05:46:51.862397 dv-cinder-854268-1-iscsi devstack@c-api.service[120015]: DEBUG cinder.volume.api [None req-1e4a03ac-bb5d-40b1-9100-8b806731ad5d tempest-VolumesTransfersV355Test-1760780610 tempest-VolumesTransfersV355Test-1760780610-project] Task 'cinder.volume.flows.api.create_volume.QuotaCommitTask;volume:create' (1d0c0381-ee35-47d0-9b97-bc49da923899) transitioned into state 'SUCCESS' from state 'RUNNING' with result '{'volume_properties': VolumeProperties(attach_status='detached',availability_zone='nova',cgsnapshot_id=None,consistencygroup_id=None,display_description=None,display_name='tempest-VolumesTransfersV355Test-Volume-1017152085',encryption_key_id=None,group_id=None,group_type_id=,metadata={},multiattach=False,project_id='9d506ccfc1464224912d2b550f40ef09',qos_specs=None,replication_status=,reservations=['dd947e2c-e331-4175-bb59-014b65ee338f','52c7e5b4-ac02-460f-9431-06de9629f835','c68c88a8-c9ea-4602-9c46-2df20a55e56d','44b97d10-ebf8-409b-9b60-c9c5f68af9d1'],size=1,snapshot_id=None,source_replicaid=,source_volid=None,status='creating',user_id='466563f90b0d46d69dbe2038c11d5679',volume_type_id=4625d647-f1bc-484d-8a6f-45af4accdf44)}' {{(pid=120015) _task_receiver /usr/local/lib/python3.8/dist-packages/taskflow/listeners/logging.py:178}}
Aug 24 05:46:51.864234 dv-cinder-854268-1-iscsi devstack@c-api.service[120015]: DEBUG cinder.volume.api [None req-1e4a03ac-bb5d-40b1-9100-8b806731ad5d tempest-VolumesTransfersV355Test-1760780610 tempest-VolumesTransfersV355Test-1760780610-project] Task 'cinder.volume.flows.api.create_volume.VolumeCastTask;volume:create' (0cfae7e9-6096-45ba-beff-94d37e096d9f) transitioned into state 'RUNNING' from state 'PENDING' {{(pid=120015) _task_receiver /usr/local/lib/python3.8/dist-packages/taskflow/listeners/logging.py:190}}
Aug 24 05:46:51.890616 dv-cinder-854268-1-iscsi devstack@c-api.service[120015]: DEBUG cinder.volume.api [None req-1e4a03ac-bb5d-40b1-9100-8b806731ad5d tempest-VolumesTransfersV355Test-1760780610 tempest-VolumesTransfersV355Test-1760780610-project] Task 'cinder.volume.flows.api.create_volume.VolumeCastTask;volume:create' (0cfae7e9-6096-45ba-beff-94d37e096d9f) transitioned into state 'SUCCESS' from state 'RUNNING' with result 'None' {{(pid=120015) _task_receiver /usr/local/lib/python3.8/dist-packages/taskflow/listeners/logging.py:178}}
Aug 24 05:46:51.892881 dv-cinder-854268-1-iscsi devstack@c-api.service[120016]: INFO cinder.volume.api [None req-d08f3362-51ab-4417-8bda-f942d354de12 tempest-VolumeTypesTest-1588468319 tempest-VolumeTypesTest-1588468319-project] Retype volume request issued successfully.
Aug 24 05:46:51.893420 dv-cinder-854268-1-iscsi devstack@c-api.service[120016]: INFO cinder.api.openstack.wsgi [None req-d08f3362-51ab-4417-8bda-f942d354de12 tempest-VolumeTypesTest-1588468319 tempest-VolumeTypesTest-1588468319-project] http://10.222.0.73/volume/v3/79ceefe925a54c41ba4e2a8ff3bf52b4/volumes/e7a9c5aa-f8e4-451a-89f6-9613926fdf00/action returned with HTTP 202
Aug 24 05:46:51.894756 dv-cinder-854268-1-iscsi devstack@c-api.service[120016]: [pid: 120016|app: 0|req: 190/414] 10.222.0.73 () {60 vars in 1367 bytes} [Wed Aug 24 05:46:51 2022] POST /volume/v3/79ceefe925a54c41ba4e2a8ff3bf52b4/volumes/e7a9c5aa-f8e4-451a-89f6-9613926fdf00/action => generated 0 bytes in 283 msecs (HTTP/1.1 202) 7 headers in 289 bytes (2 switches on core 0)
Aug 24 05:46:51.897721 dv-cinder-854268-1-iscsi devstack@c-api.service[120015]: DEBUG cinder.volume.api [None req-1e4a03ac-bb5d-40b1-9100-8b806731ad5d tempest-VolumesTransfersV355Test-1760780610 tempest-VolumesTransfersV355Test-1760780610-project] Flow 'volume_create_api' (0bc57b5d-d91b-469c-a55e-a7b01dc343d7) transitioned into state 'SUCCESS' from state 'RUNNING' {{(pid=120015) _flow_receiver /usr/local/lib/python3.8/dist-packages/taskflow/listeners/logging.py:141}}
Aug 24 05:46:51.898673 dv-cinder-854268-1-iscsi devstack@c-api.service[120015]: INFO cinder.volume.api [None req-1e4a03ac-bb5d-40b1-9100-8b806731ad5d tempest-VolumesTransfersV355Test-1760780610 tempest-VolumesTransfersV355Test-1760780610-project] Create volume request issued successfully.
Aug 24 05:46:51.899353 dv-cinder-854268-1-iscsi devstack@c-api.service[120016]: DEBUG cinder.api.middleware.request_id [None req-234a9c23-e672-46c9-a47e-0ce255fc6604 None None] RequestId filter calling following filter/app {{(pid=120016) _context_setter /opt/stack/cinder/cinder/api/middleware/request_id.py:62}}
Aug 24 05:46:51.900316 dv-cinder-854268-1-iscsi devstack@c-api.service[120015]: INFO cinder.api.openstack.wsgi [None req-1e4a03ac-bb5d-40b1-9100-8b806731ad5d tempest-VolumesTransfersV355Test-1760780610 tempest-VolumesTransfersV355Test-1760780610-project] http://10.222.0.73/volume/v3/9d506ccfc1464224912d2b550f40ef09/volumes returned with HTTP 202
Aug 24 05:46:51.901413 dv-cinder-854268-1-iscsi devstack@c-api.service[120015]: [pid: 120015|app: 0|req: 225/415] 10.222.0.73 () {62 vars in 1276 bytes} [Wed Aug 24 05:46:51 2022] POST /volume/v3/9d506ccfc1464224912d2b550f40ef09/volumes => generated 888 bytes in 434 msecs (HTTP/1.1 202) 7 headers in 292 bytes (2 switches on core 0)
Aug 24 05:46:51.909877 dv-cinder-854268-1-iscsi devstack@c-api.service[120016]: INFO cinder.api.openstack.wsgi [None req-234a9c23-e672-46c9-a47e-0ce255fc6604 tempest-VolumeTypesTest-1588468319 tempest-VolumeTypesTest-1588468319-project] GET http://10.222.0.73/volume/v3/79ceefe925a54c41ba4e2a8ff3bf52b4/volumes/e7a9c5aa-f8e4-451a-89f6-9613926fdf00
Aug 24 05:46:51.909877 dv-cinder-854268-1-iscsi devstack@c-api.service[120016]: DEBUG cinder.api.openstack.wsgi [None req-234a9c23-e672-46c9-a47e-0ce255fc6604 tempest-VolumeTypesTest-1588468319 tempest-VolumeTypesTest-1588468319-project] Empty body provided in request {{(pid=120016) get_body /opt/stack/cinder/cinder/api/openstack/wsgi.py:715}}
Aug 24 05:46:51.909877 dv-cinder-854268-1-iscsi devstack@c-api.service[120016]: DEBUG cinder.api.openstack.wsgi [None req-234a9c23-e672-46c9-a47e-0ce255fc6604 tempest-VolumeTypesTest-1588468319 tempest-VolumeTypesTest-1588468319-project] Calling method 'show' {{(pid=120016) _process_stack /opt/stack/cinder/cinder/api/openstack/wsgi.py:868}}
Aug 24 05:46:51.916713 dv-cinder-854268-1-iscsi devstack@c-api.service[120015]: DEBUG cinder.api.middleware.request_id [None req-5c6e08a3-1247-411a-ab24-9da4a08e1c40 None None] RequestId filter calling following filter/app {{(pid=120015) _context_setter /opt/stack/cinder/cinder/api/middleware/request_id.py:62}}
Aug 24 05:46:51.926497 dv-cinder-854268-1-iscsi devstack@c-api.service[120016]: /usr/local/lib/python3.8/dist-packages/oslo_context/context.py:100: DeprecationWarning: Policy enforcement is depending on the value of is_admin. This key is deprecated. Please update your policy file to use the standard policy values.
Aug 24 05:46:51.926497 dv-cinder-854268-1-iscsi devstack@c-api.service[120016]: warnings.warn('Policy enforcement is depending on the value of '
Aug 24 05:46:51.928316 dv-cinder-854268-1-iscsi devstack@c-api.service[120015]: INFO cinder.api.openstack.wsgi [None req-5c6e08a3-1247-411a-ab24-9da4a08e1c40 tempest-VolumesTransfersV355Test-1760780610 tempest-VolumesTransfersV355Test-1760780610-project] GET http://10.222.0.73/volume/v3/9d506ccfc1464224912d2b550f40ef09/volumes/6a0a5158-699d-4786-ad45-827e8929560e
Aug 24 05:46:51.929634 dv-cinder-854268-1-iscsi devstack@c-api.service[120015]: DEBUG cinder.api.openstack.wsgi [None req-5c6e08a3-1247-411a-ab24-9da4a08e1c40 tempest-VolumesTransfersV355Test-1760780610 tempest-VolumesTransfersV355Test-1760780610-project] Empty body provided in request {{(pid=120015) get_body /opt/stack/cinder/cinder/api/openstack/wsgi.py:715}}
Aug 24 05:46:51.934998 dv-cinder-854268-1-iscsi devstack@c-api.service[120015]: DEBUG cinder.api.openstack.wsgi [None req-5c6e08a3-1247-411a-ab24-9da4a08e1c40 tempest-VolumesTransfersV355Test-1760780610 tempest-VolumesTransfersV355Test-1760780610-project] Calling method 'show' {{(pid=120015) _process_stack /opt/stack/cinder/cinder/api/openstack/wsgi.py:868}}
Aug 24 05:46:51.937683 dv-cinder-854268-1-iscsi devstack@c-api.service[120016]: INFO cinder.volume.api [None req-234a9c23-e672-46c9-a47e-0ce255fc6604 tempest-VolumeTypesTest-1588468319 tempest-VolumeTypesTest-1588468319-project] Volume info retrieved successfully.
Aug 24 05:46:51.953593 dv-cinder-854268-1-iscsi devstack@c-api.service[120015]: /usr/local/lib/python3.8/dist-packages/oslo_context/context.py:100: DeprecationWarning: Policy enforcement is depending on the value of is_admin. This key is deprecated. Please update your policy file to use the standard policy values.
Aug 24 05:46:51.953593 dv-cinder-854268-1-iscsi devstack@c-api.service[120015]: warnings.warn('Policy enforcement is depending on the value of '
Aug 24 05:46:51.959094 dv-cinder-854268-1-iscsi devstack@c-api.service[120016]: INFO cinder.api.openstack.wsgi [None req-234a9c23-e672-46c9-a47e-0ce255fc6604 tempest-VolumeTypesTest-1588468319 tempest-VolumeTypesTest-1588468319-project] http://10.222.0.73/volume/v3/79ceefe925a54c41ba4e2a8ff3bf52b4/volumes/e7a9c5aa-f8e4-451a-89f6-9613926fdf00 returned with HTTP 200
Aug 24 05:46:51.959958 dv-cinder-854268-1-iscsi devstack@c-api.service[120016]: [pid: 120016|app: 0|req: 191/416] 10.222.0.73 () {58 vars in 1325 bytes} [Wed Aug 24 05:46:51 2022] GET /volume/v3/79ceefe925a54c41ba4e2a8ff3bf52b4/volumes/e7a9c5aa-f8e4-451a-89f6-9613926fdf00 => generated 942 bytes in 62 msecs (HTTP/1.1 200) 7 headers in 285 bytes (1 switches on core 0)
Aug 24 05:46:51.966545 dv-cinder-854268-1-iscsi devstack@c-api.service[120015]: INFO cinder.volume.api [None req-5c6e08a3-1247-411a-ab24-9da4a08e1c40 tempest-VolumesTransfersV355Test-1760780610 tempest-VolumesTransfersV355Test-1760780610-project] Volume info retrieved successfully.
Aug 24 05:46:51.979063 dv-cinder-854268-1-iscsi devstack@c-api.service[120016]: DEBUG cinder.api.middleware.request_id [None req-d496067e-3e95-4b11-ae25-5ab4bd3d2d96 None None] RequestId filter calling following filter/app {{(pid=120016) _context_setter /opt/stack/cinder/cinder/api/middleware/request_id.py:62}}
Aug 24 05:46:51.983930 dv-cinder-854268-1-iscsi devstack@c-api.service[120016]: INFO cinder.api.openstack.wsgi [None req-d496067e-3e95-4b11-ae25-5ab4bd3d2d96 tempest-GroupsV320Test-1545756563 tempest-GroupsV320Test-1545756563-project] GET http://10.222.0.73/volume/v3/92651e9bbc2d4585b617d70ee046d693/groups/a79eedcf-f02b-4e36-8d87-15c3f6f531b9
Aug 24 05:46:51.984501 dv-cinder-854268-1-iscsi devstack@c-api.service[120016]: DEBUG cinder.api.openstack.wsgi [None req-d496067e-3e95-4b11-ae25-5ab4bd3d2d96 tempest-GroupsV320Test-1545756563 tempest-GroupsV320Test-1545756563-project] Empty body provided in request {{(pid=120016) get_body /opt/stack/cinder/cinder/api/openstack/wsgi.py:715}}
Aug 24 05:46:51.985025 dv-cinder-854268-1-iscsi devstack@c-api.service[120016]: DEBUG cinder.api.openstack.wsgi [None req-d496067e-3e95-4b11-ae25-5ab4bd3d2d96 tempest-GroupsV320Test-1545756563 tempest-GroupsV320Test-1545756563-project] Calling method 'version_select' {{(pid=120016) _process_stack /opt/stack/cinder/cinder/api/openstack/wsgi.py:868}}
Aug 24 05:46:51.985442 dv-cinder-854268-1-iscsi devstack@c-api.service[120016]: DEBUG cinder.api.v3.groups [None req-d496067e-3e95-4b11-ae25-5ab4bd3d2d96 tempest-GroupsV320Test-1545756563 tempest-GroupsV320Test-1545756563-project] show called for member a79eedcf-f02b-4e36-8d87-15c3f6f531b9 {{(pid=120016) show /opt/stack/cinder/cinder/api/v3/groups.py:58}}
