Aug 29 21:27:10.287450 dv-cinder-854266-3-iscsi devstack@c-api.service[113558]: /usr/local/lib/python3.8/dist-packages/oslo_policy/policy.py:809: UserWarning: Policy "volume_extension:default_unset":"rule:system_or_domain_or_project_admin" was deprecated in X in favor of "volume_extension:default_unset":"rule:admin_api". Reason: Default policies now support the three Keystone default roles, namely 'admin', 'member', and 'reader' to implement three Cinder "personas". See "Policy Personas and Permissions" in the "Cinder Service Configuration" documentation (Xena release) for details.. Either ensure your deployment is ready for the new default or copy/paste the deprecated policy into your policy file and maintain it manually.
Aug 29 21:27:10.287450 dv-cinder-854266-3-iscsi devstack@c-api.service[113558]: warnings.warn(deprecated_msg)
Aug 29 21:27:10.287450 dv-cinder-854266-3-iscsi devstack@c-api.service[113558]: DEBUG cinder.api.middleware.request_id [None req-1ad4c81b-6ae6-4ebd-8ee4-d5207529be50 None None] RequestId filter calling following filter/app {{(pid=113558) _context_setter /opt/stack/cinder/cinder/api/middleware/request_id.py:62}}
Aug 29 21:27:11.485649 dv-cinder-854266-3-iscsi devstack@c-api.service[113558]: INFO cinder.api.openstack.wsgi [None req-1ad4c81b-6ae6-4ebd-8ee4-d5207529be50 admin admin] POST http://10.222.0.20/volume/v3/918734ce2c8c4362a4d1364fce951bb2/types
Aug 29 21:27:11.487402 dv-cinder-854266-3-iscsi devstack@c-api.service[113558]: DEBUG cinder.api.openstack.wsgi [None req-1ad4c81b-6ae6-4ebd-8ee4-d5207529be50 admin admin] Action: 'create', calling method: _create, body: {"volume_type": {"name": "lvmdriver-1", "description": null, "os-volume-type-access:is_public": true}} {{(pid=113558) _process_stack /opt/stack/cinder/cinder/api/openstack/wsgi.py:866}}
Aug 29 21:27:11.491259 dv-cinder-854266-3-iscsi devstack@c-api.service[113558]: /usr/local/lib/python3.8/dist-packages/oslo_context/context.py:100: DeprecationWarning: Policy enforcement is depending on the value of is_admin. This key is deprecated. Please update your policy file to use the standard policy values.
Aug 29 21:27:11.491259 dv-cinder-854266-3-iscsi devstack@c-api.service[113558]: warnings.warn('Policy enforcement is depending on the value of '
Aug 29 21:27:11.498083 dv-cinder-854266-3-iscsi devstack@c-api.service[113558]: DEBUG oslo_db.sqlalchemy.engines [None req-1ad4c81b-6ae6-4ebd-8ee4-d5207529be50 admin admin] MySQL server mode set to STRICT_TRANS_TABLES,STRICT_ALL_TABLES,NO_ZERO_IN_DATE,NO_ZERO_DATE,ERROR_FOR_DIVISION_BY_ZERO,TRADITIONAL,NO_ENGINE_SUBSTITUTION {{(pid=113558) _check_effective_sql_mode /usr/local/lib/python3.8/dist-packages/oslo_db/sqlalchemy/engines.py:314}}
Aug 29 21:27:11.537568 dv-cinder-854266-3-iscsi devstack@c-api.service[113558]: INFO cinder.api.openstack.wsgi [None req-1ad4c81b-6ae6-4ebd-8ee4-d5207529be50 admin admin] http://10.222.0.20/volume/v3/918734ce2c8c4362a4d1364fce951bb2/types returned with HTTP 200
Aug 29 21:27:11.538164 dv-cinder-854266-3-iscsi devstack@c-api.service[113558]: [pid: 113558|app: 0|req: 1/2] 10.222.0.20 () {60 vars in 1237 bytes} [Mon Aug 29 21:27:10 2022] POST /volume/v3/918734ce2c8c4362a4d1364fce951bb2/types => generated 186 bytes in 1297 msecs (HTTP/1.1 200) 7 headers in 285 bytes (1 switches on core 0)
Aug 29 21:27:11.545122 dv-cinder-854266-3-iscsi devstack@c-api.service[113557]: DEBUG cinder.api.middleware.request_id [req-1ad4c81b-6ae6-4ebd-8ee4-d5207529be50 req-7b9eae51-99cd-4932-9c7c-f783cecbe7c0 None None] RequestId filter calling following filter/app {{(pid=113557) _context_setter /opt/stack/cinder/cinder/api/middleware/request_id.py:62}}
Aug 29 21:27:12.169966 dv-cinder-854266-3-iscsi devstack@c-api.service[113557]: INFO cinder.api.openstack.wsgi [req-1ad4c81b-6ae6-4ebd-8ee4-d5207529be50 req-7b9eae51-99cd-4932-9c7c-f783cecbe7c0 admin admin] POST http://10.222.0.20/volume/v3/918734ce2c8c4362a4d1364fce951bb2/types/33dba5e0-37de-4f84-b283-53a4c0c04814/extra_specs
Aug 29 21:27:12.171137 dv-cinder-854266-3-iscsi devstack@c-api.service[113557]: DEBUG cinder.api.openstack.wsgi [req-1ad4c81b-6ae6-4ebd-8ee4-d5207529be50 req-7b9eae51-99cd-4932-9c7c-f783cecbe7c0 admin admin] Action: 'create', calling method: create, body: {"extra_specs": {"volume_backend_name": "lvmdriver-1"}} {{(pid=113557) _process_stack /opt/stack/cinder/cinder/api/openstack/wsgi.py:866}}
Aug 29 21:27:12.175724 dv-cinder-854266-3-iscsi devstack@c-api.service[113557]: /usr/local/lib/python3.8/dist-packages/oslo_context/context.py:100: DeprecationWarning: Policy enforcement is depending on the value of is_admin. This key is deprecated. Please update your policy file to use the standard policy values.
Aug 29 21:27:12.175724 dv-cinder-854266-3-iscsi devstack@c-api.service[113557]: warnings.warn('Policy enforcement is depending on the value of '
Aug 29 21:27:12.184517 dv-cinder-854266-3-iscsi devstack@c-api.service[113557]: DEBUG oslo_db.sqlalchemy.engines [req-1ad4c81b-6ae6-4ebd-8ee4-d5207529be50 req-7b9eae51-99cd-4932-9c7c-f783cecbe7c0 admin admin] MySQL server mode set to STRICT_TRANS_TABLES,STRICT_ALL_TABLES,NO_ZERO_IN_DATE,NO_ZERO_DATE,ERROR_FOR_DIVISION_BY_ZERO,TRADITIONAL,NO_ENGINE_SUBSTITUTION {{(pid=113557) _check_effective_sql_mode /usr/local/lib/python3.8/dist-packages/oslo_db/sqlalchemy/engines.py:314}}
Aug 29 21:27:12.304246 dv-cinder-854266-3-iscsi devstack@c-api.service[113557]: INFO cinder.api.openstack.wsgi [req-1ad4c81b-6ae6-4ebd-8ee4-d5207529be50 req-7b9eae51-99cd-4932-9c7c-f783cecbe7c0 admin admin] http://10.222.0.20/volume/v3/918734ce2c8c4362a4d1364fce951bb2/types/33dba5e0-37de-4f84-b283-53a4c0c04814/extra_specs returned with HTTP 200
Aug 29 21:27:12.305061 dv-cinder-854266-3-iscsi devstack@c-api.service[113557]: [pid: 113557|app: 0|req: 2/3] 10.222.0.20 () {62 vars in 1454 bytes} [Mon Aug 29 21:27:11 2022] POST /volume/v3/918734ce2c8c4362a4d1364fce951bb2/types/33dba5e0-37de-4f84-b283-53a4c0c04814/extra_specs => generated 55 bytes in 761 msecs (HTTP/1.1 200) 7 headers in 284 bytes (1 switches on core 0)
Aug 29 21:27:21.533764 dv-cinder-854266-3-iscsi devstack@c-api.service[113558]: DEBUG dbcounter [-] [113558] Writing DB stats cinder:SELECT=18,cinder:INSERT=1 {{(pid=113558) stat_writer /usr/local/lib/python3.8/dist-packages/dbcounter.py:114}}
Aug 29 21:27:22.301460 dv-cinder-854266-3-iscsi devstack@c-api.service[113557]: DEBUG dbcounter [-] [113557] Writing DB stats cinder:SELECT=25,cinder:INSERT=1 {{(pid=113557) stat_writer /usr/local/lib/python3.8/dist-packages/dbcounter.py:114}}
Aug 29 21:27:51.630034 dv-cinder-854266-3-iscsi devstack@c-api.service[113558]: DEBUG cinder.api.middleware.request_id [None req-0fefca4e-f8d3-45bb-a2f3-b42d47631386 None None] RequestId filter calling following filter/app {{(pid=113558) _context_setter /opt/stack/cinder/cinder/api/middleware/request_id.py:62}}
Aug 29 21:27:51.631297 dv-cinder-854266-3-iscsi devstack@c-api.service[113558]: INFO cinder.api.openstack.wsgi [None req-0fefca4e-f8d3-45bb-a2f3-b42d47631386 None None] GET http://10.222.0.20/volume//
Aug 29 21:27:51.631712 dv-cinder-854266-3-iscsi devstack@c-api.service[113558]: DEBUG cinder.api.openstack.wsgi [None req-0fefca4e-f8d3-45bb-a2f3-b42d47631386 None None] Empty body provided in request {{(pid=113558) get_body /opt/stack/cinder/cinder/api/openstack/wsgi.py:715}}
Aug 29 21:27:51.632176 dv-cinder-854266-3-iscsi devstack@c-api.service[113558]: DEBUG cinder.api.openstack.wsgi [None req-0fefca4e-f8d3-45bb-a2f3-b42d47631386 None None] Calling method 'all' {{(pid=113558) _process_stack /opt/stack/cinder/cinder/api/openstack/wsgi.py:868}}
Aug 29 21:27:51.633317 dv-cinder-854266-3-iscsi devstack@c-api.service[113558]: INFO cinder.api.openstack.wsgi [None req-0fefca4e-f8d3-45bb-a2f3-b42d47631386 None None] http://10.222.0.20/volume// returned with HTTP 300
Aug 29 21:27:51.633885 dv-cinder-854266-3-iscsi devstack@c-api.service[113558]: [pid: 113558|app: 0|req: 2/4] 10.222.0.20 () {56 vars in 1098 bytes} [Mon Aug 29 21:27:51 2022] GET /volume/ => generated 386 bytes in 6 msecs (HTTP/1.1 300) 7 headers in 299 bytes (1 switches on core 0)
Aug 29 21:30:29.085334 dv-cinder-854266-3-iscsi devstack@c-api.service[113557]: DEBUG cinder.api.middleware.request_id [None req-e254b9fa-df3d-4881-b6fa-4b296f654495 None None] RequestId filter calling following filter/app {{(pid=113557) _context_setter /opt/stack/cinder/cinder/api/middleware/request_id.py:62}}
Aug 29 21:30:29.589611 dv-cinder-854266-3-iscsi devstack@c-api.service[113557]: INFO cinder.api.openstack.wsgi [None req-e254b9fa-df3d-4881-b6fa-4b296f654495 tempest-verify_tempest_config-1576474171 tempest-verify_tempest_config-1576474171-project] GET http://10.222.0.20/volume/v3/765a42974b8c42d4bdec0b18c28a5636/extensions
Aug 29 21:30:29.590400 dv-cinder-854266-3-iscsi devstack@c-api.service[113557]: DEBUG cinder.api.openstack.wsgi [None req-e254b9fa-df3d-4881-b6fa-4b296f654495 tempest-verify_tempest_config-1576474171 tempest-verify_tempest_config-1576474171-project] Empty body provided in request {{(pid=113557) get_body /opt/stack/cinder/cinder/api/openstack/wsgi.py:715}}
Aug 29 21:30:29.591217 dv-cinder-854266-3-iscsi devstack@c-api.service[113557]: DEBUG cinder.api.openstack.wsgi [None req-e254b9fa-df3d-4881-b6fa-4b296f654495 tempest-verify_tempest_config-1576474171 tempest-verify_tempest_config-1576474171-project] Calling method 'index' {{(pid=113557) _process_stack /opt/stack/cinder/cinder/api/openstack/wsgi.py:868}}
Aug 29 21:30:29.592331 dv-cinder-854266-3-iscsi devstack@c-api.service[113557]: INFO cinder.api.openstack.wsgi [None req-e254b9fa-df3d-4881-b6fa-4b296f654495 tempest-verify_tempest_config-1576474171 tempest-verify_tempest_config-1576474171-project] http://10.222.0.20/volume/v3/765a42974b8c42d4bdec0b18c28a5636/extensions returned with HTTP 200
Aug 29 21:30:29.594096 dv-cinder-854266-3-iscsi devstack@c-api.service[113557]: [pid: 113557|app: 0|req: 3/5] 10.222.0.20 () {58 vars in 1223 bytes} [Mon Aug 29 21:30:29 2022] GET /volume/v3/765a42974b8c42d4bdec0b18c28a5636/extensions => generated 5245 bytes in 510 msecs (HTTP/1.1 200) 7 headers in 286 bytes (1 switches on core 0)
Aug 29 21:32:27.852679 dv-cinder-854266-3-iscsi devstack@c-api.service[113558]: DEBUG cinder.api.middleware.request_id [None req-e1e44574-f18a-4c38-9880-a0fda938f7e4 None None] RequestId filter calling following filter/app {{(pid=113558) _context_setter /opt/stack/cinder/cinder/api/middleware/request_id.py:62}}
Aug 29 21:32:27.971592 dv-cinder-854266-3-iscsi devstack@c-api.service[113558]: INFO cinder.api.openstack.wsgi [None req-e1e44574-f18a-4c38-9880-a0fda938f7e4 admin admin] GET http://10.222.0.20/volume/v3/918734ce2c8c4362a4d1364fce951bb2/os-services
Aug 29 21:32:27.972054 dv-cinder-854266-3-iscsi devstack@c-api.service[113558]: DEBUG cinder.api.openstack.wsgi [None req-e1e44574-f18a-4c38-9880-a0fda938f7e4 admin admin] Empty body provided in request {{(pid=113558) get_body /opt/stack/cinder/cinder/api/openstack/wsgi.py:715}}
Aug 29 21:32:27.972508 dv-cinder-854266-3-iscsi devstack@c-api.service[113558]: DEBUG cinder.api.openstack.wsgi [None req-e1e44574-f18a-4c38-9880-a0fda938f7e4 admin admin] Calling method 'index' {{(pid=113558) _process_stack /opt/stack/cinder/cinder/api/openstack/wsgi.py:868}}
Aug 29 21:32:27.983367 dv-cinder-854266-3-iscsi devstack@c-api.service[113558]: INFO cinder.api.openstack.wsgi [None req-e1e44574-f18a-4c38-9880-a0fda938f7e4 admin admin] http://10.222.0.20/volume/v3/918734ce2c8c4362a4d1364fce951bb2/os-services returned with HTTP 200
Aug 29 21:32:27.984119 dv-cinder-854266-3-iscsi devstack@c-api.service[113558]: [pid: 113558|app: 0|req: 3/6] 10.222.0.20 () {56 vars in 1201 bytes} [Mon Aug 29 21:32:27 2022] GET /volume/v3/918734ce2c8c4362a4d1364fce951bb2/os-services => generated 642 bytes in 133 msecs (HTTP/1.1 200) 7 headers in 285 bytes (1 switches on core 0)
Aug 29 21:32:30.504002 dv-cinder-854266-3-iscsi devstack@c-api.service[113557]: DEBUG cinder.api.middleware.request_id [None req-7b33b88d-002d-4890-ad76-89a63dde74aa None None] RequestId filter calling following filter/app {{(pid=113557) _context_setter /opt/stack/cinder/cinder/api/middleware/request_id.py:62}}
Aug 29 21:32:30.557021 dv-cinder-854266-3-iscsi devstack@c-api.service[113557]: INFO cinder.api.openstack.wsgi [None req-7b33b88d-002d-4890-ad76-89a63dde74aa admin admin] GET http://10.222.0.20/volume/v3/918734ce2c8c4362a4d1364fce951bb2/os-services
Aug 29 21:32:30.557487 dv-cinder-854266-3-iscsi devstack@c-api.service[113557]: DEBUG cinder.api.openstack.wsgi [None req-7b33b88d-002d-4890-ad76-89a63dde74aa admin admin] Empty body provided in request {{(pid=113557) get_body /opt/stack/cinder/cinder/api/openstack/wsgi.py:715}}
Aug 29 21:32:30.558100 dv-cinder-854266-3-iscsi devstack@c-api.service[113557]: DEBUG cinder.api.openstack.wsgi [None req-7b33b88d-002d-4890-ad76-89a63dde74aa admin admin] Calling method 'index' {{(pid=113557) _process_stack /opt/stack/cinder/cinder/api/openstack/wsgi.py:868}}
Aug 29 21:32:30.567811 dv-cinder-854266-3-iscsi devstack@c-api.service[113557]: INFO cinder.api.openstack.wsgi [None req-7b33b88d-002d-4890-ad76-89a63dde74aa admin admin] http://10.222.0.20/volume/v3/918734ce2c8c4362a4d1364fce951bb2/os-services returned with HTTP 200
Aug 29 21:32:30.568519 dv-cinder-854266-3-iscsi devstack@c-api.service[113557]: [pid: 113557|app: 0|req: 4/7] 10.222.0.20 () {56 vars in 1201 bytes} [Mon Aug 29 21:32:30 2022] GET /volume/v3/918734ce2c8c4362a4d1364fce951bb2/os-services => generated 642 bytes in 66 msecs (HTTP/1.1 200) 7 headers in 285 bytes (1 switches on core 0)
Aug 29 21:32:37.977908 dv-cinder-854266-3-iscsi devstack@c-api.service[113558]: DEBUG dbcounter [-] [113558] Writing DB stats cinder:SELECT=2 {{(pid=113558) stat_writer /usr/local/lib/python3.8/dist-packages/dbcounter.py:114}}
Aug 29 21:32:40.563122 dv-cinder-854266-3-iscsi devstack@c-api.service[113557]: DEBUG dbcounter [-] [113557] Writing DB stats cinder:SELECT=2 {{(pid=113557) stat_writer /usr/local/lib/python3.8/dist-packages/dbcounter.py:114}}
Aug 29 21:34:00.978442 dv-cinder-854266-3-iscsi devstack@c-api.service[113558]: DEBUG cinder.api.middleware.request_id [None req-8a9e63b4-8ce4-472e-9873-88e73477465b None None] RequestId filter calling following filter/app {{(pid=113558) _context_setter /opt/stack/cinder/cinder/api/middleware/request_id.py:62}}
Aug 29 21:34:01.134936 dv-cinder-854266-3-iscsi devstack@c-api.service[113557]: DEBUG cinder.api.middleware.request_id [None req-0243e7a8-8659-4065-861a-013aeae0fb11 None None] RequestId filter calling following filter/app {{(pid=113557) _context_setter /opt/stack/cinder/cinder/api/middleware/request_id.py:62}}
Aug 29 21:34:01.404738 dv-cinder-854266-3-iscsi devstack@c-api.service[113558]: INFO cinder.api.openstack.wsgi [None req-8a9e63b4-8ce4-472e-9873-88e73477465b tempest-GroupTypeSpecsTest-1193444388 tempest-GroupTypeSpecsTest-1193444388-project-admin] POST http://10.222.0.20/volume/v3/6a5291ee2b604a089ae9ecf52210d556/group_types
Aug 29 21:34:01.405613 dv-cinder-854266-3-iscsi devstack@c-api.service[113558]: DEBUG cinder.api.openstack.wsgi [None req-8a9e63b4-8ce4-472e-9873-88e73477465b tempest-GroupTypeSpecsTest-1193444388 tempest-GroupTypeSpecsTest-1193444388-project-admin] Action: 'create', calling method: version_select, body: {"group_type": {"name": "tempest-GroupTypeSpecsTest-group-type-699669175"}} {{(pid=113558) _process_stack /opt/stack/cinder/cinder/api/openstack/wsgi.py:866}}
Aug 29 21:34:01.468316 dv-cinder-854266-3-iscsi devstack@c-api.service[113557]: INFO cinder.api.openstack.wsgi [None req-0243e7a8-8659-4065-861a-013aeae0fb11 tempest-GroupTypesTest-101402077 tempest-GroupTypesTest-101402077-project-admin] POST http://10.222.0.20/volume/v3/d5e4357d29684686b438d150fcbb5ccf/group_types
Aug 29 21:34:01.469372 dv-cinder-854266-3-iscsi devstack@c-api.service[113557]: DEBUG cinder.api.openstack.wsgi [None req-0243e7a8-8659-4065-861a-013aeae0fb11 tempest-GroupTypesTest-101402077 tempest-GroupTypesTest-101402077-project-admin] Action: 'create', calling method: version_select, body: {"group_type": {"name": "tempest-GroupTypesTest-group-type-342722316", "description": "tempest-group-type-description-508399833", "group_specs": {"consistent_group_snapshot_enabled": " False"}, "is_public": true}} {{(pid=113557) _process_stack /opt/stack/cinder/cinder/api/openstack/wsgi.py:866}}
Aug 29 21:34:01.498215 dv-cinder-854266-3-iscsi devstack@c-api.service[113558]: INFO cinder.api.openstack.wsgi [None req-8a9e63b4-8ce4-472e-9873-88e73477465b tempest-GroupTypeSpecsTest-1193444388 tempest-GroupTypeSpecsTest-1193444388-project-admin] http://10.222.0.20/volume/v3/6a5291ee2b604a089ae9ecf52210d556/group_types returned with HTTP 202
Aug 29 21:34:01.498970 dv-cinder-854266-3-iscsi devstack@c-api.service[113558]: [pid: 113558|app: 0|req: 4/8] 10.222.0.20 () {62 vars in 1288 bytes} [Mon Aug 29 21:34:00 2022] POST /volume/v3/6a5291ee2b604a089ae9ecf52210d556/group_types => generated 180 bytes in 523 msecs (HTTP/1.1 202) 7 headers in 292 bytes (1 switches on core 0)
Aug 29 21:34:01.505890 dv-cinder-854266-3-iscsi devstack@c-api.service[113558]: DEBUG cinder.api.middleware.request_id [req-9e2290db-9055-4c77-9a12-967a3ecf154d req-effb40fc-dab0-41ea-b52c-dc80d6719940 None None] RequestId filter calling following filter/app {{(pid=113558) _context_setter /opt/stack/cinder/cinder/api/middleware/request_id.py:62}}
Aug 29 21:34:01.558137 dv-cinder-854266-3-iscsi devstack@c-api.service[113557]: INFO cinder.api.openstack.wsgi [None req-0243e7a8-8659-4065-861a-013aeae0fb11 tempest-GroupTypesTest-101402077 tempest-GroupTypesTest-101402077-project-admin] http://10.222.0.20/volume/v3/d5e4357d29684686b438d150fcbb5ccf/group_types returned with HTTP 202
Aug 29 21:34:01.559996 dv-cinder-854266-3-iscsi devstack@c-api.service[113557]: [pid: 113557|app: 0|req: 5/9] 10.222.0.20 () {62 vars in 1289 bytes} [Mon Aug 29 21:34:01 2022] POST /volume/v3/d5e4357d29684686b438d150fcbb5ccf/group_types => generated 263 bytes in 427 msecs (HTTP/1.1 202) 7 headers in 292 bytes (1 switches on core 0)
Aug 29 21:34:01.561512 dv-cinder-854266-3-iscsi devstack@c-api.service[113557]: DEBUG cinder.api.middleware.request_id [None req-b8f2dc2f-313b-467e-a727-35df33e9ccd3 None None] RequestId filter calling following filter/app {{(pid=113557) _context_setter /opt/stack/cinder/cinder/api/middleware/request_id.py:62}}
Aug 29 21:34:01.566044 dv-cinder-854266-3-iscsi devstack@c-api.service[113557]: INFO cinder.api.openstack.wsgi [None req-b8f2dc2f-313b-467e-a727-35df33e9ccd3 tempest-GroupTypeSpecsTest-1193444388 tempest-GroupTypeSpecsTest-1193444388-project-admin] POST http://10.222.0.20/volume/v3/6a5291ee2b604a089ae9ecf52210d556/group_types/08597711-8584-41b0-8cf6-c31a93f111f2/group_specs
Aug 29 21:34:01.567127 dv-cinder-854266-3-iscsi devstack@c-api.service[113557]: DEBUG cinder.api.openstack.wsgi [None req-b8f2dc2f-313b-467e-a727-35df33e9ccd3 tempest-GroupTypeSpecsTest-1193444388 tempest-GroupTypeSpecsTest-1193444388-project-admin] Action: 'create', calling method: version_select, body: {"group_specs": {"key1": "value1", "key2": "value2"}} {{(pid=113557) _process_stack /opt/stack/cinder/cinder/api/openstack/wsgi.py:866}}
Aug 29 21:34:01.607985 dv-cinder-854266-3-iscsi devstack@c-api.service[113557]: INFO cinder.api.openstack.wsgi [None req-b8f2dc2f-313b-467e-a727-35df33e9ccd3 tempest-GroupTypeSpecsTest-1193444388 tempest-GroupTypeSpecsTest-1193444388-project-admin] http://10.222.0.20/volume/v3/6a5291ee2b604a089ae9ecf52210d556/group_types/08597711-8584-41b0-8cf6-c31a93f111f2/group_specs returned with HTTP 202
Aug 29 21:34:01.610198 dv-cinder-854266-3-iscsi devstack@c-api.service[113557]: [pid: 113557|app: 0|req: 6/10] 10.222.0.20 () {62 vars in 1435 bytes} [Mon Aug 29 21:34:01 2022] POST /volume/v3/6a5291ee2b604a089ae9ecf52210d556/group_types/08597711-8584-41b0-8cf6-c31a93f111f2/group_specs => generated 53 bytes in 49 msecs (HTTP/1.1 202) 7 headers in 291 bytes (1 switches on core 0)
Aug 29 21:34:01.611839 dv-cinder-854266-3-iscsi devstack@c-api.service[113557]: DEBUG cinder.api.middleware.request_id [None req-42d82c80-3de2-4bff-ac0d-1ca26b073d21 None None] RequestId filter calling following filter/app {{(pid=113557) _context_setter /opt/stack/cinder/cinder/api/middleware/request_id.py:62}}
Aug 29 21:34:01.618548 dv-cinder-854266-3-iscsi devstack@c-api.service[113557]: INFO cinder.api.openstack.wsgi [None req-42d82c80-3de2-4bff-ac0d-1ca26b073d21 tempest-GroupTypesTest-101402077 tempest-GroupTypesTest-101402077-project-admin] GET http://10.222.0.20/volume/v3/d5e4357d29684686b438d150fcbb5ccf/group_types
Aug 29 21:34:01.619407 dv-cinder-854266-3-iscsi devstack@c-api.service[113557]: DEBUG cinder.api.openstack.wsgi [None req-42d82c80-3de2-4bff-ac0d-1ca26b073d21 tempest-GroupTypesTest-101402077 tempest-GroupTypesTest-101402077-project-admin] Empty body provided in request {{(pid=113557) get_body /opt/stack/cinder/cinder/api/openstack/wsgi.py:715}}
Aug 29 21:34:01.620063 dv-cinder-854266-3-iscsi devstack@c-api.service[113557]: DEBUG cinder.api.openstack.wsgi [None req-42d82c80-3de2-4bff-ac0d-1ca26b073d21 tempest-GroupTypesTest-101402077 tempest-GroupTypesTest-101402077-project-admin] Calling method 'version_select' {{(pid=113557) _process_stack /opt/stack/cinder/cinder/api/openstack/wsgi.py:868}}
Aug 29 21:34:01.625662 dv-cinder-854266-3-iscsi devstack@c-api.service[113558]: WARNING keystonemiddleware.auth_token [req-9e2290db-9055-4c77-9a12-967a3ecf154d req-effb40fc-dab0-41ea-b52c-dc80d6719940 None None] A valid token was submitted as a service token, but it was not a valid service token. This is incorrect but backwards compatible behaviour. This will be removed in future releases.
Aug 29 21:34:01.629601 dv-cinder-854266-3-iscsi devstack@c-api.service[113558]: INFO cinder.api.openstack.wsgi [req-9e2290db-9055-4c77-9a12-967a3ecf154d req-effb40fc-dab0-41ea-b52c-dc80d6719940 tempest-VolumesSnapshotsTestJSON-1317041574 tempest-VolumesSnapshotsTestJSON-1317041574-project] POST http://10.222.0.20/volume/v3/23e5e8ff1d1f45a1a9d1f01889f496b1/volumes
Aug 29 21:34:01.631106 dv-cinder-854266-3-iscsi devstack@c-api.service[113558]: DEBUG cinder.api.openstack.wsgi [req-9e2290db-9055-4c77-9a12-967a3ecf154d req-effb40fc-dab0-41ea-b52c-dc80d6719940 tempest-VolumesSnapshotsTestJSON-1317041574 tempest-VolumesSnapshotsTestJSON-1317041574-project] Action: 'create', calling method: create, body: {"volume": {"size": 1, "consistencygroup_id": null, "snapshot_id": null, "name": "tempest-VolumesSnapshotsTestJSON-volume-780597280", "description": null, "volume_type": null, "availability_zone": null, "metadata": {}, "imageRef": null, "source_volid": null, "backup_id": null}} {{(pid=113558) _process_stack /opt/stack/cinder/cinder/api/openstack/wsgi.py:866}}
Aug 29 21:34:01.634710 dv-cinder-854266-3-iscsi devstack@c-api.service[113558]: DEBUG cinder.api.v3.volumes [req-9e2290db-9055-4c77-9a12-967a3ecf154d req-effb40fc-dab0-41ea-b52c-dc80d6719940 tempest-VolumesSnapshotsTestJSON-1317041574 tempest-VolumesSnapshotsTestJSON-1317041574-project] Create volume request body: {'volume': {'size': 1, 'consistencygroup_id': None, 'snapshot_id': None, 'name': 'tempest-VolumesSnapshotsTestJSON-volume-780597280', 'description': None, 'volume_type': None, 'availability_zone': None, 'metadata': {}, 'imageRef': None, 'source_volid': None, 'backup_id': None}} {{(pid=113558) create /opt/stack/cinder/cinder/api/v3/volumes.py:298}}
Aug 29 21:34:01.635526 dv-cinder-854266-3-iscsi devstack@c-api.service[113558]: INFO cinder.api.v3.volumes [req-9e2290db-9055-4c77-9a12-967a3ecf154d req-effb40fc-dab0-41ea-b52c-dc80d6719940 tempest-VolumesSnapshotsTestJSON-1317041574 tempest-VolumesSnapshotsTestJSON-1317041574-project] Create volume of 1 GB
Aug 29 21:34:01.655052 dv-cinder-854266-3-iscsi devstack@c-api.service[113557]: INFO cinder.api.openstack.wsgi [None req-42d82c80-3de2-4bff-ac0d-1ca26b073d21 tempest-GroupTypesTest-101402077 tempest-GroupTypesTest-101402077-project-admin] http://10.222.0.20/volume/v3/d5e4357d29684686b438d150fcbb5ccf/group_types returned with HTTP 200
Aug 29 21:34:01.656121 dv-cinder-854266-3-iscsi devstack@c-api.service[113557]: [pid: 113557|app: 0|req: 7/11] 10.222.0.20 () {60 vars in 1267 bytes} [Mon Aug 29 21:34:01 2022] GET /volume/v3/d5e4357d29684686b438d150fcbb5ccf/group_types => generated 697 bytes in 45 msecs (HTTP/1.1 200) 7 headers in 286 bytes (1 switches on core 0)
Aug 29 21:34:01.656649 dv-cinder-854266-3-iscsi devstack@c-api.service[113558]: DEBUG cinder.volume.api [req-9e2290db-9055-4c77-9a12-967a3ecf154d req-effb40fc-dab0-41ea-b52c-dc80d6719940 tempest-VolumesSnapshotsTestJSON-1317041574 tempest-VolumesSnapshotsTestJSON-1317041574-project] Availability zone cache updated, next update will occur around 2022-08-29 22:34:01.655640. {{(pid=113558) list_availability_zones /opt/stack/cinder/cinder/volume/api.py:153}}
Aug 29 21:34:01.657100 dv-cinder-854266-3-iscsi devstack@c-api.service[113558]: INFO cinder.volume.api [req-9e2290db-9055-4c77-9a12-967a3ecf154d req-effb40fc-dab0-41ea-b52c-dc80d6719940 tempest-VolumesSnapshotsTestJSON-1317041574 tempest-VolumesSnapshotsTestJSON-1317041574-project] Availability Zones retrieved successfully.
Aug 29 21:34:01.657826 dv-cinder-854266-3-iscsi devstack@c-api.service[113557]: DEBUG cinder.api.middleware.request_id [None req-8df61429-c885-4149-ac0d-19ae06dab12a None None] RequestId filter calling following filter/app {{(pid=113557) _context_setter /opt/stack/cinder/cinder/api/middleware/request_id.py:62}}
Aug 29 21:34:01.663070 dv-cinder-854266-3-iscsi devstack@c-api.service[113557]: INFO cinder.api.openstack.wsgi [None req-8df61429-c885-4149-ac0d-19ae06dab12a tempest-GroupTypeSpecsTest-1193444388 tempest-GroupTypeSpecsTest-1193444388-project-admin] POST http://10.222.0.20/volume/v3/6a5291ee2b604a089ae9ecf52210d556/group_types/08597711-8584-41b0-8cf6-c31a93f111f2/group_specs
Aug 29 21:34:01.664120 dv-cinder-854266-3-iscsi devstack@c-api.service[113557]: DEBUG cinder.api.openstack.wsgi [None req-8df61429-c885-4149-ac0d-19ae06dab12a tempest-GroupTypeSpecsTest-1193444388 tempest-GroupTypeSpecsTest-1193444388-project-admin] Action: 'create', calling method: version_select, body: {"group_specs": {"key2": "value2-updated", "key3": "value3"}} {{(pid=113557) _process_stack /opt/stack/cinder/cinder/api/openstack/wsgi.py:866}}
Aug 29 21:34:01.697227 dv-cinder-854266-3-iscsi devstack@c-api.service[113557]: INFO cinder.api.openstack.wsgi [None req-8df61429-c885-4149-ac0d-19ae06dab12a tempest-GroupTypeSpecsTest-1193444388 tempest-GroupTypeSpecsTest-1193444388-project-admin] http://10.222.0.20/volume/v3/6a5291ee2b604a089ae9ecf52210d556/group_types/08597711-8584-41b0-8cf6-c31a93f111f2/group_specs returned with HTTP 202
Aug 29 21:34:01.706938 dv-cinder-854266-3-iscsi devstack@c-api.service[113557]: [pid: 113557|app: 0|req: 8/12] 10.222.0.20 () {62 vars in 1435 bytes} [Mon Aug 29 21:34:01 2022] POST /volume/v3/6a5291ee2b604a089ae9ecf52210d556/group_types/08597711-8584-41b0-8cf6-c31a93f111f2/group_specs => generated 61 bytes in 50 msecs (HTTP/1.1 202) 7 headers in 291 bytes (1 switches on core 0)
Aug 29 21:34:01.709835 dv-cinder-854266-3-iscsi devstack@c-api.service[113557]: DEBUG cinder.api.middleware.request_id [None req-db5aafa4-a07e-4509-8930-348caf0ad24a None None] RequestId filter calling following filter/app {{(pid=113557) _context_setter /opt/stack/cinder/cinder/api/middleware/request_id.py:62}}
Aug 29 21:34:01.719063 dv-cinder-854266-3-iscsi devstack@c-api.service[113557]: INFO cinder.api.openstack.wsgi [None req-db5aafa4-a07e-4509-8930-348caf0ad24a tempest-GroupTypesTest-101402077 tempest-GroupTypesTest-101402077-project-admin] PUT http://10.222.0.20/volume/v3/d5e4357d29684686b438d150fcbb5ccf/group_types/24edf15b-5595-416d-ade7-9ef293e6ce2a
Aug 29 21:34:01.720657 dv-cinder-854266-3-iscsi devstack@c-api.service[113557]: DEBUG cinder.api.openstack.wsgi [None req-db5aafa4-a07e-4509-8930-348caf0ad24a tempest-GroupTypesTest-101402077 tempest-GroupTypesTest-101402077-project-admin] Action: 'update', calling method: version_select, body: {"group_type": {"name": "tempest-GroupTypesTest-updated-group-type-389634719", "description": "updated-group-type-desc"}} {{(pid=113557) _process_stack /opt/stack/cinder/cinder/api/openstack/wsgi.py:866}}
Aug 29 21:34:01.731389 dv-cinder-854266-3-iscsi devstack@c-api.service[113558]: DEBUG cinder.volume.api [req-9e2290db-9055-4c77-9a12-967a3ecf154d req-effb40fc-dab0-41ea-b52c-dc80d6719940 tempest-VolumesSnapshotsTestJSON-1317041574 tempest-VolumesSnapshotsTestJSON-1317041574-project] Flow 'volume_create_api' (e086a19f-2a4e-4807-8b9c-7313a33a6b17) transitioned into state 'RUNNING' from state 'PENDING' {{(pid=113558) _flow_receiver /usr/local/lib/python3.8/dist-packages/taskflow/listeners/logging.py:141}}
Aug 29 21:34:01.735471 dv-cinder-854266-3-iscsi devstack@c-api.service[113558]: DEBUG cinder.volume.api [req-9e2290db-9055-4c77-9a12-967a3ecf154d req-effb40fc-dab0-41ea-b52c-dc80d6719940 tempest-VolumesSnapshotsTestJSON-1317041574 tempest-VolumesSnapshotsTestJSON-1317041574-project] Task 'cinder.volume.flows.api.create_volume.ExtractVolumeRequestTask;volume:create' (89a55152-13a0-434c-9647-3bf2511c2411) transitioned into state 'RUNNING' from state 'PENDING' {{(pid=113558) _task_receiver /usr/local/lib/python3.8/dist-packages/taskflow/listeners/logging.py:190}}
Aug 29 21:34:01.741256 dv-cinder-854266-3-iscsi devstack@c-api.service[113558]: DEBUG cinder.volume.flows.api.create_volume [req-9e2290db-9055-4c77-9a12-967a3ecf154d req-effb40fc-dab0-41ea-b52c-dc80d6719940 tempest-VolumesSnapshotsTestJSON-1317041574 tempest-VolumesSnapshotsTestJSON-1317041574-project] Validating volume size '1' using validate_int {{(pid=113558) _extract_size /opt/stack/cinder/cinder/volume/flows/api/create_volume.py:228}}
Aug 29 21:34:01.775331 dv-cinder-854266-3-iscsi devstack@c-api.service[113557]: INFO cinder.api.openstack.wsgi [None req-db5aafa4-a07e-4509-8930-348caf0ad24a tempest-GroupTypesTest-101402077 tempest-GroupTypesTest-101402077-project-admin] http://10.222.0.20/volume/v3/d5e4357d29684686b438d150fcbb5ccf/group_types/24edf15b-5595-416d-ade7-9ef293e6ce2a returned with HTTP 200
Aug 29 21:34:01.776717 dv-cinder-854266-3-iscsi devstack@c-api.service[113557]: [pid: 113557|app: 0|req: 9/13] 10.222.0.20 () {62 vars in 1399 bytes} [Mon Aug 29 21:34:01 2022] PUT /volume/v3/d5e4357d29684686b438d150fcbb5ccf/group_types/24edf15b-5595-416d-ade7-9ef293e6ce2a => generated 254 bytes in 69 msecs (HTTP/1.1 200) 7 headers in 286 bytes (1 switches on core 0)
Aug 29 21:34:01.778899 dv-cinder-854266-3-iscsi devstack@c-api.service[113557]: DEBUG cinder.api.middleware.request_id [None req-9df0cc75-0a22-4c59-8fb9-ca47867c7e0a None None] RequestId filter calling following filter/app {{(pid=113557) _context_setter /opt/stack/cinder/cinder/api/middleware/request_id.py:62}}
Aug 29 21:34:01.790398 dv-cinder-854266-3-iscsi devstack@c-api.service[113557]: INFO cinder.api.openstack.wsgi [None req-9df0cc75-0a22-4c59-8fb9-ca47867c7e0a tempest-GroupTypeSpecsTest-1193444388 tempest-GroupTypeSpecsTest-1193444388-project-admin] GET http://10.222.0.20/volume/v3/6a5291ee2b604a089ae9ecf52210d556/group_types/08597711-8584-41b0-8cf6-c31a93f111f2/group_specs/key2
Aug 29 21:34:01.791341 dv-cinder-854266-3-iscsi devstack@c-api.service[113557]: DEBUG cinder.api.openstack.wsgi [None req-9df0cc75-0a22-4c59-8fb9-ca47867c7e0a tempest-GroupTypeSpecsTest-1193444388 tempest-GroupTypeSpecsTest-1193444388-project-admin] Empty body provided in request {{(pid=113557) get_body /opt/stack/cinder/cinder/api/openstack/wsgi.py:715}}
Aug 29 21:34:01.792161 dv-cinder-854266-3-iscsi devstack@c-api.service[113557]: DEBUG cinder.api.openstack.wsgi [None req-9df0cc75-0a22-4c59-8fb9-ca47867c7e0a tempest-GroupTypeSpecsTest-1193444388 tempest-GroupTypeSpecsTest-1193444388-project-admin] Calling method 'version_select' {{(pid=113557) _process_stack /opt/stack/cinder/cinder/api/openstack/wsgi.py:868}}
Aug 29 21:34:01.821858 dv-cinder-854266-3-iscsi devstack@c-api.service[113557]: INFO cinder.api.openstack.wsgi [None req-9df0cc75-0a22-4c59-8fb9-ca47867c7e0a tempest-GroupTypeSpecsTest-1193444388 tempest-GroupTypeSpecsTest-1193444388-project-admin] http://10.222.0.20/volume/v3/6a5291ee2b604a089ae9ecf52210d556/group_types/08597711-8584-41b0-8cf6-c31a93f111f2/group_specs/key2 returned with HTTP 200
Aug 29 21:34:01.823012 dv-cinder-854266-3-iscsi devstack@c-api.service[113557]: [pid: 113557|app: 0|req: 10/14] 10.222.0.20 () {60 vars in 1429 bytes} [Mon Aug 29 21:34:01 2022] GET /volume/v3/6a5291ee2b604a089ae9ecf52210d556/group_types/08597711-8584-41b0-8cf6-c31a93f111f2/group_specs/key2 => generated 26 bytes in 46 msecs (HTTP/1.1 200) 7 headers in 285 bytes (1 switches on core 0)
Aug 29 21:34:01.825073 dv-cinder-854266-3-iscsi devstack@c-api.service[113557]: DEBUG cinder.api.middleware.request_id [None req-20fdeb0c-1fd5-4e19-a044-028fa5c61dce None None] RequestId filter calling following filter/app {{(pid=113557) _context_setter /opt/stack/cinder/cinder/api/middleware/request_id.py:62}}
Aug 29 21:34:01.831734 dv-cinder-854266-3-iscsi devstack@c-api.service[113557]: INFO cinder.api.openstack.wsgi [None req-20fdeb0c-1fd5-4e19-a044-028fa5c61dce tempest-GroupTypesTest-101402077 tempest-GroupTypesTest-101402077-project-admin] GET http://10.222.0.20/volume/v3/d5e4357d29684686b438d150fcbb5ccf/group_types/24edf15b-5595-416d-ade7-9ef293e6ce2a
Aug 29 21:34:01.832460 dv-cinder-854266-3-iscsi devstack@c-api.service[113557]: DEBUG cinder.api.openstack.wsgi [None req-20fdeb0c-1fd5-4e19-a044-028fa5c61dce tempest-GroupTypesTest-101402077 tempest-GroupTypesTest-101402077-project-admin] Empty body provided in request {{(pid=113557) get_body /opt/stack/cinder/cinder/api/openstack/wsgi.py:715}}
Aug 29 21:34:01.833388 dv-cinder-854266-3-iscsi devstack@c-api.service[113557]: DEBUG cinder.api.openstack.wsgi [None req-20fdeb0c-1fd5-4e19-a044-028fa5c61dce tempest-GroupTypesTest-101402077 tempest-GroupTypesTest-101402077-project-admin] Calling method 'version_select' {{(pid=113557) _process_stack /opt/stack/cinder/cinder/api/openstack/wsgi.py:868}}
Aug 29 21:34:01.847299 dv-cinder-854266-3-iscsi devstack@c-api.service[113557]: INFO cinder.api.openstack.wsgi [None req-20fdeb0c-1fd5-4e19-a044-028fa5c61dce tempest-GroupTypesTest-101402077 tempest-GroupTypesTest-101402077-project-admin] http://10.222.0.20/volume/v3/d5e4357d29684686b438d150fcbb5ccf/group_types/24edf15b-5595-416d-ade7-9ef293e6ce2a returned with HTTP 200
Aug 29 21:34:01.854713 dv-cinder-854266-3-iscsi devstack@c-api.service[113558]: DEBUG cinder.volume.api [req-9e2290db-9055-4c77-9a12-967a3ecf154d req-effb40fc-dab0-41ea-b52c-dc80d6719940 tempest-VolumesSnapshotsTestJSON-1317041574 tempest-VolumesSnapshotsTestJSON-1317041574-project] Task 'cinder.volume.flows.api.create_volume.ExtractVolumeRequestTask;volume:create' (89a55152-13a0-434c-9647-3bf2511c2411) transitioned into state 'SUCCESS' from state 'RUNNING' with result '{'size': 1, 'snapshot_id': None, 'source_volid': None, 'volume_type': VolumeType(created_at=2022-08-29T21:24:20Z,deleted=False,deleted_at=None,description='Default Volume Type',extra_specs={},id=3bc5bd97-0a33-4e7c-8882-96b5272d804b,is_public=True,name='__DEFAULT__',projects=[],qos_specs=,qos_specs_id=None,updated_at=2022-08-29T21:24:20Z), 'volume_type_id': '3bc5bd97-0a33-4e7c-8882-96b5272d804b', 'encryption_key_id': None, 'qos_specs': None, 'consistencygroup_id': None, 'cgsnapshot_id': None, 'group_id': None, 'replication_status': 'disabled', 'refresh_az': False, 'backup_id': None, 'multiattach': False, 'availability_zones': ['nova']}' {{(pid=113558) _task_receiver /usr/local/lib/python3.8/dist-packages/taskflow/listeners/logging.py:178}}
Aug 29 21:34:01.857459 dv-cinder-854266-3-iscsi devstack@c-api.service[113558]: DEBUG cinder.volume.api [req-9e2290db-9055-4c77-9a12-967a3ecf154d req-effb40fc-dab0-41ea-b52c-dc80d6719940 tempest-VolumesSnapshotsTestJSON-1317041574 tempest-VolumesSnapshotsTestJSON-1317041574-project] Task 'cinder.volume.flows.api.create_volume.QuotaReserveTask;volume:create' (f6573977-72cb-426c-95b7-91f36c574a99) transitioned into state 'RUNNING' from state 'PENDING' {{(pid=113558) _task_receiver /usr/local/lib/python3.8/dist-packages/taskflow/listeners/logging.py:190}}
Aug 29 21:34:01.863572 dv-cinder-854266-3-iscsi devstack@c-api.service[113557]: [pid: 113557|app: 0|req: 11/15] 10.222.0.20 () {60 vars in 1378 bytes} [Mon Aug 29 21:34:01 2022] GET /volume/v3/d5e4357d29684686b438d150fcbb5ccf/group_types/24edf15b-5595-416d-ade7-9ef293e6ce2a => generated 254 bytes in 39 msecs (HTTP/1.1 200) 7 headers in 286 bytes (1 switches on core 0)
Aug 29 21:34:01.865623 dv-cinder-854266-3-iscsi devstack@c-api.service[113557]: DEBUG cinder.api.middleware.request_id [None req-cb819fca-5f14-4906-b221-2d3a2edfb311 None None] RequestId filter calling following filter/app {{(pid=113557) _context_setter /opt/stack/cinder/cinder/api/middleware/request_id.py:62}}
Aug 29 21:34:01.870006 dv-cinder-854266-3-iscsi devstack@c-api.service[113557]: INFO cinder.api.openstack.wsgi [None req-cb819fca-5f14-4906-b221-2d3a2edfb311 tempest-GroupTypeSpecsTest-1193444388 tempest-GroupTypeSpecsTest-1193444388-project-admin] GET http://10.222.0.20/volume/v3/6a5291ee2b604a089ae9ecf52210d556/group_types/08597711-8584-41b0-8cf6-c31a93f111f2/group_specs/key3
Aug 29 21:34:01.870613 dv-cinder-854266-3-iscsi devstack@c-api.service[113557]: DEBUG cinder.api.openstack.wsgi [None req-cb819fca-5f14-4906-b221-2d3a2edfb311 tempest-GroupTypeSpecsTest-1193444388 tempest-GroupTypeSpecsTest-1193444388-project-admin] Empty body provided in request {{(pid=113557) get_body /opt/stack/cinder/cinder/api/openstack/wsgi.py:715}}
Aug 29 21:34:01.871340 dv-cinder-854266-3-iscsi devstack@c-api.service[113557]: DEBUG cinder.api.openstack.wsgi [None req-cb819fca-5f14-4906-b221-2d3a2edfb311 tempest-GroupTypeSpecsTest-1193444388 tempest-GroupTypeSpecsTest-1193444388-project-admin] Calling method 'version_select' {{(pid=113557) _process_stack /opt/stack/cinder/cinder/api/openstack/wsgi.py:868}}
Aug 29 21:34:01.907048 dv-cinder-854266-3-iscsi devstack@c-api.service[113557]: INFO cinder.api.openstack.wsgi [None req-cb819fca-5f14-4906-b221-2d3a2edfb311 tempest-GroupTypeSpecsTest-1193444388 tempest-GroupTypeSpecsTest-1193444388-project-admin] http://10.222.0.20/volume/v3/6a5291ee2b604a089ae9ecf52210d556/group_types/08597711-8584-41b0-8cf6-c31a93f111f2/group_specs/key3 returned with HTTP 200
Aug 29 21:34:01.909967 dv-cinder-854266-3-iscsi devstack@c-api.service[113557]: [pid: 113557|app: 0|req: 12/16] 10.222.0.20 () {60 vars in 1429 bytes} [Mon Aug 29 21:34:01 2022] GET /volume/v3/6a5291ee2b604a089ae9ecf52210d556/group_types/08597711-8584-41b0-8cf6-c31a93f111f2/group_specs/key3 => generated 18 bytes in 45 msecs (HTTP/1.1 200) 7 headers in 285 bytes (1 switches on core 0)
Aug 29 21:34:01.914075 dv-cinder-854266-3-iscsi devstack@c-api.service[113557]: DEBUG cinder.api.middleware.request_id [None req-52fbffa0-1fc7-44e5-96fa-0155d5ff7c4d None None] RequestId filter calling following filter/app {{(pid=113557) _context_setter /opt/stack/cinder/cinder/api/middleware/request_id.py:62}}
Aug 29 21:34:01.920855 dv-cinder-854266-3-iscsi devstack@c-api.service[113557]: INFO cinder.api.openstack.wsgi [None req-52fbffa0-1fc7-44e5-96fa-0155d5ff7c4d tempest-GroupTypesTest-101402077 tempest-GroupTypesTest-101402077-project-admin] DELETE http://10.222.0.20/volume/v3/d5e4357d29684686b438d150fcbb5ccf/group_types/24edf15b-5595-416d-ade7-9ef293e6ce2a
Aug 29 21:34:01.921474 dv-cinder-854266-3-iscsi devstack@c-api.service[113557]: DEBUG cinder.api.openstack.wsgi [None req-52fbffa0-1fc7-44e5-96fa-0155d5ff7c4d tempest-GroupTypesTest-101402077 tempest-GroupTypesTest-101402077-project-admin] Empty body provided in request {{(pid=113557) get_body /opt/stack/cinder/cinder/api/openstack/wsgi.py:715}}
Aug 29 21:34:01.922309 dv-cinder-854266-3-iscsi devstack@c-api.service[113557]: DEBUG cinder.api.openstack.wsgi [None req-52fbffa0-1fc7-44e5-96fa-0155d5ff7c4d tempest-GroupTypesTest-101402077 tempest-GroupTypesTest-101402077-project-admin] Calling method 'version_select' {{(pid=113557) _process_stack /opt/stack/cinder/cinder/api/openstack/wsgi.py:868}}
Aug 29 21:34:01.934090 dv-cinder-854266-3-iscsi devstack@c-api.service[113558]: WARNING cinder.quota [req-9e2290db-9055-4c77-9a12-967a3ecf154d req-effb40fc-dab0-41ea-b52c-dc80d6719940 tempest-VolumesSnapshotsTestJSON-1317041574 tempest-VolumesSnapshotsTestJSON-1317041574-project] Deprecated: Default quota for resource: volumes___DEFAULT__ is set by the default quota flag: quota_volumes___DEFAULT__, it is now deprecated. Please use the default quota class for default quota.
Aug 29 21:34:01.938527 dv-cinder-854266-3-iscsi devstack@c-api.service[113558]: WARNING cinder.quota [req-9e2290db-9055-4c77-9a12-967a3ecf154d req-effb40fc-dab0-41ea-b52c-dc80d6719940 tempest-VolumesSnapshotsTestJSON-1317041574 tempest-VolumesSnapshotsTestJSON-1317041574-project] Deprecated: Default quota for resource: gigabytes___DEFAULT__ is set by the default quota flag: quota_gigabytes___DEFAULT__, it is now deprecated. Please use the default quota class for default quota.
Aug 29 21:34:01.956795 dv-cinder-854266-3-iscsi devstack@c-api.service[113557]: INFO cinder.api.openstack.wsgi [None req-52fbffa0-1fc7-44e5-96fa-0155d5ff7c4d tempest-GroupTypesTest-101402077 tempest-GroupTypesTest-101402077-project-admin] http://10.222.0.20/volume/v3/d5e4357d29684686b438d150fcbb5ccf/group_types/24edf15b-5595-416d-ade7-9ef293e6ce2a returned with HTTP 202
Aug 29 21:34:01.960899 dv-cinder-854266-3-iscsi devstack@c-api.service[113557]: [pid: 113557|app: 0|req: 13/17] 10.222.0.20 () {60 vars in 1381 bytes} [Mon Aug 29 21:34:01 2022] DELETE /volume/v3/d5e4357d29684686b438d150fcbb5ccf/group_types/24edf15b-5595-416d-ade7-9ef293e6ce2a => generated 0 bytes in 47 msecs (HTTP/1.1 202) 6 headers in 234 bytes (1 switches on core 0)
Aug 29 21:34:01.960899 dv-cinder-854266-3-iscsi devstack@c-api.service[113557]: DEBUG cinder.api.middleware.request_id [None req-950ec752-8df0-4902-bd2f-95e3baed462d None None] RequestId filter calling following filter/app {{(pid=113557) _context_setter /opt/stack/cinder/cinder/api/middleware/request_id.py:62}}
Aug 29 21:34:01.969774 dv-cinder-854266-3-iscsi devstack@c-api.service[113557]: INFO cinder.api.openstack.wsgi [None req-950ec752-8df0-4902-bd2f-95e3baed462d tempest-GroupTypeSpecsTest-1193444388 tempest-GroupTypeSpecsTest-1193444388-project-admin] PUT http://10.222.0.20/volume/v3/6a5291ee2b604a089ae9ecf52210d556/group_types/08597711-8584-41b0-8cf6-c31a93f111f2/group_specs/key3
Aug 29 21:34:01.970866 dv-cinder-854266-3-iscsi devstack@c-api.service[113557]: DEBUG cinder.api.openstack.wsgi [None req-950ec752-8df0-4902-bd2f-95e3baed462d tempest-GroupTypeSpecsTest-1193444388 tempest-GroupTypeSpecsTest-1193444388-project-admin] Action: 'update', calling method: version_select, body: {"key3": "value3-updated"} {{(pid=113557) _process_stack /opt/stack/cinder/cinder/api/openstack/wsgi.py:866}}
Aug 29 21:34:01.996074 dv-cinder-854266-3-iscsi devstack@c-api.service[113557]: INFO cinder.api.openstack.wsgi [None req-950ec752-8df0-4902-bd2f-95e3baed462d tempest-GroupTypeSpecsTest-1193444388 tempest-GroupTypeSpecsTest-1193444388-project-admin] http://10.222.0.20/volume/v3/6a5291ee2b604a089ae9ecf52210d556/group_types/08597711-8584-41b0-8cf6-c31a93f111f2/group_specs/key3 returned with HTTP 200
Aug 29 21:34:02.002471 dv-cinder-854266-3-iscsi devstack@c-api.service[113557]: [pid: 113557|app: 0|req: 14/18] 10.222.0.20 () {62 vars in 1449 bytes} [Mon Aug 29 21:34:01 2022] PUT /volume/v3/6a5291ee2b604a089ae9ecf52210d556/group_types/08597711-8584-41b0-8cf6-c31a93f111f2/group_specs/key3 => generated 26 bytes in 39 msecs (HTTP/1.1 200) 7 headers in 285 bytes (1 switches on core 0)
Aug 29 21:34:02.002471 dv-cinder-854266-3-iscsi devstack@c-api.service[113557]: DEBUG cinder.api.middleware.request_id [None req-435a7651-386f-4852-b89c-cb6ddc5f51c6 None None] RequestId filter calling following filter/app {{(pid=113557) _context_setter /opt/stack/cinder/cinder/api/middleware/request_id.py:62}}
Aug 29 21:34:02.010686 dv-cinder-854266-3-iscsi devstack@c-api.service[113557]: INFO cinder.api.openstack.wsgi [None req-435a7651-386f-4852-b89c-cb6ddc5f51c6 tempest-GroupTypesTest-101402077 tempest-GroupTypesTest-101402077-project-admin] GET http://10.222.0.20/volume/v3/d5e4357d29684686b438d150fcbb5ccf/group_types
Aug 29 21:34:02.011462 dv-cinder-854266-3-iscsi devstack@c-api.service[113557]: DEBUG cinder.api.openstack.wsgi [None req-435a7651-386f-4852-b89c-cb6ddc5f51c6 tempest-GroupTypesTest-101402077 tempest-GroupTypesTest-101402077-project-admin] Empty body provided in request {{(pid=113557) get_body /opt/stack/cinder/cinder/api/openstack/wsgi.py:715}}
Aug 29 21:34:02.012548 dv-cinder-854266-3-iscsi devstack@c-api.service[113557]: DEBUG cinder.api.openstack.wsgi [None req-435a7651-386f-4852-b89c-cb6ddc5f51c6 tempest-GroupTypesTest-101402077 tempest-GroupTypesTest-101402077-project-admin] Calling method 'version_select' {{(pid=113557) _process_stack /opt/stack/cinder/cinder/api/openstack/wsgi.py:868}}
Aug 29 21:34:02.032186 dv-cinder-854266-3-iscsi devstack@c-api.service[113557]: INFO cinder.api.openstack.wsgi [None req-435a7651-386f-4852-b89c-cb6ddc5f51c6 tempest-GroupTypesTest-101402077 tempest-GroupTypesTest-101402077-project-admin] http://10.222.0.20/volume/v3/d5e4357d29684686b438d150fcbb5ccf/group_types returned with HTTP 200
Aug 29 21:34:02.042905 dv-cinder-854266-3-iscsi devstack@c-api.service[113557]: [pid: 113557|app: 0|req: 15/19] 10.222.0.20 () {60 vars in 1267 bytes} [Mon Aug 29 21:34:01 2022] GET /volume/v3/d5e4357d29684686b438d150fcbb5ccf/group_types => generated 482 bytes in 45 msecs (HTTP/1.1 200) 7 headers in 286 bytes (1 switches on core 0)
Aug 29 21:34:02.045409 dv-cinder-854266-3-iscsi devstack@c-api.service[113557]: DEBUG cinder.api.middleware.request_id [None req-32c3fc0e-0312-40ac-b2ee-581dd8d99639 None None] RequestId filter calling following filter/app {{(pid=113557) _context_setter /opt/stack/cinder/cinder/api/middleware/request_id.py:62}}
Aug 29 21:34:02.051188 dv-cinder-854266-3-iscsi devstack@c-api.service[113557]: INFO cinder.api.openstack.wsgi [None req-32c3fc0e-0312-40ac-b2ee-581dd8d99639 tempest-GroupTypeSpecsTest-1193444388 tempest-GroupTypeSpecsTest-1193444388-project-admin] GET http://10.222.0.20/volume/v3/6a5291ee2b604a089ae9ecf52210d556/group_types/08597711-8584-41b0-8cf6-c31a93f111f2/group_specs
Aug 29 21:34:02.054357 dv-cinder-854266-3-iscsi devstack@c-api.service[113557]: DEBUG cinder.api.openstack.wsgi [None req-32c3fc0e-0312-40ac-b2ee-581dd8d99639 tempest-GroupTypeSpecsTest-1193444388 tempest-GroupTypeSpecsTest-1193444388-project-admin] Empty body provided in request {{(pid=113557) get_body /opt/stack/cinder/cinder/api/openstack/wsgi.py:715}}
Aug 29 21:34:02.055370 dv-cinder-854266-3-iscsi devstack@c-api.service[113557]: DEBUG cinder.api.openstack.wsgi [None req-32c3fc0e-0312-40ac-b2ee-581dd8d99639 tempest-GroupTypeSpecsTest-1193444388 tempest-GroupTypeSpecsTest-1193444388-project-admin] Calling method 'version_select' {{(pid=113557) _process_stack /opt/stack/cinder/cinder/api/openstack/wsgi.py:868}}
Aug 29 21:34:02.080169 dv-cinder-854266-3-iscsi devstack@c-api.service[113558]: DEBUG cinder.quota [req-9e2290db-9055-4c77-9a12-967a3ecf154d req-effb40fc-dab0-41ea-b52c-dc80d6719940 tempest-VolumesSnapshotsTestJSON-1317041574 tempest-VolumesSnapshotsTestJSON-1317041574-project] Created reservations ['88a67d09-0f49-46c7-b6eb-7283a294f514', '5bc7a867-66e1-4055-aeb6-2b61215305c0', '2e4af83c-527c-471c-ba8b-8e01fea676ac', '98c8c937-f82e-48be-850c-c5b40ff6b8e9'] {{(pid=113558) reserve /opt/stack/cinder/cinder/quota.py:755}}
Aug 29 21:34:02.085793 dv-cinder-854266-3-iscsi devstack@c-api.service[113558]: DEBUG cinder.volume.api [req-9e2290db-9055-4c77-9a12-967a3ecf154d req-effb40fc-dab0-41ea-b52c-dc80d6719940 tempest-VolumesSnapshotsTestJSON-1317041574 tempest-VolumesSnapshotsTestJSON-1317041574-project] Task 'cinder.volume.flows.api.create_volume.QuotaReserveTask;volume:create' (f6573977-72cb-426c-95b7-91f36c574a99) transitioned into state 'SUCCESS' from state 'RUNNING' with result '{'reservations': ['88a67d09-0f49-46c7-b6eb-7283a294f514', '5bc7a867-66e1-4055-aeb6-2b61215305c0', '2e4af83c-527c-471c-ba8b-8e01fea676ac', '98c8c937-f82e-48be-850c-c5b40ff6b8e9']}' {{(pid=113558) _task_receiver /usr/local/lib/python3.8/dist-packages/taskflow/listeners/logging.py:178}}
Aug 29 21:34:02.093328 dv-cinder-854266-3-iscsi devstack@c-api.service[113558]: DEBUG cinder.volume.api [req-9e2290db-9055-4c77-9a12-967a3ecf154d req-effb40fc-dab0-41ea-b52c-dc80d6719940 tempest-VolumesSnapshotsTestJSON-1317041574 tempest-VolumesSnapshotsTestJSON-1317041574-project] Task 'cinder.volume.flows.api.create_volume.EntryCreateTask;volume:create' (4e2a9ded-d8fc-4de4-a776-b649332b6f1e) transitioned into state 'RUNNING' from state 'PENDING' {{(pid=113558) _task_receiver /usr/local/lib/python3.8/dist-packages/taskflow/listeners/logging.py:190}}
Aug 29 21:34:02.102751 dv-cinder-854266-3-iscsi devstack@c-api.service[113557]: INFO cinder.api.openstack.wsgi [None req-32c3fc0e-0312-40ac-b2ee-581dd8d99639 tempest-GroupTypeSpecsTest-1193444388 tempest-GroupTypeSpecsTest-1193444388-project-admin] http://10.222.0.20/volume/v3/6a5291ee2b604a089ae9ecf52210d556/group_types/08597711-8584-41b0-8cf6-c31a93f111f2/group_specs returned with HTTP 200
Aug 29 21:34:02.104571 dv-cinder-854266-3-iscsi devstack@c-api.service[113557]: [pid: 113557|app: 0|req: 16/20] 10.222.0.20 () {60 vars in 1414 bytes} [Mon Aug 29 21:34:02 2022] GET /volume/v3/6a5291ee2b604a089ae9ecf52210d556/group_types/08597711-8584-41b0-8cf6-c31a93f111f2/group_specs => generated 87 bytes in 61 msecs (HTTP/1.1 200) 7 headers in 285 bytes (1 switches on core 0)
