Aug 29 21:35:07.283725 dv-cinder-854266-3-iscsi devstack@c-api.service[113558]: DEBUG cinder.api.middleware.request_id [None req-aaf3c392-61c2-4419-afc3-38f585eed52e None None] RequestId filter calling following filter/app {{(pid=113558) _context_setter /opt/stack/cinder/cinder/api/middleware/request_id.py:62}}
Aug 29 21:35:07.285550 dv-cinder-854266-3-iscsi devstack@c-api.service[113557]: INFO cinder.api.openstack.wsgi [None req-bbc4736b-c0f9-4ae3-9798-176970e84ea8 tempest-VolumesListAdminTestJSON-1424612546 tempest-VolumesListAdminTestJSON-1424612546-project] GET http://10.222.0.20/volume/v3/e6b5d2fe226f4e7d843bdbb75c798145/volumes/9e4c2642-1320-4696-9a95-bc225e15e7a7
Aug 29 21:35:07.286107 dv-cinder-854266-3-iscsi devstack@c-api.service[113557]: DEBUG cinder.api.openstack.wsgi [None req-bbc4736b-c0f9-4ae3-9798-176970e84ea8 tempest-VolumesListAdminTestJSON-1424612546 tempest-VolumesListAdminTestJSON-1424612546-project] Empty body provided in request {{(pid=113557) get_body /opt/stack/cinder/cinder/api/openstack/wsgi.py:715}}
Aug 29 21:35:07.286743 dv-cinder-854266-3-iscsi devstack@c-api.service[113557]: DEBUG cinder.api.openstack.wsgi [None req-bbc4736b-c0f9-4ae3-9798-176970e84ea8 tempest-VolumesListAdminTestJSON-1424612546 tempest-VolumesListAdminTestJSON-1424612546-project] Calling method 'show' {{(pid=113557) _process_stack /opt/stack/cinder/cinder/api/openstack/wsgi.py:868}}
Aug 29 21:35:07.297561 dv-cinder-854266-3-iscsi devstack@c-api.service[113558]: INFO cinder.api.openstack.wsgi [None req-aaf3c392-61c2-4419-afc3-38f585eed52e tempest-DeleteServersTestJSON-1150656104 tempest-DeleteServersTestJSON-1150656104-project] GET http://10.222.0.20/volume/v3/cb5424a2fd9d45c899b4ff8b7869f50e/volumes/9b7dac79-0f7c-4459-998d-dd5a40475fee
Aug 29 21:35:07.298142 dv-cinder-854266-3-iscsi devstack@c-api.service[113558]: DEBUG cinder.api.openstack.wsgi [None req-aaf3c392-61c2-4419-afc3-38f585eed52e tempest-DeleteServersTestJSON-1150656104 tempest-DeleteServersTestJSON-1150656104-project] Empty body provided in request {{(pid=113558) get_body /opt/stack/cinder/cinder/api/openstack/wsgi.py:715}}
Aug 29 21:35:07.298625 dv-cinder-854266-3-iscsi devstack@c-api.service[113558]: DEBUG cinder.api.openstack.wsgi [None req-aaf3c392-61c2-4419-afc3-38f585eed52e tempest-DeleteServersTestJSON-1150656104 tempest-DeleteServersTestJSON-1150656104-project] Calling method 'show' {{(pid=113558) _process_stack /opt/stack/cinder/cinder/api/openstack/wsgi.py:868}}
Aug 29 21:35:07.323608 dv-cinder-854266-3-iscsi devstack@c-api.service[113557]: /usr/local/lib/python3.8/dist-packages/oslo_context/context.py:100: DeprecationWarning: Policy enforcement is depending on the value of is_admin. This key is deprecated. Please update your policy file to use the standard policy values.
Aug 29 21:35:07.323608 dv-cinder-854266-3-iscsi devstack@c-api.service[113557]: warnings.warn('Policy enforcement is depending on the value of '
Aug 29 21:35:07.333128 dv-cinder-854266-3-iscsi devstack@c-api.service[113557]: INFO cinder.volume.api [None req-bbc4736b-c0f9-4ae3-9798-176970e84ea8 tempest-VolumesListAdminTestJSON-1424612546 tempest-VolumesListAdminTestJSON-1424612546-project] Volume info retrieved successfully.
Aug 29 21:35:07.345259 dv-cinder-854266-3-iscsi devstack@c-api.service[113557]: INFO cinder.api.openstack.wsgi [None req-bbc4736b-c0f9-4ae3-9798-176970e84ea8 tempest-VolumesListAdminTestJSON-1424612546 tempest-VolumesListAdminTestJSON-1424612546-project] http://10.222.0.20/volume/v3/e6b5d2fe226f4e7d843bdbb75c798145/volumes/9e4c2642-1320-4696-9a95-bc225e15e7a7 returned with HTTP 200
Aug 29 21:35:07.358759 dv-cinder-854266-3-iscsi devstack@c-api.service[113557]: [pid: 113557|app: 0|req: 129/255] 10.222.0.20 () {58 vars in 1325 bytes} [Mon Aug 29 21:35:07 2022] GET /volume/v3/e6b5d2fe226f4e7d843bdbb75c798145/volumes/9e4c2642-1320-4696-9a95-bc225e15e7a7 => generated 916 bytes in 66 msecs (HTTP/1.1 200) 7 headers in 285 bytes (1 switches on core 0)
Aug 29 21:35:07.359709 dv-cinder-854266-3-iscsi devstack@c-api.service[113558]: /usr/local/lib/python3.8/dist-packages/oslo_context/context.py:100: DeprecationWarning: Policy enforcement is depending on the value of is_admin. This key is deprecated. Please update your policy file to use the standard policy values.
Aug 29 21:35:07.359709 dv-cinder-854266-3-iscsi devstack@c-api.service[113558]: warnings.warn('Policy enforcement is depending on the value of '
Aug 29 21:35:07.363754 dv-cinder-854266-3-iscsi devstack@c-api.service[113557]: DEBUG cinder.api.middleware.request_id [None req-b6997b47-22d2-43fa-aa70-1d86d3a81a84 None None] RequestId filter calling following filter/app {{(pid=113557) _context_setter /opt/stack/cinder/cinder/api/middleware/request_id.py:62}}
Aug 29 21:35:07.367827 dv-cinder-854266-3-iscsi devstack@c-api.service[113557]: INFO cinder.api.openstack.wsgi [None req-b6997b47-22d2-43fa-aa70-1d86d3a81a84 tempest-VolumesListAdminTestJSON-1424612546 tempest-VolumesListAdminTestJSON-1424612546-project] POST http://10.222.0.20/volume/v3/e6b5d2fe226f4e7d843bdbb75c798145/volumes
Aug 29 21:35:07.368817 dv-cinder-854266-3-iscsi devstack@c-api.service[113557]: DEBUG cinder.api.openstack.wsgi [None req-b6997b47-22d2-43fa-aa70-1d86d3a81a84 tempest-VolumesListAdminTestJSON-1424612546 tempest-VolumesListAdminTestJSON-1424612546-project] Action: 'create', calling method: create, body: {"volume": {"size": 1, "name": "tempest-VolumesListAdminTestJSON-Volume-1018630644"}} {{(pid=113557) _process_stack /opt/stack/cinder/cinder/api/openstack/wsgi.py:866}}
Aug 29 21:35:07.371919 dv-cinder-854266-3-iscsi devstack@c-api.service[113557]: DEBUG cinder.api.v3.volumes [None req-b6997b47-22d2-43fa-aa70-1d86d3a81a84 tempest-VolumesListAdminTestJSON-1424612546 tempest-VolumesListAdminTestJSON-1424612546-project] Create volume request body: {'volume': {'size': 1, 'name': 'tempest-VolumesListAdminTestJSON-Volume-1018630644'}} {{(pid=113557) create /opt/stack/cinder/cinder/api/v3/volumes.py:298}}
Aug 29 21:35:07.373033 dv-cinder-854266-3-iscsi devstack@c-api.service[113557]: INFO cinder.api.v3.volumes [None req-b6997b47-22d2-43fa-aa70-1d86d3a81a84 tempest-VolumesListAdminTestJSON-1424612546 tempest-VolumesListAdminTestJSON-1424612546-project] Create volume of 1 GB
Aug 29 21:35:07.391663 dv-cinder-854266-3-iscsi devstack@c-api.service[113557]: INFO cinder.volume.api [None req-b6997b47-22d2-43fa-aa70-1d86d3a81a84 tempest-VolumesListAdminTestJSON-1424612546 tempest-VolumesListAdminTestJSON-1424612546-project] Availability Zones retrieved successfully.
Aug 29 21:35:07.406465 dv-cinder-854266-3-iscsi devstack@c-api.service[113558]: INFO cinder.volume.api [None req-aaf3c392-61c2-4419-afc3-38f585eed52e tempest-DeleteServersTestJSON-1150656104 tempest-DeleteServersTestJSON-1150656104-project] Volume info retrieved successfully.
Aug 29 21:35:07.408657 dv-cinder-854266-3-iscsi devstack@c-api.service[113557]: DEBUG cinder.volume.api [None req-b6997b47-22d2-43fa-aa70-1d86d3a81a84 tempest-VolumesListAdminTestJSON-1424612546 tempest-VolumesListAdminTestJSON-1424612546-project] Flow 'volume_create_api' (9b3388df-539f-4d20-a906-76609124bd99) transitioned into state 'RUNNING' from state 'PENDING' {{(pid=113557) _flow_receiver /usr/local/lib/python3.8/dist-packages/taskflow/listeners/logging.py:141}}
Aug 29 21:35:07.411297 dv-cinder-854266-3-iscsi devstack@c-api.service[113557]: DEBUG cinder.volume.api [None req-b6997b47-22d2-43fa-aa70-1d86d3a81a84 tempest-VolumesListAdminTestJSON-1424612546 tempest-VolumesListAdminTestJSON-1424612546-project] Task 'cinder.volume.flows.api.create_volume.ExtractVolumeRequestTask;volume:create' (59de63f3-e628-423f-8081-1582b565bf11) transitioned into state 'RUNNING' from state 'PENDING' {{(pid=113557) _task_receiver /usr/local/lib/python3.8/dist-packages/taskflow/listeners/logging.py:190}}
Aug 29 21:35:07.414180 dv-cinder-854266-3-iscsi devstack@c-api.service[113557]: DEBUG cinder.volume.flows.api.create_volume [None req-b6997b47-22d2-43fa-aa70-1d86d3a81a84 tempest-VolumesListAdminTestJSON-1424612546 tempest-VolumesListAdminTestJSON-1424612546-project] Validating volume size '1' using validate_int {{(pid=113557) _extract_size /opt/stack/cinder/cinder/volume/flows/api/create_volume.py:228}}
Aug 29 21:35:07.434533 dv-cinder-854266-3-iscsi devstack@c-api.service[113558]: INFO cinder.api.openstack.wsgi [None req-aaf3c392-61c2-4419-afc3-38f585eed52e tempest-DeleteServersTestJSON-1150656104 tempest-DeleteServersTestJSON-1150656104-project] http://10.222.0.20/volume/v3/cb5424a2fd9d45c899b4ff8b7869f50e/volumes/9b7dac79-0f7c-4459-998d-dd5a40475fee returned with HTTP 200
Aug 29 21:35:07.447084 dv-cinder-854266-3-iscsi devstack@c-api.service[113558]: [pid: 113558|app: 0|req: 127/256] 10.222.0.20 () {58 vars in 1325 bytes} [Mon Aug 29 21:35:07 2022] GET /volume/v3/cb5424a2fd9d45c899b4ff8b7869f50e/volumes/9b7dac79-0f7c-4459-998d-dd5a40475fee => generated 914 bytes in 153 msecs (HTTP/1.1 200) 7 headers in 285 bytes (1 switches on core 0)
Aug 29 21:35:07.477683 dv-cinder-854266-3-iscsi devstack@c-api.service[113557]: DEBUG cinder.volume.api [None req-b6997b47-22d2-43fa-aa70-1d86d3a81a84 tempest-VolumesListAdminTestJSON-1424612546 tempest-VolumesListAdminTestJSON-1424612546-project] Task 'cinder.volume.flows.api.create_volume.ExtractVolumeRequestTask;volume:create' (59de63f3-e628-423f-8081-1582b565bf11) transitioned into state 'SUCCESS' from state 'RUNNING' with result '{'size': 1, 'snapshot_id': None, 'source_volid': None, 'volume_type': VolumeType(created_at=2022-08-29T21:24:20Z,deleted=False,deleted_at=None,description='Default Volume Type',extra_specs={},id=3bc5bd97-0a33-4e7c-8882-96b5272d804b,is_public=True,name='__DEFAULT__',projects=[],qos_specs=,qos_specs_id=None,updated_at=2022-08-29T21:24:20Z), 'volume_type_id': '3bc5bd97-0a33-4e7c-8882-96b5272d804b', 'encryption_key_id': None, 'qos_specs': None, 'consistencygroup_id': None, 'cgsnapshot_id': None, 'group_id': None, 'replication_status': 'disabled', 'refresh_az': False, 'backup_id': None, 'multiattach': False, 'availability_zones': ['nova']}' {{(pid=113557) _task_receiver /usr/local/lib/python3.8/dist-packages/taskflow/listeners/logging.py:178}}
Aug 29 21:35:07.479882 dv-cinder-854266-3-iscsi devstack@c-api.service[113557]: DEBUG cinder.volume.api [None req-b6997b47-22d2-43fa-aa70-1d86d3a81a84 tempest-VolumesListAdminTestJSON-1424612546 tempest-VolumesListAdminTestJSON-1424612546-project] Task 'cinder.volume.flows.api.create_volume.QuotaReserveTask;volume:create' (5fc2cb5e-4168-428c-be85-76f2cbc31efe) transitioned into state 'RUNNING' from state 'PENDING' {{(pid=113557) _task_receiver /usr/local/lib/python3.8/dist-packages/taskflow/listeners/logging.py:190}}
Aug 29 21:35:07.558421 dv-cinder-854266-3-iscsi devstack@c-api.service[113557]: DEBUG cinder.quota [None req-b6997b47-22d2-43fa-aa70-1d86d3a81a84 tempest-VolumesListAdminTestJSON-1424612546 tempest-VolumesListAdminTestJSON-1424612546-project] Created reservations ['790cf011-a981-45e6-ab61-ecfd73c8274f', '17d7fa90-dea2-49ae-9d21-99b5f9ec19e7', '01d9595f-08f0-4126-addc-318a2fc3c19f', '7b7d9f44-5e5d-47a2-a59e-4f3ea46f5ef8'] {{(pid=113557) reserve /opt/stack/cinder/cinder/quota.py:755}}
Aug 29 21:35:07.561799 dv-cinder-854266-3-iscsi devstack@c-api.service[113557]: DEBUG cinder.volume.api [None req-b6997b47-22d2-43fa-aa70-1d86d3a81a84 tempest-VolumesListAdminTestJSON-1424612546 tempest-VolumesListAdminTestJSON-1424612546-project] Task 'cinder.volume.flows.api.create_volume.QuotaReserveTask;volume:create' (5fc2cb5e-4168-428c-be85-76f2cbc31efe) transitioned into state 'SUCCESS' from state 'RUNNING' with result '{'reservations': ['790cf011-a981-45e6-ab61-ecfd73c8274f', '17d7fa90-dea2-49ae-9d21-99b5f9ec19e7', '01d9595f-08f0-4126-addc-318a2fc3c19f', '7b7d9f44-5e5d-47a2-a59e-4f3ea46f5ef8']}' {{(pid=113557) _task_receiver /usr/local/lib/python3.8/dist-packages/taskflow/listeners/logging.py:178}}
Aug 29 21:35:07.564029 dv-cinder-854266-3-iscsi devstack@c-api.service[113557]: DEBUG cinder.volume.api [None req-b6997b47-22d2-43fa-aa70-1d86d3a81a84 tempest-VolumesListAdminTestJSON-1424612546 tempest-VolumesListAdminTestJSON-1424612546-project] Task 'cinder.volume.flows.api.create_volume.EntryCreateTask;volume:create' (b8a79755-8ced-4fa1-9679-afcc14228144) transitioned into state 'RUNNING' from state 'PENDING' {{(pid=113557) _task_receiver /usr/local/lib/python3.8/dist-packages/taskflow/listeners/logging.py:190}}
Aug 29 21:35:07.591659 dv-cinder-854266-3-iscsi devstack@c-api.service[113557]: DEBUG cinder.volume.api [None req-b6997b47-22d2-43fa-aa70-1d86d3a81a84 tempest-VolumesListAdminTestJSON-1424612546 tempest-VolumesListAdminTestJSON-1424612546-project] Task 'cinder.volume.flows.api.create_volume.EntryCreateTask;volume:create' (b8a79755-8ced-4fa1-9679-afcc14228144) transitioned into state 'SUCCESS' from state 'RUNNING' with result '{'volume_id': '689f8997-96b1-4798-936f-dffe627041eb', 'volume_properties': VolumeProperties(attach_status='detached',availability_zone='nova',cgsnapshot_id=None,consistencygroup_id=None,display_description=None,display_name='tempest-VolumesListAdminTestJSON-Volume-1018630644',encryption_key_id=None,group_id=None,group_type_id=,metadata={},multiattach=False,project_id='e6b5d2fe226f4e7d843bdbb75c798145',qos_specs=None,replication_status=,reservations=['790cf011-a981-45e6-ab61-ecfd73c8274f','17d7fa90-dea2-49ae-9d21-99b5f9ec19e7','01d9595f-08f0-4126-addc-318a2fc3c19f','7b7d9f44-5e5d-47a2-a59e-4f3ea46f5ef8'],size=1,snapshot_id=None,source_replicaid=,source_volid=None,status='creating',user_id='e255245a67a343b0927a316c9575682a',volume_type_id=3bc5bd97-0a33-4e7c-8882-96b5272d804b), 'volume': Volume(_name_id=None,admin_metadata=,attach_status='detached',availability_zone='nova',bootable=False,cluster=,cluster_name=None,consistencygroup=,consistencygroup_id=None,created_at=2022-08-29T21:35:07Z,deleted=False,deleted_at=None,display_description=None,display_name='tempest-VolumesListAdminTestJSON-Volume-1018630644',ec2_id=None,encryption_key_id=None,glance_metadata=,group=,group_id=None,host=None,id=689f8997-96b1-4798-936f-dffe627041eb,launched_at=None,metadata={},migration_status=None,multiattach=False,previous_status=None,project_id='e6b5d2fe226f4e7d843bdbb75c798145',provider_auth=None,provider_geometry=None,provider_id=None,provider_location=None,replication_driver_data=None,replication_extended_status=None,replication_status=None,scheduled_at=None,service_uuid=None,shared_targets=True,size=1,snapshot_id=None,snapshots=,source_volid=None,status='creating',terminated_at=None,updated_at=None,use_quota=True,user_id='e255245a67a343b0927a316c9575682a',volume_attachment=VolumeAttachmentList,volume_type=VolumeType(3bc5bd97-0a33-4e7c-8882-96b5272d804b),volume_type_id=3bc5bd97-0a33-4e7c-8882-96b5272d804b)}' {{(pid=113557) _task_receiver /usr/local/lib/python3.8/dist-packages/taskflow/listeners/logging.py:178}}
Aug 29 21:35:07.595016 dv-cinder-854266-3-iscsi devstack@c-api.service[113557]: DEBUG cinder.volume.api [None req-b6997b47-22d2-43fa-aa70-1d86d3a81a84 tempest-VolumesListAdminTestJSON-1424612546 tempest-VolumesListAdminTestJSON-1424612546-project] Task 'cinder.volume.flows.api.create_volume.QuotaCommitTask;volume:create' (13cfa17f-deea-4ecb-bd81-189f15d2e962) transitioned into state 'RUNNING' from state 'PENDING' {{(pid=113557) _task_receiver /usr/local/lib/python3.8/dist-packages/taskflow/listeners/logging.py:190}}
Aug 29 21:35:07.636296 dv-cinder-854266-3-iscsi devstack@c-api.service[113557]: DEBUG cinder.volume.api [None req-b6997b47-22d2-43fa-aa70-1d86d3a81a84 tempest-VolumesListAdminTestJSON-1424612546 tempest-VolumesListAdminTestJSON-1424612546-project] Task 'cinder.volume.flows.api.create_volume.QuotaCommitTask;volume:create' (13cfa17f-deea-4ecb-bd81-189f15d2e962) transitioned into state 'SUCCESS' from state 'RUNNING' with result '{'volume_properties': VolumeProperties(attach_status='detached',availability_zone='nova',cgsnapshot_id=None,consistencygroup_id=None,display_description=None,display_name='tempest-VolumesListAdminTestJSON-Volume-1018630644',encryption_key_id=None,group_id=None,group_type_id=,metadata={},multiattach=False,project_id='e6b5d2fe226f4e7d843bdbb75c798145',qos_specs=None,replication_status=,reservations=['790cf011-a981-45e6-ab61-ecfd73c8274f','17d7fa90-dea2-49ae-9d21-99b5f9ec19e7','01d9595f-08f0-4126-addc-318a2fc3c19f','7b7d9f44-5e5d-47a2-a59e-4f3ea46f5ef8'],size=1,snapshot_id=None,source_replicaid=,source_volid=None,status='creating',user_id='e255245a67a343b0927a316c9575682a',volume_type_id=3bc5bd97-0a33-4e7c-8882-96b5272d804b)}' {{(pid=113557) _task_receiver /usr/local/lib/python3.8/dist-packages/taskflow/listeners/logging.py:178}}
Aug 29 21:35:07.650048 dv-cinder-854266-3-iscsi devstack@c-api.service[113557]: DEBUG cinder.volume.api [None req-b6997b47-22d2-43fa-aa70-1d86d3a81a84 tempest-VolumesListAdminTestJSON-1424612546 tempest-VolumesListAdminTestJSON-1424612546-project] Task 'cinder.volume.flows.api.create_volume.VolumeCastTask;volume:create' (02b6a294-6cfe-43f9-8bda-dfa401860561) transitioned into state 'RUNNING' from state 'PENDING' {{(pid=113557) _task_receiver /usr/local/lib/python3.8/dist-packages/taskflow/listeners/logging.py:190}}
Aug 29 21:35:07.688896 dv-cinder-854266-3-iscsi devstack@c-api.service[113557]: DEBUG cinder.volume.api [None req-b6997b47-22d2-43fa-aa70-1d86d3a81a84 tempest-VolumesListAdminTestJSON-1424612546 tempest-VolumesListAdminTestJSON-1424612546-project] Task 'cinder.volume.flows.api.create_volume.VolumeCastTask;volume:create' (02b6a294-6cfe-43f9-8bda-dfa401860561) transitioned into state 'SUCCESS' from state 'RUNNING' with result 'None' {{(pid=113557) _task_receiver /usr/local/lib/python3.8/dist-packages/taskflow/listeners/logging.py:178}}
Aug 29 21:35:07.697034 dv-cinder-854266-3-iscsi devstack@c-api.service[113557]: DEBUG cinder.volume.api [None req-b6997b47-22d2-43fa-aa70-1d86d3a81a84 tempest-VolumesListAdminTestJSON-1424612546 tempest-VolumesListAdminTestJSON-1424612546-project] Flow 'volume_create_api' (9b3388df-539f-4d20-a906-76609124bd99) transitioned into state 'SUCCESS' from state 'RUNNING' {{(pid=113557) _flow_receiver /usr/local/lib/python3.8/dist-packages/taskflow/listeners/logging.py:141}}
Aug 29 21:35:07.698007 dv-cinder-854266-3-iscsi devstack@c-api.service[113557]: INFO cinder.volume.api [None req-b6997b47-22d2-43fa-aa70-1d86d3a81a84 tempest-VolumesListAdminTestJSON-1424612546 tempest-VolumesListAdminTestJSON-1424612546-project] Create volume request issued successfully.
Aug 29 21:35:07.714617 dv-cinder-854266-3-iscsi devstack@c-api.service[113557]: INFO cinder.api.openstack.wsgi [None req-b6997b47-22d2-43fa-aa70-1d86d3a81a84 tempest-VolumesListAdminTestJSON-1424612546 tempest-VolumesListAdminTestJSON-1424612546-project] http://10.222.0.20/volume/v3/e6b5d2fe226f4e7d843bdbb75c798145/volumes returned with HTTP 202
Aug 29 21:35:07.715842 dv-cinder-854266-3-iscsi devstack@c-api.service[113557]: [pid: 113557|app: 0|req: 130/257] 10.222.0.20 () {60 vars in 1235 bytes} [Mon Aug 29 21:35:07 2022] POST /volume/v3/e6b5d2fe226f4e7d843bdbb75c798145/volumes => generated 824 bytes in 354 msecs (HTTP/1.1 202) 7 headers in 291 bytes (2 switches on core 0)
Aug 29 21:35:07.732222 dv-cinder-854266-3-iscsi devstack@c-api.service[113558]: DEBUG cinder.api.middleware.request_id [None req-224bbd54-6912-4126-a347-0a8c6c802896 None None] RequestId filter calling following filter/app {{(pid=113558) _context_setter /opt/stack/cinder/cinder/api/middleware/request_id.py:62}}
Aug 29 21:35:07.736482 dv-cinder-854266-3-iscsi devstack@c-api.service[113558]: INFO cinder.api.openstack.wsgi [None req-224bbd54-6912-4126-a347-0a8c6c802896 tempest-VolumesListAdminTestJSON-1424612546 tempest-VolumesListAdminTestJSON-1424612546-project] GET http://10.222.0.20/volume/v3/e6b5d2fe226f4e7d843bdbb75c798145/volumes/689f8997-96b1-4798-936f-dffe627041eb
Aug 29 21:35:07.737840 dv-cinder-854266-3-iscsi devstack@c-api.service[113558]: DEBUG cinder.api.openstack.wsgi [None req-224bbd54-6912-4126-a347-0a8c6c802896 tempest-VolumesListAdminTestJSON-1424612546 tempest-VolumesListAdminTestJSON-1424612546-project] Empty body provided in request {{(pid=113558) get_body /opt/stack/cinder/cinder/api/openstack/wsgi.py:715}}
Aug 29 21:35:07.738389 dv-cinder-854266-3-iscsi devstack@c-api.service[113558]: DEBUG cinder.api.openstack.wsgi [None req-224bbd54-6912-4126-a347-0a8c6c802896 tempest-VolumesListAdminTestJSON-1424612546 tempest-VolumesListAdminTestJSON-1424612546-project] Calling method 'show' {{(pid=113558) _process_stack /opt/stack/cinder/cinder/api/openstack/wsgi.py:868}}
Aug 29 21:35:07.763731 dv-cinder-854266-3-iscsi devstack@c-api.service[113558]: /usr/local/lib/python3.8/dist-packages/oslo_context/context.py:100: DeprecationWarning: Policy enforcement is depending on the value of is_admin. This key is deprecated. Please update your policy file to use the standard policy values.
Aug 29 21:35:07.763731 dv-cinder-854266-3-iscsi devstack@c-api.service[113558]: warnings.warn('Policy enforcement is depending on the value of '
Aug 29 21:35:07.775603 dv-cinder-854266-3-iscsi devstack@c-api.service[113558]: INFO cinder.volume.api [None req-224bbd54-6912-4126-a347-0a8c6c802896 tempest-VolumesListAdminTestJSON-1424612546 tempest-VolumesListAdminTestJSON-1424612546-project] Volume info retrieved successfully.
Aug 29 21:35:07.798373 dv-cinder-854266-3-iscsi devstack@c-api.service[113558]: INFO cinder.api.openstack.wsgi [None req-224bbd54-6912-4126-a347-0a8c6c802896 tempest-VolumesListAdminTestJSON-1424612546 tempest-VolumesListAdminTestJSON-1424612546-project] http://10.222.0.20/volume/v3/e6b5d2fe226f4e7d843bdbb75c798145/volumes/689f8997-96b1-4798-936f-dffe627041eb returned with HTTP 200
Aug 29 21:35:07.805085 dv-cinder-854266-3-iscsi devstack@c-api.service[113558]: [pid: 113558|app: 0|req: 128/258] 10.222.0.20 () {58 vars in 1325 bytes} [Mon Aug 29 21:35:07 2022] GET /volume/v3/e6b5d2fe226f4e7d843bdbb75c798145/volumes/689f8997-96b1-4798-936f-dffe627041eb => generated 892 bytes in 74 msecs (HTTP/1.1 200) 7 headers in 285 bytes (1 switches on core 0)
Aug 29 21:35:07.950861 dv-cinder-854266-3-iscsi devstack@c-api.service[113557]: DEBUG cinder.api.middleware.request_id [None req-66a564e4-fda4-4142-aff7-08c4796a1e58 None None] RequestId filter calling following filter/app {{(pid=113557) _context_setter /opt/stack/cinder/cinder/api/middleware/request_id.py:62}}
Aug 29 21:35:08.208154 dv-cinder-854266-3-iscsi devstack@c-api.service[113557]: INFO cinder.api.openstack.wsgi [None req-66a564e4-fda4-4142-aff7-08c4796a1e58 tempest-VolumesActionsTest-1985183826 tempest-VolumesActionsTest-1985183826-project] POST http://10.222.0.20/volume/v3/7faae8d00a06427983b2944792166135/volumes
Aug 29 21:35:08.209177 dv-cinder-854266-3-iscsi devstack@c-api.service[113557]: DEBUG cinder.api.openstack.wsgi [None req-66a564e4-fda4-4142-aff7-08c4796a1e58 tempest-VolumesActionsTest-1985183826 tempest-VolumesActionsTest-1985183826-project] Action: 'create', calling method: create, body: {"volume": {"size": 1, "name": "tempest-VolumesActionsTest-Volume-1930509341"}} {{(pid=113557) _process_stack /opt/stack/cinder/cinder/api/openstack/wsgi.py:866}}
Aug 29 21:35:08.212410 dv-cinder-854266-3-iscsi devstack@c-api.service[113557]: DEBUG cinder.api.v3.volumes [None req-66a564e4-fda4-4142-aff7-08c4796a1e58 tempest-VolumesActionsTest-1985183826 tempest-VolumesActionsTest-1985183826-project] Create volume request body: {'volume': {'size': 1, 'name': 'tempest-VolumesActionsTest-Volume-1930509341'}} {{(pid=113557) create /opt/stack/cinder/cinder/api/v3/volumes.py:298}}
Aug 29 21:35:08.213184 dv-cinder-854266-3-iscsi devstack@c-api.service[113557]: INFO cinder.api.v3.volumes [None req-66a564e4-fda4-4142-aff7-08c4796a1e58 tempest-VolumesActionsTest-1985183826 tempest-VolumesActionsTest-1985183826-project] Create volume of 1 GB
Aug 29 21:35:08.214145 dv-cinder-854266-3-iscsi devstack@c-api.service[113557]: /usr/local/lib/python3.8/dist-packages/oslo_context/context.py:100: DeprecationWarning: Policy enforcement is depending on the value of is_admin. This key is deprecated. Please update your policy file to use the standard policy values.
Aug 29 21:35:08.214145 dv-cinder-854266-3-iscsi devstack@c-api.service[113557]: warnings.warn('Policy enforcement is depending on the value of '
Aug 29 21:35:08.227843 dv-cinder-854266-3-iscsi devstack@c-api.service[113557]: INFO cinder.volume.api [None req-66a564e4-fda4-4142-aff7-08c4796a1e58 tempest-VolumesActionsTest-1985183826 tempest-VolumesActionsTest-1985183826-project] Availability Zones retrieved successfully.
Aug 29 21:35:08.244313 dv-cinder-854266-3-iscsi devstack@c-api.service[113557]: DEBUG cinder.volume.api [None req-66a564e4-fda4-4142-aff7-08c4796a1e58 tempest-VolumesActionsTest-1985183826 tempest-VolumesActionsTest-1985183826-project] Flow 'volume_create_api' (16722738-7319-494b-9708-be6e3d8fd9b6) transitioned into state 'RUNNING' from state 'PENDING' {{(pid=113557) _flow_receiver /usr/local/lib/python3.8/dist-packages/taskflow/listeners/logging.py:141}}
Aug 29 21:35:08.246916 dv-cinder-854266-3-iscsi devstack@c-api.service[113557]: DEBUG cinder.volume.api [None req-66a564e4-fda4-4142-aff7-08c4796a1e58 tempest-VolumesActionsTest-1985183826 tempest-VolumesActionsTest-1985183826-project] Task 'cinder.volume.flows.api.create_volume.ExtractVolumeRequestTask;volume:create' (da0b72ca-86a8-40e2-abb9-7af7c546d901) transitioned into state 'RUNNING' from state 'PENDING' {{(pid=113557) _task_receiver /usr/local/lib/python3.8/dist-packages/taskflow/listeners/logging.py:190}}
Aug 29 21:35:08.252206 dv-cinder-854266-3-iscsi devstack@c-api.service[113557]: DEBUG cinder.volume.flows.api.create_volume [None req-66a564e4-fda4-4142-aff7-08c4796a1e58 tempest-VolumesActionsTest-1985183826 tempest-VolumesActionsTest-1985183826-project] Validating volume size '1' using validate_int {{(pid=113557) _extract_size /opt/stack/cinder/cinder/volume/flows/api/create_volume.py:228}}
Aug 29 21:35:08.295833 dv-cinder-854266-3-iscsi devstack@c-api.service[113557]: DEBUG cinder.volume.api [None req-66a564e4-fda4-4142-aff7-08c4796a1e58 tempest-VolumesActionsTest-1985183826 tempest-VolumesActionsTest-1985183826-project] Task 'cinder.volume.flows.api.create_volume.ExtractVolumeRequestTask;volume:create' (da0b72ca-86a8-40e2-abb9-7af7c546d901) transitioned into state 'SUCCESS' from state 'RUNNING' with result '{'size': 1, 'snapshot_id': None, 'source_volid': None, 'volume_type': VolumeType(created_at=2022-08-29T21:24:20Z,deleted=False,deleted_at=None,description='Default Volume Type',extra_specs={},id=3bc5bd97-0a33-4e7c-8882-96b5272d804b,is_public=True,name='__DEFAULT__',projects=[],qos_specs=,qos_specs_id=None,updated_at=2022-08-29T21:24:20Z), 'volume_type_id': '3bc5bd97-0a33-4e7c-8882-96b5272d804b', 'encryption_key_id': None, 'qos_specs': None, 'consistencygroup_id': None, 'cgsnapshot_id': None, 'group_id': None, 'replication_status': 'disabled', 'refresh_az': False, 'backup_id': None, 'multiattach': False, 'availability_zones': ['nova']}' {{(pid=113557) _task_receiver /usr/local/lib/python3.8/dist-packages/taskflow/listeners/logging.py:178}}
Aug 29 21:35:08.298072 dv-cinder-854266-3-iscsi devstack@c-api.service[113557]: DEBUG cinder.volume.api [None req-66a564e4-fda4-4142-aff7-08c4796a1e58 tempest-VolumesActionsTest-1985183826 tempest-VolumesActionsTest-1985183826-project] Task 'cinder.volume.flows.api.create_volume.QuotaReserveTask;volume:create' (b120c019-9041-4fa3-ab17-9ad6dd056800) transitioned into state 'RUNNING' from state 'PENDING' {{(pid=113557) _task_receiver /usr/local/lib/python3.8/dist-packages/taskflow/listeners/logging.py:190}}
Aug 29 21:35:08.388335 dv-cinder-854266-3-iscsi devstack@c-api.service[113557]: DEBUG dbcounter [-] [113557] Writing DB stats cinder:SELECT=81,cinder:INSERT=7,cinder:UPDATE=12 {{(pid=113557) stat_writer /usr/local/lib/python3.8/dist-packages/dbcounter.py:114}}
Aug 29 21:35:08.446433 dv-cinder-854266-3-iscsi devstack@c-api.service[113557]: DEBUG cinder.quota [None req-66a564e4-fda4-4142-aff7-08c4796a1e58 tempest-VolumesActionsTest-1985183826 tempest-VolumesActionsTest-1985183826-project] Created reservations ['bf8c0984-f127-4d80-a77d-84b0ce10ae70', '7c2bcc5a-1ffe-4b15-9440-e88f2bcb10d4', '86fc2f39-2e96-4e16-a254-b8700a6d89f5', 'd9c5f63d-fccb-4f99-a6ee-af2abd76a9a6'] {{(pid=113557) reserve /opt/stack/cinder/cinder/quota.py:755}}
Aug 29 21:35:08.450752 dv-cinder-854266-3-iscsi devstack@c-api.service[113557]: DEBUG cinder.volume.api [None req-66a564e4-fda4-4142-aff7-08c4796a1e58 tempest-VolumesActionsTest-1985183826 tempest-VolumesActionsTest-1985183826-project] Task 'cinder.volume.flows.api.create_volume.QuotaReserveTask;volume:create' (b120c019-9041-4fa3-ab17-9ad6dd056800) transitioned into state 'SUCCESS' from state 'RUNNING' with result '{'reservations': ['bf8c0984-f127-4d80-a77d-84b0ce10ae70', '7c2bcc5a-1ffe-4b15-9440-e88f2bcb10d4', '86fc2f39-2e96-4e16-a254-b8700a6d89f5', 'd9c5f63d-fccb-4f99-a6ee-af2abd76a9a6']}' {{(pid=113557) _task_receiver /usr/local/lib/python3.8/dist-packages/taskflow/listeners/logging.py:178}}
Aug 29 21:35:08.451767 dv-cinder-854266-3-iscsi devstack@c-api.service[113558]: DEBUG cinder.api.middleware.request_id [None req-7c599b1f-1662-4a78-8b58-d065b7f6dd7f None None] RequestId filter calling following filter/app {{(pid=113558) _context_setter /opt/stack/cinder/cinder/api/middleware/request_id.py:62}}
Aug 29 21:35:08.452534 dv-cinder-854266-3-iscsi devstack@c-api.service[113557]: DEBUG cinder.volume.api [None req-66a564e4-fda4-4142-aff7-08c4796a1e58 tempest-VolumesActionsTest-1985183826 tempest-VolumesActionsTest-1985183826-project] Task 'cinder.volume.flows.api.create_volume.EntryCreateTask;volume:create' (c5de60f3-2f8d-4886-9c65-af6cd36730e1) transitioned into state 'RUNNING' from state 'PENDING' {{(pid=113557) _task_receiver /usr/local/lib/python3.8/dist-packages/taskflow/listeners/logging.py:190}}
Aug 29 21:35:08.457095 dv-cinder-854266-3-iscsi devstack@c-api.service[113558]: INFO cinder.api.openstack.wsgi [None req-7c599b1f-1662-4a78-8b58-d065b7f6dd7f tempest-DeleteServersTestJSON-1150656104 tempest-DeleteServersTestJSON-1150656104-project] GET http://10.222.0.20/volume/v3/cb5424a2fd9d45c899b4ff8b7869f50e/volumes/9b7dac79-0f7c-4459-998d-dd5a40475fee
Aug 29 21:35:08.457811 dv-cinder-854266-3-iscsi devstack@c-api.service[113558]: DEBUG cinder.api.openstack.wsgi [None req-7c599b1f-1662-4a78-8b58-d065b7f6dd7f tempest-DeleteServersTestJSON-1150656104 tempest-DeleteServersTestJSON-1150656104-project] Empty body provided in request {{(pid=113558) get_body /opt/stack/cinder/cinder/api/openstack/wsgi.py:715}}
Aug 29 21:35:08.458467 dv-cinder-854266-3-iscsi devstack@c-api.service[113558]: DEBUG cinder.api.openstack.wsgi [None req-7c599b1f-1662-4a78-8b58-d065b7f6dd7f tempest-DeleteServersTestJSON-1150656104 tempest-DeleteServersTestJSON-1150656104-project] Calling method 'show' {{(pid=113558) _process_stack /opt/stack/cinder/cinder/api/openstack/wsgi.py:868}}
Aug 29 21:35:08.483417 dv-cinder-854266-3-iscsi devstack@c-api.service[113558]: /usr/local/lib/python3.8/dist-packages/oslo_context/context.py:100: DeprecationWarning: Policy enforcement is depending on the value of is_admin. This key is deprecated. Please update your policy file to use the standard policy values.
Aug 29 21:35:08.483417 dv-cinder-854266-3-iscsi devstack@c-api.service[113558]: warnings.warn('Policy enforcement is depending on the value of '
Aug 29 21:35:08.489402 dv-cinder-854266-3-iscsi devstack@c-api.service[113557]: DEBUG cinder.volume.api [None req-66a564e4-fda4-4142-aff7-08c4796a1e58 tempest-VolumesActionsTest-1985183826 tempest-VolumesActionsTest-1985183826-project] Task 'cinder.volume.flows.api.create_volume.EntryCreateTask;volume:create' (c5de60f3-2f8d-4886-9c65-af6cd36730e1) transitioned into state 'SUCCESS' from state 'RUNNING' with result '{'volume_id': 'a2d6aa4d-ab34-43e5-b2f8-07bed36982a2', 'volume_properties': VolumeProperties(attach_status='detached',availability_zone='nova',cgsnapshot_id=None,consistencygroup_id=None,display_description=None,display_name='tempest-VolumesActionsTest-Volume-1930509341',encryption_key_id=None,group_id=None,group_type_id=,metadata={},multiattach=False,project_id='7faae8d00a06427983b2944792166135',qos_specs=None,replication_status=,reservations=['bf8c0984-f127-4d80-a77d-84b0ce10ae70','7c2bcc5a-1ffe-4b15-9440-e88f2bcb10d4','86fc2f39-2e96-4e16-a254-b8700a6d89f5','d9c5f63d-fccb-4f99-a6ee-af2abd76a9a6'],size=1,snapshot_id=None,source_replicaid=,source_volid=None,status='creating',user_id='66df13267c5f4b14abb31f1bd88241d9',volume_type_id=3bc5bd97-0a33-4e7c-8882-96b5272d804b), 'volume': Volume(_name_id=None,admin_metadata=,attach_status='detached',availability_zone='nova',bootable=False,cluster=,cluster_name=None,consistencygroup=,consistencygroup_id=None,created_at=2022-08-29T21:35:08Z,deleted=False,deleted_at=None,display_description=None,display_name='tempest-VolumesActionsTest-Volume-1930509341',ec2_id=None,encryption_key_id=None,glance_metadata=,group=,group_id=None,host=None,id=a2d6aa4d-ab34-43e5-b2f8-07bed36982a2,launched_at=None,metadata={},migration_status=None,multiattach=False,previous_status=None,project_id='7faae8d00a06427983b2944792166135',provider_auth=None,provider_geometry=None,provider_id=None,provider_location=None,replication_driver_data=None,replication_extended_status=None,replication_status=None,scheduled_at=None,service_uuid=None,shared_targets=True,size=1,snapshot_id=None,snapshots=,source_volid=None,status='creating',terminated_at=None,updated_at=None,use_quota=True,user_id='66df13267c5f4b14abb31f1bd88241d9',volume_attachment=VolumeAttachmentList,volume_type=VolumeType(3bc5bd97-0a33-4e7c-8882-96b5272d804b),volume_type_id=3bc5bd97-0a33-4e7c-8882-96b5272d804b)}' {{(pid=113557) _task_receiver /usr/local/lib/python3.8/dist-packages/taskflow/listeners/logging.py:178}}
Aug 29 21:35:08.491276 dv-cinder-854266-3-iscsi devstack@c-api.service[113558]: INFO cinder.volume.api [None req-7c599b1f-1662-4a78-8b58-d065b7f6dd7f tempest-DeleteServersTestJSON-1150656104 tempest-DeleteServersTestJSON-1150656104-project] Volume info retrieved successfully.
Aug 29 21:35:08.492174 dv-cinder-854266-3-iscsi devstack@c-api.service[113557]: DEBUG cinder.volume.api [None req-66a564e4-fda4-4142-aff7-08c4796a1e58 tempest-VolumesActionsTest-1985183826 tempest-VolumesActionsTest-1985183826-project] Task 'cinder.volume.flows.api.create_volume.QuotaCommitTask;volume:create' (1f6965f1-3102-4921-8b1c-2e33a6e478b0) transitioned into state 'RUNNING' from state 'PENDING' {{(pid=113557) _task_receiver /usr/local/lib/python3.8/dist-packages/taskflow/listeners/logging.py:190}}
Aug 29 21:35:08.502976 dv-cinder-854266-3-iscsi devstack@c-api.service[113558]: INFO cinder.api.openstack.wsgi [None req-7c599b1f-1662-4a78-8b58-d065b7f6dd7f tempest-DeleteServersTestJSON-1150656104 tempest-DeleteServersTestJSON-1150656104-project] http://10.222.0.20/volume/v3/cb5424a2fd9d45c899b4ff8b7869f50e/volumes/9b7dac79-0f7c-4459-998d-dd5a40475fee returned with HTTP 200
Aug 29 21:35:08.515851 dv-cinder-854266-3-iscsi devstack@c-api.service[113558]: [pid: 113558|app: 0|req: 129/259] 10.222.0.20 () {58 vars in 1325 bytes} [Mon Aug 29 21:35:08 2022] GET /volume/v3/cb5424a2fd9d45c899b4ff8b7869f50e/volumes/9b7dac79-0f7c-4459-998d-dd5a40475fee => generated 914 bytes in 65 msecs (HTTP/1.1 200) 7 headers in 285 bytes (2 switches on core 0)
Aug 29 21:35:08.524569 dv-cinder-854266-3-iscsi devstack@c-api.service[113557]: DEBUG cinder.volume.api [None req-66a564e4-fda4-4142-aff7-08c4796a1e58 tempest-VolumesActionsTest-1985183826 tempest-VolumesActionsTest-1985183826-project] Task 'cinder.volume.flows.api.create_volume.QuotaCommitTask;volume:create' (1f6965f1-3102-4921-8b1c-2e33a6e478b0) transitioned into state 'SUCCESS' from state 'RUNNING' with result '{'volume_properties': VolumeProperties(attach_status='detached',availability_zone='nova',cgsnapshot_id=None,consistencygroup_id=None,display_description=None,display_name='tempest-VolumesActionsTest-Volume-1930509341',encryption_key_id=None,group_id=None,group_type_id=,metadata={},multiattach=False,project_id='7faae8d00a06427983b2944792166135',qos_specs=None,replication_status=,reservations=['bf8c0984-f127-4d80-a77d-84b0ce10ae70','7c2bcc5a-1ffe-4b15-9440-e88f2bcb10d4','86fc2f39-2e96-4e16-a254-b8700a6d89f5','d9c5f63d-fccb-4f99-a6ee-af2abd76a9a6'],size=1,snapshot_id=None,source_replicaid=,source_volid=None,status='creating',user_id='66df13267c5f4b14abb31f1bd88241d9',volume_type_id=3bc5bd97-0a33-4e7c-8882-96b5272d804b)}' {{(pid=113557) _task_receiver /usr/local/lib/python3.8/dist-packages/taskflow/listeners/logging.py:178}}
Aug 29 21:35:08.527497 dv-cinder-854266-3-iscsi devstack@c-api.service[113557]: DEBUG cinder.volume.api [None req-66a564e4-fda4-4142-aff7-08c4796a1e58 tempest-VolumesActionsTest-1985183826 tempest-VolumesActionsTest-1985183826-project] Task 'cinder.volume.flows.api.create_volume.VolumeCastTask;volume:create' (cb4323b0-3d80-4341-b24f-b4369770956f) transitioned into state 'RUNNING' from state 'PENDING' {{(pid=113557) _task_receiver /usr/local/lib/python3.8/dist-packages/taskflow/listeners/logging.py:190}}
Aug 29 21:35:08.556869 dv-cinder-854266-3-iscsi devstack@c-api.service[113557]: DEBUG cinder.volume.api [None req-66a564e4-fda4-4142-aff7-08c4796a1e58 tempest-VolumesActionsTest-1985183826 tempest-VolumesActionsTest-1985183826-project] Task 'cinder.volume.flows.api.create_volume.VolumeCastTask;volume:create' (cb4323b0-3d80-4341-b24f-b4369770956f) transitioned into state 'SUCCESS' from state 'RUNNING' with result 'None' {{(pid=113557) _task_receiver /usr/local/lib/python3.8/dist-packages/taskflow/listeners/logging.py:178}}
Aug 29 21:35:08.559554 dv-cinder-854266-3-iscsi devstack@c-api.service[113557]: DEBUG cinder.volume.api [None req-66a564e4-fda4-4142-aff7-08c4796a1e58 tempest-VolumesActionsTest-1985183826 tempest-VolumesActionsTest-1985183826-project] Flow 'volume_create_api' (16722738-7319-494b-9708-be6e3d8fd9b6) transitioned into state 'SUCCESS' from state 'RUNNING' {{(pid=113557) _flow_receiver /usr/local/lib/python3.8/dist-packages/taskflow/listeners/logging.py:141}}
Aug 29 21:35:08.560330 dv-cinder-854266-3-iscsi devstack@c-api.service[113557]: INFO cinder.volume.api [None req-66a564e4-fda4-4142-aff7-08c4796a1e58 tempest-VolumesActionsTest-1985183826 tempest-VolumesActionsTest-1985183826-project] Create volume request issued successfully.
Aug 29 21:35:08.561713 dv-cinder-854266-3-iscsi devstack@c-api.service[113557]: INFO cinder.api.openstack.wsgi [None req-66a564e4-fda4-4142-aff7-08c4796a1e58 tempest-VolumesActionsTest-1985183826 tempest-VolumesActionsTest-1985183826-project] http://10.222.0.20/volume/v3/7faae8d00a06427983b2944792166135/volumes returned with HTTP 202
Aug 29 21:35:08.563160 dv-cinder-854266-3-iscsi devstack@c-api.service[113557]: [pid: 113557|app: 0|req: 131/260] 10.222.0.20 () {60 vars in 1235 bytes} [Mon Aug 29 21:35:07 2022] POST /volume/v3/7faae8d00a06427983b2944792166135/volumes => generated 818 bytes in 616 msecs (HTTP/1.1 202) 7 headers in 291 bytes (1 switches on core 0)
Aug 29 21:35:08.577520 dv-cinder-854266-3-iscsi devstack@c-api.service[113558]: DEBUG cinder.api.middleware.request_id [None req-f1a94ad3-adbf-4f76-af8a-ba8c0c229745 None None] RequestId filter calling following filter/app {{(pid=113558) _context_setter /opt/stack/cinder/cinder/api/middleware/request_id.py:62}}
Aug 29 21:35:08.581538 dv-cinder-854266-3-iscsi devstack@c-api.service[113558]: INFO cinder.api.openstack.wsgi [None req-f1a94ad3-adbf-4f76-af8a-ba8c0c229745 tempest-VolumesActionsTest-1985183826 tempest-VolumesActionsTest-1985183826-project] GET http://10.222.0.20/volume/v3/7faae8d00a06427983b2944792166135/volumes/a2d6aa4d-ab34-43e5-b2f8-07bed36982a2
Aug 29 21:35:08.582392 dv-cinder-854266-3-iscsi devstack@c-api.service[113558]: DEBUG cinder.api.openstack.wsgi [None req-f1a94ad3-adbf-4f76-af8a-ba8c0c229745 tempest-VolumesActionsTest-1985183826 tempest-VolumesActionsTest-1985183826-project] Empty body provided in request {{(pid=113558) get_body /opt/stack/cinder/cinder/api/openstack/wsgi.py:715}}
Aug 29 21:35:08.583065 dv-cinder-854266-3-iscsi devstack@c-api.service[113558]: DEBUG cinder.api.openstack.wsgi [None req-f1a94ad3-adbf-4f76-af8a-ba8c0c229745 tempest-VolumesActionsTest-1985183826 tempest-VolumesActionsTest-1985183826-project] Calling method 'show' {{(pid=113558) _process_stack /opt/stack/cinder/cinder/api/openstack/wsgi.py:868}}
Aug 29 21:35:08.603753 dv-cinder-854266-3-iscsi devstack@c-api.service[113558]: /usr/local/lib/python3.8/dist-packages/oslo_context/context.py:100: DeprecationWarning: Policy enforcement is depending on the value of is_admin. This key is deprecated. Please update your policy file to use the standard policy values.
Aug 29 21:35:08.603753 dv-cinder-854266-3-iscsi devstack@c-api.service[113558]: warnings.warn('Policy enforcement is depending on the value of '
Aug 29 21:35:08.621706 dv-cinder-854266-3-iscsi devstack@c-api.service[113558]: INFO cinder.volume.api [None req-f1a94ad3-adbf-4f76-af8a-ba8c0c229745 tempest-VolumesActionsTest-1985183826 tempest-VolumesActionsTest-1985183826-project] Volume info retrieved successfully.
Aug 29 21:35:08.635002 dv-cinder-854266-3-iscsi devstack@c-api.service[113558]: INFO cinder.api.openstack.wsgi [None req-f1a94ad3-adbf-4f76-af8a-ba8c0c229745 tempest-VolumesActionsTest-1985183826 tempest-VolumesActionsTest-1985183826-project] http://10.222.0.20/volume/v3/7faae8d00a06427983b2944792166135/volumes/a2d6aa4d-ab34-43e5-b2f8-07bed36982a2 returned with HTTP 200
Aug 29 21:35:08.636656 dv-cinder-854266-3-iscsi devstack@c-api.service[113558]: [pid: 113558|app: 0|req: 130/261] 10.222.0.20 () {58 vars in 1325 bytes} [Mon Aug 29 21:35:08 2022] GET /volume/v3/7faae8d00a06427983b2944792166135/volumes/a2d6aa4d-ab34-43e5-b2f8-07bed36982a2 => generated 886 bytes in 60 msecs (HTTP/1.1 200) 7 headers in 285 bytes (1 switches on core 0)
Aug 29 21:35:08.824825 dv-cinder-854266-3-iscsi devstack@c-api.service[113557]: DEBUG cinder.api.middleware.request_id [None req-538527fa-ddce-43f9-adfc-b31f50566402 None None] RequestId filter calling following filter/app {{(pid=113557) _context_setter /opt/stack/cinder/cinder/api/middleware/request_id.py:62}}
Aug 29 21:35:08.828886 dv-cinder-854266-3-iscsi devstack@c-api.service[113557]: INFO cinder.api.openstack.wsgi [None req-538527fa-ddce-43f9-adfc-b31f50566402 tempest-VolumesListAdminTestJSON-1424612546 tempest-VolumesListAdminTestJSON-1424612546-project] GET http://10.222.0.20/volume/v3/e6b5d2fe226f4e7d843bdbb75c798145/volumes/689f8997-96b1-4798-936f-dffe627041eb
Aug 29 21:35:08.829411 dv-cinder-854266-3-iscsi devstack@c-api.service[113557]: DEBUG cinder.api.openstack.wsgi [None req-538527fa-ddce-43f9-adfc-b31f50566402 tempest-VolumesListAdminTestJSON-1424612546 tempest-VolumesListAdminTestJSON-1424612546-project] Empty body provided in request {{(pid=113557) get_body /opt/stack/cinder/cinder/api/openstack/wsgi.py:715}}
Aug 29 21:35:08.829964 dv-cinder-854266-3-iscsi devstack@c-api.service[113557]: DEBUG cinder.api.openstack.wsgi [None req-538527fa-ddce-43f9-adfc-b31f50566402 tempest-VolumesListAdminTestJSON-1424612546 tempest-VolumesListAdminTestJSON-1424612546-project] Calling method 'show' {{(pid=113557) _process_stack /opt/stack/cinder/cinder/api/openstack/wsgi.py:868}}
Aug 29 21:35:08.849137 dv-cinder-854266-3-iscsi devstack@c-api.service[113557]: /usr/local/lib/python3.8/dist-packages/oslo_context/context.py:100: DeprecationWarning: Policy enforcement is depending on the value of is_admin. This key is deprecated. Please update your policy file to use the standard policy values.
Aug 29 21:35:08.849137 dv-cinder-854266-3-iscsi devstack@c-api.service[113557]: warnings.warn('Policy enforcement is depending on the value of '
Aug 29 21:35:08.876004 dv-cinder-854266-3-iscsi devstack@c-api.service[113557]: INFO cinder.volume.api [None req-538527fa-ddce-43f9-adfc-b31f50566402 tempest-VolumesListAdminTestJSON-1424612546 tempest-VolumesListAdminTestJSON-1424612546-project] Volume info retrieved successfully.
Aug 29 21:35:08.890463 dv-cinder-854266-3-iscsi devstack@c-api.service[113557]: INFO cinder.api.openstack.wsgi [None req-538527fa-ddce-43f9-adfc-b31f50566402 tempest-VolumesListAdminTestJSON-1424612546 tempest-VolumesListAdminTestJSON-1424612546-project] http://10.222.0.20/volume/v3/e6b5d2fe226f4e7d843bdbb75c798145/volumes/689f8997-96b1-4798-936f-dffe627041eb returned with HTTP 200
Aug 29 21:35:08.905670 dv-cinder-854266-3-iscsi devstack@c-api.service[113557]: [pid: 113557|app: 0|req: 132/262] 10.222.0.20 () {58 vars in 1325 bytes} [Mon Aug 29 21:35:08 2022] GET /volume/v3/e6b5d2fe226f4e7d843bdbb75c798145/volumes/689f8997-96b1-4798-936f-dffe627041eb => generated 917 bytes in 69 msecs (HTTP/1.1 200) 7 headers in 285 bytes (1 switches on core 0)
Aug 29 21:35:08.910007 dv-cinder-854266-3-iscsi devstack@c-api.service[113558]: DEBUG cinder.api.middleware.request_id [None req-b42ebba6-6c70-4f77-ac08-b993656b6bb3 None None] RequestId filter calling following filter/app {{(pid=113558) _context_setter /opt/stack/cinder/cinder/api/middleware/request_id.py:62}}
Aug 29 21:35:08.916137 dv-cinder-854266-3-iscsi devstack@c-api.service[113558]: INFO cinder.api.openstack.wsgi [None req-b42ebba6-6c70-4f77-ac08-b993656b6bb3 tempest-VolumesListAdminTestJSON-1424612546 tempest-VolumesListAdminTestJSON-1424612546-project] GET http://10.222.0.20/volume/v3/e6b5d2fe226f4e7d843bdbb75c798145/volumes/689f8997-96b1-4798-936f-dffe627041eb
Aug 29 21:35:08.917104 dv-cinder-854266-3-iscsi devstack@c-api.service[113558]: DEBUG cinder.api.openstack.wsgi [None req-b42ebba6-6c70-4f77-ac08-b993656b6bb3 tempest-VolumesListAdminTestJSON-1424612546 tempest-VolumesListAdminTestJSON-1424612546-project] Empty body provided in request {{(pid=113558) get_body /opt/stack/cinder/cinder/api/openstack/wsgi.py:715}}
Aug 29 21:35:08.917785 dv-cinder-854266-3-iscsi devstack@c-api.service[113558]: DEBUG cinder.api.openstack.wsgi [None req-b42ebba6-6c70-4f77-ac08-b993656b6bb3 tempest-VolumesListAdminTestJSON-1424612546 tempest-VolumesListAdminTestJSON-1424612546-project] Calling method 'show' {{(pid=113558) _process_stack /opt/stack/cinder/cinder/api/openstack/wsgi.py:868}}
Aug 29 21:35:08.936742 dv-cinder-854266-3-iscsi devstack@c-api.service[113558]: /usr/local/lib/python3.8/dist-packages/oslo_context/context.py:100: DeprecationWarning: Policy enforcement is depending on the value of is_admin. This key is deprecated. Please update your policy file to use the standard policy values.
Aug 29 21:35:08.936742 dv-cinder-854266-3-iscsi devstack@c-api.service[113558]: warnings.warn('Policy enforcement is depending on the value of '
Aug 29 21:35:08.945867 dv-cinder-854266-3-iscsi devstack@c-api.service[113558]: INFO cinder.volume.api [None req-b42ebba6-6c70-4f77-ac08-b993656b6bb3 tempest-VolumesListAdminTestJSON-1424612546 tempest-VolumesListAdminTestJSON-1424612546-project] Volume info retrieved successfully.
Aug 29 21:35:08.958002 dv-cinder-854266-3-iscsi devstack@c-api.service[113558]: INFO cinder.api.openstack.wsgi [None req-b42ebba6-6c70-4f77-ac08-b993656b6bb3 tempest-VolumesListAdminTestJSON-1424612546 tempest-VolumesListAdminTestJSON-1424612546-project] http://10.222.0.20/volume/v3/e6b5d2fe226f4e7d843bdbb75c798145/volumes/689f8997-96b1-4798-936f-dffe627041eb returned with HTTP 200
Aug 29 21:35:08.959469 dv-cinder-854266-3-iscsi devstack@c-api.service[113558]: [pid: 113558|app: 0|req: 131/263] 10.222.0.20 () {58 vars in 1325 bytes} [Mon Aug 29 21:35:08 2022] GET /volume/v3/e6b5d2fe226f4e7d843bdbb75c798145/volumes/689f8997-96b1-4798-936f-dffe627041eb => generated 917 bytes in 50 msecs (HTTP/1.1 200) 7 headers in 285 bytes (1 switches on core 0)
Aug 29 21:35:08.978039 dv-cinder-854266-3-iscsi devstack@c-api.service[113557]: DEBUG cinder.api.middleware.request_id [None req-c648aeb4-e16b-4edf-9105-cc1d04ddd770 None None] RequestId filter calling following filter/app {{(pid=113557) _context_setter /opt/stack/cinder/cinder/api/middleware/request_id.py:62}}
Aug 29 21:35:08.982568 dv-cinder-854266-3-iscsi devstack@c-api.service[113557]: INFO cinder.api.openstack.wsgi [None req-c648aeb4-e16b-4edf-9105-cc1d04ddd770 tempest-VolumesListAdminTestJSON-1424612546 tempest-VolumesListAdminTestJSON-1424612546-project] POST http://10.222.0.20/volume/v3/e6b5d2fe226f4e7d843bdbb75c798145/volumes
Aug 29 21:35:08.983781 dv-cinder-854266-3-iscsi devstack@c-api.service[113557]: DEBUG cinder.api.openstack.wsgi [None req-c648aeb4-e16b-4edf-9105-cc1d04ddd770 tempest-VolumesListAdminTestJSON-1424612546 tempest-VolumesListAdminTestJSON-1424612546-project] Action: 'create', calling method: create, body: {"volume": {"size": 1, "name": "tempest-VolumesListAdminTestJSON-Volume-438569891"}} {{(pid=113557) _process_stack /opt/stack/cinder/cinder/api/openstack/wsgi.py:866}}
Aug 29 21:35:08.986303 dv-cinder-854266-3-iscsi devstack@c-api.service[113557]: DEBUG cinder.api.v3.volumes [None req-c648aeb4-e16b-4edf-9105-cc1d04ddd770 tempest-VolumesListAdminTestJSON-1424612546 tempest-VolumesListAdminTestJSON-1424612546-project] Create volume request body: {'volume': {'size': 1, 'name': 'tempest-VolumesListAdminTestJSON-Volume-438569891'}} {{(pid=113557) create /opt/stack/cinder/cinder/api/v3/volumes.py:298}}
Aug 29 21:35:08.987222 dv-cinder-854266-3-iscsi devstack@c-api.service[113557]: INFO cinder.api.v3.volumes [None req-c648aeb4-e16b-4edf-9105-cc1d04ddd770 tempest-VolumesListAdminTestJSON-1424612546 tempest-VolumesListAdminTestJSON-1424612546-project] Create volume of 1 GB
Aug 29 21:35:09.014509 dv-cinder-854266-3-iscsi devstack@c-api.service[113557]: INFO cinder.volume.api [None req-c648aeb4-e16b-4edf-9105-cc1d04ddd770 tempest-VolumesListAdminTestJSON-1424612546 tempest-VolumesListAdminTestJSON-1424612546-project] Availability Zones retrieved successfully.
