Aug 24 04:54:23.053154 dv-cinder-854266-1-smb neutron-server[106307]: INFO neutron.wsgi [req-46074bb0-e7c3-4616-8aba-16c7fe4bd926 req-dc7c29b5-5dd7-4ab0-a846-462d8486ac5a service neutron] 10.222.0.52 "PUT /networking/v2.0/ports/f8f712d8-0914-4e55-a16d-50e5c46b61a8 HTTP/1.1" status: 200 len: 1093 time: 8.0220418
Aug 24 04:54:23.100626 dv-cinder-854266-1-smb neutron-server[106306]: DEBUG neutron.plugins.ml2.db [req-b082a72b-b475-46c6-8a28-744a6260b0e2 req-980b8172-4f35-4d9e-9fd3-4baa7eb518be service neutron] For port dc1c967a-855a-4011-ab66-3e28302650f2, host hv-cinder-85426, cleared binding levels {{(pid=106306) clear_binding_levels /opt/stack/neutron/neutron/plugins/ml2/db.py:87}}
Aug 24 04:54:23.105485 dv-cinder-854266-1-smb neutron-server[106306]: DEBUG neutron.plugins.ml2.db [req-b082a72b-b475-46c6-8a28-744a6260b0e2 req-980b8172-4f35-4d9e-9fd3-4baa7eb518be service neutron] For port dc1c967a-855a-4011-ab66-3e28302650f2, host hv-cinder-85426, set binding levels [PortBindingLevel(driver='hyperv',host='hv-cinder-85426',level=0,port_id=dc1c967a-855a-4011-ab66-3e28302650f2,segment=NetworkSegment(981d41a0-5440-4ebd-b6d6-823f2fc97b48),segment_id=981d41a0-5440-4ebd-b6d6-823f2fc97b48)] {{(pid=106306) set_binding_levels /opt/stack/neutron/neutron/plugins/ml2/db.py:59}}
Aug 24 04:54:23.125884 dv-cinder-854266-1-smb neutron-server[106306]: DEBUG neutron_lib.callbacks.manager [req-b082a72b-b475-46c6-8a28-744a6260b0e2 req-980b8172-4f35-4d9e-9fd3-4baa7eb518be service neutron] Publish callbacks ['neutron.plugins.ml2.plugin.SecurityGroupServerNotifierRpcMixin._notify_sg_on_port_change-1628897', 'neutron.plugins.ml2.ovo_rpc._ObjectChangeHandler.handle_event-468959', 'neutron.api.rpc.agentnotifiers.dhcp_rpc_agent_api.DhcpAgentNotifyAPI._native_event_send_dhcp_notification-527251', 'neutron.db.l3_db.L3RpcNotifierMixin._notify_gateway_port_ip_changed-8753668389124', 'neutron.db.l3_dvrscheduler_db._notify_l3_agent_port_update-8753667997013', 'neutron.db.l3_hascheduler_db._notify_l3_agent_ha_port_update-8753667997031', 'neutron.services.segments.plugin.NovaSegmentNotifier._notify_port_updated-6630405'] for port (dc1c967a-855a-4011-ab66-3e28302650f2), after_update {{(pid=106306) _notify_loop /usr/local/lib/python3.8/dist-packages/neutron_lib/callbacks/manager.py:176}}
Aug 24 04:54:23.132427 dv-cinder-854266-1-smb neutron-server[106306]: DEBUG neutron.pecan_wsgi.hooks.policy_enforcement [req-b082a72b-b475-46c6-8a28-744a6260b0e2 req-980b8172-4f35-4d9e-9fd3-4baa7eb518be service neutron] Attributes excluded by policy engine: ['standard_attr_id'] {{(pid=106306) _exclude_attributes_by_policy /opt/stack/neutron/neutron/pecan_wsgi/hooks/policy_enforcement.py:259}}
Aug 24 04:54:23.140968 dv-cinder-854266-1-smb neutron-server[106306]: DEBUG neutron_lib.callbacks.manager [req-b082a72b-b475-46c6-8a28-744a6260b0e2 req-980b8172-4f35-4d9e-9fd3-4baa7eb518be service neutron] Publish callbacks ['neutron.notifiers.nova.Notifier._send_nova_notification-21088', 'neutron.api.rpc.agentnotifiers.dhcp_rpc_agent_api.DhcpAgentNotifyAPI._send_dhcp_notification-527333'] for port (None), before_response {{(pid=106306) _notify_loop /usr/local/lib/python3.8/dist-packages/neutron_lib/callbacks/manager.py:176}}
Aug 24 04:54:23.142732 dv-cinder-854266-1-smb neutron-server[106306]: INFO neutron.wsgi [req-b082a72b-b475-46c6-8a28-744a6260b0e2 req-980b8172-4f35-4d9e-9fd3-4baa7eb518be service neutron] 10.222.0.52 "PUT /networking/v2.0/ports/dc1c967a-855a-4011-ab66-3e28302650f2 HTTP/1.1" status: 200 len: 1094 time: 3.6252286
Aug 24 04:54:23.143380 dv-cinder-854266-1-smb neutron-server[106306]: DEBUG neutron.notifiers.nova [-] Sending events: [{'name': 'network-changed', 'server_uuid': '7320b8ff-4f55-47b2-8433-2588a2880bee', 'tag': 'dc1c967a-855a-4011-ab66-3e28302650f2'}] {{(pid=106306) send_events /opt/stack/neutron/neutron/notifiers/nova.py:271}}
Aug 24 04:54:23.147338 dv-cinder-854266-1-smb neutron-server[106306]: DEBUG novaclient.v2.client [-] REQ: curl -g -i --cacert "/opt/stack/data/ca-bundle.pem" -X POST http://10.222.0.85/compute/v2.1/os-server-external-events -H "Accept: application/json" -H "Content-Type: application/json" -H "User-Agent: python-novaclient" -H "X-Auth-Token: {SHA256}7b23d78191910d47b150120126334fd7fc02a4640624ed7a56a78410ef0b0015" -H "X-OpenStack-Nova-API-Version: 2.1" -H "X-OpenStack-Request-ID: req-fa1b58fe-c4b8-4e44-9cb9-ab373aabe48e" -d '{"events": [{"name": "network-changed", "server_uuid": "7320b8ff-4f55-47b2-8433-2588a2880bee", "tag": "dc1c967a-855a-4011-ab66-3e28302650f2"}]}' {{(pid=106306) _http_log_request /usr/local/lib/python3.8/dist-packages/keystoneauth1/session.py:519}}
Aug 24 04:54:23.201298 dv-cinder-854266-1-smb neutron-server[106307]: DEBUG neutron.notifiers.nova [-] Sending events: [{'name': 'network-changed', 'server_uuid': 'c3af9c85-4a07-41f6-86b5-8bc1a934975d', 'tag': 'f8f712d8-0914-4e55-a16d-50e5c46b61a8'}] {{(pid=106307) send_events /opt/stack/neutron/neutron/notifiers/nova.py:271}}
Aug 24 04:54:23.309604 dv-cinder-854266-1-smb neutron-server[106307]: DEBUG dbcounter [-] [106307] Writing DB stats neutron:SELECT=88,neutron:INSERT=7,neutron:DELETE=1,neutron:UPDATE=4 {{(pid=106307) stat_writer /usr/local/lib/python3.8/dist-packages/dbcounter.py:114}}
Aug 24 04:54:23.321501 dv-cinder-854266-1-smb neutron-server[106307]: DEBUG neutron_lib.callbacks.manager [None req-c35275e2-b90c-46b5-8848-57dc9f6fbb21 admin admin] Publish callbacks [] for security_group (7cf7fc94-a630-4c02-93e1-133f86d9cd57), precommit_create {{(pid=106307) _notify_loop /usr/local/lib/python3.8/dist-packages/neutron_lib/callbacks/manager.py:176}}
Aug 24 04:54:23.380601 dv-cinder-854266-1-smb neutron-server[106307]: DEBUG neutron_lib.callbacks.manager [None req-e5a1080b-d650-4688-a307-a8c42785a6de admin admin] Publish callbacks [] for security_group (2358274b-bd78-47ef-8b25-bb2bd1294d6f), before_delete {{(pid=106307) _notify_loop /usr/local/lib/python3.8/dist-packages/neutron_lib/callbacks/manager.py:176}}
Aug 24 04:54:23.611815 dv-cinder-854266-1-smb neutron-server[106307]: DEBUG neutron_lib.callbacks.manager [None req-c35275e2-b90c-46b5-8848-57dc9f6fbb21 admin admin] Publish callbacks ['neutron.plugins.ml2.ovo_rpc._ObjectChangeHandler.handle_event-551282'] for security_group (7cf7fc94-a630-4c02-93e1-133f86d9cd57), after_create {{(pid=106307) _notify_loop /usr/local/lib/python3.8/dist-packages/neutron_lib/callbacks/manager.py:176}}
Aug 24 04:54:23.731595 dv-cinder-854266-1-smb neutron-server[106307]: DEBUG novaclient.v2.client [-] REQ: curl -g -i --cacert "/opt/stack/data/ca-bundle.pem" -X POST http://10.222.0.85/compute/v2.1/os-server-external-events -H "Accept: application/json" -H "Content-Type: application/json" -H "User-Agent: python-novaclient" -H "X-Auth-Token: {SHA256}12ccde6977fec8caf8cecb361ae1c852467813c6e77addcd7c0a906007898563" -H "X-OpenStack-Nova-API-Version: 2.1" -H "X-OpenStack-Request-ID: req-0c4f3ba7-b20a-454b-b05f-e48366b517df" -d '{"events": [{"name": "network-changed", "server_uuid": "c3af9c85-4a07-41f6-86b5-8bc1a934975d", "tag": "f8f712d8-0914-4e55-a16d-50e5c46b61a8"}]}' {{(pid=106307) _http_log_request /usr/local/lib/python3.8/dist-packages/keystoneauth1/session.py:519}}
Aug 24 04:54:23.740927 dv-cinder-854266-1-smb neutron-server[106306]: DEBUG neutron.pecan_wsgi.hooks.policy_enforcement [req-46074bb0-e7c3-4616-8aba-16c7fe4bd926 req-a3115b77-9329-4806-9bc2-0cfc6d54f7f8 service neutron] Attributes excluded by policy engine: ['standard_attr_id'] {{(pid=106306) _exclude_attributes_by_policy /opt/stack/neutron/neutron/pecan_wsgi/hooks/policy_enforcement.py:259}}
Aug 24 04:54:23.742652 dv-cinder-854266-1-smb neutron-server[106306]: INFO neutron.wsgi [req-46074bb0-e7c3-4616-8aba-16c7fe4bd926 req-a3115b77-9329-4806-9bc2-0cfc6d54f7f8 service neutron] 10.222.0.52 "GET /networking/v2.0/ports?tenant_id=aec41d54d2e54cdd80b463f1c8af9b84&device_id=c3af9c85-4a07-41f6-86b5-8bc1a934975d HTTP/1.1" status: 200 len: 1127 time: 0.2589238
Aug 24 04:54:23.748505 dv-cinder-854266-1-smb neutron-server[106306]: DEBUG neutron.api.rpc.handlers.resources_rpc [None req-980b8172-4f35-4d9e-9fd3-4baa7eb518be service neutron] Pushing event updated for resources: {'Port': ['ID=dc1c967a-855a-4011-ab66-3e28302650f2,revision_number=3']} {{(pid=106306) push /opt/stack/neutron/neutron/api/rpc/handlers/resources_rpc.py:237}}
Aug 24 04:54:23.798500 dv-cinder-854266-1-smb neutron-server[106306]: INFO neutron.wsgi [req-8d342ddc-1917-43c5-9685-9f7c9bd0cdde req-a1272e3c-6262-4fbe-bb4b-ed79e13f8c5c tempest-AttachVolumeTestJSON-341317553 tempest-AttachVolumeTestJSON-341317553-project] 10.222.0.85 "GET /networking/v2.0/security-groups?name=tempest-securitygroup--1749082673&fields=id&tenant_id=26a288d5414446e68974ff81e6fe6bdc HTTP/1.1" status: 200 len: 267 time: 0.3166628
Aug 24 04:54:23.800969 dv-cinder-854266-1-smb neutron-server[106306]: INFO neutron.wsgi [req-fa290a8a-4446-4a5d-9afc-5b8ee31313dc req-4212f44a-d47f-4309-9330-75f11de6989f service neutron] 10.222.0.52 "GET /networking/v2.0/networks/b0fc2bf5-1a80-4466-9f9a-31a1a31d2cee?fields=provider%3Aphysical_network&fields=provider%3Anetwork_type HTTP/1.1" status: 200 len: 281 time: 0.3090940
Aug 24 04:54:23.871641 dv-cinder-854266-1-smb neutron-server[106307]: DEBUG neutron.api.rpc.handlers.resources_rpc [None req-c35275e2-b90c-46b5-8848-57dc9f6fbb21 admin admin] Pushing event updated for resources: {'SecurityGroup': ['ID=7cf7fc94-a630-4c02-93e1-133f86d9cd57,revision_number=1']} {{(pid=106307) push /opt/stack/neutron/neutron/api/rpc/handlers/resources_rpc.py:237}}
Aug 24 04:54:23.897538 dv-cinder-854266-1-smb neutron-server[106307]: DEBUG neutron.pecan_wsgi.hooks.policy_enforcement [req-b082a72b-b475-46c6-8a28-744a6260b0e2 req-679aef57-b1ee-439f-84db-46f20150dd2f service neutron] Attributes excluded by policy engine: ['standard_attr_id'] {{(pid=106307) _exclude_attributes_by_policy /opt/stack/neutron/neutron/pecan_wsgi/hooks/policy_enforcement.py:259}}
Aug 24 04:54:23.899586 dv-cinder-854266-1-smb neutron-server[106307]: INFO neutron.wsgi [req-b082a72b-b475-46c6-8a28-744a6260b0e2 req-679aef57-b1ee-439f-84db-46f20150dd2f service neutron] 10.222.0.52 "GET /networking/v2.0/ports?tenant_id=e24baea8cbb74113b5c5b891a4245b5c&device_id=7320b8ff-4f55-47b2-8433-2588a2880bee HTTP/1.1" status: 200 len: 1128 time: 0.5249679
Aug 24 04:54:23.921037 dv-cinder-854266-1-smb neutron-server[106307]: DEBUG neutron.api.rpc.handlers.resources_rpc [None req-dc7c29b5-5dd7-4ab0-a846-462d8486ac5a service neutron] Pushing event updated for resources: {'Port': ['ID=f8f712d8-0914-4e55-a16d-50e5c46b61a8,revision_number=3']} {{(pid=106307) push /opt/stack/neutron/neutron/api/rpc/handlers/resources_rpc.py:237}}
Aug 24 04:54:23.928322 dv-cinder-854266-1-smb neutron-server[106307]: DEBUG neutron_lib.callbacks.manager [None req-e5a1080b-d650-4688-a307-a8c42785a6de admin admin] Publish callbacks [] for security_group (2358274b-bd78-47ef-8b25-bb2bd1294d6f), precommit_delete {{(pid=106307) _notify_loop /usr/local/lib/python3.8/dist-packages/neutron_lib/callbacks/manager.py:176}}
Aug 24 04:54:23.946480 dv-cinder-854266-1-smb neutron-server[106307]: DEBUG neutron.pecan_wsgi.hooks.policy_enforcement [req-da54e99e-1e16-476b-aa8d-d877d3fd2764 req-87719d8e-f268-49bc-889e-49e7401b0013 tempest-DeleteServersTestJSON-2132095549 tempest-DeleteServersTestJSON-2132095549-project] Attributes excluded by policy engine: ['standard_attr_id', 'binding:profile', 'binding:host_id', 'binding:vif_type', 'binding:vif_details'] {{(pid=106307) _exclude_attributes_by_policy /opt/stack/neutron/neutron/pecan_wsgi/hooks/policy_enforcement.py:259}}
Aug 24 04:54:23.948995 dv-cinder-854266-1-smb neutron-server[106307]: INFO neutron.wsgi [req-da54e99e-1e16-476b-aa8d-d877d3fd2764 req-87719d8e-f268-49bc-889e-49e7401b0013 tempest-DeleteServersTestJSON-2132095549 tempest-DeleteServersTestJSON-2132095549-project] 10.222.0.85 "GET /networking/v2.0/ports?device_id=7320b8ff-4f55-47b2-8433-2588a2880bee HTTP/1.1" status: 200 len: 944 time: 0.6403439
Aug 24 04:54:23.970232 dv-cinder-854266-1-smb neutron-server[106307]: INFO neutron.wsgi [None req-c35275e2-b90c-46b5-8848-57dc9f6fbb21 admin admin] 10.222.0.85 "GET /networking/v2.0/security-groups?tenant_id=497c5fb9a1e147a182b792ae87374e08&name=default HTTP/1.1" status: 200 len: 2996 time: 2.5026038
Aug 24 04:54:23.983203 dv-cinder-854266-1-smb neutron-server[106307]: DEBUG neutron.wsgi [-] (106307) accepted ('10.222.0.85', 33216) {{(pid=106307) server /usr/local/lib/python3.8/dist-packages/eventlet/wsgi.py:1004}}
Aug 24 04:54:24.029329 dv-cinder-854266-1-smb neutron-server[106306]: INFO neutron.wsgi [req-46074bb0-e7c3-4616-8aba-16c7fe4bd926 req-4c37e899-582e-4c32-95f4-783468bc3f00 service neutron] 10.222.0.52 "GET /networking/v2.0/floatingips?fixed_ip_address=172.20.0.5&port_id=f8f712d8-0914-4e55-a16d-50e5c46b61a8 HTTP/1.1" status: 200 len: 217 time: 0.2162168
Aug 24 04:54:24.085411 dv-cinder-854266-1-smb neutron-server[106306]: DEBUG neutron.pecan_wsgi.hooks.policy_enforcement [req-8d342ddc-1917-43c5-9685-9f7c9bd0cdde req-c6a47c2b-914a-4cfa-852b-a496f9f91000 tempest-AttachVolumeTestJSON-341317553 tempest-AttachVolumeTestJSON-341317553-project] Attributes excluded by policy engine: ['standard_attr_id', 'vlan_transparent', 'provider:network_type', 'provider:physical_network', 'provider:segmentation_id'] {{(pid=106306) _exclude_attributes_by_policy /opt/stack/neutron/neutron/pecan_wsgi/hooks/policy_enforcement.py:259}}
Aug 24 04:54:24.095925 dv-cinder-854266-1-smb neutron-server[106306]: INFO neutron.wsgi [req-8d342ddc-1917-43c5-9685-9f7c9bd0cdde req-c6a47c2b-914a-4cfa-852b-a496f9f91000 tempest-AttachVolumeTestJSON-341317553 tempest-AttachVolumeTestJSON-341317553-project] 10.222.0.85 "GET /networking/v2.0/networks?id=f1bdf6d6-501a-4068-a9f5-219de3d4d0e6 HTTP/1.1" status: 200 len: 811 time: 0.2895613
Aug 24 04:54:24.120216 dv-cinder-854266-1-smb neutron-server[106306]: INFO neutron.wsgi [req-8d342ddc-1917-43c5-9685-9f7c9bd0cdde req-901999b4-e2cc-4d09-874f-506e89df0c77 tempest-AttachVolumeTestJSON-341317553 tempest-AttachVolumeTestJSON-341317553-project] 10.222.0.85 "GET /networking/v2.0/quotas/26a288d5414446e68974ff81e6fe6bdc HTTP/1.1" status: 200 len: 375 time: 0.0218573
Aug 24 04:54:24.155357 dv-cinder-854266-1-smb neutron-server[106307]: DEBUG dbcounter [-] [106307] Writing DB stats neutron:SELECT=90,neutron:INSERT=5,neutron:DELETE=3,neutron:UPDATE=2 {{(pid=106307) stat_writer /usr/local/lib/python3.8/dist-packages/dbcounter.py:114}}
Aug 24 04:54:24.188591 dv-cinder-854266-1-smb neutron-server[106307]: DEBUG neutron_lib.callbacks.manager [None req-3b0da797-543a-42f8-b480-5979def91b70 admin admin] Publish callbacks [] for security_group (7cf7fc94-a630-4c02-93e1-133f86d9cd57), before_delete {{(pid=106307) _notify_loop /usr/local/lib/python3.8/dist-packages/neutron_lib/callbacks/manager.py:176}}
Aug 24 04:54:24.219965 dv-cinder-854266-1-smb neutron-server[106307]: INFO neutron.wsgi [req-da54e99e-1e16-476b-aa8d-d877d3fd2764 req-8677c1b5-101b-4ff3-bb51-2ae458a0f00f tempest-DeleteServersTestJSON-2132095549 tempest-DeleteServersTestJSON-2132095549-project] 10.222.0.85 "GET /networking/v2.0/security-groups?id=9c95b1b3-5e2f-453b-80ed-c59f01ae5530&fields=id&fields=name HTTP/1.1" status: 200 len: 286 time: 0.2449882
Aug 24 04:54:24.225815 dv-cinder-854266-1-smb neutron-server[106307]: DEBUG neutron_lib.callbacks.manager [None req-e5a1080b-d650-4688-a307-a8c42785a6de admin admin] Publish callbacks ['neutron.plugins.ml2.ovo_rpc._ObjectChangeHandler.handle_event-551282'] for security_group (2358274b-bd78-47ef-8b25-bb2bd1294d6f), after_delete {{(pid=106307) _notify_loop /usr/local/lib/python3.8/dist-packages/neutron_lib/callbacks/manager.py:176}}
Aug 24 04:54:24.229466 dv-cinder-854266-1-smb neutron-server[106307]: DEBUG neutron_lib.callbacks.manager [None req-e5a1080b-d650-4688-a307-a8c42785a6de admin admin] Publish callbacks [] for security_group (None), before_response {{(pid=106307) _notify_loop /usr/local/lib/python3.8/dist-packages/neutron_lib/callbacks/manager.py:176}}
Aug 24 04:54:24.238308 dv-cinder-854266-1-smb neutron-server[106307]: INFO neutron.wsgi [None req-e5a1080b-d650-4688-a307-a8c42785a6de admin admin] 10.222.0.85 "DELETE /networking/v2.0/security-groups/2358274b-bd78-47ef-8b25-bb2bd1294d6f HTTP/1.1" status: 204 len: 168 time: 1.3403499
Aug 24 04:54:24.240526 dv-cinder-854266-1-smb neutron-server[106306]: INFO neutron.wsgi [req-8d342ddc-1917-43c5-9685-9f7c9bd0cdde req-5a56341e-a992-40f3-a46c-711b09f8e74b tempest-AttachVolumeTestJSON-341317553 tempest-AttachVolumeTestJSON-341317553-project] 10.222.0.85 "GET /networking/v2.0/ports?tenant_id=26a288d5414446e68974ff81e6fe6bdc&fields=id HTTP/1.1" status: 200 len: 302 time: 0.1166623
Aug 24 04:54:24.278484 dv-cinder-854266-1-smb neutron-server[106307]: DEBUG neutron.api.rpc.handlers.resources_rpc [None req-e5a1080b-d650-4688-a307-a8c42785a6de admin admin] Pushing event deleted for resources: {'SecurityGroup': ['ID=2358274b-bd78-47ef-8b25-bb2bd1294d6f,revision_number=None']} {{(pid=106307) push /opt/stack/neutron/neutron/api/rpc/handlers/resources_rpc.py:237}}
Aug 24 04:54:24.303823 dv-cinder-854266-1-smb neutron-server[106307]: DEBUG neutron_lib.callbacks.manager [None req-3b0da797-543a-42f8-b480-5979def91b70 admin admin] Publish callbacks [] for security_group (7cf7fc94-a630-4c02-93e1-133f86d9cd57), precommit_delete {{(pid=106307) _notify_loop /usr/local/lib/python3.8/dist-packages/neutron_lib/callbacks/manager.py:176}}
Aug 24 04:54:24.384819 dv-cinder-854266-1-smb neutron-server[106306]: DEBUG novaclient.v2.client [-] RESP: [200] Connection: close Content-Length: 179 Content-Type: application/json Date: Wed, 24 Aug 2022 04:54:23 GMT OpenStack-API-Version: compute 2.1 Server: Apache/2.4.41 (Ubuntu) Vary: OpenStack-API-Version,X-OpenStack-Nova-API-Version X-OpenStack-Nova-API-Version: 2.1 x-compute-request-id: req-451d6cac-2030-4bc9-94fc-b84c0d46445c x-openstack-request-id: req-451d6cac-2030-4bc9-94fc-b84c0d46445c {{(pid=106306) _http_log_response /usr/local/lib/python3.8/dist-packages/keystoneauth1/session.py:550}}
Aug 24 04:54:24.385098 dv-cinder-854266-1-smb neutron-server[106306]: DEBUG novaclient.v2.client [-] RESP BODY: {"events": [{"name": "network-changed", "server_uuid": "7320b8ff-4f55-47b2-8433-2588a2880bee", "tag": "dc1c967a-855a-4011-ab66-3e28302650f2", "status": "completed", "code": 200}]} {{(pid=106306) _http_log_response /usr/local/lib/python3.8/dist-packages/keystoneauth1/session.py:582}}
Aug 24 04:54:24.385388 dv-cinder-854266-1-smb neutron-server[106306]: DEBUG novaclient.v2.client [-] POST call to compute for http://10.222.0.85/compute/v2.1/os-server-external-events used request id req-451d6cac-2030-4bc9-94fc-b84c0d46445c {{(pid=106306) request /usr/local/lib/python3.8/dist-packages/keystoneauth1/session.py:954}}
Aug 24 04:54:24.385747 dv-cinder-854266-1-smb neutron-server[106306]: INFO neutron.notifiers.nova [-] Nova event matching ['req-451d6cac-2030-4bc9-94fc-b84c0d46445c'] response: {'name': 'network-changed', 'server_uuid': '7320b8ff-4f55-47b2-8433-2588a2880bee', 'tag': 'dc1c967a-855a-4011-ab66-3e28302650f2', 'status': 'completed', 'code': 200}
Aug 24 04:54:24.569183 dv-cinder-854266-1-smb neutron-server[106306]: DEBUG neutron.pecan_wsgi.hooks.policy_enforcement [req-e3a78e72-0b2a-444f-aaac-d7851e4a4c07 req-d7b6f25a-cdf4-492f-a747-515532864b51 service neutron] Attributes excluded by policy engine: ['standard_attr_id'] {{(pid=106306) _exclude_attributes_by_policy /opt/stack/neutron/neutron/pecan_wsgi/hooks/policy_enforcement.py:259}}
Aug 24 04:54:24.571783 dv-cinder-854266-1-smb neutron-server[106306]: INFO neutron.wsgi [req-e3a78e72-0b2a-444f-aaac-d7851e4a4c07 req-d7b6f25a-cdf4-492f-a747-515532864b51 service neutron] 10.222.0.52 "GET /networking/v2.0/ports?tenant_id=aec41d54d2e54cdd80b463f1c8af9b84&device_id=756b0a59-d42a-404b-976d-44469e86918c HTTP/1.1" status: 200 len: 1127 time: 0.0897954
Aug 24 04:54:24.634284 dv-cinder-854266-1-smb neutron-server[106307]: INFO neutron.wsgi [req-b082a72b-b475-46c6-8a28-744a6260b0e2 req-5bca2ce5-d425-4c16-99a2-8dfcc0d60c71 service neutron] 10.222.0.52 "GET /networking/v2.0/floatingips?fixed_ip_address=172.20.0.10&port_id=dc1c967a-855a-4011-ab66-3e28302650f2 HTTP/1.1" status: 200 len: 217 time: 0.2177384
Aug 24 04:54:24.653794 dv-cinder-854266-1-smb neutron-server[106307]: DEBUG neutron.notifiers.nova [req-751b66fa-612e-4556-a4e5-c7196e8c3537 req-f760caa2-a42d-43e6-8bee-3d4e01db3f63 service neutron] Ignoring state change previous_port_status: DOWN current_port_status: DOWN port_id b0850e87-be19-4000-b31e-fd60baad9fea {{(pid=106307) record_port_status_changed /opt/stack/neutron/neutron/notifiers/nova.py:233}}
Aug 24 04:54:24.672884 dv-cinder-854266-1-smb neutron-server[106306]: DEBUG dbcounter [-] [106306] Writing DB stats neutron:SELECT=97,neutron:UPDATE=2,neutron:INSERT=1 {{(pid=106306) stat_writer /usr/local/lib/python3.8/dist-packages/dbcounter.py:114}}
Aug 24 04:54:24.731500 dv-cinder-854266-1-smb neutron-server[106307]: DEBUG neutron_lib.callbacks.manager [req-751b66fa-612e-4556-a4e5-c7196e8c3537 req-f760caa2-a42d-43e6-8bee-3d4e01db3f63 service neutron] Publish callbacks [] for port (b0850e87-be19-4000-b31e-fd60baad9fea), precommit_update {{(pid=106307) _notify_loop /usr/local/lib/python3.8/dist-packages/neutron_lib/callbacks/manager.py:176}}
Aug 24 04:54:24.791848 dv-cinder-854266-1-smb neutron-server[106306]: DEBUG neutron.pecan_wsgi.hooks.policy_enforcement [req-46074bb0-e7c3-4616-8aba-16c7fe4bd926 req-0062cf15-f6a3-4162-9ffc-d4ff95ddea54 service neutron] Attributes excluded by policy engine: ['standard_attr_id', 'shared', 'segment_id'] {{(pid=106306) _exclude_attributes_by_policy /opt/stack/neutron/neutron/pecan_wsgi/hooks/policy_enforcement.py:259}}
Aug 24 04:54:24.793313 dv-cinder-854266-1-smb neutron-server[106306]: INFO neutron.wsgi [req-46074bb0-e7c3-4616-8aba-16c7fe4bd926 req-0062cf15-f6a3-4162-9ffc-d4ff95ddea54 service neutron] 10.222.0.52 "GET /networking/v2.0/subnets?id=c55b6b1c-3c2d-4d7c-bd37-7e6ab0d28c25 HTTP/1.1" status: 200 len: 858 time: 0.4067760
Aug 24 04:54:24.856359 dv-cinder-854266-1-smb neutron-server[106307]: DEBUG neutron.pecan_wsgi.hooks.policy_enforcement [req-346685e0-a7df-46aa-a95f-64e1d2723cd7 req-1a8424d5-ed66-4ad7-b43b-6c45a8f5146a tempest-AttachVolumeNegativeTest-1377756907 tempest-AttachVolumeNegativeTest-1377756907-project] Attributes excluded by policy engine: ['standard_attr_id', 'binding:profile', 'binding:host_id', 'binding:vif_type', 'binding:vif_details'] {{(pid=106307) _exclude_attributes_by_policy /opt/stack/neutron/neutron/pecan_wsgi/hooks/policy_enforcement.py:259}}
Aug 24 04:54:24.858160 dv-cinder-854266-1-smb neutron-server[106307]: INFO neutron.wsgi [req-346685e0-a7df-46aa-a95f-64e1d2723cd7 req-1a8424d5-ed66-4ad7-b43b-6c45a8f5146a tempest-AttachVolumeNegativeTest-1377756907 tempest-AttachVolumeNegativeTest-1377756907-project] 10.222.0.85 "GET /networking/v2.0/ports?device_id=56db4a4b-fe52-4184-bb33-b375adfcb4e9 HTTP/1.1" status: 200 len: 931 time: 0.3477144
Aug 24 04:54:24.905611 dv-cinder-854266-1-smb neutron-server[106307]: DEBUG neutron.db.provisioning_blocks [req-751b66fa-612e-4556-a4e5-c7196e8c3537 req-f760caa2-a42d-43e6-8bee-3d4e01db3f63 service neutron] Transition to ACTIVE for port object b0850e87-be19-4000-b31e-fd60baad9fea will not be triggered until provisioned by entity L2. {{(pid=106307) add_provisioning_component /opt/stack/neutron/neutron/db/provisioning_blocks.py:74}}
Aug 24 04:54:24.921514 dv-cinder-854266-1-smb neutron-server[106307]: DEBUG neutron_lib.callbacks.manager [None req-3b0da797-543a-42f8-b480-5979def91b70 admin admin] Publish callbacks ['neutron.plugins.ml2.ovo_rpc._ObjectChangeHandler.handle_event-551282'] for security_group (7cf7fc94-a630-4c02-93e1-133f86d9cd57), after_delete {{(pid=106307) _notify_loop /usr/local/lib/python3.8/dist-packages/neutron_lib/callbacks/manager.py:176}}
Aug 24 04:54:24.927100 dv-cinder-854266-1-smb neutron-server[106307]: DEBUG neutron_lib.callbacks.manager [None req-3b0da797-543a-42f8-b480-5979def91b70 admin admin] Publish callbacks [] for security_group (None), before_response {{(pid=106307) _notify_loop /usr/local/lib/python3.8/dist-packages/neutron_lib/callbacks/manager.py:176}}
Aug 24 04:54:24.929917 dv-cinder-854266-1-smb neutron-server[106307]: INFO neutron.wsgi [None req-3b0da797-543a-42f8-b480-5979def91b70 admin admin] 10.222.0.85 "DELETE /networking/v2.0/security-groups/7cf7fc94-a630-4c02-93e1-133f86d9cd57 HTTP/1.1" status: 204 len: 168 time: 0.9450524
Aug 24 04:54:25.003574 dv-cinder-854266-1-smb neutron-server[106307]: DEBUG neutron.api.rpc.handlers.resources_rpc [None req-3b0da797-543a-42f8-b480-5979def91b70 admin admin] Pushing event deleted for resources: {'SecurityGroup': ['ID=7cf7fc94-a630-4c02-93e1-133f86d9cd57,revision_number=None']} {{(pid=106307) push /opt/stack/neutron/neutron/api/rpc/handlers/resources_rpc.py:237}}
Aug 24 04:54:25.007427 dv-cinder-854266-1-smb neutron-server[106307]: DEBUG neutron_lib.callbacks.manager [req-751b66fa-612e-4556-a4e5-c7196e8c3537 req-f760caa2-a42d-43e6-8bee-3d4e01db3f63 service neutron] Publish callbacks ['neutron.plugins.ml2.plugin.SecurityGroupServerNotifierRpcMixin._notify_sg_on_port_change-1628897', 'neutron.plugins.ml2.ovo_rpc._ObjectChangeHandler.handle_event-468959', 'neutron.api.rpc.agentnotifiers.dhcp_rpc_agent_api.DhcpAgentNotifyAPI._native_event_send_dhcp_notification-527251', 'neutron.db.l3_db.L3RpcNotifierMixin._notify_gateway_port_ip_changed-8753668389124', 'neutron.db.l3_dvrscheduler_db._notify_l3_agent_port_update-8753667997013', 'neutron.db.l3_hascheduler_db._notify_l3_agent_ha_port_update-8753667997031', 'neutron.services.segments.plugin.NovaSegmentNotifier._notify_port_updated-5926898'] for port (b0850e87-be19-4000-b31e-fd60baad9fea), after_update {{(pid=106307) _notify_loop /usr/local/lib/python3.8/dist-packages/neutron_lib/callbacks/manager.py:176}}
Aug 24 04:54:25.030332 dv-cinder-854266-1-smb neutron-server[106307]: DEBUG neutron.pecan_wsgi.hooks.policy_enforcement [req-b082a72b-b475-46c6-8a28-744a6260b0e2 req-812ea815-2e90-464c-a29c-f29cb02b7b16 service neutron] Attributes excluded by policy engine: ['standard_attr_id', 'shared', 'segment_id'] {{(pid=106307) _exclude_attributes_by_policy /opt/stack/neutron/neutron/pecan_wsgi/hooks/policy_enforcement.py:259}}
Aug 24 04:54:25.044059 dv-cinder-854266-1-smb neutron-server[106307]: INFO neutron.wsgi [req-b082a72b-b475-46c6-8a28-744a6260b0e2 req-812ea815-2e90-464c-a29c-f29cb02b7b16 service neutron] 10.222.0.52 "GET /networking/v2.0/subnets?id=8125de87-e605-476e-aa9d-5a884f0cd8e0 HTTP/1.1" status: 200 len: 850 time: 0.3926156
Aug 24 04:54:25.132746 dv-cinder-854266-1-smb neutron-server[106306]: DEBUG neutron.pecan_wsgi.hooks.policy_enforcement [req-e3a78e72-0b2a-444f-aaac-d7851e4a4c07 req-770b1d7e-0101-48ea-97e6-3d6258178dbe service neutron] Attributes excluded by policy engine: ['standard_attr_id', 'vlan_transparent'] {{(pid=106306) _exclude_attributes_by_policy /opt/stack/neutron/neutron/pecan_wsgi/hooks/policy_enforcement.py:259}}
Aug 24 04:54:25.135229 dv-cinder-854266-1-smb neutron-server[106306]: INFO neutron.wsgi [req-e3a78e72-0b2a-444f-aaac-d7851e4a4c07 req-770b1d7e-0101-48ea-97e6-3d6258178dbe service neutron] 10.222.0.52 "GET /networking/v2.0/networks?id=b0fc2bf5-1a80-4466-9f9a-31a1a31d2cee HTTP/1.1" status: 200 len: 921 time: 0.5204258
Aug 24 04:54:25.166938 dv-cinder-854266-1-smb neutron-server[106306]: INFO neutron.wsgi [req-8d342ddc-1917-43c5-9685-9f7c9bd0cdde req-acf7d615-4fc6-4654-8f15-b26128f5ed4b service neutron] 10.222.0.85 "GET /networking/v2.0/networks/f1bdf6d6-501a-4068-a9f5-219de3d4d0e6?fields=segments HTTP/1.1" status: 200 len: 212 time: 0.9139860
Aug 24 04:54:25.237746 dv-cinder-854266-1-smb neutron-server[106306]: INFO neutron.wsgi [req-e3a78e72-0b2a-444f-aaac-d7851e4a4c07 req-f84f5c30-1780-460a-8507-5c3de4a7abd6 service neutron] 10.222.0.52 "GET /networking/v2.0/floatingips?fixed_ip_address=172.20.0.9&port_id=dfde3efc-63a4-4413-a88e-f4722565bf0d HTTP/1.1" status: 200 len: 217 time: 0.0682425
Aug 24 04:54:25.243696 dv-cinder-854266-1-smb neutron-server[106306]: DEBUG dbcounter [-] [106306] Writing DB stats neutron:SELECT=100 {{(pid=106306) stat_writer /usr/local/lib/python3.8/dist-packages/dbcounter.py:114}}
Aug 24 04:54:25.275957 dv-cinder-854266-1-smb neutron-server[106306]: DEBUG neutron.pecan_wsgi.hooks.policy_enforcement [req-46074bb0-e7c3-4616-8aba-16c7fe4bd926 req-84ac8c5b-bc58-4c72-93d8-b00f4a917f8b service neutron] Attributes excluded by policy engine: ['standard_attr_id'] {{(pid=106306) _exclude_attributes_by_policy /opt/stack/neutron/neutron/pecan_wsgi/hooks/policy_enforcement.py:259}}
Aug 24 04:54:25.277673 dv-cinder-854266-1-smb neutron-server[106306]: INFO neutron.wsgi [req-46074bb0-e7c3-4616-8aba-16c7fe4bd926 req-84ac8c5b-bc58-4c72-93d8-b00f4a917f8b service neutron] 10.222.0.52 "GET /networking/v2.0/ports?network_id=b0fc2bf5-1a80-4466-9f9a-31a1a31d2cee&device_owner=network%3Adhcp HTTP/1.1" status: 200 len: 1210 time: 0.4601517
Aug 24 04:54:25.320822 dv-cinder-854266-1-smb neutron-server[106306]: DEBUG neutron.wsgi [-] (106306) accepted ('10.222.0.85', 33252) {{(pid=106306) server /usr/local/lib/python3.8/dist-packages/eventlet/wsgi.py:1004}}
Aug 24 04:54:25.346331 dv-cinder-854266-1-smb neutron-server[106307]: DEBUG neutron.pecan_wsgi.hooks.policy_enforcement [req-b082a72b-b475-46c6-8a28-744a6260b0e2 req-dd04a8fd-dae1-4b25-82fe-7fb385507467 service neutron] Attributes excluded by policy engine: ['standard_attr_id'] {{(pid=106307) _exclude_attributes_by_policy /opt/stack/neutron/neutron/pecan_wsgi/hooks/policy_enforcement.py:259}}
Aug 24 04:54:25.347677 dv-cinder-854266-1-smb neutron-server[106307]: INFO neutron.wsgi [req-b082a72b-b475-46c6-8a28-744a6260b0e2 req-dd04a8fd-dae1-4b25-82fe-7fb385507467 service neutron] 10.222.0.52 "GET /networking/v2.0/ports?network_id=88e6c170-eed5-4b60-b327-da9f6c11011c&device_owner=network%3Adhcp HTTP/1.1" status: 200 len: 1210 time: 0.2179539
Aug 24 04:54:25.353747 dv-cinder-854266-1-smb neutron-server[106307]: INFO neutron.wsgi [req-346685e0-a7df-46aa-a95f-64e1d2723cd7 req-2b14ed19-a02f-4810-9c3d-8314e6bb045b tempest-AttachVolumeNegativeTest-1377756907 tempest-AttachVolumeNegativeTest-1377756907-project] 10.222.0.85 "GET /networking/v2.0/security-groups?id=d31ffbc1-8d62-4da8-a385-86efd1dfdf4b&fields=id&fields=name HTTP/1.1" status: 200 len: 312 time: 0.4707880
Aug 24 04:54:25.354167 dv-cinder-854266-1-smb neutron-server[106307]: DEBUG dbcounter [-] [106307] Writing DB stats neutron:SELECT=94,neutron:DELETE=4,neutron:UPDATE=2 {{(pid=106307) stat_writer /usr/local/lib/python3.8/dist-packages/dbcounter.py:114}}
Aug 24 04:54:25.431307 dv-cinder-854266-1-smb neutron-server[106307]: DEBUG neutron.api.rpc.handlers.resources_rpc [None req-f760caa2-a42d-43e6-8bee-3d4e01db3f63 service neutron] Pushing event updated for resources: {'Port': ['ID=b0850e87-be19-4000-b31e-fd60baad9fea,revision_number=2']} {{(pid=106307) push /opt/stack/neutron/neutron/api/rpc/handlers/resources_rpc.py:237}}
Aug 24 04:54:25.441941 dv-cinder-854266-1-smb neutron-server[106307]: DEBUG neutron.plugins.ml2.managers [req-751b66fa-612e-4556-a4e5-c7196e8c3537 req-f760caa2-a42d-43e6-8bee-3d4e01db3f63 service neutron] Attempting to bind port b0850e87-be19-4000-b31e-fd60baad9fea on host hv-cinder-85426 for vnic_type normal with profile {{(pid=106307) bind_port /opt/stack/neutron/neutron/plugins/ml2/managers.py:810}}
Aug 24 04:54:25.442362 dv-cinder-854266-1-smb neutron-server[106307]: DEBUG neutron.plugins.ml2.managers [req-751b66fa-612e-4556-a4e5-c7196e8c3537 req-f760caa2-a42d-43e6-8bee-3d4e01db3f63 service neutron] Attempting to bind port b0850e87-be19-4000-b31e-fd60baad9fea by drivers openvswitch,hyperv on host hv-cinder-85426 at level 0 using segments [{'id': '8909b274-3451-47a1-acf7-8b30b2765b84', 'network_type': 'vlan', 'physical_network': 'physnet1', 'segmentation_id': 1301, 'network_id': 'f04a2a7c-d25b-44ed-b061-14068cac7c19'}] {{(pid=106307) _bind_port_level /opt/stack/neutron/neutron/plugins/ml2/managers.py:835}}
Aug 24 04:54:25.442703 dv-cinder-854266-1-smb neutron-server[106307]: DEBUG neutron.plugins.ml2.drivers.mech_agent [req-751b66fa-612e-4556-a4e5-c7196e8c3537 req-f760caa2-a42d-43e6-8bee-3d4e01db3f63 service neutron] Attempting to bind port b0850e87-be19-4000-b31e-fd60baad9fea on network f04a2a7c-d25b-44ed-b061-14068cac7c19 {{(pid=106307) bind_port /opt/stack/neutron/neutron/plugins/ml2/drivers/mech_agent.py:91}}
Aug 24 04:54:25.455375 dv-cinder-854266-1-smb neutron-server[106307]: DEBUG neutron.plugins.ml2.drivers.mech_agent [req-751b66fa-612e-4556-a4e5-c7196e8c3537 req-f760caa2-a42d-43e6-8bee-3d4e01db3f63 service neutron] Port b0850e87-be19-4000-b31e-fd60baad9fea on network f04a2a7c-d25b-44ed-b061-14068cac7c19 not bound, no agent of type Open vSwitch agent registered on host hv-cinder-85426 {{(pid=106307) bind_port /opt/stack/neutron/neutron/plugins/ml2/drivers/mech_agent.py:103}}
Aug 24 04:54:25.456238 dv-cinder-854266-1-smb neutron-server[106307]: DEBUG neutron.plugins.ml2.drivers.mech_agent [req-751b66fa-612e-4556-a4e5-c7196e8c3537 req-f760caa2-a42d-43e6-8bee-3d4e01db3f63 service neutron] Attempting to bind port b0850e87-be19-4000-b31e-fd60baad9fea on network f04a2a7c-d25b-44ed-b061-14068cac7c19 {{(pid=106307) bind_port /opt/stack/neutron/neutron/plugins/ml2/drivers/mech_agent.py:91}}
Aug 24 04:54:25.508954 dv-cinder-854266-1-smb neutron-server[106307]: DEBUG neutron.plugins.ml2.drivers.mech_agent [req-751b66fa-612e-4556-a4e5-c7196e8c3537 req-f760caa2-a42d-43e6-8bee-3d4e01db3f63 service neutron] Checking agent: {'id': '3272e7a5-e9a9-4fab-bf22-411d74386729', 'agent_type': 'HyperV agent', 'binary': 'neutron-hyperv-agent', 'topic': 'N/A', 'host': 'hv-cinder-85426', 'admin_state_up': True, 'created_at': datetime.datetime(2022, 8, 24, 4, 51, 44), 'started_at': datetime.datetime(2022, 8, 24, 4, 51, 44), 'heartbeat_timestamp': datetime.datetime(2022, 8, 24, 4, 54, 14), 'description': None, 'resources_synced': None, 'availability_zone': None, 'alive': True, 'configurations': {'vswitch_mappings': {'physnet1$': 'br-data'}}, 'resource_versions': {}} {{(pid=106307) bind_port /opt/stack/neutron/neutron/plugins/ml2/drivers/mech_agent.py:110}}
Aug 24 04:54:25.509391 dv-cinder-854266-1-smb neutron-server[106307]: DEBUG neutron.plugins.ml2.drivers.mech_agent [req-751b66fa-612e-4556-a4e5-c7196e8c3537 req-f760caa2-a42d-43e6-8bee-3d4e01db3f63 service neutron] Checking segment: {'id': '8909b274-3451-47a1-acf7-8b30b2765b84', 'network_type': 'vlan', 'physical_network': 'physnet1', 'segmentation_id': 1301, 'network_id': 'f04a2a7c-d25b-44ed-b061-14068cac7c19'} for mappings: {'physnet1$': 'br-data'} with network types: ['local', 'flat', 'vlan'] {{(pid=106307) check_segment_for_agent /opt/stack/neutron/neutron/plugins/ml2/drivers/mech_agent.py:373}}
Aug 24 04:54:25.509830 dv-cinder-854266-1-smb neutron-server[106307]: DEBUG neutron.plugins.ml2.drivers.mech_agent [req-751b66fa-612e-4556-a4e5-c7196e8c3537 req-f760caa2-a42d-43e6-8bee-3d4e01db3f63 service neutron] Bound using segment: {'id': '8909b274-3451-47a1-acf7-8b30b2765b84', 'network_type': 'vlan', 'physical_network': 'physnet1', 'segmentation_id': 1301, 'network_id': 'f04a2a7c-d25b-44ed-b061-14068cac7c19'} {{(pid=106307) bind_port /opt/stack/neutron/neutron/plugins/ml2/drivers/mech_agent.py:120}}
Aug 24 04:54:25.510344 dv-cinder-854266-1-smb neutron-server[106307]: DEBUG neutron.plugins.ml2.managers [req-751b66fa-612e-4556-a4e5-c7196e8c3537 req-f760caa2-a42d-43e6-8bee-3d4e01db3f63 service neutron] Bound port: b0850e87-be19-4000-b31e-fd60baad9fea, host: hv-cinder-85426, vif_type: hyperv, vif_details: {"connectivity": "legacy", "port_filter": false}, binding_levels: [{'bound_driver': 'hyperv', 'bound_segment': {'id': '8909b274-3451-47a1-acf7-8b30b2765b84', 'network_type': 'vlan', 'physical_network': 'physnet1', 'segmentation_id': 1301, 'network_id': 'f04a2a7c-d25b-44ed-b061-14068cac7c19'}}] {{(pid=106307) _bind_port_level /opt/stack/neutron/neutron/plugins/ml2/managers.py:947}}
Aug 24 04:54:25.510763 dv-cinder-854266-1-smb neutron-server[106307]: DEBUG neutron_lib.callbacks.manager [req-751b66fa-612e-4556-a4e5-c7196e8c3537 req-f760caa2-a42d-43e6-8bee-3d4e01db3f63 service neutron] Publish callbacks ['neutron.plugins.ml2.plugin.SecurityGroupDbMixin._ensure_default_security_group_handler-1629476'] for port (b0850e87-be19-4000-b31e-fd60baad9fea), before_update {{(pid=106307) _notify_loop /usr/local/lib/python3.8/dist-packages/neutron_lib/callbacks/manager.py:176}}
Aug 24 04:54:25.538557 dv-cinder-854266-1-smb neutron-server[106306]: DEBUG neutron.pecan_wsgi.hooks.policy_enforcement [req-e3a78e72-0b2a-444f-aaac-d7851e4a4c07 req-94a8f6a2-4cf5-493f-87ff-7ea32359c4c6 service neutron] Attributes excluded by policy engine: ['standard_attr_id', 'shared', 'segment_id'] {{(pid=106306) _exclude_attributes_by_policy /opt/stack/neutron/neutron/pecan_wsgi/hooks/policy_enforcement.py:259}}
Aug 24 04:54:25.539160 dv-cinder-854266-1-smb neutron-server[106307]: DEBUG neutron.pecan_wsgi.hooks.policy_enforcement [req-aca0cc65-00d0-44ed-86af-b30cf2d5fb43 req-5422effa-d1cd-41e5-945f-711d90385429 tempest-ServerRescueNegativeTestJSON-912927794 tempest-ServerRescueNegativeTestJSON-912927794-project] Attributes excluded by policy engine: ['standard_attr_id', 'binding:profile', 'binding:host_id', 'binding:vif_type', 'binding:vif_details'] {{(pid=106307) _exclude_attributes_by_policy /opt/stack/neutron/neutron/pecan_wsgi/hooks/policy_enforcement.py:259}}
Aug 24 04:54:25.540058 dv-cinder-854266-1-smb neutron-server[106306]: INFO neutron.wsgi [req-e3a78e72-0b2a-444f-aaac-d7851e4a4c07 req-94a8f6a2-4cf5-493f-87ff-7ea32359c4c6 service neutron] 10.222.0.52 "GET /networking/v2.0/subnets?id=c55b6b1c-3c2d-4d7c-bd37-7e6ab0d28c25 HTTP/1.1" status: 200 len: 858 time: 0.2182322
Aug 24 04:54:25.540776 dv-cinder-854266-1-smb neutron-server[106306]: DEBUG neutron_lib.callbacks.manager [None req-edbd1a67-a761-4e09-a111-2a7991d8a654 admin admin] Publish callbacks [] for security_group (None), before_create {{(pid=106306) _notify_loop /usr/local/lib/python3.8/dist-packages/neutron_lib/callbacks/manager.py:176}}
Aug 24 04:54:25.540901 dv-cinder-854266-1-smb neutron-server[106307]: INFO neutron.wsgi [req-aca0cc65-00d0-44ed-86af-b30cf2d5fb43 req-5422effa-d1cd-41e5-945f-711d90385429 tempest-ServerRescueNegativeTestJSON-912927794 tempest-ServerRescueNegativeTestJSON-912927794-project] 10.222.0.85 "GET /networking/v2.0/ports?device_id=756b0a59-d42a-404b-976d-44469e86918c HTTP/1.1" status: 200 len: 943 time: 0.0702529
Aug 24 04:54:25.573611 dv-cinder-854266-1-smb neutron-server[106306]: INFO neutron.wsgi [req-8d342ddc-1917-43c5-9685-9f7c9bd0cdde req-ab9c039b-574f-422b-9d5d-4454749e4928 service neutron] 10.222.0.85 "GET /networking/v2.0/networks/f1bdf6d6-501a-4068-a9f5-219de3d4d0e6?fields=provider%3Aphysical_network&fields=provider%3Anetwork_type HTTP/1.1" status: 200 len: 281 time: 0.4053502
Aug 24 04:54:25.647447 dv-cinder-854266-1-smb neutron-server[106307]: DEBUG neutron.plugins.ml2.db [req-751b66fa-612e-4556-a4e5-c7196e8c3537 req-f760caa2-a42d-43e6-8bee-3d4e01db3f63 service neutron] For port b0850e87-be19-4000-b31e-fd60baad9fea, host hv-cinder-85426, cleared binding levels {{(pid=106307) clear_binding_levels /opt/stack/neutron/neutron/plugins/ml2/db.py:87}}
Aug 24 04:54:25.650287 dv-cinder-854266-1-smb neutron-server[106306]: INFO neutron.wsgi [req-46074bb0-e7c3-4616-8aba-16c7fe4bd926 req-ea07317a-4096-46f4-9398-68319c3d6e92 service neutron] 10.222.0.52 "GET /networking/v2.0/networks/b0fc2bf5-1a80-4466-9f9a-31a1a31d2cee?fields=segments HTTP/1.1" status: 200 len: 212 time: 0.3268645
Aug 24 04:54:25.652776 dv-cinder-854266-1-smb neutron-server[106307]: DEBUG neutron.plugins.ml2.db [req-751b66fa-612e-4556-a4e5-c7196e8c3537 req-f760caa2-a42d-43e6-8bee-3d4e01db3f63 service neutron] For port b0850e87-be19-4000-b31e-fd60baad9fea, host hv-cinder-85426, set binding levels [PortBindingLevel(driver='hyperv',host='hv-cinder-85426',level=0,port_id=b0850e87-be19-4000-b31e-fd60baad9fea,segment=NetworkSegment(8909b274-3451-47a1-acf7-8b30b2765b84),segment_id=8909b274-3451-47a1-acf7-8b30b2765b84)] {{(pid=106307) set_binding_levels /opt/stack/neutron/neutron/plugins/ml2/db.py:59}}
Aug 24 04:54:25.658457 dv-cinder-854266-1-smb neutron-server[106307]: INFO neutron.wsgi [req-aca0cc65-00d0-44ed-86af-b30cf2d5fb43 req-12c4db14-d388-482e-94c1-6effe331fbb9 tempest-ServerRescueNegativeTestJSON-912927794 tempest-ServerRescueNegativeTestJSON-912927794-project] 10.222.0.85 "GET /networking/v2.0/security-groups?id=4ed87f17-4772-4be2-9815-07c58df6f114&fields=id&fields=name HTTP/1.1" status: 200 len: 286 time: 0.0939651
Aug 24 04:54:25.668388 dv-cinder-854266-1-smb neutron-server[106307]: DEBUG neutron_lib.callbacks.manager [req-751b66fa-612e-4556-a4e5-c7196e8c3537 req-f760caa2-a42d-43e6-8bee-3d4e01db3f63 service neutron] Publish callbacks ['neutron.plugins.ml2.plugin.SecurityGroupServerNotifierRpcMixin._notify_sg_on_port_change-1628897', 'neutron.plugins.ml2.ovo_rpc._ObjectChangeHandler.handle_event-468959', 'neutron.api.rpc.agentnotifiers.dhcp_rpc_agent_api.DhcpAgentNotifyAPI._native_event_send_dhcp_notification-527251', 'neutron.db.l3_db.L3RpcNotifierMixin._notify_gateway_port_ip_changed-8753668389124', 'neutron.db.l3_dvrscheduler_db._notify_l3_agent_port_update-8753667997013', 'neutron.db.l3_hascheduler_db._notify_l3_agent_ha_port_update-8753667997031', 'neutron.services.segments.plugin.NovaSegmentNotifier._notify_port_updated-5926898'] for port (b0850e87-be19-4000-b31e-fd60baad9fea), after_update {{(pid=106307) _notify_loop /usr/local/lib/python3.8/dist-packages/neutron_lib/callbacks/manager.py:176}}
Aug 24 04:54:25.674473 dv-cinder-854266-1-smb neutron-server[106307]: DEBUG neutron.pecan_wsgi.hooks.policy_enforcement [req-751b66fa-612e-4556-a4e5-c7196e8c3537 req-f760caa2-a42d-43e6-8bee-3d4e01db3f63 service neutron] Attributes excluded by policy engine: ['standard_attr_id'] {{(pid=106307) _exclude_attributes_by_policy /opt/stack/neutron/neutron/pecan_wsgi/hooks/policy_enforcement.py:259}}
Aug 24 04:54:25.675359 dv-cinder-854266-1-smb neutron-server[106307]: DEBUG neutron_lib.callbacks.manager [req-751b66fa-612e-4556-a4e5-c7196e8c3537 req-f760caa2-a42d-43e6-8bee-3d4e01db3f63 service neutron] Publish callbacks ['neutron.notifiers.nova.Notifier._send_nova_notification-21088', 'neutron.api.rpc.agentnotifiers.dhcp_rpc_agent_api.DhcpAgentNotifyAPI._send_dhcp_notification-527333'] for port (None), before_response {{(pid=106307) _notify_loop /usr/local/lib/python3.8/dist-packages/neutron_lib/callbacks/manager.py:176}}
Aug 24 04:54:25.677174 dv-cinder-854266-1-smb neutron-server[106307]: INFO neutron.wsgi [req-751b66fa-612e-4556-a4e5-c7196e8c3537 req-f760caa2-a42d-43e6-8bee-3d4e01db3f63 service neutron] 10.222.0.52 "PUT /networking/v2.0/ports/b0850e87-be19-4000-b31e-fd60baad9fea HTTP/1.1" status: 200 len: 1093 time: 4.1589253
Aug 24 04:54:25.723123 dv-cinder-854266-1-smb neutron-server[106306]: DEBUG neutron_lib.callbacks.manager [None req-edbd1a67-a761-4e09-a111-2a7991d8a654 admin admin] Publish callbacks [] for security_group (020ffc39-8f48-42df-b8e5-1624d70fd2ae), precommit_create {{(pid=106306) _notify_loop /usr/local/lib/python3.8/dist-packages/neutron_lib/callbacks/manager.py:176}}
Aug 24 04:54:25.731463 dv-cinder-854266-1-smb neutron-server[106306]: DEBUG neutron_lib.callbacks.manager [None req-edbd1a67-a761-4e09-a111-2a7991d8a654 admin admin] Publish callbacks ['neutron.plugins.ml2.ovo_rpc._ObjectChangeHandler.handle_event-551282'] for security_group (020ffc39-8f48-42df-b8e5-1624d70fd2ae), after_create {{(pid=106306) _notify_loop /usr/local/lib/python3.8/dist-packages/neutron_lib/callbacks/manager.py:176}}
Aug 24 04:54:25.739343 dv-cinder-854266-1-smb neutron-server[106307]: DEBUG neutron.api.rpc.handlers.resources_rpc [None req-f760caa2-a42d-43e6-8bee-3d4e01db3f63 service neutron] Pushing event updated for resources: {'Port': ['ID=b0850e87-be19-4000-b31e-fd60baad9fea,revision_number=3']} {{(pid=106307) push /opt/stack/neutron/neutron/api/rpc/handlers/resources_rpc.py:237}}
Aug 24 04:54:25.778270 dv-cinder-854266-1-smb neutron-server[106307]: DEBUG neutron.wsgi [-] (106307) accepted ('10.222.0.85', 33264) {{(pid=106307) server /usr/local/lib/python3.8/dist-packages/eventlet/wsgi.py:1004}}
Aug 24 04:54:25.801259 dv-cinder-854266-1-smb neutron-server[106307]: DEBUG neutron_lib.callbacks.manager [None req-7132a03a-0bb7-4e14-bddb-a10c701d8c19 admin admin] Publish callbacks [] for security_group (None), before_create {{(pid=106307) _notify_loop /usr/local/lib/python3.8/dist-packages/neutron_lib/callbacks/manager.py:176}}
Aug 24 04:54:25.806919 dv-cinder-854266-1-smb neutron-server[106306]: INFO neutron.wsgi [None req-edbd1a67-a761-4e09-a111-2a7991d8a654 admin admin] 10.222.0.85 "GET /networking/v2.0/security-groups?tenant_id=546737f8eb824779a96c599eb387ef48&name=default HTTP/1.1" status: 200 len: 2996 time: 0.4579186
Aug 24 04:54:25.812425 dv-cinder-854266-1-smb neutron-server[106306]: DEBUG neutron.wsgi [-] (106306) accepted ('10.222.0.85', 33266) {{(pid=106306) server /usr/local/lib/python3.8/dist-packages/eventlet/wsgi.py:1004}}
Aug 24 04:54:25.818728 dv-cinder-854266-1-smb neutron-server[106306]: DEBUG neutron.api.rpc.handlers.resources_rpc [None req-edbd1a67-a761-4e09-a111-2a7991d8a654 admin admin] Pushing event updated for resources: {'SecurityGroup': ['ID=020ffc39-8f48-42df-b8e5-1624d70fd2ae,revision_number=1']} {{(pid=106306) push /opt/stack/neutron/neutron/api/rpc/handlers/resources_rpc.py:237}}
Aug 24 04:54:25.929477 dv-cinder-854266-1-smb neutron-server[106307]: DEBUG dbcounter [-] [106307] Writing DB stats neutron:SELECT=88,neutron:DELETE=2,neutron:INSERT=8,neutron:UPDATE=2 {{(pid=106307) stat_writer /usr/local/lib/python3.8/dist-packages/dbcounter.py:114}}
Aug 24 04:54:25.943023 dv-cinder-854266-1-smb neutron-server[106307]: DEBUG neutron_lib.callbacks.manager [None req-7132a03a-0bb7-4e14-bddb-a10c701d8c19 admin admin] Publish callbacks [] for security_group (b4e06945-ec27-4d60-a1dc-5419cdb555b0), precommit_create {{(pid=106307) _notify_loop /usr/local/lib/python3.8/dist-packages/neutron_lib/callbacks/manager.py:176}}
Aug 24 04:54:25.950410 dv-cinder-854266-1-smb neutron-server[106307]: DEBUG neutron_lib.callbacks.manager [None req-7132a03a-0bb7-4e14-bddb-a10c701d8c19 admin admin] Publish callbacks ['neutron.plugins.ml2.ovo_rpc._ObjectChangeHandler.handle_event-551282'] for security_group (b4e06945-ec27-4d60-a1dc-5419cdb555b0), after_create {{(pid=106307) _notify_loop /usr/local/lib/python3.8/dist-packages/neutron_lib/callbacks/manager.py:176}}
Aug 24 04:54:26.001944 dv-cinder-854266-1-smb neutron-server[106306]: DEBUG neutron_lib.callbacks.manager [None req-8b7926a4-53af-47a5-819e-ecf1915bfbce admin admin] Publish callbacks [] for security_group (020ffc39-8f48-42df-b8e5-1624d70fd2ae), before_delete {{(pid=106306) _notify_loop /usr/local/lib/python3.8/dist-packages/neutron_lib/callbacks/manager.py:176}}
Aug 24 04:54:26.041227 dv-cinder-854266-1-smb neutron-server[106307]: INFO neutron.wsgi [None req-7132a03a-0bb7-4e14-bddb-a10c701d8c19 admin admin] 10.222.0.85 "GET /networking/v2.0/security-groups?tenant_id=e195787110a64e63bf841822f7607bd6&name=default HTTP/1.1" status: 200 len: 2996 time: 0.2618747
Aug 24 04:54:26.042237 dv-cinder-854266-1-smb neutron-server[106307]: DEBUG neutron.api.rpc.handlers.resources_rpc [None req-7132a03a-0bb7-4e14-bddb-a10c701d8c19 admin admin] Pushing event updated for resources: {'SecurityGroup': ['ID=b4e06945-ec27-4d60-a1dc-5419cdb555b0,revision_number=1']} {{(pid=106307) push /opt/stack/neutron/neutron/api/rpc/handlers/resources_rpc.py:237}}
Aug 24 04:54:26.044805 dv-cinder-854266-1-smb neutron-server[106307]: DEBUG neutron.wsgi [-] (106307) accepted ('10.222.0.85', 33276) {{(pid=106307) server /usr/local/lib/python3.8/dist-packages/eventlet/wsgi.py:1004}}
Aug 24 04:54:26.050279 dv-cinder-854266-1-smb neutron-server[106306]: DEBUG neutron.pecan_wsgi.hooks.policy_enforcement [req-f09d2ceb-4ae3-4e18-8ade-9c7775f26667 req-c465e72a-2282-40a3-98e5-36fe8c29f7d4 tempest-DeleteServersTestJSON-2132095549 tempest-DeleteServersTestJSON-2132095549-project] Attributes excluded by policy engine: ['standard_attr_id', 'binding:profile', 'binding:host_id', 'binding:vif_type', 'binding:vif_details'] {{(pid=106306) _exclude_attributes_by_policy /opt/stack/neutron/neutron/pecan_wsgi/hooks/policy_enforcement.py:259}}
Aug 24 04:54:26.051823 dv-cinder-854266-1-smb neutron-server[106306]: INFO neutron.wsgi [req-f09d2ceb-4ae3-4e18-8ade-9c7775f26667 req-c465e72a-2282-40a3-98e5-36fe8c29f7d4 tempest-DeleteServersTestJSON-2132095549 tempest-DeleteServersTestJSON-2132095549-project] 10.222.0.85 "GET /networking/v2.0/ports?device_id=7320b8ff-4f55-47b2-8433-2588a2880bee HTTP/1.1" status: 200 len: 944 time: 0.1143796
Aug 24 04:54:26.084372 dv-cinder-854266-1-smb neutron-server[106307]: DEBUG novaclient.v2.client [-] RESP: [200] Connection: close Content-Length: 179 Content-Type: application/json Date: Wed, 24 Aug 2022 04:54:23 GMT OpenStack-API-Version: compute 2.1 Server: Apache/2.4.41 (Ubuntu) Vary: OpenStack-API-Version,X-OpenStack-Nova-API-Version X-OpenStack-Nova-API-Version: 2.1 x-compute-request-id: req-d6dbe14a-01f4-47cb-bb9a-d8d910a90ac4 x-openstack-request-id: req-d6dbe14a-01f4-47cb-bb9a-d8d910a90ac4 {{(pid=106307) _http_log_response /usr/local/lib/python3.8/dist-packages/keystoneauth1/session.py:550}}
Aug 24 04:54:26.084661 dv-cinder-854266-1-smb neutron-server[106307]: DEBUG novaclient.v2.client [-] RESP BODY: {"events": [{"name": "network-changed", "server_uuid": "c3af9c85-4a07-41f6-86b5-8bc1a934975d", "tag": "f8f712d8-0914-4e55-a16d-50e5c46b61a8", "status": "completed", "code": 200}]} {{(pid=106307) _http_log_response /usr/local/lib/python3.8/dist-packages/keystoneauth1/session.py:582}}
