Aug 24 04:54:08.555506 dv-cinder-854266-1-smb devstack@placement-api.service[106832]: DEBUG placement.requestlog [req-fa290a8a-4446-4a5d-9afc-5b8ee31313dc req-df8523a7-becf-4401-9a11-69f9a203f78b None None] Starting request: 10.222.0.85 "GET /placement/allocations/756b0a59-d42a-404b-976d-44469e86918c" {{(pid=106832) __call__ /opt/stack/placement/placement/requestlog.py:55}}
Aug 24 04:54:08.589385 dv-cinder-854266-1-smb devstack@placement-api.service[106832]: INFO placement.requestlog [req-fa290a8a-4446-4a5d-9afc-5b8ee31313dc req-df8523a7-becf-4401-9a11-69f9a203f78b service placement] 10.222.0.85 "GET /placement/allocations/756b0a59-d42a-404b-976d-44469e86918c" status: 200 len: 19 microversion: 1.28
Aug 24 04:54:08.597325 dv-cinder-854266-1-smb devstack@placement-api.service[106831]: DEBUG placement.requestlog [req-fa290a8a-4446-4a5d-9afc-5b8ee31313dc req-8b7c5f27-f086-459a-a308-e04a68251c26 None None] Starting request: 10.222.0.85 "PUT /placement/allocations/756b0a59-d42a-404b-976d-44469e86918c" {{(pid=106831) __call__ /opt/stack/placement/placement/requestlog.py:55}}
Aug 24 04:54:08.609192 dv-cinder-854266-1-smb devstack@placement-api.service[106832]: [pid: 106832|app: 0|req: 11/22] 10.222.0.85 () {60 vars in 1380 bytes} [Wed Aug 24 04:54:08 2022] GET /placement/allocations/756b0a59-d42a-404b-976d-44469e86918c => generated 19 bytes in 54 msecs (HTTP/1.1 200) 8 headers in 295 bytes (1 switches on core 0)
Aug 24 04:54:08.782641 dv-cinder-854266-1-smb devstack@placement-api.service[106832]: DEBUG placement.requestlog [req-46074bb0-e7c3-4616-8aba-16c7fe4bd926 req-01dcf0b8-9d0d-48a3-92c6-4cc86c4a30ab None None] Starting request: 10.222.0.52 "GET /placement/allocations/c3af9c85-4a07-41f6-86b5-8bc1a934975d" {{(pid=106832) __call__ /opt/stack/placement/placement/requestlog.py:55}}
Aug 24 04:54:08.793035 dv-cinder-854266-1-smb devstack@placement-api.service[106831]: DEBUG placement.handlers.allocation [req-fa290a8a-4446-4a5d-9afc-5b8ee31313dc req-8b7c5f27-f086-459a-a308-e04a68251c26 service placement] Successfully wrote allocations [, , ] {{(pid=106831) _update_consumers_and_create_allocations /opt/stack/placement/placement/handlers/allocation.py:462}}
Aug 24 04:54:08.810576 dv-cinder-854266-1-smb devstack@placement-api.service[106831]: INFO placement.requestlog [req-fa290a8a-4446-4a5d-9afc-5b8ee31313dc req-8b7c5f27-f086-459a-a308-e04a68251c26 service placement] 10.222.0.85 "PUT /placement/allocations/756b0a59-d42a-404b-976d-44469e86918c" status: 204 len: 0 microversion: 1.36
Aug 24 04:54:08.816971 dv-cinder-854266-1-smb devstack@placement-api.service[106831]: [pid: 106831|app: 0|req: 12/23] 10.222.0.85 () {64 vars in 1433 bytes} [Wed Aug 24 04:54:08 2022] PUT /placement/allocations/756b0a59-d42a-404b-976d-44469e86918c => generated 0 bytes in 220 msecs (HTTP/1.1 204) 5 headers in 199 bytes (1 switches on core 0)
Aug 24 04:54:08.825921 dv-cinder-854266-1-smb devstack@placement-api.service[106832]: INFO placement.requestlog [req-46074bb0-e7c3-4616-8aba-16c7fe4bd926 req-01dcf0b8-9d0d-48a3-92c6-4cc86c4a30ab service placement] 10.222.0.52 "GET /placement/allocations/c3af9c85-4a07-41f6-86b5-8bc1a934975d" status: 200 len: 258 microversion: 1.28
Aug 24 04:54:08.827085 dv-cinder-854266-1-smb devstack@placement-api.service[106832]: [pid: 106832|app: 0|req: 12/24] 10.222.0.52 () {60 vars in 1377 bytes} [Wed Aug 24 04:54:08 2022] GET /placement/allocations/c3af9c85-4a07-41f6-86b5-8bc1a934975d => generated 258 bytes in 44 msecs (HTTP/1.1 200) 8 headers in 296 bytes (2 switches on core 0)
Aug 24 04:54:09.673032 dv-cinder-854266-1-smb devstack@placement-api.service[106831]: DEBUG placement.requestlog [req-b082a72b-b475-46c6-8a28-744a6260b0e2 req-5a3e8878-3e88-419a-b1d5-b84a65c4010e None None] Starting request: 10.222.0.85 "GET /placement/allocation_candidates?limit=1000&resources=DISK_GB%3A1%2CMEMORY_MB%3A1024%2CVCPU%3A1&root_required=%21COMPUTE_STATUS_DISABLED" {{(pid=106831) __call__ /opt/stack/placement/placement/requestlog.py:55}}
Aug 24 04:54:09.674743 dv-cinder-854266-1-smb devstack@placement-api.service[106832]: DEBUG placement.requestlog [req-751b66fa-612e-4556-a4e5-c7196e8c3537 req-543cc57e-d1ff-4464-9079-a819e28c7667 None None] Starting request: 10.222.0.85 "GET /placement/allocation_candidates?limit=1000&resources=DISK_GB%3A1%2CMEMORY_MB%3A1024%2CVCPU%3A1&root_required=%21COMPUTE_STATUS_DISABLED" {{(pid=106832) __call__ /opt/stack/placement/placement/requestlog.py:55}}
Aug 24 04:54:09.844996 dv-cinder-854266-1-smb devstack@placement-api.service[106832]: DEBUG placement.objects.research_context [req-751b66fa-612e-4556-a4e5-c7196e8c3537 req-543cc57e-d1ff-4464-9079-a819e28c7667 service placement] getting providers with 1 DISK_GB {{(pid=106832) __init__ /opt/stack/placement/placement/objects/research_context.py:136}}
Aug 24 04:54:09.850406 dv-cinder-854266-1-smb devstack@placement-api.service[106831]: DEBUG placement.objects.research_context [req-b082a72b-b475-46c6-8a28-744a6260b0e2 req-5a3e8878-3e88-419a-b1d5-b84a65c4010e service placement] getting providers with 1 DISK_GB {{(pid=106831) __init__ /opt/stack/placement/placement/objects/research_context.py:136}}
Aug 24 04:54:09.866104 dv-cinder-854266-1-smb devstack@placement-api.service[106832]: DEBUG placement.objects.research_context [req-751b66fa-612e-4556-a4e5-c7196e8c3537 req-543cc57e-d1ff-4464-9079-a819e28c7667 service placement] getting providers with 1024 MEMORY_MB {{(pid=106832) __init__ /opt/stack/placement/placement/objects/research_context.py:136}}
Aug 24 04:54:09.876254 dv-cinder-854266-1-smb devstack@placement-api.service[106831]: DEBUG placement.objects.research_context [req-b082a72b-b475-46c6-8a28-744a6260b0e2 req-5a3e8878-3e88-419a-b1d5-b84a65c4010e service placement] getting providers with 1024 MEMORY_MB {{(pid=106831) __init__ /opt/stack/placement/placement/objects/research_context.py:136}}
Aug 24 04:54:09.888733 dv-cinder-854266-1-smb devstack@placement-api.service[106832]: DEBUG placement.objects.research_context [req-751b66fa-612e-4556-a4e5-c7196e8c3537 req-543cc57e-d1ff-4464-9079-a819e28c7667 service placement] getting providers with 1 VCPU {{(pid=106832) __init__ /opt/stack/placement/placement/objects/research_context.py:136}}
Aug 24 04:54:09.900391 dv-cinder-854266-1-smb devstack@placement-api.service[106831]: DEBUG placement.objects.research_context [req-b082a72b-b475-46c6-8a28-744a6260b0e2 req-5a3e8878-3e88-419a-b1d5-b84a65c4010e service placement] getting providers with 1 VCPU {{(pid=106831) __init__ /opt/stack/placement/placement/objects/research_context.py:136}}
Aug 24 04:54:09.913763 dv-cinder-854266-1-smb devstack@placement-api.service[106832]: DEBUG placement.objects.research_context [req-751b66fa-612e-4556-a4e5-c7196e8c3537 req-543cc57e-d1ff-4464-9079-a819e28c7667 service placement] found 1 providers with available 1 DISK_GB {{(pid=106832) get_provider_ids_matching /opt/stack/placement/placement/objects/research_context.py:563}}
Aug 24 04:54:09.914350 dv-cinder-854266-1-smb devstack@placement-api.service[106832]: DEBUG placement.objects.research_context [req-751b66fa-612e-4556-a4e5-c7196e8c3537 req-543cc57e-d1ff-4464-9079-a819e28c7667 service placement] found 1 providers with available 1024 MEMORY_MB {{(pid=106832) get_provider_ids_matching /opt/stack/placement/placement/objects/research_context.py:563}}
Aug 24 04:54:09.914829 dv-cinder-854266-1-smb devstack@placement-api.service[106832]: DEBUG placement.objects.research_context [req-751b66fa-612e-4556-a4e5-c7196e8c3537 req-543cc57e-d1ff-4464-9079-a819e28c7667 service placement] found 1 providers after filtering by previous result {{(pid=106832) get_provider_ids_matching /opt/stack/placement/placement/objects/research_context.py:594}}
Aug 24 04:54:09.915312 dv-cinder-854266-1-smb devstack@placement-api.service[106832]: DEBUG placement.objects.research_context [req-751b66fa-612e-4556-a4e5-c7196e8c3537 req-543cc57e-d1ff-4464-9079-a819e28c7667 service placement] found 1 providers with available 1 VCPU {{(pid=106832) get_provider_ids_matching /opt/stack/placement/placement/objects/research_context.py:563}}
Aug 24 04:54:09.915813 dv-cinder-854266-1-smb devstack@placement-api.service[106832]: DEBUG placement.objects.research_context [req-751b66fa-612e-4556-a4e5-c7196e8c3537 req-543cc57e-d1ff-4464-9079-a819e28c7667 service placement] found 1 providers after filtering by previous result {{(pid=106832) get_provider_ids_matching /opt/stack/placement/placement/objects/research_context.py:594}}
Aug 24 04:54:09.928698 dv-cinder-854266-1-smb devstack@placement-api.service[106831]: DEBUG placement.objects.research_context [req-b082a72b-b475-46c6-8a28-744a6260b0e2 req-5a3e8878-3e88-419a-b1d5-b84a65c4010e service placement] found 1 providers with available 1 DISK_GB {{(pid=106831) get_provider_ids_matching /opt/stack/placement/placement/objects/research_context.py:563}}
Aug 24 04:54:09.929017 dv-cinder-854266-1-smb devstack@placement-api.service[106831]: DEBUG placement.objects.research_context [req-b082a72b-b475-46c6-8a28-744a6260b0e2 req-5a3e8878-3e88-419a-b1d5-b84a65c4010e service placement] found 1 providers with available 1024 MEMORY_MB {{(pid=106831) get_provider_ids_matching /opt/stack/placement/placement/objects/research_context.py:563}}
Aug 24 04:54:09.930040 dv-cinder-854266-1-smb devstack@placement-api.service[106831]: DEBUG placement.objects.research_context [req-b082a72b-b475-46c6-8a28-744a6260b0e2 req-5a3e8878-3e88-419a-b1d5-b84a65c4010e service placement] found 1 providers after filtering by previous result {{(pid=106831) get_provider_ids_matching /opt/stack/placement/placement/objects/research_context.py:594}}
Aug 24 04:54:09.930311 dv-cinder-854266-1-smb devstack@placement-api.service[106831]: DEBUG placement.objects.research_context [req-b082a72b-b475-46c6-8a28-744a6260b0e2 req-5a3e8878-3e88-419a-b1d5-b84a65c4010e service placement] found 1 providers with available 1 VCPU {{(pid=106831) get_provider_ids_matching /opt/stack/placement/placement/objects/research_context.py:563}}
Aug 24 04:54:09.931678 dv-cinder-854266-1-smb devstack@placement-api.service[106831]: DEBUG placement.objects.research_context [req-b082a72b-b475-46c6-8a28-744a6260b0e2 req-5a3e8878-3e88-419a-b1d5-b84a65c4010e service placement] found 1 providers after filtering by previous result {{(pid=106831) get_provider_ids_matching /opt/stack/placement/placement/objects/research_context.py:594}}
Aug 24 04:54:09.948695 dv-cinder-854266-1-smb devstack@placement-api.service[106832]: DEBUG placement.objects.allocation_candidate [req-751b66fa-612e-4556-a4e5-c7196e8c3537 req-543cc57e-d1ff-4464-9079-a819e28c7667 service placement] RequestGroup(use_same_provider=False, resources={DISK_GB:1, MEMORY_MB:1024, VCPU:1}, traits=(), aggregates=[]) (suffix '') returned 1 matches {{(pid=106832) _get_by_requests /opt/stack/placement/placement/objects/allocation_candidate.py:156}}
Aug 24 04:54:09.951102 dv-cinder-854266-1-smb devstack@placement-api.service[106832]: DEBUG placement.objects.allocation_candidate [req-751b66fa-612e-4556-a4e5-c7196e8c3537 req-543cc57e-d1ff-4464-9079-a819e28c7667 service placement] Merging candidates yields 1 allocation requests and 1 provider summaries {{(pid=106832) _merge_candidates /opt/stack/placement/placement/objects/allocation_candidate.py:809}}
Aug 24 04:54:09.954990 dv-cinder-854266-1-smb devstack@placement-api.service[106832]: INFO placement.requestlog [req-751b66fa-612e-4556-a4e5-c7196e8c3537 req-543cc57e-d1ff-4464-9079-a819e28c7667 service placement] 10.222.0.85 "GET /placement/allocation_candidates?limit=1000&resources=DISK_GB%3A1%2CMEMORY_MB%3A1024%2CVCPU%3A1&root_required=%21COMPUTE_STATUS_DISABLED" status: 200 len: 767 microversion: 1.36
Aug 24 04:54:09.956781 dv-cinder-854266-1-smb devstack@placement-api.service[106832]: [pid: 106832|app: 0|req: 13/25] 10.222.0.85 () {60 vars in 1506 bytes} [Wed Aug 24 04:54:09 2022] GET /placement/allocation_candidates?limit=1000&resources=DISK_GB%3A1%2CMEMORY_MB%3A1024%2CVCPU%3A1&root_required=%21COMPUTE_STATUS_DISABLED => generated 767 bytes in 282 msecs (HTTP/1.1 200) 8 headers in 296 bytes (1 switches on core 0)
Aug 24 04:54:09.986424 dv-cinder-854266-1-smb devstack@placement-api.service[106831]: DEBUG placement.objects.allocation_candidate [req-b082a72b-b475-46c6-8a28-744a6260b0e2 req-5a3e8878-3e88-419a-b1d5-b84a65c4010e service placement] RequestGroup(use_same_provider=False, resources={DISK_GB:1, MEMORY_MB:1024, VCPU:1}, traits=(), aggregates=[]) (suffix '') returned 1 matches {{(pid=106831) _get_by_requests /opt/stack/placement/placement/objects/allocation_candidate.py:156}}
Aug 24 04:54:09.986778 dv-cinder-854266-1-smb devstack@placement-api.service[106831]: DEBUG placement.objects.allocation_candidate [req-b082a72b-b475-46c6-8a28-744a6260b0e2 req-5a3e8878-3e88-419a-b1d5-b84a65c4010e service placement] Merging candidates yields 1 allocation requests and 1 provider summaries {{(pid=106831) _merge_candidates /opt/stack/placement/placement/objects/allocation_candidate.py:809}}
Aug 24 04:54:09.994453 dv-cinder-854266-1-smb devstack@placement-api.service[106831]: INFO placement.requestlog [req-b082a72b-b475-46c6-8a28-744a6260b0e2 req-5a3e8878-3e88-419a-b1d5-b84a65c4010e service placement] 10.222.0.85 "GET /placement/allocation_candidates?limit=1000&resources=DISK_GB%3A1%2CMEMORY_MB%3A1024%2CVCPU%3A1&root_required=%21COMPUTE_STATUS_DISABLED" status: 200 len: 767 microversion: 1.36
Aug 24 04:54:10.010635 dv-cinder-854266-1-smb devstack@placement-api.service[106831]: [pid: 106831|app: 0|req: 13/26] 10.222.0.85 () {60 vars in 1506 bytes} [Wed Aug 24 04:54:09 2022] GET /placement/allocation_candidates?limit=1000&resources=DISK_GB%3A1%2CMEMORY_MB%3A1024%2CVCPU%3A1&root_required=%21COMPUTE_STATUS_DISABLED => generated 767 bytes in 338 msecs (HTTP/1.1 200) 8 headers in 296 bytes (1 switches on core 0)
Aug 24 04:54:10.125736 dv-cinder-854266-1-smb devstack@placement-api.service[106832]: DEBUG placement.requestlog [req-751b66fa-612e-4556-a4e5-c7196e8c3537 req-c9740a5f-868f-4f53-811a-af3194c7c8d5 None None] Starting request: 10.222.0.85 "GET /placement/allocations/56db4a4b-fe52-4184-bb33-b375adfcb4e9" {{(pid=106832) __call__ /opt/stack/placement/placement/requestlog.py:55}}
Aug 24 04:54:10.134973 dv-cinder-854266-1-smb devstack@placement-api.service[106831]: DEBUG placement.requestlog [req-b082a72b-b475-46c6-8a28-744a6260b0e2 req-53f67ce4-d70e-47de-8789-ef145f436c0a None None] Starting request: 10.222.0.85 "GET /placement/allocations/7320b8ff-4f55-47b2-8433-2588a2880bee" {{(pid=106831) __call__ /opt/stack/placement/placement/requestlog.py:55}}
Aug 24 04:54:10.153978 dv-cinder-854266-1-smb devstack@placement-api.service[106831]: INFO placement.requestlog [req-b082a72b-b475-46c6-8a28-744a6260b0e2 req-53f67ce4-d70e-47de-8789-ef145f436c0a service placement] 10.222.0.85 "GET /placement/allocations/7320b8ff-4f55-47b2-8433-2588a2880bee" status: 200 len: 19 microversion: 1.28
Aug 24 04:54:10.155366 dv-cinder-854266-1-smb devstack@placement-api.service[106831]: [pid: 106831|app: 0|req: 14/27] 10.222.0.85 () {60 vars in 1380 bytes} [Wed Aug 24 04:54:10 2022] GET /placement/allocations/7320b8ff-4f55-47b2-8433-2588a2880bee => generated 19 bytes in 20 msecs (HTTP/1.1 200) 8 headers in 295 bytes (1 switches on core 0)
Aug 24 04:54:10.181895 dv-cinder-854266-1-smb devstack@placement-api.service[106832]: INFO placement.requestlog [req-751b66fa-612e-4556-a4e5-c7196e8c3537 req-c9740a5f-868f-4f53-811a-af3194c7c8d5 service placement] 10.222.0.85 "GET /placement/allocations/56db4a4b-fe52-4184-bb33-b375adfcb4e9" status: 200 len: 19 microversion: 1.28
Aug 24 04:54:10.189782 dv-cinder-854266-1-smb devstack@placement-api.service[106831]: DEBUG placement.requestlog [req-751b66fa-612e-4556-a4e5-c7196e8c3537 req-67bb2524-0c7a-4627-bac3-0ae78e206f4b None None] Starting request: 10.222.0.85 "PUT /placement/allocations/56db4a4b-fe52-4184-bb33-b375adfcb4e9" {{(pid=106831) __call__ /opt/stack/placement/placement/requestlog.py:55}}
Aug 24 04:54:10.202050 dv-cinder-854266-1-smb devstack@placement-api.service[106832]: [pid: 106832|app: 0|req: 14/28] 10.222.0.85 () {60 vars in 1380 bytes} [Wed Aug 24 04:54:10 2022] GET /placement/allocations/56db4a4b-fe52-4184-bb33-b375adfcb4e9 => generated 19 bytes in 76 msecs (HTTP/1.1 200) 8 headers in 295 bytes (1 switches on core 0)
Aug 24 04:54:10.208512 dv-cinder-854266-1-smb devstack@placement-api.service[106832]: DEBUG placement.requestlog [req-b082a72b-b475-46c6-8a28-744a6260b0e2 req-ac0d3b0a-9d1f-4afd-ae3b-bd216082bdd5 None None] Starting request: 10.222.0.85 "PUT /placement/allocations/7320b8ff-4f55-47b2-8433-2588a2880bee" {{(pid=106832) __call__ /opt/stack/placement/placement/requestlog.py:55}}
Aug 24 04:54:10.388632 dv-cinder-854266-1-smb devstack@placement-api.service[106832]: DEBUG placement.handlers.allocation [req-b082a72b-b475-46c6-8a28-744a6260b0e2 req-ac0d3b0a-9d1f-4afd-ae3b-bd216082bdd5 service placement] Successfully wrote allocations [, , ] {{(pid=106832) _update_consumers_and_create_allocations /opt/stack/placement/placement/handlers/allocation.py:462}}
Aug 24 04:54:10.400340 dv-cinder-854266-1-smb devstack@placement-api.service[106832]: INFO placement.requestlog [req-b082a72b-b475-46c6-8a28-744a6260b0e2 req-ac0d3b0a-9d1f-4afd-ae3b-bd216082bdd5 service placement] 10.222.0.85 "PUT /placement/allocations/7320b8ff-4f55-47b2-8433-2588a2880bee" status: 204 len: 0 microversion: 1.36
Aug 24 04:54:10.401554 dv-cinder-854266-1-smb devstack@placement-api.service[106832]: [pid: 106832|app: 0|req: 15/29] 10.222.0.85 () {64 vars in 1433 bytes} [Wed Aug 24 04:54:10 2022] PUT /placement/allocations/7320b8ff-4f55-47b2-8433-2588a2880bee => generated 0 bytes in 193 msecs (HTTP/1.1 204) 5 headers in 199 bytes (1 switches on core 0)
Aug 24 04:54:10.447027 dv-cinder-854266-1-smb devstack@placement-api.service[106831]: DEBUG placement.objects.allocation [req-751b66fa-612e-4556-a4e5-c7196e8c3537 req-67bb2524-0c7a-4627-bac3-0ae78e206f4b service placement] Retrying allocations write on resource provider generation conflict {{(pid=106831) replace_all /opt/stack/placement/placement/objects/allocation.py:509}}
Aug 24 04:54:10.454369 dv-cinder-854266-1-smb devstack@placement-api.service[106832]: DEBUG placement.requestlog [req-fa290a8a-4446-4a5d-9afc-5b8ee31313dc req-e7da9eda-40d1-493d-b318-206bcbfcdb2e None None] Starting request: 10.222.0.52 "GET /placement/allocations/756b0a59-d42a-404b-976d-44469e86918c" {{(pid=106832) __call__ /opt/stack/placement/placement/requestlog.py:55}}
Aug 24 04:54:10.497290 dv-cinder-854266-1-smb devstack@placement-api.service[106832]: INFO placement.requestlog [req-fa290a8a-4446-4a5d-9afc-5b8ee31313dc req-e7da9eda-40d1-493d-b318-206bcbfcdb2e service placement] 10.222.0.52 "GET /placement/allocations/756b0a59-d42a-404b-976d-44469e86918c" status: 200 len: 258 microversion: 1.28
Aug 24 04:54:10.501905 dv-cinder-854266-1-smb devstack@placement-api.service[106832]: [pid: 106832|app: 0|req: 16/30] 10.222.0.52 () {60 vars in 1377 bytes} [Wed Aug 24 04:54:10 2022] GET /placement/allocations/756b0a59-d42a-404b-976d-44469e86918c => generated 258 bytes in 48 msecs (HTTP/1.1 200) 8 headers in 296 bytes (2 switches on core 0)
Aug 24 04:54:10.517383 dv-cinder-854266-1-smb devstack@placement-api.service[106831]: DEBUG placement.handlers.allocation [req-751b66fa-612e-4556-a4e5-c7196e8c3537 req-67bb2524-0c7a-4627-bac3-0ae78e206f4b service placement] Successfully wrote allocations [, , ] {{(pid=106831) _update_consumers_and_create_allocations /opt/stack/placement/placement/handlers/allocation.py:462}}
Aug 24 04:54:10.531971 dv-cinder-854266-1-smb devstack@placement-api.service[106831]: INFO placement.requestlog [req-751b66fa-612e-4556-a4e5-c7196e8c3537 req-67bb2524-0c7a-4627-bac3-0ae78e206f4b service placement] 10.222.0.85 "PUT /placement/allocations/56db4a4b-fe52-4184-bb33-b375adfcb4e9" status: 204 len: 0 microversion: 1.36
Aug 24 04:54:10.532686 dv-cinder-854266-1-smb devstack@placement-api.service[106831]: [pid: 106831|app: 0|req: 15/31] 10.222.0.85 () {64 vars in 1433 bytes} [Wed Aug 24 04:54:10 2022] PUT /placement/allocations/56db4a4b-fe52-4184-bb33-b375adfcb4e9 => generated 0 bytes in 343 msecs (HTTP/1.1 204) 5 headers in 199 bytes (1 switches on core 0)
Aug 24 04:54:11.780230 dv-cinder-854266-1-smb devstack@placement-api.service[106832]: DEBUG placement.requestlog [req-b082a72b-b475-46c6-8a28-744a6260b0e2 req-825f1d1d-8455-47fa-aca1-ccd9492b8f9f None None] Starting request: 10.222.0.52 "GET /placement/allocations/7320b8ff-4f55-47b2-8433-2588a2880bee" {{(pid=106832) __call__ /opt/stack/placement/placement/requestlog.py:55}}
Aug 24 04:54:11.823936 dv-cinder-854266-1-smb devstack@placement-api.service[106832]: INFO placement.requestlog [req-b082a72b-b475-46c6-8a28-744a6260b0e2 req-825f1d1d-8455-47fa-aca1-ccd9492b8f9f service placement] 10.222.0.52 "GET /placement/allocations/7320b8ff-4f55-47b2-8433-2588a2880bee" status: 200 len: 258 microversion: 1.28
Aug 24 04:54:11.826442 dv-cinder-854266-1-smb devstack@placement-api.service[106832]: [pid: 106832|app: 0|req: 17/32] 10.222.0.52 () {60 vars in 1377 bytes} [Wed Aug 24 04:54:11 2022] GET /placement/allocations/7320b8ff-4f55-47b2-8433-2588a2880bee => generated 258 bytes in 47 msecs (HTTP/1.1 200) 8 headers in 296 bytes (1 switches on core 0)
Aug 24 04:54:11.872638 dv-cinder-854266-1-smb devstack@placement-api.service[106831]: DEBUG placement.requestlog [req-751b66fa-612e-4556-a4e5-c7196e8c3537 req-683688ac-c1ab-4d02-b8cc-3c4b6e31a828 None None] Starting request: 10.222.0.52 "GET /placement/allocations/56db4a4b-fe52-4184-bb33-b375adfcb4e9" {{(pid=106831) __call__ /opt/stack/placement/placement/requestlog.py:55}}
Aug 24 04:54:11.906523 dv-cinder-854266-1-smb devstack@placement-api.service[106831]: INFO placement.requestlog [req-751b66fa-612e-4556-a4e5-c7196e8c3537 req-683688ac-c1ab-4d02-b8cc-3c4b6e31a828 service placement] 10.222.0.52 "GET /placement/allocations/56db4a4b-fe52-4184-bb33-b375adfcb4e9" status: 200 len: 258 microversion: 1.28
Aug 24 04:54:11.907618 dv-cinder-854266-1-smb devstack@placement-api.service[106831]: [pid: 106831|app: 0|req: 16/33] 10.222.0.52 () {60 vars in 1377 bytes} [Wed Aug 24 04:54:11 2022] GET /placement/allocations/56db4a4b-fe52-4184-bb33-b375adfcb4e9 => generated 258 bytes in 35 msecs (HTTP/1.1 200) 8 headers in 296 bytes (1 switches on core 0)
Aug 24 04:54:21.813920 dv-cinder-854266-1-smb devstack@placement-api.service[106832]: DEBUG dbcounter [-] [106832] Writing DB stats placement:SELECT=74,placement:INSERT=12,placement:DELETE=4,placement:UPDATE=4 {{(pid=106832) stat_writer /usr/local/lib/python3.8/dist-packages/dbcounter.py:114}}
Aug 24 04:54:21.900071 dv-cinder-854266-1-smb devstack@placement-api.service[106831]: DEBUG dbcounter [-] [106831] Writing DB stats placement:SELECT=67,placement:INSERT=13,placement:DELETE=5,placement:UPDATE=5 {{(pid=106831) stat_writer /usr/local/lib/python3.8/dist-packages/dbcounter.py:114}}
Aug 24 04:54:25.908380 dv-cinder-854266-1-smb devstack@placement-api.service[106832]: DEBUG placement.requestlog [req-8d342ddc-1917-43c5-9685-9f7c9bd0cdde req-5ddf00f1-f806-45f6-b75f-211a3a0da1b9 None None] Starting request: 10.222.0.85 "GET /placement/allocation_candidates?limit=1000&resources=DISK_GB%3A1%2CMEMORY_MB%3A1024%2CVCPU%3A1&root_required=%21COMPUTE_STATUS_DISABLED" {{(pid=106832) __call__ /opt/stack/placement/placement/requestlog.py:55}}
Aug 24 04:54:25.973588 dv-cinder-854266-1-smb devstack@placement-api.service[106832]: DEBUG placement.objects.research_context [req-8d342ddc-1917-43c5-9685-9f7c9bd0cdde req-5ddf00f1-f806-45f6-b75f-211a3a0da1b9 service placement] getting providers with 1 DISK_GB {{(pid=106832) __init__ /opt/stack/placement/placement/objects/research_context.py:136}}
Aug 24 04:54:25.981429 dv-cinder-854266-1-smb devstack@placement-api.service[106832]: DEBUG placement.objects.research_context [req-8d342ddc-1917-43c5-9685-9f7c9bd0cdde req-5ddf00f1-f806-45f6-b75f-211a3a0da1b9 service placement] getting providers with 1024 MEMORY_MB {{(pid=106832) __init__ /opt/stack/placement/placement/objects/research_context.py:136}}
Aug 24 04:54:25.993588 dv-cinder-854266-1-smb devstack@placement-api.service[106832]: DEBUG placement.objects.research_context [req-8d342ddc-1917-43c5-9685-9f7c9bd0cdde req-5ddf00f1-f806-45f6-b75f-211a3a0da1b9 service placement] getting providers with 1 VCPU {{(pid=106832) __init__ /opt/stack/placement/placement/objects/research_context.py:136}}
Aug 24 04:54:26.003151 dv-cinder-854266-1-smb devstack@placement-api.service[106832]: DEBUG placement.objects.research_context [req-8d342ddc-1917-43c5-9685-9f7c9bd0cdde req-5ddf00f1-f806-45f6-b75f-211a3a0da1b9 service placement] found 1 providers with available 1 DISK_GB {{(pid=106832) get_provider_ids_matching /opt/stack/placement/placement/objects/research_context.py:563}}
Aug 24 04:54:26.003636 dv-cinder-854266-1-smb devstack@placement-api.service[106832]: DEBUG placement.objects.research_context [req-8d342ddc-1917-43c5-9685-9f7c9bd0cdde req-5ddf00f1-f806-45f6-b75f-211a3a0da1b9 service placement] found 1 providers with available 1024 MEMORY_MB {{(pid=106832) get_provider_ids_matching /opt/stack/placement/placement/objects/research_context.py:563}}
Aug 24 04:54:26.004068 dv-cinder-854266-1-smb devstack@placement-api.service[106832]: DEBUG placement.objects.research_context [req-8d342ddc-1917-43c5-9685-9f7c9bd0cdde req-5ddf00f1-f806-45f6-b75f-211a3a0da1b9 service placement] found 1 providers after filtering by previous result {{(pid=106832) get_provider_ids_matching /opt/stack/placement/placement/objects/research_context.py:594}}
Aug 24 04:54:26.004625 dv-cinder-854266-1-smb devstack@placement-api.service[106832]: DEBUG placement.objects.research_context [req-8d342ddc-1917-43c5-9685-9f7c9bd0cdde req-5ddf00f1-f806-45f6-b75f-211a3a0da1b9 service placement] found 1 providers with available 1 VCPU {{(pid=106832) get_provider_ids_matching /opt/stack/placement/placement/objects/research_context.py:563}}
Aug 24 04:54:26.005058 dv-cinder-854266-1-smb devstack@placement-api.service[106832]: DEBUG placement.objects.research_context [req-8d342ddc-1917-43c5-9685-9f7c9bd0cdde req-5ddf00f1-f806-45f6-b75f-211a3a0da1b9 service placement] found 1 providers after filtering by previous result {{(pid=106832) get_provider_ids_matching /opt/stack/placement/placement/objects/research_context.py:594}}
Aug 24 04:54:26.023961 dv-cinder-854266-1-smb devstack@placement-api.service[106832]: DEBUG placement.objects.allocation_candidate [req-8d342ddc-1917-43c5-9685-9f7c9bd0cdde req-5ddf00f1-f806-45f6-b75f-211a3a0da1b9 service placement] RequestGroup(use_same_provider=False, resources={DISK_GB:1, MEMORY_MB:1024, VCPU:1}, traits=(), aggregates=[]) (suffix '') returned 1 matches {{(pid=106832) _get_by_requests /opt/stack/placement/placement/objects/allocation_candidate.py:156}}
Aug 24 04:54:26.024539 dv-cinder-854266-1-smb devstack@placement-api.service[106832]: DEBUG placement.objects.allocation_candidate [req-8d342ddc-1917-43c5-9685-9f7c9bd0cdde req-5ddf00f1-f806-45f6-b75f-211a3a0da1b9 service placement] Merging candidates yields 1 allocation requests and 1 provider summaries {{(pid=106832) _merge_candidates /opt/stack/placement/placement/objects/allocation_candidate.py:809}}
Aug 24 04:54:26.026031 dv-cinder-854266-1-smb devstack@placement-api.service[106832]: INFO placement.requestlog [req-8d342ddc-1917-43c5-9685-9f7c9bd0cdde req-5ddf00f1-f806-45f6-b75f-211a3a0da1b9 service placement] 10.222.0.85 "GET /placement/allocation_candidates?limit=1000&resources=DISK_GB%3A1%2CMEMORY_MB%3A1024%2CVCPU%3A1&root_required=%21COMPUTE_STATUS_DISABLED" status: 200 len: 767 microversion: 1.36
Aug 24 04:54:26.026737 dv-cinder-854266-1-smb devstack@placement-api.service[106832]: [pid: 106832|app: 0|req: 18/34] 10.222.0.85 () {60 vars in 1506 bytes} [Wed Aug 24 04:54:25 2022] GET /placement/allocation_candidates?limit=1000&resources=DISK_GB%3A1%2CMEMORY_MB%3A1024%2CVCPU%3A1&root_required=%21COMPUTE_STATUS_DISABLED => generated 767 bytes in 119 msecs (HTTP/1.1 200) 8 headers in 296 bytes (1 switches on core 0)
Aug 24 04:54:26.108768 dv-cinder-854266-1-smb devstack@placement-api.service[106831]: DEBUG placement.requestlog [req-8d342ddc-1917-43c5-9685-9f7c9bd0cdde req-d3e9efec-9c11-4888-b2ac-efe6dcf28bb2 None None] Starting request: 10.222.0.85 "GET /placement/allocations/05fa12a1-75c6-4294-9294-19a8c8cf3892" {{(pid=106831) __call__ /opt/stack/placement/placement/requestlog.py:55}}
Aug 24 04:54:26.124830 dv-cinder-854266-1-smb devstack@placement-api.service[106831]: INFO placement.requestlog [req-8d342ddc-1917-43c5-9685-9f7c9bd0cdde req-d3e9efec-9c11-4888-b2ac-efe6dcf28bb2 service placement] 10.222.0.85 "GET /placement/allocations/05fa12a1-75c6-4294-9294-19a8c8cf3892" status: 200 len: 19 microversion: 1.28
Aug 24 04:54:26.125918 dv-cinder-854266-1-smb devstack@placement-api.service[106831]: [pid: 106831|app: 0|req: 17/35] 10.222.0.85 () {60 vars in 1380 bytes} [Wed Aug 24 04:54:26 2022] GET /placement/allocations/05fa12a1-75c6-4294-9294-19a8c8cf3892 => generated 19 bytes in 18 msecs (HTTP/1.1 200) 8 headers in 295 bytes (1 switches on core 0)
Aug 24 04:54:26.132236 dv-cinder-854266-1-smb devstack@placement-api.service[106832]: DEBUG placement.requestlog [req-8d342ddc-1917-43c5-9685-9f7c9bd0cdde req-495f6e9f-e79e-42b5-b636-b28d6d659153 None None] Starting request: 10.222.0.85 "PUT /placement/allocations/05fa12a1-75c6-4294-9294-19a8c8cf3892" {{(pid=106832) __call__ /opt/stack/placement/placement/requestlog.py:55}}
Aug 24 04:54:26.250265 dv-cinder-854266-1-smb devstack@placement-api.service[106832]: DEBUG placement.handlers.allocation [req-8d342ddc-1917-43c5-9685-9f7c9bd0cdde req-495f6e9f-e79e-42b5-b636-b28d6d659153 service placement] Successfully wrote allocations [, , ] {{(pid=106832) _update_consumers_and_create_allocations /opt/stack/placement/placement/handlers/allocation.py:462}}
Aug 24 04:54:26.254910 dv-cinder-854266-1-smb devstack@placement-api.service[106832]: INFO placement.requestlog [req-8d342ddc-1917-43c5-9685-9f7c9bd0cdde req-495f6e9f-e79e-42b5-b636-b28d6d659153 service placement] 10.222.0.85 "PUT /placement/allocations/05fa12a1-75c6-4294-9294-19a8c8cf3892" status: 204 len: 0 microversion: 1.36
Aug 24 04:54:26.255638 dv-cinder-854266-1-smb devstack@placement-api.service[106832]: [pid: 106832|app: 0|req: 19/36] 10.222.0.85 () {64 vars in 1433 bytes} [Wed Aug 24 04:54:26 2022] PUT /placement/allocations/05fa12a1-75c6-4294-9294-19a8c8cf3892 => generated 0 bytes in 123 msecs (HTTP/1.1 204) 5 headers in 199 bytes (1 switches on core 0)
Aug 24 04:54:27.281516 dv-cinder-854266-1-smb devstack@placement-api.service[106831]: DEBUG placement.requestlog [req-8d342ddc-1917-43c5-9685-9f7c9bd0cdde req-dd9612bf-d579-4991-9a08-748d5b290201 None None] Starting request: 10.222.0.52 "GET /placement/allocations/05fa12a1-75c6-4294-9294-19a8c8cf3892" {{(pid=106831) __call__ /opt/stack/placement/placement/requestlog.py:55}}
Aug 24 04:54:27.317134 dv-cinder-854266-1-smb devstack@placement-api.service[106831]: INFO placement.requestlog [req-8d342ddc-1917-43c5-9685-9f7c9bd0cdde req-dd9612bf-d579-4991-9a08-748d5b290201 service placement] 10.222.0.52 "GET /placement/allocations/05fa12a1-75c6-4294-9294-19a8c8cf3892" status: 200 len: 258 microversion: 1.28
Aug 24 04:54:27.318094 dv-cinder-854266-1-smb devstack@placement-api.service[106831]: [pid: 106831|app: 0|req: 18/37] 10.222.0.52 () {60 vars in 1377 bytes} [Wed Aug 24 04:54:27 2022] GET /placement/allocations/05fa12a1-75c6-4294-9294-19a8c8cf3892 => generated 258 bytes in 37 msecs (HTTP/1.1 200) 8 headers in 296 bytes (1 switches on core 0)
Aug 24 04:54:36.249194 dv-cinder-854266-1-smb devstack@placement-api.service[106832]: DEBUG dbcounter [-] [106832] Writing DB stats placement:SELECT=27,placement:INSERT=6,placement:DELETE=2,placement:UPDATE=2 {{(pid=106832) stat_writer /usr/local/lib/python3.8/dist-packages/dbcounter.py:114}}
Aug 24 04:54:37.313697 dv-cinder-854266-1-smb devstack@placement-api.service[106831]: DEBUG dbcounter [-] [106831] Writing DB stats placement:SELECT=6 {{(pid=106831) stat_writer /usr/local/lib/python3.8/dist-packages/dbcounter.py:114}}
Aug 24 04:54:48.075639 dv-cinder-854266-1-smb devstack@placement-api.service[106832]: DEBUG placement.requestlog [req-c5028304-cfae-4401-ae51-86d6eb7f7790 req-d4c02443-481e-49de-85b8-062f2bddafe6 None None] Starting request: 10.222.0.52 "GET /placement/resource_providers/ac5b5a3e-629a-4b7f-82de-f0748724b6af/allocations" {{(pid=106832) __call__ /opt/stack/placement/placement/requestlog.py:55}}
Aug 24 04:54:48.131895 dv-cinder-854266-1-smb devstack@placement-api.service[106832]: INFO placement.requestlog [req-c5028304-cfae-4401-ae51-86d6eb7f7790 req-d4c02443-481e-49de-85b8-062f2bddafe6 service placement] 10.222.0.52 "GET /placement/resource_providers/ac5b5a3e-629a-4b7f-82de-f0748724b6af/allocations" status: 200 len: 557 microversion: 1.0
Aug 24 04:54:48.135015 dv-cinder-854266-1-smb devstack@placement-api.service[106832]: [pid: 106832|app: 0|req: 20/38] 10.222.0.52 () {58 vars in 1390 bytes} [Wed Aug 24 04:54:48 2022] GET /placement/resource_providers/ac5b5a3e-629a-4b7f-82de-f0748724b6af/allocations => generated 557 bytes in 60 msecs (HTTP/1.1 200) 6 headers in 224 bytes (1 switches on core 0)
Aug 24 04:54:58.125710 dv-cinder-854266-1-smb devstack@placement-api.service[106832]: DEBUG dbcounter [-] [106832] Writing DB stats placement:SELECT=6 {{(pid=106832) stat_writer /usr/local/lib/python3.8/dist-packages/dbcounter.py:114}}
Aug 24 04:55:01.122808 dv-cinder-854266-1-smb devstack@placement-api.service[106831]: DEBUG placement.requestlog [req-2cbbb662-697f-42f9-9dcd-78b7870119b6 req-bb26aea3-1fde-40bf-ba4d-f82ddb83d976 None None] Starting request: 10.222.0.52 "DELETE /placement/allocations/7320b8ff-4f55-47b2-8433-2588a2880bee" {{(pid=106831) __call__ /opt/stack/placement/placement/requestlog.py:55}}
Aug 24 04:55:01.164578 dv-cinder-854266-1-smb devstack@placement-api.service[106831]: DEBUG placement.handlers.allocation [req-2cbbb662-697f-42f9-9dcd-78b7870119b6 req-bb26aea3-1fde-40bf-ba4d-f82ddb83d976 service placement] Successfully deleted allocations [, , ] {{(pid=106831) delete_allocations /opt/stack/placement/placement/handlers/allocation.py:627}}
Aug 24 04:55:01.165254 dv-cinder-854266-1-smb devstack@placement-api.service[106831]: INFO placement.requestlog [req-2cbbb662-697f-42f9-9dcd-78b7870119b6 req-bb26aea3-1fde-40bf-ba4d-f82ddb83d976 service placement] 10.222.0.52 "DELETE /placement/allocations/7320b8ff-4f55-47b2-8433-2588a2880bee" status: 204 len: 0 microversion: 1.0
Aug 24 04:55:01.167104 dv-cinder-854266-1-smb devstack@placement-api.service[106831]: [pid: 106831|app: 0|req: 19/39] 10.222.0.52 () {60 vars in 1355 bytes} [Wed Aug 24 04:55:01 2022] DELETE /placement/allocations/7320b8ff-4f55-47b2-8433-2588a2880bee => generated 0 bytes in 44 msecs (HTTP/1.1 204) 5 headers in 198 bytes (1 switches on core 0)
Aug 24 04:55:08.072471 dv-cinder-854266-1-smb devstack@placement-api.service[106832]: DEBUG placement.requestlog [None req-3dac1fda-cd0f-4de3-b7ec-c0ddfda2c049 None None] Starting request: 10.222.0.85 "GET /placement/resource_providers/981d41a0-5440-4ebd-b6d6-823f2fc97b48/aggregates" {{(pid=106832) __call__ /opt/stack/placement/placement/requestlog.py:55}}
Aug 24 04:55:08.091243 dv-cinder-854266-1-smb devstack@placement-api.service[106832]: INFO placement.requestlog [None req-3dac1fda-cd0f-4de3-b7ec-c0ddfda2c049 service placement] 10.222.0.85 "GET /placement/resource_providers/981d41a0-5440-4ebd-b6d6-823f2fc97b48/aggregates" status: 404 len: 235 microversion: 1.1
Aug 24 04:55:08.092186 dv-cinder-854266-1-smb devstack@placement-api.service[106832]: [pid: 106832|app: 0|req: 21/40] 10.222.0.85 () {58 vars in 1362 bytes} [Wed Aug 24 04:55:08 2022] GET /placement/resource_providers/981d41a0-5440-4ebd-b6d6-823f2fc97b48/aggregates => generated 235 bytes in 21 msecs (HTTP/1.1 404) 5 headers in 202 bytes (1 switches on core 0)
Aug 24 04:55:08.099086 dv-cinder-854266-1-smb devstack@placement-api.service[106831]: DEBUG placement.requestlog [None req-905fe222-57cb-4991-8c17-7d0525e53e75 None None] Starting request: 10.222.0.85 "DELETE /placement/resource_providers/981d41a0-5440-4ebd-b6d6-823f2fc97b48" {{(pid=106831) __call__ /opt/stack/placement/placement/requestlog.py:55}}
Aug 24 04:55:08.129698 dv-cinder-854266-1-smb devstack@placement-api.service[106831]: DEBUG placement.wsgi_wrapper [None req-905fe222-57cb-4991-8c17-7d0525e53e75 service placement] Placement API returning an error response: No resource provider with uuid 981d41a0-5440-4ebd-b6d6-823f2fc97b48 found for delete {{(pid=106831) call_func /opt/stack/placement/placement/wsgi_wrapper.py:31}}
Aug 24 04:55:08.131745 dv-cinder-854266-1-smb devstack@placement-api.service[106831]: INFO placement.requestlog [None req-905fe222-57cb-4991-8c17-7d0525e53e75 service placement] 10.222.0.85 "DELETE /placement/resource_providers/981d41a0-5440-4ebd-b6d6-823f2fc97b48" status: 404 len: 246 microversion: 1.1
Aug 24 04:55:08.132760 dv-cinder-854266-1-smb devstack@placement-api.service[106831]: [pid: 106831|app: 0|req: 20/41] 10.222.0.85 () {60 vars in 1351 bytes} [Wed Aug 24 04:55:08 2022] DELETE /placement/resource_providers/981d41a0-5440-4ebd-b6d6-823f2fc97b48 => generated 246 bytes in 34 msecs (HTTP/1.1 404) 6 headers in 231 bytes (2 switches on core 0)
Aug 24 04:55:18.087076 dv-cinder-854266-1-smb devstack@placement-api.service[106832]: DEBUG dbcounter [-] [106832] Writing DB stats placement:SELECT=2 {{(pid=106832) stat_writer /usr/local/lib/python3.8/dist-packages/dbcounter.py:114}}
Aug 24 04:55:18.124923 dv-cinder-854266-1-smb devstack@placement-api.service[106831]: DEBUG dbcounter [-] [106831] Writing DB stats placement:SELECT=9,placement:DELETE=2 {{(pid=106831) stat_writer /usr/local/lib/python3.8/dist-packages/dbcounter.py:114}}
Aug 24 04:55:29.870036 dv-cinder-854266-1-smb devstack@placement-api.service[106832]: DEBUG placement.requestlog [req-c80bc87c-cfd1-4194-b97d-5475d2b14005 req-a6afa251-0ece-4db7-ac46-a474346381dd None None] Starting request: 10.222.0.85 "GET /placement/allocation_candidates?limit=1000&resources=DISK_GB%3A1%2CMEMORY_MB%3A1024%2CVCPU%3A1&root_required=%21COMPUTE_STATUS_DISABLED" {{(pid=106832) __call__ /opt/stack/placement/placement/requestlog.py:55}}
Aug 24 04:55:29.941905 dv-cinder-854266-1-smb devstack@placement-api.service[106832]: DEBUG placement.objects.research_context [req-c80bc87c-cfd1-4194-b97d-5475d2b14005 req-a6afa251-0ece-4db7-ac46-a474346381dd service placement] getting providers with 1 DISK_GB {{(pid=106832) __init__ /opt/stack/placement/placement/objects/research_context.py:136}}
Aug 24 04:55:29.967305 dv-cinder-854266-1-smb devstack@placement-api.service[106832]: DEBUG placement.objects.research_context [req-c80bc87c-cfd1-4194-b97d-5475d2b14005 req-a6afa251-0ece-4db7-ac46-a474346381dd service placement] getting providers with 1024 MEMORY_MB {{(pid=106832) __init__ /opt/stack/placement/placement/objects/research_context.py:136}}
Aug 24 04:55:29.976897 dv-cinder-854266-1-smb devstack@placement-api.service[106832]: DEBUG placement.objects.research_context [req-c80bc87c-cfd1-4194-b97d-5475d2b14005 req-a6afa251-0ece-4db7-ac46-a474346381dd service placement] getting providers with 1 VCPU {{(pid=106832) __init__ /opt/stack/placement/placement/objects/research_context.py:136}}
Aug 24 04:55:29.991494 dv-cinder-854266-1-smb devstack@placement-api.service[106832]: DEBUG placement.objects.research_context [req-c80bc87c-cfd1-4194-b97d-5475d2b14005 req-a6afa251-0ece-4db7-ac46-a474346381dd service placement] found 1 providers with available 1 DISK_GB {{(pid=106832) get_provider_ids_matching /opt/stack/placement/placement/objects/research_context.py:563}}
Aug 24 04:55:29.992139 dv-cinder-854266-1-smb devstack@placement-api.service[106832]: DEBUG placement.objects.research_context [req-c80bc87c-cfd1-4194-b97d-5475d2b14005 req-a6afa251-0ece-4db7-ac46-a474346381dd service placement] found 1 providers with available 1024 MEMORY_MB {{(pid=106832) get_provider_ids_matching /opt/stack/placement/placement/objects/research_context.py:563}}
Aug 24 04:55:29.993582 dv-cinder-854266-1-smb devstack@placement-api.service[106832]: DEBUG placement.objects.research_context [req-c80bc87c-cfd1-4194-b97d-5475d2b14005 req-a6afa251-0ece-4db7-ac46-a474346381dd service placement] found 1 providers after filtering by previous result {{(pid=106832) get_provider_ids_matching /opt/stack/placement/placement/objects/research_context.py:594}}
Aug 24 04:55:29.994006 dv-cinder-854266-1-smb devstack@placement-api.service[106832]: DEBUG placement.objects.research_context [req-c80bc87c-cfd1-4194-b97d-5475d2b14005 req-a6afa251-0ece-4db7-ac46-a474346381dd service placement] found 1 providers with available 1 VCPU {{(pid=106832) get_provider_ids_matching /opt/stack/placement/placement/objects/research_context.py:563}}
Aug 24 04:55:29.994466 dv-cinder-854266-1-smb devstack@placement-api.service[106832]: DEBUG placement.objects.research_context [req-c80bc87c-cfd1-4194-b97d-5475d2b14005 req-a6afa251-0ece-4db7-ac46-a474346381dd service placement] found 1 providers after filtering by previous result {{(pid=106832) get_provider_ids_matching /opt/stack/placement/placement/objects/research_context.py:594}}
Aug 24 04:55:30.010767 dv-cinder-854266-1-smb devstack@placement-api.service[106832]: DEBUG placement.objects.allocation_candidate [req-c80bc87c-cfd1-4194-b97d-5475d2b14005 req-a6afa251-0ece-4db7-ac46-a474346381dd service placement] RequestGroup(use_same_provider=False, resources={DISK_GB:1, MEMORY_MB:1024, VCPU:1}, traits=(), aggregates=[]) (suffix '') returned 1 matches {{(pid=106832) _get_by_requests /opt/stack/placement/placement/objects/allocation_candidate.py:156}}
Aug 24 04:55:30.011420 dv-cinder-854266-1-smb devstack@placement-api.service[106832]: DEBUG placement.objects.allocation_candidate [req-c80bc87c-cfd1-4194-b97d-5475d2b14005 req-a6afa251-0ece-4db7-ac46-a474346381dd service placement] Merging candidates yields 1 allocation requests and 1 provider summaries {{(pid=106832) _merge_candidates /opt/stack/placement/placement/objects/allocation_candidate.py:809}}
Aug 24 04:55:30.013800 dv-cinder-854266-1-smb devstack@placement-api.service[106832]: INFO placement.requestlog [req-c80bc87c-cfd1-4194-b97d-5475d2b14005 req-a6afa251-0ece-4db7-ac46-a474346381dd service placement] 10.222.0.85 "GET /placement/allocation_candidates?limit=1000&resources=DISK_GB%3A1%2CMEMORY_MB%3A1024%2CVCPU%3A1&root_required=%21COMPUTE_STATUS_DISABLED" status: 200 len: 767 microversion: 1.36
Aug 24 04:55:30.014768 dv-cinder-854266-1-smb devstack@placement-api.service[106832]: [pid: 106832|app: 0|req: 22/42] 10.222.0.85 () {60 vars in 1506 bytes} [Wed Aug 24 04:55:29 2022] GET /placement/allocation_candidates?limit=1000&resources=DISK_GB%3A1%2CMEMORY_MB%3A1024%2CVCPU%3A1&root_required=%21COMPUTE_STATUS_DISABLED => generated 767 bytes in 145 msecs (HTTP/1.1 200) 8 headers in 296 bytes (2 switches on core 0)
Aug 24 04:55:30.085023 dv-cinder-854266-1-smb devstack@placement-api.service[106831]: DEBUG placement.requestlog [req-c80bc87c-cfd1-4194-b97d-5475d2b14005 req-07d879d8-1677-46e1-b5f6-194f1f39eecc None None] Starting request: 10.222.0.85 "GET /placement/allocations/579d2e99-e464-4e5a-bee2-7f810c0a47c2" {{(pid=106831) __call__ /opt/stack/placement/placement/requestlog.py:55}}
Aug 24 04:55:30.101167 dv-cinder-854266-1-smb devstack@placement-api.service[106831]: INFO placement.requestlog [req-c80bc87c-cfd1-4194-b97d-5475d2b14005 req-07d879d8-1677-46e1-b5f6-194f1f39eecc service placement] 10.222.0.85 "GET /placement/allocations/579d2e99-e464-4e5a-bee2-7f810c0a47c2" status: 200 len: 19 microversion: 1.28
Aug 24 04:55:30.102149 dv-cinder-854266-1-smb devstack@placement-api.service[106831]: [pid: 106831|app: 0|req: 21/43] 10.222.0.85 () {60 vars in 1380 bytes} [Wed Aug 24 04:55:30 2022] GET /placement/allocations/579d2e99-e464-4e5a-bee2-7f810c0a47c2 => generated 19 bytes in 17 msecs (HTTP/1.1 200) 8 headers in 295 bytes (1 switches on core 0)
Aug 24 04:55:30.109923 dv-cinder-854266-1-smb devstack@placement-api.service[106832]: DEBUG placement.requestlog [req-c80bc87c-cfd1-4194-b97d-5475d2b14005 req-86999d8d-071c-4f86-9ad4-177bc01b088e None None] Starting request: 10.222.0.85 "PUT /placement/allocations/579d2e99-e464-4e5a-bee2-7f810c0a47c2" {{(pid=106832) __call__ /opt/stack/placement/placement/requestlog.py:55}}
Aug 24 04:55:30.264881 dv-cinder-854266-1-smb devstack@placement-api.service[106832]: DEBUG placement.handlers.allocation [req-c80bc87c-cfd1-4194-b97d-5475d2b14005 req-86999d8d-071c-4f86-9ad4-177bc01b088e service placement] Successfully wrote allocations [, , ] {{(pid=106832) _update_consumers_and_create_allocations /opt/stack/placement/placement/handlers/allocation.py:462}}
Aug 24 04:55:30.270069 dv-cinder-854266-1-smb devstack@placement-api.service[106832]: INFO placement.requestlog [req-c80bc87c-cfd1-4194-b97d-5475d2b14005 req-86999d8d-071c-4f86-9ad4-177bc01b088e service placement] 10.222.0.85 "PUT /placement/allocations/579d2e99-e464-4e5a-bee2-7f810c0a47c2" status: 204 len: 0 microversion: 1.36
Aug 24 04:55:30.270489 dv-cinder-854266-1-smb devstack@placement-api.service[106832]: [pid: 106832|app: 0|req: 23/44] 10.222.0.85 () {64 vars in 1433 bytes} [Wed Aug 24 04:55:30 2022] PUT /placement/allocations/579d2e99-e464-4e5a-bee2-7f810c0a47c2 => generated 0 bytes in 161 msecs (HTTP/1.1 204) 5 headers in 199 bytes (1 switches on core 0)
Aug 24 04:55:30.720180 dv-cinder-854266-1-smb devstack@placement-api.service[106831]: DEBUG placement.requestlog [req-c80bc87c-cfd1-4194-b97d-5475d2b14005 req-0a59880a-b85b-49bb-99c4-531387194147 None None] Starting request: 10.222.0.52 "GET /placement/allocations/579d2e99-e464-4e5a-bee2-7f810c0a47c2" {{(pid=106831) __call__ /opt/stack/placement/placement/requestlog.py:55}}
Aug 24 04:55:30.745396 dv-cinder-854266-1-smb devstack@placement-api.service[106831]: INFO placement.requestlog [req-c80bc87c-cfd1-4194-b97d-5475d2b14005 req-0a59880a-b85b-49bb-99c4-531387194147 service placement] 10.222.0.52 "GET /placement/allocations/579d2e99-e464-4e5a-bee2-7f810c0a47c2" status: 200 len: 258 microversion: 1.28
Aug 24 04:55:30.747412 dv-cinder-854266-1-smb devstack@placement-api.service[106831]: [pid: 106831|app: 0|req: 22/45] 10.222.0.52 () {60 vars in 1377 bytes} [Wed Aug 24 04:55:30 2022] GET /placement/allocations/579d2e99-e464-4e5a-bee2-7f810c0a47c2 => generated 258 bytes in 28 msecs (HTTP/1.1 200) 8 headers in 296 bytes (1 switches on core 0)
Aug 24 04:55:35.082558 dv-cinder-854266-1-smb devstack@placement-api.service[106832]: DEBUG placement.requestlog [req-c21645e6-0966-4feb-8d0b-e8f67f0d460d req-beacc730-9874-4ddb-898a-84aae314d988 None None] Starting request: 10.222.0.85 "GET /placement/allocation_candidates?limit=1000&resources=DISK_GB%3A1%2CMEMORY_MB%3A1024%2CVCPU%3A1&root_required=%21COMPUTE_STATUS_DISABLED" {{(pid=106832) __call__ /opt/stack/placement/placement/requestlog.py:55}}
Aug 24 04:55:35.131448 dv-cinder-854266-1-smb devstack@placement-api.service[106832]: DEBUG placement.objects.research_context [req-c21645e6-0966-4feb-8d0b-e8f67f0d460d req-beacc730-9874-4ddb-898a-84aae314d988 service placement] getting providers with 1 DISK_GB {{(pid=106832) __init__ /opt/stack/placement/placement/objects/research_context.py:136}}
Aug 24 04:55:35.137782 dv-cinder-854266-1-smb devstack@placement-api.service[106832]: DEBUG placement.objects.research_context [req-c21645e6-0966-4feb-8d0b-e8f67f0d460d req-beacc730-9874-4ddb-898a-84aae314d988 service placement] getting providers with 1024 MEMORY_MB {{(pid=106832) __init__ /opt/stack/placement/placement/objects/research_context.py:136}}
Aug 24 04:55:35.143385 dv-cinder-854266-1-smb devstack@placement-api.service[106832]: DEBUG placement.objects.research_context [req-c21645e6-0966-4feb-8d0b-e8f67f0d460d req-beacc730-9874-4ddb-898a-84aae314d988 service placement] getting providers with 1 VCPU {{(pid=106832) __init__ /opt/stack/placement/placement/objects/research_context.py:136}}
Aug 24 04:55:35.148940 dv-cinder-854266-1-smb devstack@placement-api.service[106832]: DEBUG placement.objects.research_context [req-c21645e6-0966-4feb-8d0b-e8f67f0d460d req-beacc730-9874-4ddb-898a-84aae314d988 service placement] found 1 providers with available 1 DISK_GB {{(pid=106832) get_provider_ids_matching /opt/stack/placement/placement/objects/research_context.py:563}}
Aug 24 04:55:35.149343 dv-cinder-854266-1-smb devstack@placement-api.service[106832]: DEBUG placement.objects.research_context [req-c21645e6-0966-4feb-8d0b-e8f67f0d460d req-beacc730-9874-4ddb-898a-84aae314d988 service placement] found 1 providers with available 1024 MEMORY_MB {{(pid=106832) get_provider_ids_matching /opt/stack/placement/placement/objects/research_context.py:563}}
Aug 24 04:55:35.149613 dv-cinder-854266-1-smb devstack@placement-api.service[106832]: DEBUG placement.objects.research_context [req-c21645e6-0966-4feb-8d0b-e8f67f0d460d req-beacc730-9874-4ddb-898a-84aae314d988 service placement] found 1 providers after filtering by previous result {{(pid=106832) get_provider_ids_matching /opt/stack/placement/placement/objects/research_context.py:594}}
Aug 24 04:55:35.149869 dv-cinder-854266-1-smb devstack@placement-api.service[106832]: DEBUG placement.objects.research_context [req-c21645e6-0966-4feb-8d0b-e8f67f0d460d req-beacc730-9874-4ddb-898a-84aae314d988 service placement] found 1 providers with available 1 VCPU {{(pid=106832) get_provider_ids_matching /opt/stack/placement/placement/objects/research_context.py:563}}
Aug 24 04:55:35.150141 dv-cinder-854266-1-smb devstack@placement-api.service[106832]: DEBUG placement.objects.research_context [req-c21645e6-0966-4feb-8d0b-e8f67f0d460d req-beacc730-9874-4ddb-898a-84aae314d988 service placement] found 1 providers after filtering by previous result {{(pid=106832) get_provider_ids_matching /opt/stack/placement/placement/objects/research_context.py:594}}
