Aug 24 04:55:09.691957 dv-cinder-854266-1-iscsi devstack@c-api.service[113390]: INFO cinder.api.openstack.wsgi [None req-b29a0899-7f47-4663-866a-cf06345c66d8 tempest-VolumesTransfersV355Test-312140730 tempest-VolumesTransfersV355Test-312140730-project] http://10.222.0.97/volume/v3/bc433e6134774c6b90c0d82cda95aca9/volume-transfers returned with HTTP 200
Aug 24 04:55:09.692956 dv-cinder-854266-1-iscsi devstack@c-api.service[113389]: /usr/local/lib/python3.8/dist-packages/oslo_context/context.py:100: DeprecationWarning: Policy enforcement is depending on the value of is_admin. This key is deprecated. Please update your policy file to use the standard policy values.
Aug 24 04:55:09.692956 dv-cinder-854266-1-iscsi devstack@c-api.service[113389]: warnings.warn('Policy enforcement is depending on the value of '
Aug 24 04:55:09.693160 dv-cinder-854266-1-iscsi devstack@c-api.service[113390]: [pid: 113390|app: 0|req: 204/400] 10.222.0.97 () {58 vars in 1241 bytes} [Wed Aug 24 04:55:09 2022] GET /volume/v3/bc433e6134774c6b90c0d82cda95aca9/volume-transfers => generated 434 bytes in 18 msecs (HTTP/1.1 200) 7 headers in 285 bytes (1 switches on core 0)
Aug 24 04:55:09.699547 dv-cinder-854266-1-iscsi devstack@c-api.service[113389]: INFO cinder.volume.api [None req-f00cb60e-9365-4042-8145-7e9bb09f72d3 tempest-VolumesCloneTest-226683604 tempest-VolumesCloneTest-226683604-project] Volume info retrieved successfully.
Aug 24 04:55:09.700102 dv-cinder-854266-1-iscsi devstack@c-api.service[113390]: DEBUG cinder.api.middleware.request_id [None req-97ae4357-0da7-470e-af75-7c9e8674a9a8 None None] RequestId filter calling following filter/app {{(pid=113390) _context_setter /opt/stack/cinder/cinder/api/middleware/request_id.py:62}}
Aug 24 04:55:09.709319 dv-cinder-854266-1-iscsi devstack@c-api.service[113389]: INFO cinder.api.openstack.wsgi [None req-f00cb60e-9365-4042-8145-7e9bb09f72d3 tempest-VolumesCloneTest-226683604 tempest-VolumesCloneTest-226683604-project] http://10.222.0.97/volume/v3/598f4ec0300145fc83e8e503ae2c0cab/volumes/96f9546c-34ae-4f5c-9385-072a519708fc returned with HTTP 200
Aug 24 04:55:09.710177 dv-cinder-854266-1-iscsi devstack@c-api.service[113389]: [pid: 113389|app: 0|req: 197/401] 10.222.0.97 () {58 vars in 1325 bytes} [Wed Aug 24 04:55:09 2022] GET /volume/v3/598f4ec0300145fc83e8e503ae2c0cab/volumes/96f9546c-34ae-4f5c-9385-072a519708fc => generated 908 bytes in 39 msecs (HTTP/1.1 200) 7 headers in 285 bytes (1 switches on core 0)
Aug 24 04:55:09.801844 dv-cinder-854266-1-iscsi devstack@c-api.service[113390]: INFO cinder.api.openstack.wsgi [None req-97ae4357-0da7-470e-af75-7c9e8674a9a8 tempest-VolumesTransfersV355Test-1836447856 tempest-VolumesTransfersV355Test-1836447856-project] POST http://10.222.0.97/volume/v3/b92c93115ef34a1592f3366d9ba276a5/volume-transfers/446da44b-0b4f-4fff-bbfb-e89cf8866970/accept
Aug 24 04:55:09.802667 dv-cinder-854266-1-iscsi devstack@c-api.service[113390]: DEBUG cinder.api.openstack.wsgi [None req-97ae4357-0da7-470e-af75-7c9e8674a9a8 tempest-VolumesTransfersV355Test-1836447856 tempest-VolumesTransfersV355Test-1836447856-project] Action: 'accept', calling method: accept, body: {"accept": {"auth_key": "977daa87fbe0ca49"}} {{(pid=113390) _process_stack /opt/stack/cinder/cinder/api/openstack/wsgi.py:866}}
Aug 24 04:55:09.804818 dv-cinder-854266-1-iscsi devstack@c-api.service[113390]: DEBUG cinder.api.contrib.volume_transfer [None req-97ae4357-0da7-470e-af75-7c9e8674a9a8 tempest-VolumesTransfersV355Test-1836447856 tempest-VolumesTransfersV355Test-1836447856-project] Accepting volume transfer 446da44b-0b4f-4fff-bbfb-e89cf8866970 {{(pid=113390) accept /opt/stack/cinder/cinder/api/contrib/volume_transfer.py:115}}
Aug 24 04:55:09.805131 dv-cinder-854266-1-iscsi devstack@c-api.service[113390]: INFO cinder.api.contrib.volume_transfer [None req-97ae4357-0da7-470e-af75-7c9e8674a9a8 tempest-VolumesTransfersV355Test-1836447856 tempest-VolumesTransfersV355Test-1836447856-project] Accepting transfer 446da44b-0b4f-4fff-bbfb-e89cf8866970
Aug 24 04:55:09.883129 dv-cinder-854266-1-iscsi devstack@c-api.service[113389]: DEBUG cinder.api.middleware.request_id [None req-40dd24d1-0c52-49b4-b107-3dab05670043 None None] RequestId filter calling following filter/app {{(pid=113389) _context_setter /opt/stack/cinder/cinder/api/middleware/request_id.py:62}}
Aug 24 04:55:09.887315 dv-cinder-854266-1-iscsi devstack@c-api.service[113389]: INFO cinder.api.openstack.wsgi [None req-40dd24d1-0c52-49b4-b107-3dab05670043 tempest-VolumeTypesTest-660711792 tempest-VolumeTypesTest-660711792-project] GET http://10.222.0.97/volume/v3/d06dc041d9674e36a3b772f497936b5f/volumes/50b97a9f-0371-4276-a84f-bf2dffc55f71
Aug 24 04:55:09.887894 dv-cinder-854266-1-iscsi devstack@c-api.service[113389]: DEBUG cinder.api.openstack.wsgi [None req-40dd24d1-0c52-49b4-b107-3dab05670043 tempest-VolumeTypesTest-660711792 tempest-VolumeTypesTest-660711792-project] Empty body provided in request {{(pid=113389) get_body /opt/stack/cinder/cinder/api/openstack/wsgi.py:715}}
Aug 24 04:55:09.888359 dv-cinder-854266-1-iscsi devstack@c-api.service[113389]: DEBUG cinder.api.openstack.wsgi [None req-40dd24d1-0c52-49b4-b107-3dab05670043 tempest-VolumeTypesTest-660711792 tempest-VolumeTypesTest-660711792-project] Calling method 'show' {{(pid=113389) _process_stack /opt/stack/cinder/cinder/api/openstack/wsgi.py:868}}
Aug 24 04:55:09.907873 dv-cinder-854266-1-iscsi devstack@c-api.service[113389]: /usr/local/lib/python3.8/dist-packages/oslo_context/context.py:100: DeprecationWarning: Policy enforcement is depending on the value of is_admin. This key is deprecated. Please update your policy file to use the standard policy values.
Aug 24 04:55:09.907873 dv-cinder-854266-1-iscsi devstack@c-api.service[113389]: warnings.warn('Policy enforcement is depending on the value of '
Aug 24 04:55:09.917885 dv-cinder-854266-1-iscsi devstack@c-api.service[113389]: INFO cinder.volume.api [None req-40dd24d1-0c52-49b4-b107-3dab05670043 tempest-VolumeTypesTest-660711792 tempest-VolumeTypesTest-660711792-project] Volume info retrieved successfully.
Aug 24 04:55:09.932640 dv-cinder-854266-1-iscsi devstack@c-api.service[113390]: DEBUG cinder.quota [None req-97ae4357-0da7-470e-af75-7c9e8674a9a8 tempest-VolumesTransfersV355Test-1836447856 tempest-VolumesTransfersV355Test-1836447856-project] Created reservations ['7d828342-3c96-4049-8a33-79bc84560646', 'a1d55f7a-b39f-43ba-9b59-5bc8e0332b52', '7af8de6c-1a3b-4e91-8f34-b9b8e45ef4d5', 'be652f58-46d9-4001-84f7-c5933b892c3b'] {{(pid=113390) reserve /opt/stack/cinder/cinder/quota.py:755}}
Aug 24 04:55:09.933610 dv-cinder-854266-1-iscsi devstack@c-api.service[113389]: INFO cinder.api.openstack.wsgi [None req-40dd24d1-0c52-49b4-b107-3dab05670043 tempest-VolumeTypesTest-660711792 tempest-VolumeTypesTest-660711792-project] http://10.222.0.97/volume/v3/d06dc041d9674e36a3b772f497936b5f/volumes/50b97a9f-0371-4276-a84f-bf2dffc55f71 returned with HTTP 200
Aug 24 04:55:09.934482 dv-cinder-854266-1-iscsi devstack@c-api.service[113389]: [pid: 113389|app: 0|req: 198/402] 10.222.0.97 () {58 vars in 1325 bytes} [Wed Aug 24 04:55:09 2022] GET /volume/v3/d06dc041d9674e36a3b772f497936b5f/volumes/50b97a9f-0371-4276-a84f-bf2dffc55f71 => generated 941 bytes in 52 msecs (HTTP/1.1 200) 7 headers in 285 bytes (2 switches on core 0)
Aug 24 04:55:09.951324 dv-cinder-854266-1-iscsi devstack@c-api.service[113389]: DEBUG cinder.api.middleware.request_id [None req-0d268f0f-5fa4-4199-9a18-923d4c53198d None None] RequestId filter calling following filter/app {{(pid=113389) _context_setter /opt/stack/cinder/cinder/api/middleware/request_id.py:62}}
Aug 24 04:55:09.957172 dv-cinder-854266-1-iscsi devstack@c-api.service[113389]: INFO cinder.api.openstack.wsgi [None req-0d268f0f-5fa4-4199-9a18-923d4c53198d tempest-VolumeTypesTest-660711792 tempest-VolumeTypesTest-660711792-project] POST http://10.222.0.97/volume/v3/d06dc041d9674e36a3b772f497936b5f/volumes/50b97a9f-0371-4276-a84f-bf2dffc55f71/action
Aug 24 04:55:09.958281 dv-cinder-854266-1-iscsi devstack@c-api.service[113389]: DEBUG cinder.api.openstack.wsgi [None req-0d268f0f-5fa4-4199-9a18-923d4c53198d tempest-VolumeTypesTest-660711792 tempest-VolumeTypesTest-660711792-project] Action body: b'{"os-retype": {"new_type": "82d3d2ef-d94d-4cb6-ac27-df713d4c02f7"}}' {{(pid=113389) get_method /opt/stack/cinder/cinder/api/openstack/wsgi.py:983}}
Aug 24 04:55:09.958721 dv-cinder-854266-1-iscsi devstack@c-api.service[113389]: DEBUG cinder.api.openstack.wsgi [None req-0d268f0f-5fa4-4199-9a18-923d4c53198d tempest-VolumeTypesTest-660711792 tempest-VolumeTypesTest-660711792-project] Action: 'action', calling method: _retype, body: {"os-retype": {"new_type": "82d3d2ef-d94d-4cb6-ac27-df713d4c02f7"}} {{(pid=113389) _process_stack /opt/stack/cinder/cinder/api/openstack/wsgi.py:866}}
Aug 24 04:55:09.977651 dv-cinder-854266-1-iscsi devstack@c-api.service[113389]: /usr/local/lib/python3.8/dist-packages/oslo_context/context.py:100: DeprecationWarning: Policy enforcement is depending on the value of is_admin. This key is deprecated. Please update your policy file to use the standard policy values.
Aug 24 04:55:09.977651 dv-cinder-854266-1-iscsi devstack@c-api.service[113389]: warnings.warn('Policy enforcement is depending on the value of '
Aug 24 04:55:09.978985 dv-cinder-854266-1-iscsi devstack@c-api.service[113389]: INFO cinder.volume.api [None req-0d268f0f-5fa4-4199-9a18-923d4c53198d tempest-VolumeTypesTest-660711792 tempest-VolumeTypesTest-660711792-project] Volume info retrieved successfully.
Aug 24 04:55:09.982435 dv-cinder-854266-1-iscsi devstack@c-api.service[113390]: DEBUG cinder.quota [None req-97ae4357-0da7-470e-af75-7c9e8674a9a8 tempest-VolumesTransfersV355Test-1836447856 tempest-VolumesTransfersV355Test-1836447856-project] Created reservations ['d0c7c3c3-85b6-4470-a9da-06a15bcf2228', 'f9694925-f6af-494d-a22b-1854197476ee', '7ac1e970-d767-4694-a228-3528b4a61555', '59f007c6-7029-46d3-b842-50b04c741776'] {{(pid=113390) reserve /opt/stack/cinder/cinder/quota.py:755}}
Aug 24 04:55:10.014705 dv-cinder-854266-1-iscsi devstack@c-api.service[113389]: WARNING cinder.quota [None req-0d268f0f-5fa4-4199-9a18-923d4c53198d tempest-VolumeTypesTest-660711792 tempest-VolumeTypesTest-660711792-project] Deprecated: Default quota for resource: volumes_tempest-VolumeTypesTest-volume-type-1714139271 is set by the default quota flag: quota_volumes_tempest-VolumeTypesTest-volume-type-1714139271, it is now deprecated. Please use the default quota class for default quota.
Aug 24 04:55:10.015539 dv-cinder-854266-1-iscsi devstack@c-api.service[113389]: WARNING cinder.quota [None req-0d268f0f-5fa4-4199-9a18-923d4c53198d tempest-VolumeTypesTest-660711792 tempest-VolumeTypesTest-660711792-project] Deprecated: Default quota for resource: gigabytes_tempest-VolumeTypesTest-volume-type-1714139271 is set by the default quota flag: quota_gigabytes_tempest-VolumeTypesTest-volume-type-1714139271, it is now deprecated. Please use the default quota class for default quota.
Aug 24 04:55:10.020055 dv-cinder-854266-1-iscsi devstack@c-api.service[113389]: DEBUG dbcounter [-] [113389] Writing DB stats cinder:INSERT=8,cinder:SELECT=79,cinder:UPDATE=13 {{(pid=113389) stat_writer /usr/local/lib/python3.8/dist-packages/dbcounter.py:114}}
Aug 24 04:55:10.057650 dv-cinder-854266-1-iscsi devstack@c-api.service[113390]: DEBUG cinder.quota [None req-97ae4357-0da7-470e-af75-7c9e8674a9a8 tempest-VolumesTransfersV355Test-1836447856 tempest-VolumesTransfersV355Test-1836447856-project] Created reservations ['5fae1aaa-8f76-47b9-a543-6d4d08b53c29', 'a936ea85-094a-4226-ad24-01afcec17e7f', '0e5a0136-45aa-4640-8a23-51dd2a7b50da', 'ff0792e1-a9eb-47c2-8df8-0b780ff7a1e1'] {{(pid=113390) reserve /opt/stack/cinder/cinder/quota.py:755}}
Aug 24 04:55:10.073661 dv-cinder-854266-1-iscsi devstack@c-api.service[113389]: DEBUG cinder.quota [None req-0d268f0f-5fa4-4199-9a18-923d4c53198d tempest-VolumeTypesTest-660711792 tempest-VolumeTypesTest-660711792-project] Created reservations ['2ea42b85-ee6b-4cb8-ba5b-299c2f97bf79', '1bb2181c-ec6e-49c0-b6f1-74bedeb92d4c'] {{(pid=113389) reserve /opt/stack/cinder/cinder/quota.py:755}}
Aug 24 04:55:10.122196 dv-cinder-854266-1-iscsi devstack@c-api.service[113389]: WARNING cinder.quota [None req-0d268f0f-5fa4-4199-9a18-923d4c53198d tempest-VolumeTypesTest-660711792 tempest-VolumeTypesTest-660711792-project] Deprecated: Default quota for resource: volumes_tempest-VolumeTypesTest-volume-type-37348177 is set by the default quota flag: quota_volumes_tempest-VolumeTypesTest-volume-type-37348177, it is now deprecated. Please use the default quota class for default quota.
Aug 24 04:55:10.123110 dv-cinder-854266-1-iscsi devstack@c-api.service[113389]: WARNING cinder.quota [None req-0d268f0f-5fa4-4199-9a18-923d4c53198d tempest-VolumeTypesTest-660711792 tempest-VolumeTypesTest-660711792-project] Deprecated: Default quota for resource: gigabytes_tempest-VolumeTypesTest-volume-type-37348177 is set by the default quota flag: quota_gigabytes_tempest-VolumeTypesTest-volume-type-37348177, it is now deprecated. Please use the default quota class for default quota.
Aug 24 04:55:10.123654 dv-cinder-854266-1-iscsi devstack@c-api.service[113390]: DEBUG dbcounter [-] [113390] Writing DB stats cinder:SELECT=73,cinder:INSERT=23,cinder:UPDATE=4 {{(pid=113390) stat_writer /usr/local/lib/python3.8/dist-packages/dbcounter.py:114}}
Aug 24 04:55:10.132144 dv-cinder-854266-1-iscsi devstack@c-api.service[113390]: DEBUG cinder.quota [None req-97ae4357-0da7-470e-af75-7c9e8674a9a8 tempest-VolumesTransfersV355Test-1836447856 tempest-VolumesTransfersV355Test-1836447856-project] Created reservations ['560031c2-923c-4fd8-8295-7875e1ab1950', 'ad4c6819-cecf-4606-86fe-95b6b3d1e828', '5f0b59ec-14f0-4d6a-a8e3-f1208c4e60c4', 'cca13296-0fc7-40d7-ad80-bf6e4cd09e3d'] {{(pid=113390) reserve /opt/stack/cinder/cinder/quota.py:755}}
Aug 24 04:55:10.139503 dv-cinder-854266-1-iscsi devstack@c-api.service[113389]: DEBUG cinder.quota [None req-0d268f0f-5fa4-4199-9a18-923d4c53198d tempest-VolumeTypesTest-660711792 tempest-VolumeTypesTest-660711792-project] Created reservations ['b5e078e3-fc11-47cb-971c-f138a8863754', 'f0f3a3a3-18fb-4b7b-8866-1906f013b629'] {{(pid=113389) reserve /opt/stack/cinder/cinder/quota.py:755}}
Aug 24 04:55:10.186428 dv-cinder-854266-1-iscsi devstack@c-api.service[113390]: INFO cinder.volume.api [None req-97ae4357-0da7-470e-af75-7c9e8674a9a8 tempest-VolumesTransfersV355Test-1836447856 tempest-VolumesTransfersV355Test-1836447856-project] Transfer volume completed successfully.
Aug 24 04:55:10.192384 dv-cinder-854266-1-iscsi devstack@c-api.service[113389]: INFO cinder.volume.api [None req-0d268f0f-5fa4-4199-9a18-923d4c53198d tempest-VolumeTypesTest-660711792 tempest-VolumeTypesTest-660711792-project] Retype volume request issued successfully.
Aug 24 04:55:10.192856 dv-cinder-854266-1-iscsi devstack@c-api.service[113389]: INFO cinder.api.openstack.wsgi [None req-0d268f0f-5fa4-4199-9a18-923d4c53198d tempest-VolumeTypesTest-660711792 tempest-VolumeTypesTest-660711792-project] http://10.222.0.97/volume/v3/d06dc041d9674e36a3b772f497936b5f/volumes/50b97a9f-0371-4276-a84f-bf2dffc55f71/action returned with HTTP 202
Aug 24 04:55:10.193832 dv-cinder-854266-1-iscsi devstack@c-api.service[113389]: [pid: 113389|app: 0|req: 199/403] 10.222.0.97 () {60 vars in 1367 bytes} [Wed Aug 24 04:55:09 2022] POST /volume/v3/d06dc041d9674e36a3b772f497936b5f/volumes/50b97a9f-0371-4276-a84f-bf2dffc55f71/action => generated 0 bytes in 244 msecs (HTTP/1.1 202) 7 headers in 289 bytes (1 switches on core 0)
Aug 24 04:55:10.199812 dv-cinder-854266-1-iscsi devstack@c-api.service[113389]: DEBUG cinder.api.middleware.request_id [None req-78ee0a76-3ba4-4ec7-8fdd-fa987fd26efb None None] RequestId filter calling following filter/app {{(pid=113389) _context_setter /opt/stack/cinder/cinder/api/middleware/request_id.py:62}}
Aug 24 04:55:10.203890 dv-cinder-854266-1-iscsi devstack@c-api.service[113389]: INFO cinder.api.openstack.wsgi [None req-78ee0a76-3ba4-4ec7-8fdd-fa987fd26efb tempest-VolumeTypesTest-660711792 tempest-VolumeTypesTest-660711792-project] GET http://10.222.0.97/volume/v3/d06dc041d9674e36a3b772f497936b5f/volumes/50b97a9f-0371-4276-a84f-bf2dffc55f71
Aug 24 04:55:10.205159 dv-cinder-854266-1-iscsi devstack@c-api.service[113389]: DEBUG cinder.api.openstack.wsgi [None req-78ee0a76-3ba4-4ec7-8fdd-fa987fd26efb tempest-VolumeTypesTest-660711792 tempest-VolumeTypesTest-660711792-project] Empty body provided in request {{(pid=113389) get_body /opt/stack/cinder/cinder/api/openstack/wsgi.py:715}}
Aug 24 04:55:10.205625 dv-cinder-854266-1-iscsi devstack@c-api.service[113389]: DEBUG cinder.api.openstack.wsgi [None req-78ee0a76-3ba4-4ec7-8fdd-fa987fd26efb tempest-VolumeTypesTest-660711792 tempest-VolumeTypesTest-660711792-project] Calling method 'show' {{(pid=113389) _process_stack /opt/stack/cinder/cinder/api/openstack/wsgi.py:868}}
Aug 24 04:55:10.236067 dv-cinder-854266-1-iscsi devstack@c-api.service[113389]: /usr/local/lib/python3.8/dist-packages/oslo_context/context.py:100: DeprecationWarning: Policy enforcement is depending on the value of is_admin. This key is deprecated. Please update your policy file to use the standard policy values.
Aug 24 04:55:10.236067 dv-cinder-854266-1-iscsi devstack@c-api.service[113389]: warnings.warn('Policy enforcement is depending on the value of '
Aug 24 04:55:10.245830 dv-cinder-854266-1-iscsi devstack@c-api.service[113389]: INFO cinder.volume.api [None req-78ee0a76-3ba4-4ec7-8fdd-fa987fd26efb tempest-VolumeTypesTest-660711792 tempest-VolumeTypesTest-660711792-project] Volume info retrieved successfully.
Aug 24 04:55:10.258699 dv-cinder-854266-1-iscsi devstack@c-api.service[113389]: INFO cinder.api.openstack.wsgi [None req-78ee0a76-3ba4-4ec7-8fdd-fa987fd26efb tempest-VolumeTypesTest-660711792 tempest-VolumeTypesTest-660711792-project] http://10.222.0.97/volume/v3/d06dc041d9674e36a3b772f497936b5f/volumes/50b97a9f-0371-4276-a84f-bf2dffc55f71 returned with HTTP 200
Aug 24 04:55:10.266872 dv-cinder-854266-1-iscsi devstack@c-api.service[113389]: [pid: 113389|app: 0|req: 200/404] 10.222.0.97 () {58 vars in 1325 bytes} [Wed Aug 24 04:55:10 2022] GET /volume/v3/d06dc041d9674e36a3b772f497936b5f/volumes/50b97a9f-0371-4276-a84f-bf2dffc55f71 => generated 940 bytes in 69 msecs (HTTP/1.1 200) 7 headers in 285 bytes (1 switches on core 0)
Aug 24 04:55:10.333553 dv-cinder-854266-1-iscsi devstack@c-api.service[113390]: INFO cinder.transfer.api [None req-97ae4357-0da7-470e-af75-7c9e8674a9a8 tempest-VolumesTransfersV355Test-1836447856 tempest-VolumesTransfersV355Test-1836447856-project] Volume 35de3c26-fcc9-42f0-b658-7445a54ee0c4 has been transferred.
Aug 24 04:55:10.358924 dv-cinder-854266-1-iscsi devstack@c-api.service[113390]: INFO cinder.api.openstack.wsgi [None req-97ae4357-0da7-470e-af75-7c9e8674a9a8 tempest-VolumesTransfersV355Test-1836447856 tempest-VolumesTransfersV355Test-1836447856-project] http://10.222.0.97/volume/v3/b92c93115ef34a1592f3366d9ba276a5/volume-transfers/446da44b-0b4f-4fff-bbfb-e89cf8866970/accept returned with HTTP 202
Aug 24 04:55:10.359897 dv-cinder-854266-1-iscsi devstack@c-api.service[113390]: [pid: 113390|app: 0|req: 205/405] 10.222.0.97 () {60 vars in 1394 bytes} [Wed Aug 24 04:55:09 2022] POST /volume/v3/b92c93115ef34a1592f3366d9ba276a5/volume-transfers/446da44b-0b4f-4fff-bbfb-e89cf8866970/accept => generated 431 bytes in 660 msecs (HTTP/1.1 202) 7 headers in 291 bytes (2 switches on core 0)
Aug 24 04:55:10.368518 dv-cinder-854266-1-iscsi devstack@c-api.service[113389]: DEBUG cinder.api.middleware.request_id [None req-0c7fdb0e-cdb7-4c27-879e-ff9e3f1059fb None None] RequestId filter calling following filter/app {{(pid=113389) _context_setter /opt/stack/cinder/cinder/api/middleware/request_id.py:62}}
Aug 24 04:55:10.372043 dv-cinder-854266-1-iscsi devstack@c-api.service[113389]: INFO cinder.api.openstack.wsgi [None req-0c7fdb0e-cdb7-4c27-879e-ff9e3f1059fb tempest-VolumesTransfersV355Test-1836447856 tempest-VolumesTransfersV355Test-1836447856-project] GET http://10.222.0.97/volume/v3/b92c93115ef34a1592f3366d9ba276a5/volumes/35de3c26-fcc9-42f0-b658-7445a54ee0c4
Aug 24 04:55:10.372526 dv-cinder-854266-1-iscsi devstack@c-api.service[113389]: DEBUG cinder.api.openstack.wsgi [None req-0c7fdb0e-cdb7-4c27-879e-ff9e3f1059fb tempest-VolumesTransfersV355Test-1836447856 tempest-VolumesTransfersV355Test-1836447856-project] Empty body provided in request {{(pid=113389) get_body /opt/stack/cinder/cinder/api/openstack/wsgi.py:715}}
Aug 24 04:55:10.372975 dv-cinder-854266-1-iscsi devstack@c-api.service[113389]: DEBUG cinder.api.openstack.wsgi [None req-0c7fdb0e-cdb7-4c27-879e-ff9e3f1059fb tempest-VolumesTransfersV355Test-1836447856 tempest-VolumesTransfersV355Test-1836447856-project] Calling method 'show' {{(pid=113389) _process_stack /opt/stack/cinder/cinder/api/openstack/wsgi.py:868}}
Aug 24 04:55:10.389874 dv-cinder-854266-1-iscsi devstack@c-api.service[113389]: /usr/local/lib/python3.8/dist-packages/oslo_context/context.py:100: DeprecationWarning: Policy enforcement is depending on the value of is_admin. This key is deprecated. Please update your policy file to use the standard policy values.
Aug 24 04:55:10.389874 dv-cinder-854266-1-iscsi devstack@c-api.service[113389]: warnings.warn('Policy enforcement is depending on the value of '
Aug 24 04:55:10.396439 dv-cinder-854266-1-iscsi devstack@c-api.service[113389]: INFO cinder.volume.api [None req-0c7fdb0e-cdb7-4c27-879e-ff9e3f1059fb tempest-VolumesTransfersV355Test-1836447856 tempest-VolumesTransfersV355Test-1836447856-project] Volume info retrieved successfully.
Aug 24 04:55:10.406370 dv-cinder-854266-1-iscsi devstack@c-api.service[113389]: INFO cinder.api.openstack.wsgi [None req-0c7fdb0e-cdb7-4c27-879e-ff9e3f1059fb tempest-VolumesTransfersV355Test-1836447856 tempest-VolumesTransfersV355Test-1836447856-project] http://10.222.0.97/volume/v3/b92c93115ef34a1592f3366d9ba276a5/volumes/35de3c26-fcc9-42f0-b658-7445a54ee0c4 returned with HTTP 200
Aug 24 04:55:10.407670 dv-cinder-854266-1-iscsi devstack@c-api.service[113389]: [pid: 113389|app: 0|req: 201/406] 10.222.0.97 () {60 vars in 1366 bytes} [Wed Aug 24 04:55:10 2022] GET /volume/v3/b92c93115ef34a1592f3366d9ba276a5/volumes/35de3c26-fcc9-42f0-b658-7445a54ee0c4 => generated 1015 bytes in 40 msecs (HTTP/1.1 200) 7 headers in 287 bytes (1 switches on core 0)
Aug 24 04:55:10.423436 dv-cinder-854266-1-iscsi devstack@c-api.service[113390]: DEBUG cinder.api.middleware.request_id [None req-200201c9-9fda-4de7-8ced-9eb39c0da542 None None] RequestId filter calling following filter/app {{(pid=113390) _context_setter /opt/stack/cinder/cinder/api/middleware/request_id.py:62}}
Aug 24 04:55:10.427636 dv-cinder-854266-1-iscsi devstack@c-api.service[113390]: INFO cinder.api.openstack.wsgi [None req-200201c9-9fda-4de7-8ced-9eb39c0da542 tempest-VolumesTransfersV355Test-1836447856 tempest-VolumesTransfersV355Test-1836447856-project] GET http://10.222.0.97/volume/v3/b92c93115ef34a1592f3366d9ba276a5/volumes/35de3c26-fcc9-42f0-b658-7445a54ee0c4
Aug 24 04:55:10.428188 dv-cinder-854266-1-iscsi devstack@c-api.service[113390]: DEBUG cinder.api.openstack.wsgi [None req-200201c9-9fda-4de7-8ced-9eb39c0da542 tempest-VolumesTransfersV355Test-1836447856 tempest-VolumesTransfersV355Test-1836447856-project] Empty body provided in request {{(pid=113390) get_body /opt/stack/cinder/cinder/api/openstack/wsgi.py:715}}
Aug 24 04:55:10.428999 dv-cinder-854266-1-iscsi devstack@c-api.service[113390]: DEBUG cinder.api.openstack.wsgi [None req-200201c9-9fda-4de7-8ced-9eb39c0da542 tempest-VolumesTransfersV355Test-1836447856 tempest-VolumesTransfersV355Test-1836447856-project] Calling method 'show' {{(pid=113390) _process_stack /opt/stack/cinder/cinder/api/openstack/wsgi.py:868}}
Aug 24 04:55:10.446945 dv-cinder-854266-1-iscsi devstack@c-api.service[113390]: /usr/local/lib/python3.8/dist-packages/oslo_context/context.py:100: DeprecationWarning: Policy enforcement is depending on the value of is_admin. This key is deprecated. Please update your policy file to use the standard policy values.
Aug 24 04:55:10.446945 dv-cinder-854266-1-iscsi devstack@c-api.service[113390]: warnings.warn('Policy enforcement is depending on the value of '
Aug 24 04:55:10.460905 dv-cinder-854266-1-iscsi devstack@c-api.service[113390]: INFO cinder.volume.api [None req-200201c9-9fda-4de7-8ced-9eb39c0da542 tempest-VolumesTransfersV355Test-1836447856 tempest-VolumesTransfersV355Test-1836447856-project] Volume info retrieved successfully.
Aug 24 04:55:10.475955 dv-cinder-854266-1-iscsi devstack@c-api.service[113390]: INFO cinder.api.openstack.wsgi [None req-200201c9-9fda-4de7-8ced-9eb39c0da542 tempest-VolumesTransfersV355Test-1836447856 tempest-VolumesTransfersV355Test-1836447856-project] http://10.222.0.97/volume/v3/b92c93115ef34a1592f3366d9ba276a5/volumes/35de3c26-fcc9-42f0-b658-7445a54ee0c4 returned with HTTP 200
Aug 24 04:55:10.477475 dv-cinder-854266-1-iscsi devstack@c-api.service[113390]: [pid: 113390|app: 0|req: 206/407] 10.222.0.97 () {60 vars in 1366 bytes} [Wed Aug 24 04:55:10 2022] GET /volume/v3/b92c93115ef34a1592f3366d9ba276a5/volumes/35de3c26-fcc9-42f0-b658-7445a54ee0c4 => generated 1015 bytes in 56 msecs (HTTP/1.1 200) 7 headers in 287 bytes (2 switches on core 0)
Aug 24 04:55:10.493472 dv-cinder-854266-1-iscsi devstack@c-api.service[113389]: DEBUG cinder.api.middleware.request_id [None req-d36811e5-3373-4b53-a7ec-464ee6785f21 None None] RequestId filter calling following filter/app {{(pid=113389) _context_setter /opt/stack/cinder/cinder/api/middleware/request_id.py:62}}
Aug 24 04:55:10.509101 dv-cinder-854266-1-iscsi devstack@c-api.service[113389]: INFO cinder.api.openstack.wsgi [None req-d36811e5-3373-4b53-a7ec-464ee6785f21 tempest-VolumesTransfersV355Test-312140730 tempest-VolumesTransfersV355Test-312140730-project] DELETE http://10.222.0.97/volume/v3/bc433e6134774c6b90c0d82cda95aca9/volume-transfers/446da44b-0b4f-4fff-bbfb-e89cf8866970
Aug 24 04:55:10.509706 dv-cinder-854266-1-iscsi devstack@c-api.service[113389]: DEBUG cinder.api.openstack.wsgi [None req-d36811e5-3373-4b53-a7ec-464ee6785f21 tempest-VolumesTransfersV355Test-312140730 tempest-VolumesTransfersV355Test-312140730-project] Empty body provided in request {{(pid=113389) get_body /opt/stack/cinder/cinder/api/openstack/wsgi.py:715}}
Aug 24 04:55:10.510300 dv-cinder-854266-1-iscsi devstack@c-api.service[113389]: DEBUG cinder.api.openstack.wsgi [None req-d36811e5-3373-4b53-a7ec-464ee6785f21 tempest-VolumesTransfersV355Test-312140730 tempest-VolumesTransfersV355Test-312140730-project] Calling method 'delete' {{(pid=113389) _process_stack /opt/stack/cinder/cinder/api/openstack/wsgi.py:868}}
Aug 24 04:55:10.510728 dv-cinder-854266-1-iscsi devstack@c-api.service[113389]: INFO cinder.api.contrib.volume_transfer [None req-d36811e5-3373-4b53-a7ec-464ee6785f21 tempest-VolumesTransfersV355Test-312140730 tempest-VolumesTransfersV355Test-312140730-project] Delete transfer with id: 446da44b-0b4f-4fff-bbfb-e89cf8866970
Aug 24 04:55:10.520903 dv-cinder-854266-1-iscsi devstack@c-api.service[113389]: INFO cinder.api.openstack.wsgi [None req-d36811e5-3373-4b53-a7ec-464ee6785f21 tempest-VolumesTransfersV355Test-312140730 tempest-VolumesTransfersV355Test-312140730-project] http://10.222.0.97/volume/v3/bc433e6134774c6b90c0d82cda95aca9/volume-transfers/446da44b-0b4f-4fff-bbfb-e89cf8866970 returned with HTTP 404
Aug 24 04:55:10.522725 dv-cinder-854266-1-iscsi devstack@c-api.service[113389]: [pid: 113389|app: 0|req: 202/408] 10.222.0.97 () {58 vars in 1355 bytes} [Wed Aug 24 04:55:10 2022] DELETE /volume/v3/bc433e6134774c6b90c0d82cda95aca9/volume-transfers/446da44b-0b4f-4fff-bbfb-e89cf8866970 => generated 111 bytes in 30 msecs (HTTP/1.1 404) 7 headers in 292 bytes (1 switches on core 0)
Aug 24 04:55:10.527042 dv-cinder-854266-1-iscsi devstack@c-api.service[113390]: DEBUG cinder.api.middleware.request_id [None req-432c2445-a060-4f7a-932d-95c745e5108c None None] RequestId filter calling following filter/app {{(pid=113390) _context_setter /opt/stack/cinder/cinder/api/middleware/request_id.py:62}}
Aug 24 04:55:10.637955 dv-cinder-854266-1-iscsi devstack@c-api.service[113389]: DEBUG cinder.api.middleware.request_id [None req-fb9db134-7f46-4b3b-9ea5-d842dc6b9649 None None] RequestId filter calling following filter/app {{(pid=113389) _context_setter /opt/stack/cinder/cinder/api/middleware/request_id.py:62}}
Aug 24 04:55:10.641464 dv-cinder-854266-1-iscsi devstack@c-api.service[113389]: INFO cinder.api.openstack.wsgi [None req-fb9db134-7f46-4b3b-9ea5-d842dc6b9649 tempest-VolumesImageMetadata-1006814042 tempest-VolumesImageMetadata-1006814042-project] GET http://10.222.0.97/volume/v3/16d075d71bd9491ea6954d8242ea16c6/volumes/3b91582a-9e47-4017-8512-2dab71e75f5b
Aug 24 04:55:10.641917 dv-cinder-854266-1-iscsi devstack@c-api.service[113389]: DEBUG cinder.api.openstack.wsgi [None req-fb9db134-7f46-4b3b-9ea5-d842dc6b9649 tempest-VolumesImageMetadata-1006814042 tempest-VolumesImageMetadata-1006814042-project] Empty body provided in request {{(pid=113389) get_body /opt/stack/cinder/cinder/api/openstack/wsgi.py:715}}
Aug 24 04:55:10.642376 dv-cinder-854266-1-iscsi devstack@c-api.service[113389]: DEBUG cinder.api.openstack.wsgi [None req-fb9db134-7f46-4b3b-9ea5-d842dc6b9649 tempest-VolumesImageMetadata-1006814042 tempest-VolumesImageMetadata-1006814042-project] Calling method 'show' {{(pid=113389) _process_stack /opt/stack/cinder/cinder/api/openstack/wsgi.py:868}}
Aug 24 04:55:10.658433 dv-cinder-854266-1-iscsi devstack@c-api.service[113390]: INFO cinder.api.openstack.wsgi [None req-432c2445-a060-4f7a-932d-95c745e5108c tempest-VolumesTransfersV355Test-220141051 tempest-VolumesTransfersV355Test-220141051-project-admin] DELETE http://10.222.0.97/volume/v3/1431de856a924512888b77f3ee67cfed/volumes/35de3c26-fcc9-42f0-b658-7445a54ee0c4
Aug 24 04:55:10.659400 dv-cinder-854266-1-iscsi devstack@c-api.service[113390]: DEBUG cinder.api.openstack.wsgi [None req-432c2445-a060-4f7a-932d-95c745e5108c tempest-VolumesTransfersV355Test-220141051 tempest-VolumesTransfersV355Test-220141051-project-admin] Empty body provided in request {{(pid=113390) get_body /opt/stack/cinder/cinder/api/openstack/wsgi.py:715}}
Aug 24 04:55:10.659867 dv-cinder-854266-1-iscsi devstack@c-api.service[113390]: DEBUG cinder.api.openstack.wsgi [None req-432c2445-a060-4f7a-932d-95c745e5108c tempest-VolumesTransfersV355Test-220141051 tempest-VolumesTransfersV355Test-220141051-project-admin] Calling method 'delete' {{(pid=113390) _process_stack /opt/stack/cinder/cinder/api/openstack/wsgi.py:868}}
Aug 24 04:55:10.660291 dv-cinder-854266-1-iscsi devstack@c-api.service[113390]: INFO cinder.api.v3.volumes [None req-432c2445-a060-4f7a-932d-95c745e5108c tempest-VolumesTransfersV355Test-220141051 tempest-VolumesTransfersV355Test-220141051-project-admin] Delete volume with id: 35de3c26-fcc9-42f0-b658-7445a54ee0c4
Aug 24 04:55:10.661154 dv-cinder-854266-1-iscsi devstack@c-api.service[113389]: /usr/local/lib/python3.8/dist-packages/oslo_context/context.py:100: DeprecationWarning: Policy enforcement is depending on the value of is_admin. This key is deprecated. Please update your policy file to use the standard policy values.
Aug 24 04:55:10.661154 dv-cinder-854266-1-iscsi devstack@c-api.service[113389]: warnings.warn('Policy enforcement is depending on the value of '
Aug 24 04:55:10.670608 dv-cinder-854266-1-iscsi devstack@c-api.service[113389]: INFO cinder.volume.api [None req-fb9db134-7f46-4b3b-9ea5-d842dc6b9649 tempest-VolumesImageMetadata-1006814042 tempest-VolumesImageMetadata-1006814042-project] Volume info retrieved successfully.
Aug 24 04:55:10.677351 dv-cinder-854266-1-iscsi devstack@c-api.service[113390]: /usr/local/lib/python3.8/dist-packages/oslo_context/context.py:100: DeprecationWarning: Policy enforcement is depending on the value of is_admin. This key is deprecated. Please update your policy file to use the standard policy values.
Aug 24 04:55:10.677351 dv-cinder-854266-1-iscsi devstack@c-api.service[113390]: warnings.warn('Policy enforcement is depending on the value of '
Aug 24 04:55:10.678158 dv-cinder-854266-1-iscsi devstack@c-api.service[113390]: INFO cinder.volume.api [None req-432c2445-a060-4f7a-932d-95c745e5108c tempest-VolumesTransfersV355Test-220141051 tempest-VolumesTransfersV355Test-220141051-project-admin] Volume info retrieved successfully.
Aug 24 04:55:10.680458 dv-cinder-854266-1-iscsi devstack@c-api.service[113389]: INFO cinder.api.openstack.wsgi [None req-fb9db134-7f46-4b3b-9ea5-d842dc6b9649 tempest-VolumesImageMetadata-1006814042 tempest-VolumesImageMetadata-1006814042-project] http://10.222.0.97/volume/v3/16d075d71bd9491ea6954d8242ea16c6/volumes/3b91582a-9e47-4017-8512-2dab71e75f5b returned with HTTP 200
Aug 24 04:55:10.681192 dv-cinder-854266-1-iscsi devstack@c-api.service[113389]: [pid: 113389|app: 0|req: 203/409] 10.222.0.97 () {58 vars in 1325 bytes} [Wed Aug 24 04:55:10 2022] GET /volume/v3/16d075d71bd9491ea6954d8242ea16c6/volumes/3b91582a-9e47-4017-8512-2dab71e75f5b => generated 912 bytes in 44 msecs (HTTP/1.1 200) 7 headers in 285 bytes (1 switches on core 0)
Aug 24 04:55:10.715260 dv-cinder-854266-1-iscsi devstack@c-api.service[113390]: INFO cinder.volume.api [None req-432c2445-a060-4f7a-932d-95c745e5108c tempest-VolumesTransfersV355Test-220141051 tempest-VolumesTransfersV355Test-220141051-project-admin] Delete volume request issued successfully.
Aug 24 04:55:10.715677 dv-cinder-854266-1-iscsi devstack@c-api.service[113390]: INFO cinder.api.openstack.wsgi [None req-432c2445-a060-4f7a-932d-95c745e5108c tempest-VolumesTransfersV355Test-220141051 tempest-VolumesTransfersV355Test-220141051-project-admin] http://10.222.0.97/volume/v3/1431de856a924512888b77f3ee67cfed/volumes/35de3c26-fcc9-42f0-b658-7445a54ee0c4 returned with HTTP 202
Aug 24 04:55:10.716783 dv-cinder-854266-1-iscsi devstack@c-api.service[113390]: [pid: 113390|app: 0|req: 207/410] 10.222.0.97 () {60 vars in 1369 bytes} [Wed Aug 24 04:55:10 2022] DELETE /volume/v3/1431de856a924512888b77f3ee67cfed/volumes/35de3c26-fcc9-42f0-b658-7445a54ee0c4 => generated 0 bytes in 191 msecs (HTTP/1.1 202) 6 headers in 234 bytes (2 switches on core 0)
Aug 24 04:55:10.721974 dv-cinder-854266-1-iscsi devstack@c-api.service[113389]: DEBUG cinder.api.middleware.request_id [None req-fae4581f-749a-4c42-bfaa-f7040538ce55 None None] RequestId filter calling following filter/app {{(pid=113389) _context_setter /opt/stack/cinder/cinder/api/middleware/request_id.py:62}}
Aug 24 04:55:10.725229 dv-cinder-854266-1-iscsi devstack@c-api.service[113389]: INFO cinder.api.openstack.wsgi [None req-fae4581f-749a-4c42-bfaa-f7040538ce55 tempest-VolumesTransfersV355Test-220141051 tempest-VolumesTransfersV355Test-220141051-project-admin] GET http://10.222.0.97/volume/v3/1431de856a924512888b77f3ee67cfed/volumes/35de3c26-fcc9-42f0-b658-7445a54ee0c4
Aug 24 04:55:10.725725 dv-cinder-854266-1-iscsi devstack@c-api.service[113389]: DEBUG cinder.api.openstack.wsgi [None req-fae4581f-749a-4c42-bfaa-f7040538ce55 tempest-VolumesTransfersV355Test-220141051 tempest-VolumesTransfersV355Test-220141051-project-admin] Empty body provided in request {{(pid=113389) get_body /opt/stack/cinder/cinder/api/openstack/wsgi.py:715}}
Aug 24 04:55:10.726185 dv-cinder-854266-1-iscsi devstack@c-api.service[113389]: DEBUG cinder.api.openstack.wsgi [None req-fae4581f-749a-4c42-bfaa-f7040538ce55 tempest-VolumesTransfersV355Test-220141051 tempest-VolumesTransfersV355Test-220141051-project-admin] Calling method 'show' {{(pid=113389) _process_stack /opt/stack/cinder/cinder/api/openstack/wsgi.py:868}}
Aug 24 04:55:10.726567 dv-cinder-854266-1-iscsi devstack@c-api.service[113390]: DEBUG cinder.api.middleware.request_id [None req-6769b0b3-10e7-4fbd-abb8-86f1bc9c16d6 None None] RequestId filter calling following filter/app {{(pid=113390) _context_setter /opt/stack/cinder/cinder/api/middleware/request_id.py:62}}
Aug 24 04:55:10.735064 dv-cinder-854266-1-iscsi devstack@c-api.service[113390]: INFO cinder.api.openstack.wsgi [None req-6769b0b3-10e7-4fbd-abb8-86f1bc9c16d6 tempest-VolumesCloneTest-226683604 tempest-VolumesCloneTest-226683604-project] GET http://10.222.0.97/volume/v3/598f4ec0300145fc83e8e503ae2c0cab/volumes/96f9546c-34ae-4f5c-9385-072a519708fc
Aug 24 04:55:10.736159 dv-cinder-854266-1-iscsi devstack@c-api.service[113390]: DEBUG cinder.api.openstack.wsgi [None req-6769b0b3-10e7-4fbd-abb8-86f1bc9c16d6 tempest-VolumesCloneTest-226683604 tempest-VolumesCloneTest-226683604-project] Empty body provided in request {{(pid=113390) get_body /opt/stack/cinder/cinder/api/openstack/wsgi.py:715}}
Aug 24 04:55:10.736719 dv-cinder-854266-1-iscsi devstack@c-api.service[113390]: DEBUG cinder.api.openstack.wsgi [None req-6769b0b3-10e7-4fbd-abb8-86f1bc9c16d6 tempest-VolumesCloneTest-226683604 tempest-VolumesCloneTest-226683604-project] Calling method 'show' {{(pid=113390) _process_stack /opt/stack/cinder/cinder/api/openstack/wsgi.py:868}}
Aug 24 04:55:10.745573 dv-cinder-854266-1-iscsi devstack@c-api.service[113389]: /usr/local/lib/python3.8/dist-packages/oslo_context/context.py:100: DeprecationWarning: Policy enforcement is depending on the value of is_admin. This key is deprecated. Please update your policy file to use the standard policy values.
Aug 24 04:55:10.745573 dv-cinder-854266-1-iscsi devstack@c-api.service[113389]: warnings.warn('Policy enforcement is depending on the value of '
Aug 24 04:55:10.753292 dv-cinder-854266-1-iscsi devstack@c-api.service[113389]: INFO cinder.volume.api [None req-fae4581f-749a-4c42-bfaa-f7040538ce55 tempest-VolumesTransfersV355Test-220141051 tempest-VolumesTransfersV355Test-220141051-project-admin] Volume info retrieved successfully.
Aug 24 04:55:10.763232 dv-cinder-854266-1-iscsi devstack@c-api.service[113389]: INFO cinder.api.openstack.wsgi [None req-fae4581f-749a-4c42-bfaa-f7040538ce55 tempest-VolumesTransfersV355Test-220141051 tempest-VolumesTransfersV355Test-220141051-project-admin] http://10.222.0.97/volume/v3/1431de856a924512888b77f3ee67cfed/volumes/35de3c26-fcc9-42f0-b658-7445a54ee0c4 returned with HTTP 200
Aug 24 04:55:10.766721 dv-cinder-854266-1-iscsi devstack@c-api.service[113389]: [pid: 113389|app: 0|req: 204/411] 10.222.0.97 () {60 vars in 1366 bytes} [Wed Aug 24 04:55:10 2022] GET /volume/v3/1431de856a924512888b77f3ee67cfed/volumes/35de3c26-fcc9-42f0-b658-7445a54ee0c4 => generated 1211 bytes in 44 msecs (HTTP/1.1 200) 7 headers in 287 bytes (2 switches on core 0)
Aug 24 04:55:10.769732 dv-cinder-854266-1-iscsi devstack@c-api.service[113390]: /usr/local/lib/python3.8/dist-packages/oslo_context/context.py:100: DeprecationWarning: Policy enforcement is depending on the value of is_admin. This key is deprecated. Please update your policy file to use the standard policy values.
Aug 24 04:55:10.769732 dv-cinder-854266-1-iscsi devstack@c-api.service[113390]: warnings.warn('Policy enforcement is depending on the value of '
Aug 24 04:55:10.778305 dv-cinder-854266-1-iscsi devstack@c-api.service[113390]: INFO cinder.volume.api [None req-6769b0b3-10e7-4fbd-abb8-86f1bc9c16d6 tempest-VolumesCloneTest-226683604 tempest-VolumesCloneTest-226683604-project] Volume info retrieved successfully.
Aug 24 04:55:10.790409 dv-cinder-854266-1-iscsi devstack@c-api.service[113390]: INFO cinder.api.openstack.wsgi [None req-6769b0b3-10e7-4fbd-abb8-86f1bc9c16d6 tempest-VolumesCloneTest-226683604 tempest-VolumesCloneTest-226683604-project] http://10.222.0.97/volume/v3/598f4ec0300145fc83e8e503ae2c0cab/volumes/96f9546c-34ae-4f5c-9385-072a519708fc returned with HTTP 200
Aug 24 04:55:10.791194 dv-cinder-854266-1-iscsi devstack@c-api.service[113390]: [pid: 113390|app: 0|req: 208/412] 10.222.0.97 () {58 vars in 1325 bytes} [Wed Aug 24 04:55:10 2022] GET /volume/v3/598f4ec0300145fc83e8e503ae2c0cab/volumes/96f9546c-34ae-4f5c-9385-072a519708fc => generated 908 bytes in 66 msecs (HTTP/1.1 200) 7 headers in 285 bytes (2 switches on core 0)
Aug 24 04:55:11.280290 dv-cinder-854266-1-iscsi devstack@c-api.service[113389]: DEBUG cinder.api.middleware.request_id [None req-9d482508-3cfd-4e4a-b753-7a56312d0471 None None] RequestId filter calling following filter/app {{(pid=113389) _context_setter /opt/stack/cinder/cinder/api/middleware/request_id.py:62}}
Aug 24 04:55:11.284940 dv-cinder-854266-1-iscsi devstack@c-api.service[113389]: INFO cinder.api.openstack.wsgi [None req-9d482508-3cfd-4e4a-b753-7a56312d0471 tempest-VolumeTypesTest-660711792 tempest-VolumeTypesTest-660711792-project] GET http://10.222.0.97/volume/v3/d06dc041d9674e36a3b772f497936b5f/volumes/50b97a9f-0371-4276-a84f-bf2dffc55f71
Aug 24 04:55:11.285381 dv-cinder-854266-1-iscsi devstack@c-api.service[113389]: DEBUG cinder.api.openstack.wsgi [None req-9d482508-3cfd-4e4a-b753-7a56312d0471 tempest-VolumeTypesTest-660711792 tempest-VolumeTypesTest-660711792-project] Empty body provided in request {{(pid=113389) get_body /opt/stack/cinder/cinder/api/openstack/wsgi.py:715}}
Aug 24 04:55:11.285844 dv-cinder-854266-1-iscsi devstack@c-api.service[113389]: DEBUG cinder.api.openstack.wsgi [None req-9d482508-3cfd-4e4a-b753-7a56312d0471 tempest-VolumeTypesTest-660711792 tempest-VolumeTypesTest-660711792-project] Calling method 'show' {{(pid=113389) _process_stack /opt/stack/cinder/cinder/api/openstack/wsgi.py:868}}
Aug 24 04:55:11.302660 dv-cinder-854266-1-iscsi devstack@c-api.service[113389]: /usr/local/lib/python3.8/dist-packages/oslo_context/context.py:100: DeprecationWarning: Policy enforcement is depending on the value of is_admin. This key is deprecated. Please update your policy file to use the standard policy values.
Aug 24 04:55:11.302660 dv-cinder-854266-1-iscsi devstack@c-api.service[113389]: warnings.warn('Policy enforcement is depending on the value of '
Aug 24 04:55:11.309248 dv-cinder-854266-1-iscsi devstack@c-api.service[113389]: INFO cinder.volume.api [None req-9d482508-3cfd-4e4a-b753-7a56312d0471 tempest-VolumeTypesTest-660711792 tempest-VolumeTypesTest-660711792-project] Volume info retrieved successfully.
Aug 24 04:55:11.318314 dv-cinder-854266-1-iscsi devstack@c-api.service[113389]: INFO cinder.api.openstack.wsgi [None req-9d482508-3cfd-4e4a-b753-7a56312d0471 tempest-VolumeTypesTest-660711792 tempest-VolumeTypesTest-660711792-project] http://10.222.0.97/volume/v3/d06dc041d9674e36a3b772f497936b5f/volumes/50b97a9f-0371-4276-a84f-bf2dffc55f71 returned with HTTP 200
Aug 24 04:55:11.319080 dv-cinder-854266-1-iscsi devstack@c-api.service[113389]: [pid: 113389|app: 0|req: 205/413] 10.222.0.97 () {58 vars in 1325 bytes} [Wed Aug 24 04:55:11 2022] GET /volume/v3/d06dc041d9674e36a3b772f497936b5f/volumes/50b97a9f-0371-4276-a84f-bf2dffc55f71 => generated 943 bytes in 40 msecs (HTTP/1.1 200) 7 headers in 285 bytes (1 switches on core 0)
Aug 24 04:55:11.334762 dv-cinder-854266-1-iscsi devstack@c-api.service[113390]: DEBUG cinder.api.middleware.request_id [None req-1a1038f2-32d1-4f3e-a019-a09a57d98fbd None None] RequestId filter calling following filter/app {{(pid=113390) _context_setter /opt/stack/cinder/cinder/api/middleware/request_id.py:62}}
Aug 24 04:55:11.338437 dv-cinder-854266-1-iscsi devstack@c-api.service[113390]: INFO cinder.api.openstack.wsgi [None req-1a1038f2-32d1-4f3e-a019-a09a57d98fbd tempest-VolumeTypesTest-660711792 tempest-VolumeTypesTest-660711792-project] GET http://10.222.0.97/volume/v3/d06dc041d9674e36a3b772f497936b5f/volumes/50b97a9f-0371-4276-a84f-bf2dffc55f71
Aug 24 04:55:11.338924 dv-cinder-854266-1-iscsi devstack@c-api.service[113390]: DEBUG cinder.api.openstack.wsgi [None req-1a1038f2-32d1-4f3e-a019-a09a57d98fbd tempest-VolumeTypesTest-660711792 tempest-VolumeTypesTest-660711792-project] Empty body provided in request {{(pid=113390) get_body /opt/stack/cinder/cinder/api/openstack/wsgi.py:715}}
Aug 24 04:55:11.339517 dv-cinder-854266-1-iscsi devstack@c-api.service[113390]: DEBUG cinder.api.openstack.wsgi [None req-1a1038f2-32d1-4f3e-a019-a09a57d98fbd tempest-VolumeTypesTest-660711792 tempest-VolumeTypesTest-660711792-project] Calling method 'show' {{(pid=113390) _process_stack /opt/stack/cinder/cinder/api/openstack/wsgi.py:868}}
Aug 24 04:55:11.356657 dv-cinder-854266-1-iscsi devstack@c-api.service[113390]: /usr/local/lib/python3.8/dist-packages/oslo_context/context.py:100: DeprecationWarning: Policy enforcement is depending on the value of is_admin. This key is deprecated. Please update your policy file to use the standard policy values.
Aug 24 04:55:11.356657 dv-cinder-854266-1-iscsi devstack@c-api.service[113390]: warnings.warn('Policy enforcement is depending on the value of '
Aug 24 04:55:11.363389 dv-cinder-854266-1-iscsi devstack@c-api.service[113390]: INFO cinder.volume.api [None req-1a1038f2-32d1-4f3e-a019-a09a57d98fbd tempest-VolumeTypesTest-660711792 tempest-VolumeTypesTest-660711792-project] Volume info retrieved successfully.
Aug 24 04:55:11.373106 dv-cinder-854266-1-iscsi devstack@c-api.service[113390]: INFO cinder.api.openstack.wsgi [None req-1a1038f2-32d1-4f3e-a019-a09a57d98fbd tempest-VolumeTypesTest-660711792 tempest-VolumeTypesTest-660711792-project] http://10.222.0.97/volume/v3/d06dc041d9674e36a3b772f497936b5f/volumes/50b97a9f-0371-4276-a84f-bf2dffc55f71 returned with HTTP 200
Aug 24 04:55:11.382363 dv-cinder-854266-1-iscsi devstack@c-api.service[113390]: [pid: 113390|app: 0|req: 209/414] 10.222.0.97 () {58 vars in 1325 bytes} [Wed Aug 24 04:55:11 2022] GET /volume/v3/d06dc041d9674e36a3b772f497936b5f/volumes/50b97a9f-0371-4276-a84f-bf2dffc55f71 => generated 943 bytes in 40 msecs (HTTP/1.1 200) 7 headers in 285 bytes (1 switches on core 0)
Aug 24 04:55:11.389848 dv-cinder-854266-1-iscsi devstack@c-api.service[113389]: DEBUG cinder.api.middleware.request_id [None req-777d198f-917c-4ee7-9e9e-0dcd28feb6b0 None None] RequestId filter calling following filter/app {{(pid=113389) _context_setter /opt/stack/cinder/cinder/api/middleware/request_id.py:62}}
Aug 24 04:55:11.394622 dv-cinder-854266-1-iscsi devstack@c-api.service[113389]: INFO cinder.api.openstack.wsgi [None req-777d198f-917c-4ee7-9e9e-0dcd28feb6b0 tempest-VolumeTypesTest-276467555 tempest-VolumeTypesTest-276467555-project-admin] POST http://10.222.0.97/volume/v3/cde3237fc0cb4eccae0733d7da268c18/types
Aug 24 04:55:11.395417 dv-cinder-854266-1-iscsi devstack@c-api.service[113389]: DEBUG cinder.api.openstack.wsgi [None req-777d198f-917c-4ee7-9e9e-0dcd28feb6b0 tempest-VolumeTypesTest-276467555 tempest-VolumeTypesTest-276467555-project-admin] Action: 'create', calling method: _create, body: {"volume_type": {"name": "tempest-VolumeTypesTest-volume-type-2019380170", "description": "tempest-volume-type-description-793611766", "extra_specs": {"storage_protocol": "iSCSI", "vendor_name": "Microsoft"}, "os-volume-type-access:is_public": true}} {{(pid=113389) _process_stack /opt/stack/cinder/cinder/api/openstack/wsgi.py:866}}
Aug 24 04:55:11.424725 dv-cinder-854266-1-iscsi devstack@c-api.service[113389]: INFO cinder.api.openstack.wsgi [None req-777d198f-917c-4ee7-9e9e-0dcd28feb6b0 tempest-VolumeTypesTest-276467555 tempest-VolumeTypesTest-276467555-project-admin] http://10.222.0.97/volume/v3/cde3237fc0cb4eccae0733d7da268c18/types returned with HTTP 200
Aug 24 04:55:11.426736 dv-cinder-854266-1-iscsi devstack@c-api.service[113389]: [pid: 113389|app: 0|req: 206/415] 10.222.0.97 () {60 vars in 1230 bytes} [Wed Aug 24 04:55:11 2022] POST /volume/v3/cde3237fc0cb4eccae0733d7da268c18/types => generated 315 bytes in 37 msecs (HTTP/1.1 200) 7 headers in 285 bytes (2 switches on core 0)
Aug 24 04:55:11.432701 dv-cinder-854266-1-iscsi devstack@c-api.service[113390]: DEBUG cinder.api.middleware.request_id [None req-44b3a813-10d4-4982-85a9-bb5ea1a7da86 None None] RequestId filter calling following filter/app {{(pid=113390) _context_setter /opt/stack/cinder/cinder/api/middleware/request_id.py:62}}
Aug 24 04:55:11.436397 dv-cinder-854266-1-iscsi devstack@c-api.service[113390]: INFO cinder.api.openstack.wsgi [None req-44b3a813-10d4-4982-85a9-bb5ea1a7da86 tempest-VolumeTypesTest-276467555 tempest-VolumeTypesTest-276467555-project-admin] GET http://10.222.0.97/volume/v3/cde3237fc0cb4eccae0733d7da268c18/types/ae7a0d46-ee81-46e8-861d-9a71d2e9ee2d
Aug 24 04:55:11.436840 dv-cinder-854266-1-iscsi devstack@c-api.service[113390]: DEBUG cinder.api.openstack.wsgi [None req-44b3a813-10d4-4982-85a9-bb5ea1a7da86 tempest-VolumeTypesTest-276467555 tempest-VolumeTypesTest-276467555-project-admin] Empty body provided in request {{(pid=113390) get_body /opt/stack/cinder/cinder/api/openstack/wsgi.py:715}}
Aug 24 04:55:11.437337 dv-cinder-854266-1-iscsi devstack@c-api.service[113390]: DEBUG cinder.api.openstack.wsgi [None req-44b3a813-10d4-4982-85a9-bb5ea1a7da86 tempest-VolumeTypesTest-276467555 tempest-VolumeTypesTest-276467555-project-admin] Calling method 'show' {{(pid=113390) _process_stack /opt/stack/cinder/cinder/api/openstack/wsgi.py:868}}
Aug 24 04:55:11.448712 dv-cinder-854266-1-iscsi devstack@c-api.service[113390]: INFO cinder.api.openstack.wsgi [None req-44b3a813-10d4-4982-85a9-bb5ea1a7da86 tempest-VolumeTypesTest-276467555 tempest-VolumeTypesTest-276467555-project-admin] http://10.222.0.97/volume/v3/cde3237fc0cb4eccae0733d7da268c18/types/ae7a0d46-ee81-46e8-861d-9a71d2e9ee2d returned with HTTP 200
Aug 24 04:55:11.449624 dv-cinder-854266-1-iscsi devstack@c-api.service[113390]: [pid: 113390|app: 0|req: 210/416] 10.222.0.97 () {58 vars in 1319 bytes} [Wed Aug 24 04:55:11 2022] GET /volume/v3/cde3237fc0cb4eccae0733d7da268c18/types/ae7a0d46-ee81-46e8-861d-9a71d2e9ee2d => generated 337 bytes in 18 msecs (HTTP/1.1 200) 7 headers in 285 bytes (2 switches on core 0)
Aug 24 04:55:11.458469 dv-cinder-854266-1-iscsi devstack@c-api.service[113389]: DEBUG cinder.api.middleware.request_id [None req-0b4995a9-c25e-4c87-9b7f-b733448c84ab None None] RequestId filter calling following filter/app {{(pid=113389) _context_setter /opt/stack/cinder/cinder/api/middleware/request_id.py:62}}
