Aug 29 21:08:29.285825 dv-cinder-854264-2-smb devstack@keystone.service[81932]: DEBUG keystone.common.rbac_enforcer.enforcer [None req-2472467d-d66b-4ed5-92ec-853b4c0d6c70 None admin] Extracting inferred target data resulted in "NOT FOUND (404)". {{(pid=81932) enforce_call /opt/stack/keystone/keystone/common/rbac_enforcer/enforcer.py:409}}
Aug 29 21:08:29.286009 dv-cinder-854264-2-smb devstack@keystone.service[81931]: [pid: 81931|app: 0|req: 145/286] 10.222.0.50 () {56 vars in 1177 bytes} [Mon Aug 29 21:08:29 2022] GET /identity/v3/users/4f52d0b050594c20b467282879a6a40a => generated 297 bytes in 210 msecs (HTTP/1.1 200) 5 headers in 177 bytes (1 switches on core 0)
Aug 29 21:08:29.291843 dv-cinder-854264-2-smb devstack@keystone.service[81931]: DEBUG keystone.server.flask.request_processing.middleware.auth_context [None req-4e40ec95-f749-46c0-b8cc-852366c8c96a None admin] Authenticating user token {{(pid=81931) process_request /usr/local/lib/python3.8/dist-packages/keystonemiddleware/auth_token/__init__.py:407}}
Aug 29 21:08:29.293995 dv-cinder-854264-2-smb devstack@keystone.service[81932]: ERROR keystone.server.flask.application [None req-2472467d-d66b-4ed5-92ec-853b4c0d6c70 None admin] Could not find role: reader.: keystone.exception.RoleNotFound: Could not find role: reader.
Aug 29 21:08:29.293995 dv-cinder-854264-2-smb devstack@keystone.service[81932]: ERROR keystone.server.flask.application
Traceback (most recent call last):
Aug 29 21:08:29.293995 dv-cinder-854264-2-smb devstack@keystone.service[81932]: ERROR keystone.server.flask.application
File "/usr/local/lib/python3.8/dist-packages/flask/app.py", line 1820, in full_dispatch_request
Aug 29 21:08:29.293995 dv-cinder-854264-2-smb devstack@keystone.service[81932]: ERROR keystone.server.flask.application rv = self.dispatch_request()
Aug 29 21:08:29.293995 dv-cinder-854264-2-smb devstack@keystone.service[81932]: ERROR keystone.server.flask.application
File "/usr/local/lib/python3.8/dist-packages/flask/app.py", line 1796, in dispatch_request
Aug 29 21:08:29.293995 dv-cinder-854264-2-smb devstack@keystone.service[81932]: ERROR keystone.server.flask.application return self.ensure_sync(self.view_functions[rule.endpoint])(**view_args)
Aug 29 21:08:29.293995 dv-cinder-854264-2-smb devstack@keystone.service[81932]: ERROR keystone.server.flask.application
File "/usr/local/lib/python3.8/dist-packages/flask_restful/__init__.py", line 467, in wrapper
Aug 29 21:08:29.293995 dv-cinder-854264-2-smb devstack@keystone.service[81932]: ERROR keystone.server.flask.application resp = resource(*args, **kwargs)
Aug 29 21:08:29.293995 dv-cinder-854264-2-smb devstack@keystone.service[81932]: ERROR keystone.server.flask.application
File "/usr/local/lib/python3.8/dist-packages/flask/views.py", line 107, in view
Aug 29 21:08:29.293995 dv-cinder-854264-2-smb devstack@keystone.service[81932]: ERROR keystone.server.flask.application return current_app.ensure_sync(self.dispatch_request)(**kwargs)
Aug 29 21:08:29.293995 dv-cinder-854264-2-smb devstack@keystone.service[81932]: ERROR keystone.server.flask.application
File "/usr/local/lib/python3.8/dist-packages/flask_restful/__init__.py", line 582, in dispatch_request
Aug 29 21:08:29.293995 dv-cinder-854264-2-smb devstack@keystone.service[81932]: ERROR keystone.server.flask.application resp = meth(*args, **kwargs)
Aug 29 21:08:29.293995 dv-cinder-854264-2-smb devstack@keystone.service[81932]: ERROR keystone.server.flask.application
File "/opt/stack/keystone/keystone/api/roles.py", line 50, in get
Aug 29 21:08:29.293995 dv-cinder-854264-2-smb devstack@keystone.service[81932]: ERROR keystone.server.flask.application return self._get_role(role_id)
Aug 29 21:08:29.293995 dv-cinder-854264-2-smb devstack@keystone.service[81932]: ERROR keystone.server.flask.application
File "/opt/stack/keystone/keystone/api/roles.py", line 70, in _get_role
Aug 29 21:08:29.293995 dv-cinder-854264-2-smb devstack@keystone.service[81932]: ERROR keystone.server.flask.application ENFORCER.enforce_call(action='identity:get_role')
Aug 29 21:08:29.295078 dv-cinder-854264-2-smb devstack@keystone.service[81932]: ERROR keystone.server.flask.application
File "/opt/stack/keystone/keystone/common/rbac_enforcer/enforcer.py", line 402, in enforce_call
Aug 29 21:08:29.295078 dv-cinder-854264-2-smb devstack@keystone.service[81932]: ERROR keystone.server.flask.application policy_dict.update(cls._extract_member_target_data(
Aug 29 21:08:29.295078 dv-cinder-854264-2-smb devstack@keystone.service[81932]: ERROR keystone.server.flask.application
File "/opt/stack/keystone/keystone/common/rbac_enforcer/enforcer.py", line 234, in _extract_member_target_data
Aug 29 21:08:29.295078 dv-cinder-854264-2-smb devstack@keystone.service[81932]: ERROR keystone.server.flask.application member_name: func(flask.request.view_args[key])
Aug 29 21:08:29.295078 dv-cinder-854264-2-smb devstack@keystone.service[81932]: ERROR keystone.server.flask.application
File "/opt/stack/keystone/keystone/common/manager.py", line 115, in wrapped
Aug 29 21:08:29.295078 dv-cinder-854264-2-smb devstack@keystone.service[81932]: ERROR keystone.server.flask.application __ret_val = __f(*args, **kwargs)
Aug 29 21:08:29.295078 dv-cinder-854264-2-smb devstack@keystone.service[81932]: ERROR keystone.server.flask.application
File "/usr/local/lib/python3.8/dist-packages/decorator.py", line 232, in fun
Aug 29 21:08:29.295078 dv-cinder-854264-2-smb devstack@keystone.service[81932]: ERROR keystone.server.flask.application return caller(func, *(extras + args), **kw)
Aug 29 21:08:29.295078 dv-cinder-854264-2-smb devstack@keystone.service[81932]: ERROR keystone.server.flask.application
File "/usr/local/lib/python3.8/dist-packages/dogpile/cache/region.py", line 1577, in get_or_create_for_user_func
Aug 29 21:08:29.295078 dv-cinder-854264-2-smb devstack@keystone.service[81932]: ERROR keystone.server.flask.application return self.get_or_create(
Aug 29 21:08:29.295078 dv-cinder-854264-2-smb devstack@keystone.service[81932]: ERROR keystone.server.flask.application
File "/usr/local/lib/python3.8/dist-packages/dogpile/cache/region.py", line 1042, in get_or_create
Aug 29 21:08:29.295078 dv-cinder-854264-2-smb devstack@keystone.service[81932]: ERROR keystone.server.flask.application with Lock(
Aug 29 21:08:29.295078 dv-cinder-854264-2-smb devstack@keystone.service[81932]: ERROR keystone.server.flask.application
File "/usr/local/lib/python3.8/dist-packages/dogpile/lock.py", line 185, in __enter__
Aug 29 21:08:29.295078 dv-cinder-854264-2-smb devstack@keystone.service[81932]: ERROR keystone.server.flask.application return self._enter()
Aug 29 21:08:29.295078 dv-cinder-854264-2-smb devstack@keystone.service[81932]: ERROR keystone.server.flask.application
File "/usr/local/lib/python3.8/dist-packages/dogpile/lock.py", line 94, in _enter
Aug 29 21:08:29.295078 dv-cinder-854264-2-smb devstack@keystone.service[81932]: ERROR keystone.server.flask.application generated = self._enter_create(value, createdtime)
Aug 29 21:08:29.295934 dv-cinder-854264-2-smb devstack@keystone.service[81932]: ERROR keystone.server.flask.application
File "/usr/local/lib/python3.8/dist-packages/dogpile/lock.py", line 178, in _enter_create
Aug 29 21:08:29.295934 dv-cinder-854264-2-smb devstack@keystone.service[81932]: ERROR keystone.server.flask.application return self.creator()
Aug 29 21:08:29.295934 dv-cinder-854264-2-smb devstack@keystone.service[81932]: ERROR keystone.server.flask.application
File "/usr/local/lib/python3.8/dist-packages/dogpile/cache/region.py", line 995, in gen_value
Aug 29 21:08:29.295934 dv-cinder-854264-2-smb devstack@keystone.service[81932]: ERROR keystone.server.flask.application created_value = creator(
Aug 29 21:08:29.295934 dv-cinder-854264-2-smb devstack@keystone.service[81932]: ERROR keystone.server.flask.application
File "/opt/stack/keystone/keystone/assignment/core.py", line 1276, in get_role
Aug 29 21:08:29.295934 dv-cinder-854264-2-smb devstack@keystone.service[81932]: ERROR keystone.server.flask.application return self.driver.get_role(role_id)
Aug 29 21:08:29.295934 dv-cinder-854264-2-smb devstack@keystone.service[81932]: ERROR keystone.server.flask.application
File "/opt/stack/keystone/keystone/assignment/role_backends/sql.py", line 70, in get_role
Aug 29 21:08:29.295934 dv-cinder-854264-2-smb devstack@keystone.service[81932]: ERROR keystone.server.flask.application return self._get_role(session, role_id).to_dict()
Aug 29 21:08:29.295934 dv-cinder-854264-2-smb devstack@keystone.service[81932]: ERROR keystone.server.flask.application
File "/opt/stack/keystone/keystone/assignment/role_backends/sql.py", line 65, in _get_role
Aug 29 21:08:29.295934 dv-cinder-854264-2-smb devstack@keystone.service[81932]: ERROR keystone.server.flask.application raise exception.RoleNotFound(role_id=role_id)
Aug 29 21:08:29.295934 dv-cinder-854264-2-smb devstack@keystone.service[81932]: ERROR keystone.server.flask.application keystone.exception.RoleNotFound: Could not find role: reader.
Aug 29 21:08:29.295934 dv-cinder-854264-2-smb devstack@keystone.service[81932]: ERROR keystone.server.flask.application
Aug 29 21:08:29.298681 dv-cinder-854264-2-smb devstack@keystone.service[81932]: [pid: 81932|app: 0|req: 142/287] 10.222.0.50 () {56 vars in 1099 bytes} [Mon Aug 29 21:08:28 2022] GET /identity/v3/roles/reader => generated 84 bytes in 323 msecs (HTTP/1.1 404) 5 headers in 183 bytes (1 switches on core 0)
Aug 29 21:08:29.305777 dv-cinder-854264-2-smb devstack@keystone.service[81932]: DEBUG keystone.server.flask.request_processing.middleware.auth_context [None req-2472467d-d66b-4ed5-92ec-853b4c0d6c70 None admin] Authenticating user token {{(pid=81932) process_request /usr/local/lib/python3.8/dist-packages/keystonemiddleware/auth_token/__init__.py:407}}
Aug 29 21:08:29.448548 dv-cinder-854264-2-smb devstack@keystone.service[81931]: DEBUG keystone.server.flask.request_processing.middleware.auth_context [None req-4e40ec95-f749-46c0-b8cc-852366c8c96a None admin] Validating token access rules against request {{(pid=81931) validate_allowed_request /usr/local/lib/python3.8/dist-packages/keystonemiddleware/auth_token/__init__.py:545}}
Aug 29 21:08:29.470881 dv-cinder-854264-2-smb devstack@keystone.service[81932]: DEBUG dbcounter [-] [81932] Writing DB stats keystone:SELECT=100 {{(pid=81932) stat_writer /usr/local/lib/python3.8/dist-packages/dbcounter.py:114}}
Aug 29 21:08:29.481392 dv-cinder-854264-2-smb devstack@keystone.service[81931]: DEBUG dbcounter [-] [81931] Writing DB stats keystone:SELECT=100 {{(pid=81931) stat_writer /usr/local/lib/python3.8/dist-packages/dbcounter.py:114}}
Aug 29 21:08:29.500255 dv-cinder-854264-2-smb devstack@keystone.service[81932]: DEBUG keystone.server.flask.request_processing.middleware.auth_context [None req-2472467d-d66b-4ed5-92ec-853b4c0d6c70 None admin] Validating token access rules against request {{(pid=81932) validate_allowed_request /usr/local/lib/python3.8/dist-packages/keystonemiddleware/auth_token/__init__.py:545}}
Aug 29 21:08:29.521950 dv-cinder-854264-2-smb devstack@keystone.service[81931]: DEBUG keystone.server.flask.request_processing.middleware.auth_context [None req-3506136b-4971-407c-91af-3fbf68880d0c None admin] RBAC: auth_context: {'token': , 'domain_id': None, 'trust_id': None, 'trustor_id': None, 'trustee_id': None, 'domain_name': None, 'group_ids': [], 'user_id': '0a6a88d51a2749349d397dd703210284', 'user_domain_id': 'default', 'system_scope': 'all', 'project_id': None, 'project_domain_id': None, 'roles': ['admin', 'member', 'reader'], 'is_admin_project': True, 'service_user_id': None, 'service_user_domain_id': None, 'service_project_id': None, 'service_project_domain_id': None, 'service_roles': []} {{(pid=81931) fill_context /opt/stack/keystone/keystone/server/flask/request_processing/middleware/auth_context.py:478}}
Aug 29 21:08:29.522820 dv-cinder-854264-2-smb devstack@keystone.service[81931]: DEBUG keystone.server.flask.request_processing.req_logging [None req-3506136b-4971-407c-91af-3fbf68880d0c None admin] REQUEST_METHOD: `GET` {{(pid=81931) log_request_info /opt/stack/keystone/keystone/server/flask/request_processing/req_logging.py:27}}
Aug 29 21:08:29.523104 dv-cinder-854264-2-smb devstack@keystone.service[81931]: DEBUG keystone.server.flask.request_processing.req_logging [None req-3506136b-4971-407c-91af-3fbf68880d0c None admin] SCRIPT_NAME: `/identity` {{(pid=81931) log_request_info /opt/stack/keystone/keystone/server/flask/request_processing/req_logging.py:28}}
Aug 29 21:08:29.523376 dv-cinder-854264-2-smb devstack@keystone.service[81931]: DEBUG keystone.server.flask.request_processing.req_logging [None req-3506136b-4971-407c-91af-3fbf68880d0c None admin] PATH_INFO: `/v3/auth/tokens` {{(pid=81931) log_request_info /opt/stack/keystone/keystone/server/flask/request_processing/req_logging.py:29}}
Aug 29 21:08:29.561138 dv-cinder-854264-2-smb devstack@keystone.service[81932]: DEBUG keystone.server.flask.request_processing.middleware.auth_context [None req-ef02dbff-31f5-4a60-9b8a-f54f31bce4e1 None admin] RBAC: auth_context: {'token': , 'domain_id': None, 'trust_id': None, 'trustor_id': None, 'trustee_id': None, 'domain_name': None, 'group_ids': [], 'user_id': '0a6a88d51a2749349d397dd703210284', 'user_domain_id': 'default', 'system_scope': 'all', 'project_id': None, 'project_domain_id': None, 'roles': ['admin', 'member', 'reader'], 'is_admin_project': True, 'service_user_id': None, 'service_user_domain_id': None, 'service_project_id': None, 'service_project_domain_id': None, 'service_roles': []} {{(pid=81932) fill_context /opt/stack/keystone/keystone/server/flask/request_processing/middleware/auth_context.py:478}}
Aug 29 21:08:29.561799 dv-cinder-854264-2-smb devstack@keystone.service[81932]: DEBUG keystone.server.flask.request_processing.req_logging [None req-ef02dbff-31f5-4a60-9b8a-f54f31bce4e1 None admin] REQUEST_METHOD: `GET` {{(pid=81932) log_request_info /opt/stack/keystone/keystone/server/flask/request_processing/req_logging.py:27}}
Aug 29 21:08:29.562085 dv-cinder-854264-2-smb devstack@keystone.service[81932]: DEBUG keystone.server.flask.request_processing.req_logging [None req-ef02dbff-31f5-4a60-9b8a-f54f31bce4e1 None admin] SCRIPT_NAME: `/identity` {{(pid=81932) log_request_info /opt/stack/keystone/keystone/server/flask/request_processing/req_logging.py:28}}
Aug 29 21:08:29.562362 dv-cinder-854264-2-smb devstack@keystone.service[81932]: DEBUG keystone.server.flask.request_processing.req_logging [None req-ef02dbff-31f5-4a60-9b8a-f54f31bce4e1 None admin] PATH_INFO: `/v3/roles` {{(pid=81932) log_request_info /opt/stack/keystone/keystone/server/flask/request_processing/req_logging.py:29}}
Aug 29 21:08:29.563045 dv-cinder-854264-2-smb devstack@keystone.service[81932]: DEBUG keystone.common.rbac_enforcer.enforcer [None req-ef02dbff-31f5-4a60-9b8a-f54f31bce4e1 None admin] RBAC: Adding query filter params (name=reader) {{(pid=81932) _extract_filter_values /opt/stack/keystone/keystone/common/rbac_enforcer/enforcer.py:167}}
Aug 29 21:08:29.563353 dv-cinder-854264-2-smb devstack@keystone.service[81932]: DEBUG keystone.common.rbac_enforcer.enforcer [None req-ef02dbff-31f5-4a60-9b8a-f54f31bce4e1 None admin] RBAC: Authorizing `identity:list_roles()` {{(pid=81932) enforce_call /opt/stack/keystone/keystone/common/rbac_enforcer/enforcer.py:449}}
Aug 29 21:08:29.564803 dv-cinder-854264-2-smb devstack@keystone.service[81932]: DEBUG keystone.common.rbac_enforcer.enforcer [None req-ef02dbff-31f5-4a60-9b8a-f54f31bce4e1 None admin] RBAC: Authorization granted {{(pid=81932) enforce_call /opt/stack/keystone/keystone/common/rbac_enforcer/enforcer.py:457}}
Aug 29 21:08:29.601774 dv-cinder-854264-2-smb devstack@keystone.service[81932]: [pid: 81932|app: 0|req: 143/288] 10.222.0.50 () {56 vars in 1101 bytes} [Mon Aug 29 21:08:29 2022] GET /identity/v3/roles?name=reader => generated 341 bytes in 296 msecs (HTTP/1.1 200) 5 headers in 177 bytes (2 switches on core 0)
Aug 29 21:08:29.611038 dv-cinder-854264-2-smb devstack@keystone.service[81932]: DEBUG keystone.server.flask.request_processing.middleware.auth_context [None req-ef02dbff-31f5-4a60-9b8a-f54f31bce4e1 None admin] Authenticating user token {{(pid=81932) process_request /usr/local/lib/python3.8/dist-packages/keystonemiddleware/auth_token/__init__.py:407}}
Aug 29 21:08:29.620202 dv-cinder-854264-2-smb devstack@keystone.service[81931]: DEBUG keystone.common.rbac_enforcer.enforcer [None req-3506136b-4971-407c-91af-3fbf68880d0c None admin] RBAC: Authorizing `identity:validate_token()` {{(pid=81931) enforce_call /opt/stack/keystone/keystone/common/rbac_enforcer/enforcer.py:449}}
Aug 29 21:08:29.621749 dv-cinder-854264-2-smb devstack@keystone.service[81931]: DEBUG keystone.common.rbac_enforcer.enforcer [None req-3506136b-4971-407c-91af-3fbf68880d0c None admin] RBAC: Authorization granted {{(pid=81931) enforce_call /opt/stack/keystone/keystone/common/rbac_enforcer/enforcer.py:457}}
Aug 29 21:08:29.735450 dv-cinder-854264-2-smb devstack@keystone.service[81931]: [pid: 81931|app: 0|req: 146/289] 10.222.0.50 () {58 vars in 1282 bytes} [Mon Aug 29 21:08:29 2022] GET /identity/v3/auth/tokens => generated 799 bytes in 444 msecs (HTTP/1.1 200) 6 headers in 358 bytes (2 switches on core 0)
Aug 29 21:08:29.741208 dv-cinder-854264-2-smb devstack@keystone.service[81931]: DEBUG keystone.server.flask.request_processing.middleware.auth_context [None req-3506136b-4971-407c-91af-3fbf68880d0c None admin] Authenticating user token {{(pid=81931) process_request /usr/local/lib/python3.8/dist-packages/keystonemiddleware/auth_token/__init__.py:407}}
Aug 29 21:08:29.761948 dv-cinder-854264-2-smb devstack@keystone.service[81931]: DEBUG dbcounter [-] [81931] Writing DB stats keystone:SELECT=100 {{(pid=81931) stat_writer /usr/local/lib/python3.8/dist-packages/dbcounter.py:114}}
Aug 29 21:08:29.855851 dv-cinder-854264-2-smb devstack@keystone.service[81931]: DEBUG keystone.server.flask.request_processing.middleware.auth_context [None req-3506136b-4971-407c-91af-3fbf68880d0c None admin] Validating token access rules against request {{(pid=81931) validate_allowed_request /usr/local/lib/python3.8/dist-packages/keystonemiddleware/auth_token/__init__.py:545}}
Aug 29 21:08:29.905863 dv-cinder-854264-2-smb devstack@keystone.service[81931]: DEBUG keystone.server.flask.request_processing.middleware.auth_context [None req-da080f1e-9eb4-4fed-bb2b-21f73bf8d348 None admin] RBAC: auth_context: {'token': , 'domain_id': None, 'trust_id': None, 'trustor_id': None, 'trustee_id': None, 'domain_name': None, 'group_ids': [], 'user_id': '0a6a88d51a2749349d397dd703210284', 'user_domain_id': 'default', 'system_scope': 'all', 'project_id': None, 'project_domain_id': None, 'roles': ['admin', 'member', 'reader'], 'is_admin_project': True, 'service_user_id': None, 'service_user_domain_id': None, 'service_project_id': None, 'service_project_domain_id': None, 'service_roles': []} {{(pid=81931) fill_context /opt/stack/keystone/keystone/server/flask/request_processing/middleware/auth_context.py:478}}
Aug 29 21:08:29.906527 dv-cinder-854264-2-smb devstack@keystone.service[81931]: DEBUG keystone.server.flask.request_processing.req_logging [None req-da080f1e-9eb4-4fed-bb2b-21f73bf8d348 None admin] REQUEST_METHOD: `GET` {{(pid=81931) log_request_info /opt/stack/keystone/keystone/server/flask/request_processing/req_logging.py:27}}
Aug 29 21:08:29.906814 dv-cinder-854264-2-smb devstack@keystone.service[81931]: DEBUG keystone.server.flask.request_processing.req_logging [None req-da080f1e-9eb4-4fed-bb2b-21f73bf8d348 None admin] SCRIPT_NAME: `/identity` {{(pid=81931) log_request_info /opt/stack/keystone/keystone/server/flask/request_processing/req_logging.py:28}}
Aug 29 21:08:29.907091 dv-cinder-854264-2-smb devstack@keystone.service[81931]: DEBUG keystone.server.flask.request_processing.req_logging [None req-da080f1e-9eb4-4fed-bb2b-21f73bf8d348 None admin] PATH_INFO: `/v3/projects/5565ecc493584acf98865b488c38a86e` {{(pid=81931) log_request_info /opt/stack/keystone/keystone/server/flask/request_processing/req_logging.py:29}}
Aug 29 21:08:29.908357 dv-cinder-854264-2-smb devstack@keystone.service[81931]: DEBUG keystone.common.rbac_enforcer.enforcer [None req-da080f1e-9eb4-4fed-bb2b-21f73bf8d348 None admin] RBAC: Authorizing `identity:get_project(project_id=5565ecc493584acf98865b488c38a86e)` {{(pid=81931) enforce_call /opt/stack/keystone/keystone/common/rbac_enforcer/enforcer.py:449}}
Aug 29 21:08:29.908919 dv-cinder-854264-2-smb devstack@keystone.service[81932]: DEBUG keystone.server.flask.request_processing.middleware.auth_context [None req-ef02dbff-31f5-4a60-9b8a-f54f31bce4e1 None admin] Validating token access rules against request {{(pid=81932) validate_allowed_request /usr/local/lib/python3.8/dist-packages/keystonemiddleware/auth_token/__init__.py:545}}
Aug 29 21:08:29.909953 dv-cinder-854264-2-smb devstack@keystone.service[81931]: DEBUG keystone.common.rbac_enforcer.enforcer [None req-da080f1e-9eb4-4fed-bb2b-21f73bf8d348 None admin] RBAC: Authorization granted {{(pid=81931) enforce_call /opt/stack/keystone/keystone/common/rbac_enforcer/enforcer.py:457}}
Aug 29 21:08:29.911678 dv-cinder-854264-2-smb devstack@keystone.service[81931]: [pid: 81931|app: 0|req: 147/290] 10.222.0.50 () {56 vars in 1186 bytes} [Mon Aug 29 21:08:29 2022] GET /identity/v3/projects/5565ecc493584acf98865b488c38a86e => generated 302 bytes in 171 msecs (HTTP/1.1 200) 5 headers in 177 bytes (1 switches on core 0)
Aug 29 21:08:29.919038 dv-cinder-854264-2-smb devstack@keystone.service[81931]: DEBUG keystone.server.flask.request_processing.middleware.auth_context [None req-da080f1e-9eb4-4fed-bb2b-21f73bf8d348 None admin] Authenticating user token {{(pid=81931) process_request /usr/local/lib/python3.8/dist-packages/keystonemiddleware/auth_token/__init__.py:407}}
Aug 29 21:08:29.983664 dv-cinder-854264-2-smb devstack@keystone.service[81932]: DEBUG keystone.server.flask.request_processing.middleware.auth_context [None req-c9b5a3a9-d9cd-491b-853c-60b8228391fb None admin] RBAC: auth_context: {'token': , 'domain_id': None, 'trust_id': None, 'trustor_id': None, 'trustee_id': None, 'domain_name': None, 'group_ids': [], 'user_id': '0a6a88d51a2749349d397dd703210284', 'user_domain_id': 'default', 'system_scope': 'all', 'project_id': None, 'project_domain_id': None, 'roles': ['admin', 'member', 'reader'], 'is_admin_project': True, 'service_user_id': None, 'service_user_domain_id': None, 'service_project_id': None, 'service_project_domain_id': None, 'service_roles': []} {{(pid=81932) fill_context /opt/stack/keystone/keystone/server/flask/request_processing/middleware/auth_context.py:478}}
Aug 29 21:08:29.984711 dv-cinder-854264-2-smb devstack@keystone.service[81932]: DEBUG keystone.server.flask.request_processing.req_logging [None req-c9b5a3a9-d9cd-491b-853c-60b8228391fb None admin] REQUEST_METHOD: `GET` {{(pid=81932) log_request_info /opt/stack/keystone/keystone/server/flask/request_processing/req_logging.py:27}}
Aug 29 21:08:29.987080 dv-cinder-854264-2-smb devstack@keystone.service[81932]: DEBUG keystone.server.flask.request_processing.req_logging [None req-c9b5a3a9-d9cd-491b-853c-60b8228391fb None admin] SCRIPT_NAME: `/identity` {{(pid=81932) log_request_info /opt/stack/keystone/keystone/server/flask/request_processing/req_logging.py:28}}
Aug 29 21:08:29.987560 dv-cinder-854264-2-smb devstack@keystone.service[81932]: DEBUG keystone.server.flask.request_processing.req_logging [None req-c9b5a3a9-d9cd-491b-853c-60b8228391fb None admin] PATH_INFO: `/v3/users/14ad2a5b5ee4483b89f83be9d6a8715e` {{(pid=81932) log_request_info /opt/stack/keystone/keystone/server/flask/request_processing/req_logging.py:29}}
Aug 29 21:08:29.989637 dv-cinder-854264-2-smb devstack@keystone.service[81932]: DEBUG keystone.common.rbac_enforcer.enforcer [None req-c9b5a3a9-d9cd-491b-853c-60b8228391fb None admin] RBAC: Authorizing `identity:get_user(user_id=14ad2a5b5ee4483b89f83be9d6a8715e)` {{(pid=81932) enforce_call /opt/stack/keystone/keystone/common/rbac_enforcer/enforcer.py:449}}
Aug 29 21:08:29.992000 dv-cinder-854264-2-smb devstack@keystone.service[81932]: DEBUG keystone.common.rbac_enforcer.enforcer [None req-c9b5a3a9-d9cd-491b-853c-60b8228391fb None admin] RBAC: Authorization granted {{(pid=81932) enforce_call /opt/stack/keystone/keystone/common/rbac_enforcer/enforcer.py:457}}
Aug 29 21:08:29.995191 dv-cinder-854264-2-smb devstack@keystone.service[81932]: [pid: 81932|app: 0|req: 144/291] 10.222.0.50 () {56 vars in 1177 bytes} [Mon Aug 29 21:08:29 2022] GET /identity/v3/users/14ad2a5b5ee4483b89f83be9d6a8715e => generated 297 bytes in 385 msecs (HTTP/1.1 200) 5 headers in 177 bytes (1 switches on core 0)
Aug 29 21:08:30.004158 dv-cinder-854264-2-smb devstack@keystone.service[81932]: DEBUG keystone.server.flask.request_processing.middleware.auth_context [None req-c9b5a3a9-d9cd-491b-853c-60b8228391fb None admin] Authenticating user token {{(pid=81932) process_request /usr/local/lib/python3.8/dist-packages/keystonemiddleware/auth_token/__init__.py:407}}
Aug 29 21:08:30.029501 dv-cinder-854264-2-smb devstack@keystone.service[81932]: DEBUG dbcounter [-] [81932] Writing DB stats keystone:SELECT=100 {{(pid=81932) stat_writer /usr/local/lib/python3.8/dist-packages/dbcounter.py:114}}
Aug 29 21:08:30.096818 dv-cinder-854264-2-smb devstack@keystone.service[81931]: DEBUG dbcounter [-] [81931] Writing DB stats keystone:SELECT=100 {{(pid=81931) stat_writer /usr/local/lib/python3.8/dist-packages/dbcounter.py:114}}
Aug 29 21:08:30.124375 dv-cinder-854264-2-smb devstack@keystone.service[81931]: DEBUG keystone.server.flask.request_processing.middleware.auth_context [None req-da080f1e-9eb4-4fed-bb2b-21f73bf8d348 None admin] Validating token access rules against request {{(pid=81931) validate_allowed_request /usr/local/lib/python3.8/dist-packages/keystonemiddleware/auth_token/__init__.py:545}}
Aug 29 21:08:30.154706 dv-cinder-854264-2-smb devstack@keystone.service[81932]: DEBUG keystone.server.flask.request_processing.middleware.auth_context [None req-c9b5a3a9-d9cd-491b-853c-60b8228391fb None admin] Validating token access rules against request {{(pid=81932) validate_allowed_request /usr/local/lib/python3.8/dist-packages/keystonemiddleware/auth_token/__init__.py:545}}
Aug 29 21:08:30.180671 dv-cinder-854264-2-smb devstack@keystone.service[81931]: DEBUG keystone.server.flask.request_processing.middleware.auth_context [None req-6f40c17d-21fc-4634-b7e8-671d0eda3b25 None admin] RBAC: auth_context: {'token': , 'domain_id': None, 'trust_id': None, 'trustor_id': None, 'trustee_id': None, 'domain_name': None, 'group_ids': [], 'user_id': '0a6a88d51a2749349d397dd703210284', 'user_domain_id': 'default', 'system_scope': 'all', 'project_id': None, 'project_domain_id': None, 'roles': ['admin', 'member', 'reader'], 'is_admin_project': True, 'service_user_id': None, 'service_user_domain_id': None, 'service_project_id': None, 'service_project_domain_id': None, 'service_roles': []} {{(pid=81931) fill_context /opt/stack/keystone/keystone/server/flask/request_processing/middleware/auth_context.py:478}}
Aug 29 21:08:30.182519 dv-cinder-854264-2-smb devstack@keystone.service[81931]: DEBUG keystone.server.flask.request_processing.req_logging [None req-6f40c17d-21fc-4634-b7e8-671d0eda3b25 None admin] REQUEST_METHOD: `GET` {{(pid=81931) log_request_info /opt/stack/keystone/keystone/server/flask/request_processing/req_logging.py:27}}
Aug 29 21:08:30.182857 dv-cinder-854264-2-smb devstack@keystone.service[81931]: DEBUG keystone.server.flask.request_processing.req_logging [None req-6f40c17d-21fc-4634-b7e8-671d0eda3b25 None admin] SCRIPT_NAME: `/identity` {{(pid=81931) log_request_info /opt/stack/keystone/keystone/server/flask/request_processing/req_logging.py:28}}
Aug 29 21:08:30.183194 dv-cinder-854264-2-smb devstack@keystone.service[81931]: DEBUG keystone.server.flask.request_processing.req_logging [None req-6f40c17d-21fc-4634-b7e8-671d0eda3b25 None admin] PATH_INFO: `/v3/role_assignments` {{(pid=81931) log_request_info /opt/stack/keystone/keystone/server/flask/request_processing/req_logging.py:29}}
Aug 29 21:08:30.183976 dv-cinder-854264-2-smb devstack@keystone.service[81931]: DEBUG keystone.common.rbac_enforcer.enforcer [None req-6f40c17d-21fc-4634-b7e8-671d0eda3b25 None admin] RBAC: Adding query filter params (role.id=63e30c687d4b49118bf8ec5f3341f560, scope.project.id=5565ecc493584acf98865b488c38a86e, user.id=4f52d0b050594c20b467282879a6a40a) {{(pid=81931) _extract_filter_values /opt/stack/keystone/keystone/common/rbac_enforcer/enforcer.py:167}}
Aug 29 21:08:30.184289 dv-cinder-854264-2-smb devstack@keystone.service[81931]: DEBUG keystone.common.rbac_enforcer.enforcer [None req-6f40c17d-21fc-4634-b7e8-671d0eda3b25 None admin] RBAC: Authorizing `identity:list_role_assignments()` {{(pid=81931) enforce_call /opt/stack/keystone/keystone/common/rbac_enforcer/enforcer.py:449}}
Aug 29 21:08:30.185834 dv-cinder-854264-2-smb devstack@keystone.service[81931]: DEBUG keystone.common.rbac_enforcer.enforcer [None req-6f40c17d-21fc-4634-b7e8-671d0eda3b25 None admin] RBAC: Authorization granted {{(pid=81931) enforce_call /opt/stack/keystone/keystone/common/rbac_enforcer/enforcer.py:457}}
Aug 29 21:08:30.194915 dv-cinder-854264-2-smb devstack@keystone.service[81931]: [pid: 81931|app: 0|req: 148/292] 10.222.0.50 () {56 vars in 1374 bytes} [Mon Aug 29 21:08:29 2022] GET /identity/v3/role_assignments?user.id=4f52d0b050594c20b467282879a6a40a&scope.project.id=5565ecc493584acf98865b488c38a86e&role.id=63e30c687d4b49118bf8ec5f3341f560 => generated 608 bytes in 276 msecs (HTTP/1.1 200) 5 headers in 177 bytes (2 switches on core 0)
Aug 29 21:08:30.217097 dv-cinder-854264-2-smb devstack@keystone.service[81932]: DEBUG keystone.server.flask.request_processing.middleware.auth_context [None req-4ec0913b-839e-4339-9b38-e86eac5f61e4 None admin] RBAC: auth_context: {'token': , 'domain_id': None, 'trust_id': None, 'trustor_id': None, 'trustee_id': None, 'domain_name': None, 'group_ids': [], 'user_id': '0a6a88d51a2749349d397dd703210284', 'user_domain_id': 'default', 'system_scope': 'all', 'project_id': None, 'project_domain_id': None, 'roles': ['admin', 'member', 'reader'], 'is_admin_project': True, 'service_user_id': None, 'service_user_domain_id': None, 'service_project_id': None, 'service_project_domain_id': None, 'service_roles': []} {{(pid=81932) fill_context /opt/stack/keystone/keystone/server/flask/request_processing/middleware/auth_context.py:478}}
Aug 29 21:08:30.217765 dv-cinder-854264-2-smb devstack@keystone.service[81932]: DEBUG keystone.server.flask.request_processing.req_logging [None req-4ec0913b-839e-4339-9b38-e86eac5f61e4 None admin] REQUEST_METHOD: `GET` {{(pid=81932) log_request_info /opt/stack/keystone/keystone/server/flask/request_processing/req_logging.py:27}}
Aug 29 21:08:30.218110 dv-cinder-854264-2-smb devstack@keystone.service[81932]: DEBUG keystone.server.flask.request_processing.req_logging [None req-4ec0913b-839e-4339-9b38-e86eac5f61e4 None admin] SCRIPT_NAME: `/identity` {{(pid=81932) log_request_info /opt/stack/keystone/keystone/server/flask/request_processing/req_logging.py:28}}
Aug 29 21:08:30.218383 dv-cinder-854264-2-smb devstack@keystone.service[81932]: DEBUG keystone.server.flask.request_processing.req_logging [None req-4ec0913b-839e-4339-9b38-e86eac5f61e4 None admin] PATH_INFO: `/v3/projects/5565ecc493584acf98865b488c38a86e` {{(pid=81932) log_request_info /opt/stack/keystone/keystone/server/flask/request_processing/req_logging.py:29}}
Aug 29 21:08:30.219705 dv-cinder-854264-2-smb devstack@keystone.service[81932]: DEBUG keystone.common.rbac_enforcer.enforcer [None req-4ec0913b-839e-4339-9b38-e86eac5f61e4 None admin] RBAC: Authorizing `identity:get_project(project_id=5565ecc493584acf98865b488c38a86e)` {{(pid=81932) enforce_call /opt/stack/keystone/keystone/common/rbac_enforcer/enforcer.py:449}}
Aug 29 21:08:30.221270 dv-cinder-854264-2-smb devstack@keystone.service[81932]: DEBUG keystone.common.rbac_enforcer.enforcer [None req-4ec0913b-839e-4339-9b38-e86eac5f61e4 None admin] RBAC: Authorization granted {{(pid=81932) enforce_call /opt/stack/keystone/keystone/common/rbac_enforcer/enforcer.py:457}}
Aug 29 21:08:30.226455 dv-cinder-854264-2-smb devstack@keystone.service[81932]: [pid: 81932|app: 0|req: 145/293] 10.222.0.50 () {56 vars in 1186 bytes} [Mon Aug 29 21:08:29 2022] GET /identity/v3/projects/5565ecc493584acf98865b488c38a86e => generated 302 bytes in 226 msecs (HTTP/1.1 200) 5 headers in 177 bytes (2 switches on core 0)
Aug 29 21:08:30.232978 dv-cinder-854264-2-smb devstack@keystone.service[81931]: DEBUG keystone.server.flask.request_processing.middleware.auth_context [None req-6f40c17d-21fc-4634-b7e8-671d0eda3b25 None admin] Authenticating user token {{(pid=81931) process_request /usr/local/lib/python3.8/dist-packages/keystonemiddleware/auth_token/__init__.py:407}}
Aug 29 21:08:30.392841 dv-cinder-854264-2-smb devstack@keystone.service[81931]: DEBUG keystone.server.flask.request_processing.middleware.auth_context [None req-6f40c17d-21fc-4634-b7e8-671d0eda3b25 None admin] Validating token access rules against request {{(pid=81931) validate_allowed_request /usr/local/lib/python3.8/dist-packages/keystonemiddleware/auth_token/__init__.py:545}}
Aug 29 21:08:30.447222 dv-cinder-854264-2-smb devstack@keystone.service[81931]: DEBUG keystone.server.flask.request_processing.middleware.auth_context [None req-3a360b46-1f2a-47c2-bf24-6ea20eea5909 None admin] RBAC: auth_context: {'token': , 'domain_id': None, 'trust_id': None, 'trustor_id': None, 'trustee_id': None, 'domain_name': None, 'group_ids': [], 'user_id': '0a6a88d51a2749349d397dd703210284', 'user_domain_id': 'default', 'system_scope': 'all', 'project_id': None, 'project_domain_id': None, 'roles': ['admin', 'member', 'reader'], 'is_admin_project': True, 'service_user_id': None, 'service_user_domain_id': None, 'service_project_id': None, 'service_project_domain_id': None, 'service_roles': []} {{(pid=81931) fill_context /opt/stack/keystone/keystone/server/flask/request_processing/middleware/auth_context.py:478}}
Aug 29 21:08:30.447937 dv-cinder-854264-2-smb devstack@keystone.service[81931]: DEBUG keystone.server.flask.request_processing.req_logging [None req-3a360b46-1f2a-47c2-bf24-6ea20eea5909 None admin] REQUEST_METHOD: `PUT` {{(pid=81931) log_request_info /opt/stack/keystone/keystone/server/flask/request_processing/req_logging.py:27}}
Aug 29 21:08:30.448215 dv-cinder-854264-2-smb devstack@keystone.service[81931]: DEBUG keystone.server.flask.request_processing.req_logging [None req-3a360b46-1f2a-47c2-bf24-6ea20eea5909 None admin] SCRIPT_NAME: `/identity` {{(pid=81931) log_request_info /opt/stack/keystone/keystone/server/flask/request_processing/req_logging.py:28}}
Aug 29 21:08:30.448526 dv-cinder-854264-2-smb devstack@keystone.service[81931]: DEBUG keystone.server.flask.request_processing.req_logging [None req-3a360b46-1f2a-47c2-bf24-6ea20eea5909 None admin] PATH_INFO: `/v3/projects/5565ecc493584acf98865b488c38a86e/users/14ad2a5b5ee4483b89f83be9d6a8715e/roles/9322053026b1462eab80ec804372705b` {{(pid=81931) log_request_info /opt/stack/keystone/keystone/server/flask/request_processing/req_logging.py:29}}
Aug 29 21:08:30.450733 dv-cinder-854264-2-smb devstack@keystone.service[81931]: DEBUG keystone.common.rbac_enforcer.enforcer [None req-3a360b46-1f2a-47c2-bf24-6ea20eea5909 None admin] RBAC: Authorizing `identity:create_grant(project_id=5565ecc493584acf98865b488c38a86e, user_id=14ad2a5b5ee4483b89f83be9d6a8715e, role_id=9322053026b1462eab80ec804372705b)` {{(pid=81931) enforce_call /opt/stack/keystone/keystone/common/rbac_enforcer/enforcer.py:449}}
Aug 29 21:08:30.452969 dv-cinder-854264-2-smb devstack@keystone.service[81931]: DEBUG keystone.common.rbac_enforcer.enforcer [None req-3a360b46-1f2a-47c2-bf24-6ea20eea5909 None admin] RBAC: Authorization granted {{(pid=81931) enforce_call /opt/stack/keystone/keystone/common/rbac_enforcer/enforcer.py:457}}
Aug 29 21:08:30.551460 dv-cinder-854264-2-smb devstack@keystone.service[81931]: [pid: 81931|app: 0|req: 149/294] 10.222.0.50 () {58 vars in 1439 bytes} [Mon Aug 29 21:08:30 2022] PUT /identity/v3/projects/5565ecc493584acf98865b488c38a86e/users/14ad2a5b5ee4483b89f83be9d6a8715e/roles/9322053026b1462eab80ec804372705b => generated 0 bytes in 319 msecs (HTTP/1.1 204) 3 headers in 132 bytes (0 switches on core 0)
Aug 29 21:08:30.892245 dv-cinder-854264-2-smb devstack@keystone.service[81932]: DEBUG keystone.server.flask.request_processing.req_logging [None req-29b03939-5351-401e-aa55-ec53a1065fdb None None] REQUEST_METHOD: `GET` {{(pid=81932) log_request_info /opt/stack/keystone/keystone/server/flask/request_processing/req_logging.py:27}}
Aug 29 21:08:30.892757 dv-cinder-854264-2-smb devstack@keystone.service[81932]: DEBUG keystone.server.flask.request_processing.req_logging [None req-29b03939-5351-401e-aa55-ec53a1065fdb None None] SCRIPT_NAME: `/identity` {{(pid=81932) log_request_info /opt/stack/keystone/keystone/server/flask/request_processing/req_logging.py:28}}
Aug 29 21:08:30.893006 dv-cinder-854264-2-smb devstack@keystone.service[81932]: DEBUG keystone.server.flask.request_processing.req_logging [None req-29b03939-5351-401e-aa55-ec53a1065fdb None None] PATH_INFO: `/` {{(pid=81932) log_request_info /opt/stack/keystone/keystone/server/flask/request_processing/req_logging.py:29}}
Aug 29 21:08:30.895188 dv-cinder-854264-2-smb devstack@keystone.service[81932]: [pid: 81932|app: 0|req: 146/295] 10.222.0.50 () {54 vars in 927 bytes} [Mon Aug 29 21:08:30 2022] GET /identity => generated 270 bytes in 4 msecs (HTTP/1.1 300) 6 headers in 234 bytes (1 switches on core 0)
Aug 29 21:08:30.901841 dv-cinder-854264-2-smb devstack@keystone.service[81931]: DEBUG keystone.server.flask.request_processing.req_logging [None req-a866b4e7-bc4d-4468-81bb-107c1fb5a403 None None] REQUEST_METHOD: `POST` {{(pid=81931) log_request_info /opt/stack/keystone/keystone/server/flask/request_processing/req_logging.py:27}}
Aug 29 21:08:30.902352 dv-cinder-854264-2-smb devstack@keystone.service[81931]: DEBUG keystone.server.flask.request_processing.req_logging [None req-a866b4e7-bc4d-4468-81bb-107c1fb5a403 None None] SCRIPT_NAME: `/identity` {{(pid=81931) log_request_info /opt/stack/keystone/keystone/server/flask/request_processing/req_logging.py:28}}
Aug 29 21:08:30.902424 dv-cinder-854264-2-smb devstack@keystone.service[81931]: DEBUG keystone.server.flask.request_processing.req_logging [None req-a866b4e7-bc4d-4468-81bb-107c1fb5a403 None None] PATH_INFO: `/v3/auth/tokens` {{(pid=81931) log_request_info /opt/stack/keystone/keystone/server/flask/request_processing/req_logging.py:29}}
Aug 29 21:08:30.935030 dv-cinder-854264-2-smb devstack@keystone.service[81931]: DEBUG keystone.auth.core [None req-a866b4e7-bc4d-4468-81bb-107c1fb5a403 None None] MFA Rules not processed for user `0a6a88d51a2749349d397dd703210284`. Rule list: `[]` (Enabled: `True`). {{(pid=81931) check_auth_methods_against_rules /opt/stack/keystone/keystone/auth/core.py:438}}
Aug 29 21:08:30.936865 dv-cinder-854264-2-smb devstack@keystone.service[81931]: DEBUG keystone.common.fernet_utils [None req-a866b4e7-bc4d-4468-81bb-107c1fb5a403 None None] Loaded 2 Fernet keys from /etc/keystone/fernet-keys/, but `[fernet_tokens] max_active_keys = 3`; perhaps there have not been enough key rotations to reach `max_active_keys` yet? {{(pid=81931) load_keys /opt/stack/keystone/keystone/common/fernet_utils.py:286}}
Aug 29 21:08:30.940752 dv-cinder-854264-2-smb devstack@keystone.service[81931]: DEBUG dbcounter [-] [81931] Writing DB stats keystone:SELECT=99,keystone:INSERT=1 {{(pid=81931) stat_writer /usr/local/lib/python3.8/dist-packages/dbcounter.py:114}}
Aug 29 21:08:31.026608 dv-cinder-854264-2-smb devstack@keystone.service[81931]: [pid: 81931|app: 0|req: 150/296] 10.222.0.50 () {58 vars in 1024 bytes} [Mon Aug 29 21:08:30 2022] POST /identity/v3/auth/tokens => generated 799 bytes in 126 msecs (HTTP/1.1 201) 6 headers in 363 bytes (1 switches on core 0)
Aug 29 21:08:31.275538 dv-cinder-854264-2-smb devstack@keystone.service[81932]: DEBUG keystone.server.flask.request_processing.req_logging [None req-168e9eca-aa60-4ddc-b466-d8b8a81a13eb None None] REQUEST_METHOD: `GET` {{(pid=81932) log_request_info /opt/stack/keystone/keystone/server/flask/request_processing/req_logging.py:27}}
Aug 29 21:08:31.276222 dv-cinder-854264-2-smb devstack@keystone.service[81932]: DEBUG keystone.server.flask.request_processing.req_logging [None req-168e9eca-aa60-4ddc-b466-d8b8a81a13eb None None] SCRIPT_NAME: `/identity` {{(pid=81932) log_request_info /opt/stack/keystone/keystone/server/flask/request_processing/req_logging.py:28}}
Aug 29 21:08:31.276715 dv-cinder-854264-2-smb devstack@keystone.service[81932]: DEBUG keystone.server.flask.request_processing.req_logging [None req-168e9eca-aa60-4ddc-b466-d8b8a81a13eb None None] PATH_INFO: `/` {{(pid=81932) log_request_info /opt/stack/keystone/keystone/server/flask/request_processing/req_logging.py:29}}
Aug 29 21:08:31.278688 dv-cinder-854264-2-smb devstack@keystone.service[81932]: [pid: 81932|app: 0|req: 147/297] 10.222.0.50 () {54 vars in 927 bytes} [Mon Aug 29 21:08:31 2022] GET /identity => generated 270 bytes in 4 msecs (HTTP/1.1 300) 6 headers in 234 bytes (1 switches on core 0)
Aug 29 21:08:31.285264 dv-cinder-854264-2-smb devstack@keystone.service[81931]: DEBUG keystone.server.flask.request_processing.req_logging [None req-0bb13be7-9d30-4fb3-be9a-1cce26a27019 None None] REQUEST_METHOD: `POST` {{(pid=81931) log_request_info /opt/stack/keystone/keystone/server/flask/request_processing/req_logging.py:27}}
Aug 29 21:08:31.285839 dv-cinder-854264-2-smb devstack@keystone.service[81931]: DEBUG keystone.server.flask.request_processing.req_logging [None req-0bb13be7-9d30-4fb3-be9a-1cce26a27019 None None] SCRIPT_NAME: `/identity` {{(pid=81931) log_request_info /opt/stack/keystone/keystone/server/flask/request_processing/req_logging.py:28}}
Aug 29 21:08:31.286330 dv-cinder-854264-2-smb devstack@keystone.service[81931]: DEBUG keystone.server.flask.request_processing.req_logging [None req-0bb13be7-9d30-4fb3-be9a-1cce26a27019 None None] PATH_INFO: `/v3/auth/tokens` {{(pid=81931) log_request_info /opt/stack/keystone/keystone/server/flask/request_processing/req_logging.py:29}}
Aug 29 21:08:31.307713 dv-cinder-854264-2-smb devstack@keystone.service[81931]: DEBUG keystone.auth.core [None req-0bb13be7-9d30-4fb3-be9a-1cce26a27019 None None] MFA Rules not processed for user `0a6a88d51a2749349d397dd703210284`. Rule list: `[]` (Enabled: `True`). {{(pid=81931) check_auth_methods_against_rules /opt/stack/keystone/keystone/auth/core.py:438}}
Aug 29 21:08:31.309333 dv-cinder-854264-2-smb devstack@keystone.service[81931]: DEBUG keystone.common.fernet_utils [None req-0bb13be7-9d30-4fb3-be9a-1cce26a27019 None None] Loaded 2 Fernet keys from /etc/keystone/fernet-keys/, but `[fernet_tokens] max_active_keys = 3`; perhaps there have not been enough key rotations to reach `max_active_keys` yet? {{(pid=81931) load_keys /opt/stack/keystone/keystone/common/fernet_utils.py:286}}
Aug 29 21:08:31.321790 dv-cinder-854264-2-smb devstack@keystone.service[81932]: DEBUG keystone.server.flask.request_processing.middleware.auth_context [None req-168e9eca-aa60-4ddc-b466-d8b8a81a13eb None None] Authenticating user token {{(pid=81932) process_request /usr/local/lib/python3.8/dist-packages/keystonemiddleware/auth_token/__init__.py:407}}
Aug 29 21:08:31.413837 dv-cinder-854264-2-smb devstack@keystone.service[81931]: [pid: 81931|app: 0|req: 151/298] 10.222.0.50 () {58 vars in 1024 bytes} [Mon Aug 29 21:08:31 2022] POST /identity/v3/auth/tokens => generated 799 bytes in 130 msecs (HTTP/1.1 201) 6 headers in 363 bytes (1 switches on core 0)
Aug 29 21:08:31.447261 dv-cinder-854264-2-smb devstack@keystone.service[81932]: DEBUG dbcounter [-] [81932] Writing DB stats keystone:SELECT=100 {{(pid=81932) stat_writer /usr/local/lib/python3.8/dist-packages/dbcounter.py:114}}
Aug 29 21:08:31.469417 dv-cinder-854264-2-smb devstack@keystone.service[81932]: DEBUG keystone.server.flask.request_processing.middleware.auth_context [None req-168e9eca-aa60-4ddc-b466-d8b8a81a13eb None None] Validating token access rules against request {{(pid=81932) validate_allowed_request /usr/local/lib/python3.8/dist-packages/keystonemiddleware/auth_token/__init__.py:545}}
Aug 29 21:08:31.486338 dv-cinder-854264-2-smb devstack@keystone.service[81931]: DEBUG keystone.server.flask.request_processing.req_logging [None req-d9ea0df5-c5b8-48e2-b094-f05a87180e5d None None] REQUEST_METHOD: `GET` {{(pid=81931) log_request_info /opt/stack/keystone/keystone/server/flask/request_processing/req_logging.py:27}}
Aug 29 21:08:31.487023 dv-cinder-854264-2-smb devstack@keystone.service[81931]: DEBUG keystone.server.flask.request_processing.req_logging [None req-d9ea0df5-c5b8-48e2-b094-f05a87180e5d None None] SCRIPT_NAME: `/identity` {{(pid=81931) log_request_info /opt/stack/keystone/keystone/server/flask/request_processing/req_logging.py:28}}
Aug 29 21:08:31.487527 dv-cinder-854264-2-smb devstack@keystone.service[81931]: DEBUG keystone.server.flask.request_processing.req_logging [None req-d9ea0df5-c5b8-48e2-b094-f05a87180e5d None None] PATH_INFO: `/` {{(pid=81931) log_request_info /opt/stack/keystone/keystone/server/flask/request_processing/req_logging.py:29}}
Aug 29 21:08:31.489137 dv-cinder-854264-2-smb devstack@keystone.service[81931]: [pid: 81931|app: 0|req: 152/299] 10.222.0.50 () {54 vars in 927 bytes} [Mon Aug 29 21:08:31 2022] GET /identity => generated 270 bytes in 4 msecs (HTTP/1.1 300) 6 headers in 234 bytes (2 switches on core 0)
Aug 29 21:08:31.494827 dv-cinder-854264-2-smb devstack@keystone.service[81931]: DEBUG keystone.server.flask.request_processing.req_logging [None req-07f37aa8-1a19-4532-a21e-94aa672701a1 None None] REQUEST_METHOD: `POST` {{(pid=81931) log_request_info /opt/stack/keystone/keystone/server/flask/request_processing/req_logging.py:27}}
Aug 29 21:08:31.495289 dv-cinder-854264-2-smb devstack@keystone.service[81931]: DEBUG keystone.server.flask.request_processing.req_logging [None req-07f37aa8-1a19-4532-a21e-94aa672701a1 None None] SCRIPT_NAME: `/identity` {{(pid=81931) log_request_info /opt/stack/keystone/keystone/server/flask/request_processing/req_logging.py:28}}
Aug 29 21:08:31.495630 dv-cinder-854264-2-smb devstack@keystone.service[81931]: DEBUG keystone.server.flask.request_processing.req_logging [None req-07f37aa8-1a19-4532-a21e-94aa672701a1 None None] PATH_INFO: `/v3/auth/tokens` {{(pid=81931) log_request_info /opt/stack/keystone/keystone/server/flask/request_processing/req_logging.py:29}}
Aug 29 21:08:31.513965 dv-cinder-854264-2-smb devstack@keystone.service[81932]: DEBUG keystone.server.flask.request_processing.middleware.auth_context [None req-5133cf24-ae5f-4011-ba4d-956ea504ff40 None admin] RBAC: auth_context: {'token': , 'domain_id': None, 'trust_id': None, 'trustor_id': None, 'trustee_id': None, 'domain_name': None, 'group_ids': [], 'user_id': '0a6a88d51a2749349d397dd703210284', 'user_domain_id': 'default', 'system_scope': 'all', 'project_id': None, 'project_domain_id': None, 'roles': ['admin', 'member', 'reader'], 'is_admin_project': True, 'service_user_id': None, 'service_user_domain_id': None, 'service_project_id': None, 'service_project_domain_id': None, 'service_roles': []} {{(pid=81932) fill_context /opt/stack/keystone/keystone/server/flask/request_processing/middleware/auth_context.py:478}}
Aug 29 21:08:31.514897 dv-cinder-854264-2-smb devstack@keystone.service[81932]: DEBUG keystone.server.flask.request_processing.req_logging [None req-5133cf24-ae5f-4011-ba4d-956ea504ff40 None admin] REQUEST_METHOD: `GET` {{(pid=81932) log_request_info /opt/stack/keystone/keystone/server/flask/request_processing/req_logging.py:27}}
Aug 29 21:08:31.515403 dv-cinder-854264-2-smb devstack@keystone.service[81932]: DEBUG keystone.server.flask.request_processing.req_logging [None req-5133cf24-ae5f-4011-ba4d-956ea504ff40 None admin] SCRIPT_NAME: `/identity` {{(pid=81932) log_request_info /opt/stack/keystone/keystone/server/flask/request_processing/req_logging.py:28}}
Aug 29 21:08:31.515876 dv-cinder-854264-2-smb devstack@keystone.service[81932]: DEBUG keystone.server.flask.request_processing.req_logging [None req-5133cf24-ae5f-4011-ba4d-956ea504ff40 None admin] PATH_INFO: `/v3/roles/reader` {{(pid=81932) log_request_info /opt/stack/keystone/keystone/server/flask/request_processing/req_logging.py:29}}
Aug 29 21:08:31.518497 dv-cinder-854264-2-smb devstack@keystone.service[81931]: DEBUG keystone.auth.core [None req-07f37aa8-1a19-4532-a21e-94aa672701a1 None None] MFA Rules not processed for user `0a6a88d51a2749349d397dd703210284`. Rule list: `[]` (Enabled: `True`). {{(pid=81931) check_auth_methods_against_rules /opt/stack/keystone/keystone/auth/core.py:438}}
Aug 29 21:08:31.521210 dv-cinder-854264-2-smb devstack@keystone.service[81931]: DEBUG keystone.common.fernet_utils [None req-07f37aa8-1a19-4532-a21e-94aa672701a1 None None] Loaded 2 Fernet keys from /etc/keystone/fernet-keys/, but `[fernet_tokens] max_active_keys = 3`; perhaps there have not been enough key rotations to reach `max_active_keys` yet? {{(pid=81931) load_keys /opt/stack/keystone/keystone/common/fernet_utils.py:286}}
Aug 29 21:08:31.529987 dv-cinder-854264-2-smb devstack@keystone.service[81932]: DEBUG keystone.common.rbac_enforcer.enforcer [None req-5133cf24-ae5f-4011-ba4d-956ea504ff40 None admin] Extracting inferred target data resulted in "NOT FOUND (404)". {{(pid=81932) enforce_call /opt/stack/keystone/keystone/common/rbac_enforcer/enforcer.py:409}}
Aug 29 21:08:31.536869 dv-cinder-854264-2-smb devstack@keystone.service[81932]: ERROR keystone.server.flask.application [None req-5133cf24-ae5f-4011-ba4d-956ea504ff40 None admin] Could not find role: reader.: keystone.exception.RoleNotFound: Could not find role: reader.
Aug 29 21:08:31.536869 dv-cinder-854264-2-smb devstack@keystone.service[81932]: ERROR keystone.server.flask.application
Traceback (most recent call last):
