Aug 24 04:51:09.004025 dv-cinder-854264-1-smb devstack@c-api.service[125380]: DEBUG cinder.api.openstack.wsgi [None req-ef4dd2bb-0398-4fbb-bf23-081b88bbcc1d tempest-GroupSnapshotsTest-1823219603 tempest-GroupSnapshotsTest-1823219603-project] Empty body provided in request {{(pid=125380) get_body /opt/stack/cinder/cinder/api/openstack/wsgi.py:715}}
Aug 24 04:51:09.004795 dv-cinder-854264-1-smb devstack@c-api.service[125380]: DEBUG cinder.api.openstack.wsgi [None req-ef4dd2bb-0398-4fbb-bf23-081b88bbcc1d tempest-GroupSnapshotsTest-1823219603 tempest-GroupSnapshotsTest-1823219603-project] Calling method 'version_select' {{(pid=125380) _process_stack /opt/stack/cinder/cinder/api/openstack/wsgi.py:868}}
Aug 24 04:51:09.005153 dv-cinder-854264-1-smb devstack@c-api.service[125380]: DEBUG cinder.api.v3.groups [None req-ef4dd2bb-0398-4fbb-bf23-081b88bbcc1d tempest-GroupSnapshotsTest-1823219603 tempest-GroupSnapshotsTest-1823219603-project] show called for member 8397b209-a61f-4e8a-8b39-b82d5409c848 {{(pid=125380) show /opt/stack/cinder/cinder/api/v3/groups.py:58}}
Aug 24 04:51:09.023229 dv-cinder-854264-1-smb devstack@c-api.service[125380]: /usr/local/lib/python3.8/dist-packages/oslo_context/context.py:100: DeprecationWarning: Policy enforcement is depending on the value of is_admin. This key is deprecated. Please update your policy file to use the standard policy values.
Aug 24 04:51:09.023229 dv-cinder-854264-1-smb devstack@c-api.service[125380]:   warnings.warn('Policy enforcement is depending on the value of '
Aug 24 04:51:09.050928 dv-cinder-854264-1-smb devstack@c-api.service[125380]: INFO cinder.api.openstack.wsgi [None req-ef4dd2bb-0398-4fbb-bf23-081b88bbcc1d tempest-GroupSnapshotsTest-1823219603 tempest-GroupSnapshotsTest-1823219603-project] http://10.222.0.94/volume/v3/3f8fa411f52e41199fc9d3707ec00b46/groups/8397b209-a61f-4e8a-8b39-b82d5409c848 returned with HTTP 200
Aug 24 04:51:09.052021 dv-cinder-854264-1-smb devstack@c-api.service[125380]: [pid: 125380|app: 0|req: 133/264] 10.222.0.94 () {60 vars in 1363 bytes} [Wed Aug 24 04:51:08 2022] GET /volume/v3/3f8fa411f52e41199fc9d3707ec00b46/groups/8397b209-a61f-4e8a-8b39-b82d5409c848 => generated 393 bytes in 54 msecs (HTTP/1.1 200) 7 headers in 286 bytes (2 switches on core 0)
Aug 24 04:51:09.062957 dv-cinder-854264-1-smb devstack@c-api.service[125379]: DEBUG cinder.api.middleware.request_id [None req-24db2775-be8e-4c4e-b9af-86922dc3a65c None None] RequestId filter calling following filter/app {{(pid=125379) _context_setter /opt/stack/cinder/cinder/api/middleware/request_id.py:62}}
Aug 24 04:51:09.068787 dv-cinder-854264-1-smb devstack@c-api.service[125379]: INFO cinder.api.openstack.wsgi [None req-24db2775-be8e-4c4e-b9af-86922dc3a65c tempest-GroupSnapshotsTest-1823219603 tempest-GroupSnapshotsTest-1823219603-project] PUT http://10.222.0.94/volume/v3/3f8fa411f52e41199fc9d3707ec00b46/groups/8397b209-a61f-4e8a-8b39-b82d5409c848
Aug 24 04:51:09.069736 dv-cinder-854264-1-smb devstack@c-api.service[125379]: DEBUG cinder.api.openstack.wsgi [None req-24db2775-be8e-4c4e-b9af-86922dc3a65c tempest-GroupSnapshotsTest-1823219603 tempest-GroupSnapshotsTest-1823219603-project] Action: 'update', calling method: version_select, body: {"group": {"remove_volumes": "4f36371e-9eca-4268-b025-c0228b2f2f0e"}} {{(pid=125379) _process_stack /opt/stack/cinder/cinder/api/openstack/wsgi.py:866}}
Aug 24 04:51:09.073800 dv-cinder-854264-1-smb devstack@c-api.service[125379]: DEBUG cinder.api.v3.groups [None req-24db2775-be8e-4c4e-b9af-86922dc3a65c tempest-GroupSnapshotsTest-1823219603 tempest-GroupSnapshotsTest-1823219603-project] Update called for group 8397b209-a61f-4e8a-8b39-b82d5409c848. {{(pid=125379) update /opt/stack/cinder/cinder/api/v3/groups.py:302}}
Aug 24 04:51:09.075198 dv-cinder-854264-1-smb devstack@c-api.service[125379]: INFO cinder.api.v3.groups [None req-24db2775-be8e-4c4e-b9af-86922dc3a65c tempest-GroupSnapshotsTest-1823219603 tempest-GroupSnapshotsTest-1823219603-project] Updating group 8397b209-a61f-4e8a-8b39-b82d5409c848 with name None description: None add_volumes: None remove_volumes: 4f36371e-9eca-4268-b025-c0228b2f2f0e.
Aug 24 04:51:09.082581 dv-cinder-854264-1-smb devstack@c-api.service[125379]: DEBUG dbcounter [-] [125379] Writing DB stats cinder:SELECT=94,cinder:UPDATE=6 {{(pid=125379) stat_writer /usr/local/lib/python3.8/dist-packages/dbcounter.py:114}}
Aug 24 04:51:09.093051 dv-cinder-854264-1-smb devstack@c-api.service[125379]: /usr/local/lib/python3.8/dist-packages/oslo_context/context.py:100: DeprecationWarning: Policy enforcement is depending on the value of is_admin. This key is deprecated. Please update your policy file to use the standard policy values.
Aug 24 04:51:09.093051 dv-cinder-854264-1-smb devstack@c-api.service[125379]:   warnings.warn('Policy enforcement is depending on the value of '
Aug 24 04:51:09.139694 dv-cinder-854264-1-smb devstack@c-api.service[125379]: INFO cinder.api.openstack.wsgi [None req-24db2775-be8e-4c4e-b9af-86922dc3a65c tempest-GroupSnapshotsTest-1823219603 tempest-GroupSnapshotsTest-1823219603-project] http://10.222.0.94/volume/v3/3f8fa411f52e41199fc9d3707ec00b46/groups/8397b209-a61f-4e8a-8b39-b82d5409c848 returned with HTTP 202
Aug 24 04:51:09.144914 dv-cinder-854264-1-smb devstack@c-api.service[125379]: [pid: 125379|app: 0|req: 132/265] 10.222.0.94 () {62 vars in 1383 bytes} [Wed Aug 24 04:51:09 2022] PUT /volume/v3/3f8fa411f52e41199fc9d3707ec00b46/groups/8397b209-a61f-4e8a-8b39-b82d5409c848 => generated 0 bytes in 79 msecs (HTTP/1.1 202) 6 headers in 234 bytes (2 switches on core 0)
Aug 24 04:51:09.146838 dv-cinder-854264-1-smb devstack@c-api.service[125380]: DEBUG cinder.api.middleware.request_id [None req-26bc555d-6c8b-44fa-8665-1763310e8ca3 None None] RequestId filter calling following filter/app {{(pid=125380) _context_setter /opt/stack/cinder/cinder/api/middleware/request_id.py:62}}
Aug 24 04:51:09.153321 dv-cinder-854264-1-smb devstack@c-api.service[125380]: INFO cinder.api.openstack.wsgi [None req-26bc555d-6c8b-44fa-8665-1763310e8ca3 tempest-GroupSnapshotsTest-1823219603 tempest-GroupSnapshotsTest-1823219603-project] GET http://10.222.0.94/volume/v3/3f8fa411f52e41199fc9d3707ec00b46/groups/8397b209-a61f-4e8a-8b39-b82d5409c848
Aug 24 04:51:09.154664 dv-cinder-854264-1-smb devstack@c-api.service[125380]: DEBUG cinder.api.openstack.wsgi [None req-26bc555d-6c8b-44fa-8665-1763310e8ca3 tempest-GroupSnapshotsTest-1823219603 tempest-GroupSnapshotsTest-1823219603-project] Empty body provided in request {{(pid=125380) get_body /opt/stack/cinder/cinder/api/openstack/wsgi.py:715}}
Aug 24 04:51:09.155608 dv-cinder-854264-1-smb devstack@c-api.service[125380]: DEBUG cinder.api.openstack.wsgi [None req-26bc555d-6c8b-44fa-8665-1763310e8ca3 tempest-GroupSnapshotsTest-1823219603 tempest-GroupSnapshotsTest-1823219603-project] Calling method 'version_select' {{(pid=125380) _process_stack /opt/stack/cinder/cinder/api/openstack/wsgi.py:868}}
Aug 24 04:51:09.156283 dv-cinder-854264-1-smb devstack@c-api.service[125380]: DEBUG cinder.api.v3.groups [None req-26bc555d-6c8b-44fa-8665-1763310e8ca3 tempest-GroupSnapshotsTest-1823219603 tempest-GroupSnapshotsTest-1823219603-project] show called for member 8397b209-a61f-4e8a-8b39-b82d5409c848 {{(pid=125380) show /opt/stack/cinder/cinder/api/v3/groups.py:58}}
Aug 24 04:51:09.172484 dv-cinder-854264-1-smb devstack@c-api.service[125380]: /usr/local/lib/python3.8/dist-packages/oslo_context/context.py:100: DeprecationWarning: Policy enforcement is depending on the value of is_admin. This key is deprecated. Please update your policy file to use the standard policy values.
Aug 24 04:51:09.172484 dv-cinder-854264-1-smb devstack@c-api.service[125380]:   warnings.warn('Policy enforcement is depending on the value of '
Aug 24 04:51:09.202511 dv-cinder-854264-1-smb devstack@c-api.service[125380]: INFO cinder.api.openstack.wsgi [None req-26bc555d-6c8b-44fa-8665-1763310e8ca3 tempest-GroupSnapshotsTest-1823219603 tempest-GroupSnapshotsTest-1823219603-project] http://10.222.0.94/volume/v3/3f8fa411f52e41199fc9d3707ec00b46/groups/8397b209-a61f-4e8a-8b39-b82d5409c848 returned with HTTP 200
Aug 24 04:51:09.203446 dv-cinder-854264-1-smb devstack@c-api.service[125380]: [pid: 125380|app: 0|req: 134/266] 10.222.0.94 () {60 vars in 1363 bytes} [Wed Aug 24 04:51:09 2022] GET /volume/v3/3f8fa411f52e41199fc9d3707ec00b46/groups/8397b209-a61f-4e8a-8b39-b82d5409c848 => generated 392 bytes in 58 msecs (HTTP/1.1 200) 7 headers in 286 bytes (2 switches on core 0)
Aug 24 04:51:09.942846 dv-cinder-854264-1-smb devstack@c-api.service[125379]: DEBUG cinder.api.middleware.request_id [None req-27f0a68b-adbd-48ce-b4b7-30ffafc60a5c None None] RequestId filter calling following filter/app {{(pid=125379) _context_setter /opt/stack/cinder/cinder/api/middleware/request_id.py:62}}
Aug 24 04:51:09.954599 dv-cinder-854264-1-smb devstack@c-api.service[125379]: INFO cinder.api.openstack.wsgi [None req-27f0a68b-adbd-48ce-b4b7-30ffafc60a5c tempest-VolumeSnapshotQuotasNegativeTestJSON-2126492678 tempest-VolumeSnapshotQuotasNegativeTestJSON-2126492678-project] GET http://10.222.0.94/volume/v3/22f6cf536e97448f820e8fabed7ef2ad/volumes/fa136508-5e08-4e47-b6b2-980fc90c4724
Aug 24 04:51:09.955283 dv-cinder-854264-1-smb devstack@c-api.service[125379]: DEBUG cinder.api.openstack.wsgi [None req-27f0a68b-adbd-48ce-b4b7-30ffafc60a5c tempest-VolumeSnapshotQuotasNegativeTestJSON-2126492678 tempest-VolumeSnapshotQuotasNegativeTestJSON-2126492678-project] Empty body provided in request {{(pid=125379) get_body /opt/stack/cinder/cinder/api/openstack/wsgi.py:715}}
Aug 24 04:51:09.956287 dv-cinder-854264-1-smb devstack@c-api.service[125379]: DEBUG cinder.api.openstack.wsgi [None req-27f0a68b-adbd-48ce-b4b7-30ffafc60a5c tempest-VolumeSnapshotQuotasNegativeTestJSON-2126492678 tempest-VolumeSnapshotQuotasNegativeTestJSON-2126492678-project] Calling method 'show' {{(pid=125379) _process_stack /opt/stack/cinder/cinder/api/openstack/wsgi.py:868}}
Aug 24 04:51:09.981065 dv-cinder-854264-1-smb devstack@c-api.service[125379]: INFO cinder.api.openstack.wsgi [None req-27f0a68b-adbd-48ce-b4b7-30ffafc60a5c tempest-VolumeSnapshotQuotasNegativeTestJSON-2126492678 tempest-VolumeSnapshotQuotasNegativeTestJSON-2126492678-project] http://10.222.0.94/volume/v3/22f6cf536e97448f820e8fabed7ef2ad/volumes/fa136508-5e08-4e47-b6b2-980fc90c4724 returned with HTTP 404
Aug 24 04:51:09.988536 dv-cinder-854264-1-smb devstack@c-api.service[125379]: [pid: 125379|app: 0|req: 133/267] 10.222.0.94 () {58 vars in 1325 bytes} [Wed Aug 24 04:51:09 2022] GET /volume/v3/22f6cf536e97448f820e8fabed7ef2ad/volumes/fa136508-5e08-4e47-b6b2-980fc90c4724 => generated 109 bytes in 48 msecs (HTTP/1.1 404) 7 headers in 292 bytes (1 switches on core 0)
Aug 24 04:51:09.990649 dv-cinder-854264-1-smb devstack@c-api.service[125380]: DEBUG cinder.api.middleware.request_id [None req-b4d158c6-fb5b-4c85-8eef-a44822812128 None None] RequestId filter calling following filter/app {{(pid=125380) _context_setter /opt/stack/cinder/cinder/api/middleware/request_id.py:62}}
Aug 24 04:51:10.001011 dv-cinder-854264-1-smb devstack@c-api.service[125380]: INFO cinder.api.openstack.wsgi [None req-b4d158c6-fb5b-4c85-8eef-a44822812128 tempest-VolumeSnapshotQuotasNegativeTestJSON-2077173014 tempest-VolumeSnapshotQuotasNegativeTestJSON-2077173014-project-admin] PUT http://10.222.0.94/volume/v3/ac051ce0598b45bfb8c34fee9855431d/os-quota-sets/22f6cf536e97448f820e8fabed7ef2ad
Aug 24 04:51:10.002354 dv-cinder-854264-1-smb devstack@c-api.service[125380]: DEBUG cinder.api.openstack.wsgi [None req-b4d158c6-fb5b-4c85-8eef-a44822812128 tempest-VolumeSnapshotQuotasNegativeTestJSON-2077173014 tempest-VolumeSnapshotQuotasNegativeTestJSON-2077173014-project-admin] Action: 'update', calling method: update, body: {"quota_set": {"volumes": 10, "per_volume_gigabytes": -1, "snapshots": 10, "gigabytes": 1000, "backups": 10, "backup_gigabytes": 1000}} {{(pid=125380) _process_stack /opt/stack/cinder/cinder/api/openstack/wsgi.py:866}}
Aug 24 04:51:10.084575 dv-cinder-854264-1-smb devstack@c-api.service[125380]: /usr/local/lib/python3.8/dist-packages/oslo_context/context.py:100: DeprecationWarning: Policy enforcement is depending on the value of is_admin. This key is deprecated. Please update your policy file to use the standard policy values.
Aug 24 04:51:10.084575 dv-cinder-854264-1-smb devstack@c-api.service[125380]:   warnings.warn('Policy enforcement is depending on the value of '
Aug 24 04:51:10.176444 dv-cinder-854264-1-smb devstack@c-api.service[125380]: DEBUG dbcounter [-] [125380] Writing DB stats cinder:UPDATE=3,cinder:SELECT=95,cinder:INSERT=2 {{(pid=125380) stat_writer /usr/local/lib/python3.8/dist-packages/dbcounter.py:114}}
Aug 24 04:51:10.213671 dv-cinder-854264-1-smb devstack@c-api.service[125379]: DEBUG cinder.api.middleware.request_id [None req-2e258146-98af-4401-986e-f0ac5d31bca0 None None] RequestId filter calling following filter/app {{(pid=125379) _context_setter /opt/stack/cinder/cinder/api/middleware/request_id.py:62}}
Aug 24 04:51:10.224221 dv-cinder-854264-1-smb devstack@c-api.service[125379]: INFO cinder.api.openstack.wsgi [None req-2e258146-98af-4401-986e-f0ac5d31bca0 tempest-GroupSnapshotsTest-1823219603 tempest-GroupSnapshotsTest-1823219603-project] GET http://10.222.0.94/volume/v3/3f8fa411f52e41199fc9d3707ec00b46/groups/8397b209-a61f-4e8a-8b39-b82d5409c848
Aug 24 04:51:10.225103 dv-cinder-854264-1-smb devstack@c-api.service[125379]: DEBUG cinder.api.openstack.wsgi [None req-2e258146-98af-4401-986e-f0ac5d31bca0 tempest-GroupSnapshotsTest-1823219603 tempest-GroupSnapshotsTest-1823219603-project] Empty body provided in request {{(pid=125379) get_body /opt/stack/cinder/cinder/api/openstack/wsgi.py:715}}
Aug 24 04:51:10.231093 dv-cinder-854264-1-smb devstack@c-api.service[125379]: DEBUG cinder.api.openstack.wsgi [None req-2e258146-98af-4401-986e-f0ac5d31bca0 tempest-GroupSnapshotsTest-1823219603 tempest-GroupSnapshotsTest-1823219603-project] Calling method 'version_select' {{(pid=125379) _process_stack /opt/stack/cinder/cinder/api/openstack/wsgi.py:868}}
Aug 24 04:51:10.234346 dv-cinder-854264-1-smb devstack@c-api.service[125379]: DEBUG cinder.api.v3.groups [None req-2e258146-98af-4401-986e-f0ac5d31bca0 tempest-GroupSnapshotsTest-1823219603 tempest-GroupSnapshotsTest-1823219603-project] show called for member 8397b209-a61f-4e8a-8b39-b82d5409c848 {{(pid=125379) show /opt/stack/cinder/cinder/api/v3/groups.py:58}}
Aug 24 04:51:10.249731 dv-cinder-854264-1-smb devstack@c-api.service[125379]: /usr/local/lib/python3.8/dist-packages/oslo_context/context.py:100: DeprecationWarning: Policy enforcement is depending on the value of is_admin. This key is deprecated. Please update your policy file to use the standard policy values.
Aug 24 04:51:10.249731 dv-cinder-854264-1-smb devstack@c-api.service[125379]:   warnings.warn('Policy enforcement is depending on the value of '
Aug 24 04:51:10.280985 dv-cinder-854264-1-smb devstack@c-api.service[125379]: INFO cinder.api.openstack.wsgi [None req-2e258146-98af-4401-986e-f0ac5d31bca0 tempest-GroupSnapshotsTest-1823219603 tempest-GroupSnapshotsTest-1823219603-project] http://10.222.0.94/volume/v3/3f8fa411f52e41199fc9d3707ec00b46/groups/8397b209-a61f-4e8a-8b39-b82d5409c848 returned with HTTP 200
Aug 24 04:51:10.283364 dv-cinder-854264-1-smb devstack@c-api.service[125379]: [pid: 125379|app: 0|req: 134/268] 10.222.0.94 () {60 vars in 1363 bytes} [Wed Aug 24 04:51:10 2022] GET /volume/v3/3f8fa411f52e41199fc9d3707ec00b46/groups/8397b209-a61f-4e8a-8b39-b82d5409c848 => generated 393 bytes in 71 msecs (HTTP/1.1 200) 7 headers in 286 bytes (1 switches on core 0)
Aug 24 04:51:10.288902 dv-cinder-854264-1-smb devstack@c-api.service[125379]: DEBUG cinder.api.middleware.request_id [None req-a91d8088-0417-4a99-9846-d47f7fd5cb0a None None] RequestId filter calling following filter/app {{(pid=125379) _context_setter /opt/stack/cinder/cinder/api/middleware/request_id.py:62}}
Aug 24 04:51:10.369818 dv-cinder-854264-1-smb devstack@c-api.service[125380]: INFO cinder.api.openstack.wsgi [None req-b4d158c6-fb5b-4c85-8eef-a44822812128 tempest-VolumeSnapshotQuotasNegativeTestJSON-2077173014 tempest-VolumeSnapshotQuotasNegativeTestJSON-2077173014-project-admin] http://10.222.0.94/volume/v3/ac051ce0598b45bfb8c34fee9855431d/os-quota-sets/22f6cf536e97448f820e8fabed7ef2ad returned with HTTP 200
Aug 24 04:51:10.371545 dv-cinder-854264-1-smb devstack@c-api.service[125380]: [pid: 125380|app: 0|req: 135/269] 10.222.0.94 () {60 vars in 1352 bytes} [Wed Aug 24 04:51:09 2022] PUT /volume/v3/ac051ce0598b45bfb8c34fee9855431d/os-quota-sets/22f6cf536e97448f820e8fabed7ef2ad => generated 714 bytes in 383 msecs (HTTP/1.1 200) 7 headers in 285 bytes (1 switches on core 0)
Aug 24 04:51:10.374330 dv-cinder-854264-1-smb devstack@c-api.service[125380]: DEBUG cinder.api.middleware.request_id [None req-da24dfbc-b285-4f1d-aed8-c4fc3c8074fd None None] RequestId filter calling following filter/app {{(pid=125380) _context_setter /opt/stack/cinder/cinder/api/middleware/request_id.py:62}}
Aug 24 04:51:10.386368 dv-cinder-854264-1-smb devstack@c-api.service[125380]: INFO cinder.api.openstack.wsgi [None req-da24dfbc-b285-4f1d-aed8-c4fc3c8074fd tempest-GroupSnapshotsTest-1823219603 tempest-GroupSnapshotsTest-1823219603-project] PUT http://10.222.0.94/volume/v3/3f8fa411f52e41199fc9d3707ec00b46/groups/8397b209-a61f-4e8a-8b39-b82d5409c848
Aug 24 04:51:10.387392 dv-cinder-854264-1-smb devstack@c-api.service[125380]: DEBUG cinder.api.openstack.wsgi [None req-da24dfbc-b285-4f1d-aed8-c4fc3c8074fd tempest-GroupSnapshotsTest-1823219603 tempest-GroupSnapshotsTest-1823219603-project] Action: 'update', calling method: version_select, body: {"group": {"add_volumes": "4f36371e-9eca-4268-b025-c0228b2f2f0e"}} {{(pid=125380) _process_stack /opt/stack/cinder/cinder/api/openstack/wsgi.py:866}}
Aug 24 04:51:10.392322 dv-cinder-854264-1-smb devstack@c-api.service[125380]: DEBUG cinder.api.v3.groups [None req-da24dfbc-b285-4f1d-aed8-c4fc3c8074fd tempest-GroupSnapshotsTest-1823219603 tempest-GroupSnapshotsTest-1823219603-project] Update called for group 8397b209-a61f-4e8a-8b39-b82d5409c848. {{(pid=125380) update /opt/stack/cinder/cinder/api/v3/groups.py:302}}
Aug 24 04:51:10.392648 dv-cinder-854264-1-smb devstack@c-api.service[125380]: INFO cinder.api.v3.groups [None req-da24dfbc-b285-4f1d-aed8-c4fc3c8074fd tempest-GroupSnapshotsTest-1823219603 tempest-GroupSnapshotsTest-1823219603-project] Updating group 8397b209-a61f-4e8a-8b39-b82d5409c848 with name None description: None add_volumes: 4f36371e-9eca-4268-b025-c0228b2f2f0e remove_volumes: None.
Aug 24 04:51:10.405946 dv-cinder-854264-1-smb devstack@c-api.service[125380]: /usr/local/lib/python3.8/dist-packages/oslo_context/context.py:100: DeprecationWarning: Policy enforcement is depending on the value of is_admin. This key is deprecated. Please update your policy file to use the standard policy values.
Aug 24 04:51:10.405946 dv-cinder-854264-1-smb devstack@c-api.service[125380]:   warnings.warn('Policy enforcement is depending on the value of '
Aug 24 04:51:10.573939 dv-cinder-854264-1-smb devstack@c-api.service[125380]: INFO cinder.api.openstack.wsgi [None req-da24dfbc-b285-4f1d-aed8-c4fc3c8074fd tempest-GroupSnapshotsTest-1823219603 tempest-GroupSnapshotsTest-1823219603-project] http://10.222.0.94/volume/v3/3f8fa411f52e41199fc9d3707ec00b46/groups/8397b209-a61f-4e8a-8b39-b82d5409c848 returned with HTTP 202
Aug 24 04:51:10.583444 dv-cinder-854264-1-smb devstack@c-api.service[125380]: [pid: 125380|app: 0|req: 136/270] 10.222.0.94 () {62 vars in 1383 bytes} [Wed Aug 24 04:51:10 2022] PUT /volume/v3/3f8fa411f52e41199fc9d3707ec00b46/groups/8397b209-a61f-4e8a-8b39-b82d5409c848 => generated 0 bytes in 211 msecs (HTTP/1.1 202) 6 headers in 234 bytes (1 switches on core 0)
Aug 24 04:51:10.591663 dv-cinder-854264-1-smb devstack@c-api.service[125380]: DEBUG cinder.api.middleware.request_id [None req-8fbe8f2b-cc81-484c-84fc-7019cd759a1e None None] RequestId filter calling following filter/app {{(pid=125380) _context_setter /opt/stack/cinder/cinder/api/middleware/request_id.py:62}}
Aug 24 04:51:10.612131 dv-cinder-854264-1-smb devstack@c-api.service[125379]: INFO cinder.api.openstack.wsgi [None req-a91d8088-0417-4a99-9846-d47f7fd5cb0a tempest-VolumeTypesExtraSpecsTest-140748596 tempest-VolumeTypesExtraSpecsTest-140748596-project-admin] POST http://10.222.0.94/volume/v3/55a5a52b1a2e4b17af3c2f3c864ec370/types
Aug 24 04:51:10.612987 dv-cinder-854264-1-smb devstack@c-api.service[125379]: DEBUG cinder.api.openstack.wsgi [None req-a91d8088-0417-4a99-9846-d47f7fd5cb0a tempest-VolumeTypesExtraSpecsTest-140748596 tempest-VolumeTypesExtraSpecsTest-140748596-project-admin] Action: 'create', calling method: _create, body: {"volume_type": {"name": "tempest-VolumeTypesExtraSpecsTest-volume-type-1442793536"}} {{(pid=125379) _process_stack /opt/stack/cinder/cinder/api/openstack/wsgi.py:866}}
Aug 24 04:51:10.616520 dv-cinder-854264-1-smb devstack@c-api.service[125379]: /usr/local/lib/python3.8/dist-packages/oslo_context/context.py:100: DeprecationWarning: Policy enforcement is depending on the value of is_admin. This key is deprecated. Please update your policy file to use the standard policy values.
Aug 24 04:51:10.616520 dv-cinder-854264-1-smb devstack@c-api.service[125379]:   warnings.warn('Policy enforcement is depending on the value of '
Aug 24 04:51:10.619223 dv-cinder-854264-1-smb devstack@c-api.service[125380]: INFO cinder.api.openstack.wsgi [None req-8fbe8f2b-cc81-484c-84fc-7019cd759a1e tempest-GroupSnapshotsTest-1823219603 tempest-GroupSnapshotsTest-1823219603-project] GET http://10.222.0.94/volume/v3/3f8fa411f52e41199fc9d3707ec00b46/groups/8397b209-a61f-4e8a-8b39-b82d5409c848
Aug 24 04:51:10.624319 dv-cinder-854264-1-smb devstack@c-api.service[125380]: DEBUG cinder.api.openstack.wsgi [None req-8fbe8f2b-cc81-484c-84fc-7019cd759a1e tempest-GroupSnapshotsTest-1823219603 tempest-GroupSnapshotsTest-1823219603-project] Empty body provided in request {{(pid=125380) get_body /opt/stack/cinder/cinder/api/openstack/wsgi.py:715}}
Aug 24 04:51:10.627329 dv-cinder-854264-1-smb devstack@c-api.service[125380]: DEBUG cinder.api.openstack.wsgi [None req-8fbe8f2b-cc81-484c-84fc-7019cd759a1e tempest-GroupSnapshotsTest-1823219603 tempest-GroupSnapshotsTest-1823219603-project] Calling method 'version_select' {{(pid=125380) _process_stack /opt/stack/cinder/cinder/api/openstack/wsgi.py:868}}
Aug 24 04:51:10.632675 dv-cinder-854264-1-smb devstack@c-api.service[125380]: DEBUG cinder.api.v3.groups [None req-8fbe8f2b-cc81-484c-84fc-7019cd759a1e tempest-GroupSnapshotsTest-1823219603 tempest-GroupSnapshotsTest-1823219603-project] show called for member 8397b209-a61f-4e8a-8b39-b82d5409c848 {{(pid=125380) show /opt/stack/cinder/cinder/api/v3/groups.py:58}}
Aug 24 04:51:10.678089 dv-cinder-854264-1-smb devstack@c-api.service[125380]: /usr/local/lib/python3.8/dist-packages/oslo_context/context.py:100: DeprecationWarning: Policy enforcement is depending on the value of is_admin. This key is deprecated. Please update your policy file to use the standard policy values.
Aug 24 04:51:10.678089 dv-cinder-854264-1-smb devstack@c-api.service[125380]:   warnings.warn('Policy enforcement is depending on the value of '
Aug 24 04:51:10.734667 dv-cinder-854264-1-smb devstack@c-api.service[125379]: INFO cinder.api.openstack.wsgi [None req-a91d8088-0417-4a99-9846-d47f7fd5cb0a tempest-VolumeTypesExtraSpecsTest-140748596 tempest-VolumeTypesExtraSpecsTest-140748596-project-admin] http://10.222.0.94/volume/v3/55a5a52b1a2e4b17af3c2f3c864ec370/types returned with HTTP 200
Aug 24 04:51:10.738289 dv-cinder-854264-1-smb devstack@c-api.service[125379]: [pid: 125379|app: 0|req: 135/271] 10.222.0.94 () {60 vars in 1229 bytes} [Wed Aug 24 04:51:10 2022] POST /volume/v3/55a5a52b1a2e4b17af3c2f3c864ec370/types => generated 231 bytes in 452 msecs (HTTP/1.1 200) 7 headers in 285 bytes (1 switches on core 0)
Aug 24 04:51:10.750965 dv-cinder-854264-1-smb devstack@c-api.service[125379]: DEBUG cinder.api.middleware.request_id [None req-b16e9685-f7c0-4e1e-a2c5-c67388de881d None None] RequestId filter calling following filter/app {{(pid=125379) _context_setter /opt/stack/cinder/cinder/api/middleware/request_id.py:62}}
Aug 24 04:51:10.772810 dv-cinder-854264-1-smb devstack@c-api.service[125379]: INFO cinder.api.openstack.wsgi [None req-b16e9685-f7c0-4e1e-a2c5-c67388de881d tempest-VolumesImageMetadata-1592085995 tempest-VolumesImageMetadata-1592085995-project] POST http://10.222.0.94/volume/v3/d1d55bb98df042c5a39a66deb163d249/volumes
Aug 24 04:51:10.776703 dv-cinder-854264-1-smb devstack@c-api.service[125379]: DEBUG cinder.api.openstack.wsgi [None req-b16e9685-f7c0-4e1e-a2c5-c67388de881d tempest-VolumesImageMetadata-1592085995 tempest-VolumesImageMetadata-1592085995-project] Action: 'create', calling method: create, body: {"volume": {"imageRef": "0cf24bed-c0b8-4941-be06-7b22fdab0652", "size": 1, "name": "tempest-VolumesImageMetadata-Volume-1840209507"}} {{(pid=125379) _process_stack /opt/stack/cinder/cinder/api/openstack/wsgi.py:866}}
Aug 24 04:51:10.788030 dv-cinder-854264-1-smb devstack@c-api.service[125380]: INFO cinder.api.openstack.wsgi [None req-8fbe8f2b-cc81-484c-84fc-7019cd759a1e tempest-GroupSnapshotsTest-1823219603 tempest-GroupSnapshotsTest-1823219603-project] http://10.222.0.94/volume/v3/3f8fa411f52e41199fc9d3707ec00b46/groups/8397b209-a61f-4e8a-8b39-b82d5409c848 returned with HTTP 200
Aug 24 04:51:10.789370 dv-cinder-854264-1-smb devstack@c-api.service[125380]: [pid: 125380|app: 0|req: 137/272] 10.222.0.94 () {60 vars in 1363 bytes} [Wed Aug 24 04:51:10 2022] GET /volume/v3/3f8fa411f52e41199fc9d3707ec00b46/groups/8397b209-a61f-4e8a-8b39-b82d5409c848 => generated 393 bytes in 205 msecs (HTTP/1.1 200) 7 headers in 286 bytes (1 switches on core 0)
Aug 24 04:51:10.808298 dv-cinder-854264-1-smb devstack@c-api.service[125380]: DEBUG cinder.api.middleware.request_id [None req-b4bc403b-8f3a-4633-9af5-63ee212b973e None None] RequestId filter calling following filter/app {{(pid=125380) _context_setter /opt/stack/cinder/cinder/api/middleware/request_id.py:62}}
Aug 24 04:51:10.817323 dv-cinder-854264-1-smb devstack@c-api.service[125379]: DEBUG cinder.api.v3.volumes [None req-b16e9685-f7c0-4e1e-a2c5-c67388de881d tempest-VolumesImageMetadata-1592085995 tempest-VolumesImageMetadata-1592085995-project] Create volume request body: {'volume': {'imageRef': '0cf24bed-c0b8-4941-be06-7b22fdab0652', 'size': 1, 'name': 'tempest-VolumesImageMetadata-Volume-1840209507'}} {{(pid=125379) create /opt/stack/cinder/cinder/api/v3/volumes.py:298}}
Aug 24 04:51:10.819343 dv-cinder-854264-1-smb devstack@c-api.service[125380]: INFO cinder.api.openstack.wsgi [None req-b4bc403b-8f3a-4633-9af5-63ee212b973e tempest-VolumeTypesExtraSpecsTest-140748596 tempest-VolumeTypesExtraSpecsTest-140748596-project-admin] POST http://10.222.0.94/volume/v3/55a5a52b1a2e4b17af3c2f3c864ec370/types/2677617b-b2bd-497b-874d-f0068e2a10aa/extra_specs
Aug 24 04:51:10.820657 dv-cinder-854264-1-smb devstack@c-api.service[125380]: DEBUG cinder.api.openstack.wsgi [None req-b4bc403b-8f3a-4633-9af5-63ee212b973e tempest-VolumeTypesExtraSpecsTest-140748596 tempest-VolumeTypesExtraSpecsTest-140748596-project-admin] Action: 'create', calling method: create, body: {"extra_specs": {"spec3": "val1"}} {{(pid=125380) _process_stack /opt/stack/cinder/cinder/api/openstack/wsgi.py:866}}
Aug 24 04:51:10.825116 dv-cinder-854264-1-smb devstack@c-api.service[125380]: /usr/local/lib/python3.8/dist-packages/oslo_context/context.py:100: DeprecationWarning: Policy enforcement is depending on the value of is_admin. This key is deprecated. Please update your policy file to use the standard policy values.
Aug 24 04:51:10.825116 dv-cinder-854264-1-smb devstack@c-api.service[125380]:   warnings.warn('Policy enforcement is depending on the value of '
Aug 24 04:51:10.989179 dv-cinder-854264-1-smb devstack@c-api.service[125380]: INFO cinder.api.openstack.wsgi [None req-b4bc403b-8f3a-4633-9af5-63ee212b973e tempest-VolumeTypesExtraSpecsTest-140748596 tempest-VolumeTypesExtraSpecsTest-140748596-project-admin] http://10.222.0.94/volume/v3/55a5a52b1a2e4b17af3c2f3c864ec370/types/2677617b-b2bd-497b-874d-f0068e2a10aa/extra_specs returned with HTTP 200
Aug 24 04:51:10.990128 dv-cinder-854264-1-smb devstack@c-api.service[125380]: [pid: 125380|app: 0|req: 138/273] 10.222.0.94 () {60 vars in 1376 bytes} [Wed Aug 24 04:51:10 2022] POST /volume/v3/55a5a52b1a2e4b17af3c2f3c864ec370/types/2677617b-b2bd-497b-874d-f0068e2a10aa/extra_specs => generated 34 bytes in 186 msecs (HTTP/1.1 200) 7 headers in 284 bytes (1 switches on core 0)
Aug 24 04:51:10.995726 dv-cinder-854264-1-smb devstack@c-api.service[125380]: DEBUG cinder.api.middleware.request_id [None req-3aa681a5-77d0-439b-be60-a8c2ab853d12 None None] RequestId filter calling following filter/app {{(pid=125380) _context_setter /opt/stack/cinder/cinder/api/middleware/request_id.py:62}}
Aug 24 04:51:11.006860 dv-cinder-854264-1-smb devstack@c-api.service[125380]: INFO cinder.api.openstack.wsgi [None req-3aa681a5-77d0-439b-be60-a8c2ab853d12 tempest-GroupSnapshotsTest-1823219603 tempest-GroupSnapshotsTest-1823219603-project] GET http://10.222.0.94/volume/v3/3f8fa411f52e41199fc9d3707ec00b46/volumes/detail
Aug 24 04:51:11.008772 dv-cinder-854264-1-smb devstack@c-api.service[125380]: DEBUG cinder.api.openstack.wsgi [None req-3aa681a5-77d0-439b-be60-a8c2ab853d12 tempest-GroupSnapshotsTest-1823219603 tempest-GroupSnapshotsTest-1823219603-project] Empty body provided in request {{(pid=125380) get_body /opt/stack/cinder/cinder/api/openstack/wsgi.py:715}}
Aug 24 04:51:11.009240 dv-cinder-854264-1-smb devstack@c-api.service[125380]: DEBUG cinder.api.openstack.wsgi [None req-3aa681a5-77d0-439b-be60-a8c2ab853d12 tempest-GroupSnapshotsTest-1823219603 tempest-GroupSnapshotsTest-1823219603-project] Calling method 'detail' {{(pid=125380) _process_stack /opt/stack/cinder/cinder/api/openstack/wsgi.py:868}}
Aug 24 04:51:11.012356 dv-cinder-854264-1-smb devstack@c-api.service[125380]: DEBUG cinder.api.api_utils [None req-3aa681a5-77d0-439b-be60-a8c2ab853d12 tempest-GroupSnapshotsTest-1823219603 tempest-GroupSnapshotsTest-1823219603-project] Removing options '' from query. {{(pid=125380) remove_invalid_filter_options /opt/stack/cinder/cinder/api/api_utils.py:83}}
Aug 24 04:51:11.019341 dv-cinder-854264-1-smb devstack@c-api.service[125380]: DEBUG cinder.volume.api [None req-3aa681a5-77d0-439b-be60-a8c2ab853d12 tempest-GroupSnapshotsTest-1823219603 tempest-GroupSnapshotsTest-1823219603-project] Searching by: MultiDict([('no_migration_targets', True)]). {{(pid=125380) get_all /opt/stack/cinder/cinder/volume/api.py:664}}
Aug 24 04:51:11.209314 dv-cinder-854264-1-smb devstack@c-api.service[125380]: INFO cinder.volume.api [None req-3aa681a5-77d0-439b-be60-a8c2ab853d12 tempest-GroupSnapshotsTest-1823219603 tempest-GroupSnapshotsTest-1823219603-project] Get all volumes completed successfully.
Aug 24 04:51:11.212199 dv-cinder-854264-1-smb devstack@c-api.service[125380]: WARNING stevedore.named [None req-3aa681a5-77d0-439b-be60-a8c2ab853d12 tempest-GroupSnapshotsTest-1823219603 tempest-GroupSnapshotsTest-1823219603-project] Could not load cinder.keymgr.conf_key_mgr.ConfKeyManager
Aug 24 04:51:11.212597 dv-cinder-854264-1-smb devstack@c-api.service[125380]: WARNING castellan.key_manager [None req-3aa681a5-77d0-439b-be60-a8c2ab853d12 tempest-GroupSnapshotsTest-1823219603 tempest-GroupSnapshotsTest-1823219603-project] Deprecation Warning : cinder.keymgr.conf_key_mgr.ConfKeyManager is not a stevedore based driver, trying to load it as a class: stevedore.exception.NoMatches: No 'castellan.drivers' driver found, looking for 'cinder.keymgr.conf_key_mgr.ConfKeyManager'
Aug 24 04:51:11.232065 dv-cinder-854264-1-smb devstack@c-api.service[125380]: DEBUG oslo_db.sqlalchemy.engines [None req-3aa681a5-77d0-439b-be60-a8c2ab853d12 tempest-GroupSnapshotsTest-1823219603 tempest-GroupSnapshotsTest-1823219603-project] MySQL server mode set to STRICT_TRANS_TABLES,STRICT_ALL_TABLES,NO_ZERO_IN_DATE,NO_ZERO_DATE,ERROR_FOR_DIVISION_BY_ZERO,TRADITIONAL,NO_ENGINE_SUBSTITUTION {{(pid=125380) _check_effective_sql_mode /usr/local/lib/python3.8/dist-packages/oslo_db/sqlalchemy/engines.py:314}}
Aug 24 04:51:11.242018 dv-cinder-854264-1-smb devstack@c-api.service[125380]: /usr/local/lib/python3.8/dist-packages/oslo_context/context.py:100: DeprecationWarning: Policy enforcement is depending on the value of is_admin. This key is deprecated. Please update your policy file to use the standard policy values.
Aug 24 04:51:11.242018 dv-cinder-854264-1-smb devstack@c-api.service[125380]:   warnings.warn('Policy enforcement is depending on the value of '
Aug 24 04:51:11.244027 dv-cinder-854264-1-smb devstack@c-api.service[125379]: INFO cinder.api.v3.volumes [None req-b16e9685-f7c0-4e1e-a2c5-c67388de881d tempest-VolumesImageMetadata-1592085995 tempest-VolumesImageMetadata-1592085995-project] Create volume of 1 GB
Aug 24 04:51:11.262740 dv-cinder-854264-1-smb devstack@c-api.service[125380]: WARNING stevedore.named [None req-3aa681a5-77d0-439b-be60-a8c2ab853d12 tempest-GroupSnapshotsTest-1823219603 tempest-GroupSnapshotsTest-1823219603-project] Could not load cinder.keymgr.conf_key_mgr.ConfKeyManager
Aug 24 04:51:11.263211 dv-cinder-854264-1-smb devstack@c-api.service[125380]: WARNING castellan.key_manager [None req-3aa681a5-77d0-439b-be60-a8c2ab853d12 tempest-GroupSnapshotsTest-1823219603 tempest-GroupSnapshotsTest-1823219603-project] Deprecation Warning : cinder.keymgr.conf_key_mgr.ConfKeyManager is not a stevedore based driver, trying to load it as a class: stevedore.exception.NoMatches: No 'castellan.drivers' driver found, looking for 'cinder.keymgr.conf_key_mgr.ConfKeyManager'
Aug 24 04:51:11.280435 dv-cinder-854264-1-smb devstack@c-api.service[125380]: DEBUG oslo_db.sqlalchemy.engines [None req-3aa681a5-77d0-439b-be60-a8c2ab853d12 tempest-GroupSnapshotsTest-1823219603 tempest-GroupSnapshotsTest-1823219603-project] MySQL server mode set to STRICT_TRANS_TABLES,STRICT_ALL_TABLES,NO_ZERO_IN_DATE,NO_ZERO_DATE,ERROR_FOR_DIVISION_BY_ZERO,TRADITIONAL,NO_ENGINE_SUBSTITUTION {{(pid=125380) _check_effective_sql_mode /usr/local/lib/python3.8/dist-packages/oslo_db/sqlalchemy/engines.py:314}}
Aug 24 04:51:11.282465 dv-cinder-854264-1-smb devstack@c-api.service[125379]: INFO cinder.volume.api [None req-b16e9685-f7c0-4e1e-a2c5-c67388de881d tempest-VolumesImageMetadata-1592085995 tempest-VolumesImageMetadata-1592085995-project] Availability Zones retrieved successfully.
Aug 24 04:51:11.291785 dv-cinder-854264-1-smb devstack@c-api.service[125380]: /usr/local/lib/python3.8/dist-packages/oslo_context/context.py:100: DeprecationWarning: Policy enforcement is depending on the value of is_admin. This key is deprecated. Please update your policy file to use the standard policy values.
Aug 24 04:51:11.291785 dv-cinder-854264-1-smb devstack@c-api.service[125380]:   warnings.warn('Policy enforcement is depending on the value of '
Aug 24 04:51:11.332651 dv-cinder-854264-1-smb devstack@c-api.service[125380]: INFO cinder.api.openstack.wsgi [None req-3aa681a5-77d0-439b-be60-a8c2ab853d12 tempest-GroupSnapshotsTest-1823219603 tempest-GroupSnapshotsTest-1823219603-project] http://10.222.0.94/volume/v3/3f8fa411f52e41199fc9d3707ec00b46/volumes/detail returned with HTTP 200
Aug 24 04:51:11.333460 dv-cinder-854264-1-smb devstack@c-api.service[125380]: [pid: 125380|app: 0|req: 139/274] 10.222.0.94 () {60 vars in 1276 bytes} [Wed Aug 24 04:51:10 2022] GET /volume/v3/3f8fa411f52e41199fc9d3707ec00b46/volumes/detail => generated 1990 bytes in 343 msecs (HTTP/1.1 200) 7 headers in 287 bytes (1 switches on core 0)
Aug 24 04:51:11.334915 dv-cinder-854264-1-smb devstack@c-api.service[125380]: DEBUG cinder.api.middleware.request_id [None req-5e021a40-5cb1-4451-98c6-3662167dc4dd None None] RequestId filter calling following filter/app {{(pid=125380) _context_setter /opt/stack/cinder/cinder/api/middleware/request_id.py:62}}
Aug 24 04:51:11.338943 dv-cinder-854264-1-smb devstack@c-api.service[125379]: DEBUG cinder.volume.api [None req-b16e9685-f7c0-4e1e-a2c5-c67388de881d tempest-VolumesImageMetadata-1592085995 tempest-VolumesImageMetadata-1592085995-project] Flow 'volume_create_api' (205d0e0d-ba00-4262-ac23-544ce16a0027) transitioned into state 'RUNNING' from state 'PENDING' {{(pid=125379) _flow_receiver /usr/local/lib/python3.8/dist-packages/taskflow/listeners/logging.py:141}}
Aug 24 04:51:11.348188 dv-cinder-854264-1-smb devstack@c-api.service[125379]: DEBUG cinder.volume.api [None req-b16e9685-f7c0-4e1e-a2c5-c67388de881d tempest-VolumesImageMetadata-1592085995 tempest-VolumesImageMetadata-1592085995-project] Task 'cinder.volume.flows.api.create_volume.ExtractVolumeRequestTask;volume:create' (1da4431d-c3b4-439a-89aa-3a7c1988d8b0) transitioned into state 'RUNNING' from state 'PENDING' {{(pid=125379) _task_receiver /usr/local/lib/python3.8/dist-packages/taskflow/listeners/logging.py:190}}
Aug 24 04:51:11.351309 dv-cinder-854264-1-smb devstack@c-api.service[125380]: INFO cinder.api.openstack.wsgi [None req-5e021a40-5cb1-4451-98c6-3662167dc4dd tempest-VolumeTypesExtraSpecsTest-140748596 tempest-VolumeTypesExtraSpecsTest-140748596-project-admin] GET http://10.222.0.94/volume/v3/55a5a52b1a2e4b17af3c2f3c864ec370/types/2677617b-b2bd-497b-874d-f0068e2a10aa/extra_specs/spec3
Aug 24 04:51:11.351786 dv-cinder-854264-1-smb devstack@c-api.service[125380]: DEBUG cinder.api.openstack.wsgi [None req-5e021a40-5cb1-4451-98c6-3662167dc4dd tempest-VolumeTypesExtraSpecsTest-140748596 tempest-VolumeTypesExtraSpecsTest-140748596-project-admin] Empty body provided in request {{(pid=125380) get_body /opt/stack/cinder/cinder/api/openstack/wsgi.py:715}}
Aug 24 04:51:11.354764 dv-cinder-854264-1-smb devstack@c-api.service[125380]: DEBUG cinder.api.openstack.wsgi [None req-5e021a40-5cb1-4451-98c6-3662167dc4dd tempest-VolumeTypesExtraSpecsTest-140748596 tempest-VolumeTypesExtraSpecsTest-140748596-project-admin] Calling method 'show' {{(pid=125380) _process_stack /opt/stack/cinder/cinder/api/openstack/wsgi.py:868}}
Aug 24 04:51:11.360676 dv-cinder-854264-1-smb devstack@c-api.service[125379]: DEBUG cinder.volume.flows.api.create_volume [None req-b16e9685-f7c0-4e1e-a2c5-c67388de881d tempest-VolumesImageMetadata-1592085995 tempest-VolumesImageMetadata-1592085995-project] Validating volume size '1' using validate_int {{(pid=125379) _extract_size /opt/stack/cinder/cinder/volume/flows/api/create_volume.py:228}}
Aug 24 04:51:11.409056 dv-cinder-854264-1-smb devstack@c-api.service[125380]: INFO cinder.api.openstack.wsgi [None req-5e021a40-5cb1-4451-98c6-3662167dc4dd tempest-VolumeTypesExtraSpecsTest-140748596 tempest-VolumeTypesExtraSpecsTest-140748596-project-admin] http://10.222.0.94/volume/v3/55a5a52b1a2e4b17af3c2f3c864ec370/types/2677617b-b2bd-497b-874d-f0068e2a10aa/extra_specs/spec3 returned with HTTP 200
Aug 24 04:51:11.419398 dv-cinder-854264-1-smb devstack@c-api.service[125380]: [pid: 125380|app: 0|req: 140/275] 10.222.0.94 () {58 vars in 1373 bytes} [Wed Aug 24 04:51:11 2022] GET /volume/v3/55a5a52b1a2e4b17af3c2f3c864ec370/types/2677617b-b2bd-497b-874d-f0068e2a10aa/extra_specs/spec3 => generated 17 bytes in 85 msecs (HTTP/1.1 200) 7 headers in 284 bytes (1 switches on core 0)
Aug 24 04:51:11.422070 dv-cinder-854264-1-smb devstack@c-api.service[125380]: DEBUG cinder.api.middleware.request_id [None req-7795c27f-5580-4255-aa86-abbca7b68188 None None] RequestId filter calling following filter/app {{(pid=125380) _context_setter /opt/stack/cinder/cinder/api/middleware/request_id.py:62}}
Aug 24 04:51:11.435978 dv-cinder-854264-1-smb devstack@c-api.service[125380]: INFO cinder.api.openstack.wsgi [None req-7795c27f-5580-4255-aa86-abbca7b68188 tempest-GroupSnapshotsTest-1823219603 tempest-GroupSnapshotsTest-1823219603-project] POST http://10.222.0.94/volume/v3/3f8fa411f52e41199fc9d3707ec00b46/group_snapshots
Aug 24 04:51:11.439401 dv-cinder-854264-1-smb devstack@c-api.service[125380]: DEBUG cinder.api.openstack.wsgi [None req-7795c27f-5580-4255-aa86-abbca7b68188 tempest-GroupSnapshotsTest-1823219603 tempest-GroupSnapshotsTest-1823219603-project] Action: 'create', calling method: version_select, body: {"group_snapshot": {"group_id": "8397b209-a61f-4e8a-8b39-b82d5409c848", "name": "tempest-GroupSnapshotsTest-Group_Snapshot-1590059519"}} {{(pid=125380) _process_stack /opt/stack/cinder/cinder/api/openstack/wsgi.py:866}}
Aug 24 04:51:11.442140 dv-cinder-854264-1-smb devstack@c-api.service[125380]: DEBUG cinder.api.v3.group_snapshots [None req-7795c27f-5580-4255-aa86-abbca7b68188 tempest-GroupSnapshotsTest-1823219603 tempest-GroupSnapshotsTest-1823219603-project] Creating new group_snapshot {'group_snapshot': {'group_id': '8397b209-a61f-4e8a-8b39-b82d5409c848', 'name': 'tempest-GroupSnapshotsTest-Group_Snapshot-1590059519'}} {{(pid=125380) create /opt/stack/cinder/cinder/api/v3/group_snapshots.py:154}}
Aug 24 04:51:11.450471 dv-cinder-854264-1-smb devstack@c-api.service[125380]: /usr/local/lib/python3.8/dist-packages/oslo_context/context.py:100: DeprecationWarning: Policy enforcement is depending on the value of is_admin. This key is deprecated. Please update your policy file to use the standard policy values.
Aug 24 04:51:11.450471 dv-cinder-854264-1-smb devstack@c-api.service[125380]:   warnings.warn('Policy enforcement is depending on the value of '
Aug 24 04:51:11.472560 dv-cinder-854264-1-smb devstack@c-api.service[125380]: INFO cinder.api.v3.group_snapshots [None req-7795c27f-5580-4255-aa86-abbca7b68188 tempest-GroupSnapshotsTest-1823219603 tempest-GroupSnapshotsTest-1823219603-project] Creating group_snapshot tempest-GroupSnapshotsTest-Group_Snapshot-1590059519.
Aug 24 04:51:11.553800 dv-cinder-854264-1-smb devstack@c-api.service[125379]: DEBUG cinder.volume.api [None req-b16e9685-f7c0-4e1e-a2c5-c67388de881d tempest-VolumesImageMetadata-1592085995 tempest-VolumesImageMetadata-1592085995-project] Task 'cinder.volume.flows.api.create_volume.ExtractVolumeRequestTask;volume:create' (1da4431d-c3b4-439a-89aa-3a7c1988d8b0) transitioned into state 'SUCCESS' from state 'RUNNING' with result '{'size': 1, 'snapshot_id': None, 'source_volid': None, 'volume_type': VolumeType(created_at=2022-08-24T04:39:07Z,deleted=False,deleted_at=None,description='Default Volume Type',extra_specs={},id=abf77833-5261-457f-bb33-c4f22cecc0d4,is_public=True,name='__DEFAULT__',projects=[],qos_specs=<?>,qos_specs_id=None,updated_at=2022-08-24T04:39:07Z), 'volume_type_id': 'abf77833-5261-457f-bb33-c4f22cecc0d4', 'encryption_key_id': None, 'qos_specs': None, 'consistencygroup_id': None, 'cgsnapshot_id': None, 'group_id': None, 'replication_status': 'disabled', 'refresh_az': False, 'backup_id': None, 'multiattach': False, 'availability_zones': ['nova']}' {{(pid=125379) _task_receiver /usr/local/lib/python3.8/dist-packages/taskflow/listeners/logging.py:178}}
Aug 24 04:51:11.558050 dv-cinder-854264-1-smb devstack@c-api.service[125379]: DEBUG cinder.volume.api [None req-b16e9685-f7c0-4e1e-a2c5-c67388de881d tempest-VolumesImageMetadata-1592085995 tempest-VolumesImageMetadata-1592085995-project] Task 'cinder.volume.flows.api.create_volume.QuotaReserveTask;volume:create' (d2032dda-333f-44f9-8343-12b2b988f633) transitioned into state 'RUNNING' from state 'PENDING' {{(pid=125379) _task_receiver /usr/local/lib/python3.8/dist-packages/taskflow/listeners/logging.py:190}}
Aug 24 04:51:11.627520 dv-cinder-854264-1-smb devstack@c-api.service[125380]: /usr/local/lib/python3.8/dist-packages/oslo_context/context.py:100: DeprecationWarning: Policy enforcement is depending on the value of is_admin. This key is deprecated. Please update your policy file to use the standard policy values.
Aug 24 04:51:11.627520 dv-cinder-854264-1-smb devstack@c-api.service[125380]:   warnings.warn('Policy enforcement is depending on the value of '
Aug 24 04:51:11.774863 dv-cinder-854264-1-smb devstack@c-api.service[125379]: DEBUG cinder.quota [None req-b16e9685-f7c0-4e1e-a2c5-c67388de881d tempest-VolumesImageMetadata-1592085995 tempest-VolumesImageMetadata-1592085995-project] Created reservations ['82d10c07-028c-46d3-89e6-5b7dd31b9690', '18d1ce6f-87c2-4db1-a0f7-1d27c38b77ac', '21b93570-a864-40d5-83c6-351560cf0c88', '608a7e50-e4ca-400f-bf74-a361f9338158'] {{(pid=125379) reserve /opt/stack/cinder/cinder/quota.py:755}}
Aug 24 04:51:11.778645 dv-cinder-854264-1-smb devstack@c-api.service[125379]: DEBUG cinder.volume.api [None req-b16e9685-f7c0-4e1e-a2c5-c67388de881d tempest-VolumesImageMetadata-1592085995 tempest-VolumesImageMetadata-1592085995-project] Task 'cinder.volume.flows.api.create_volume.QuotaReserveTask;volume:create' (d2032dda-333f-44f9-8343-12b2b988f633) transitioned into state 'SUCCESS' from state 'RUNNING' with result '{'reservations': ['82d10c07-028c-46d3-89e6-5b7dd31b9690', '18d1ce6f-87c2-4db1-a0f7-1d27c38b77ac', '21b93570-a864-40d5-83c6-351560cf0c88', '608a7e50-e4ca-400f-bf74-a361f9338158']}' {{(pid=125379) _task_receiver /usr/local/lib/python3.8/dist-packages/taskflow/listeners/logging.py:178}}
Aug 24 04:51:11.788534 dv-cinder-854264-1-smb devstack@c-api.service[125379]: DEBUG cinder.volume.api [None req-b16e9685-f7c0-4e1e-a2c5-c67388de881d tempest-VolumesImageMetadata-1592085995 tempest-VolumesImageMetadata-1592085995-project] Task 'cinder.volume.flows.api.create_volume.EntryCreateTask;volume:create' (65ed94c0-0caa-4cb1-85c8-960bf4134681) transitioned into state 'RUNNING' from state 'PENDING' {{(pid=125379) _task_receiver /usr/local/lib/python3.8/dist-packages/taskflow/listeners/logging.py:190}}
Aug 24 04:51:11.825376 dv-cinder-854264-1-smb devstack@c-api.service[125380]: DEBUG dbcounter [-] [125380] Writing DB stats cinder:UPDATE=4,cinder:SELECT=90,cinder:INSERT=6 {{(pid=125380) stat_writer /usr/local/lib/python3.8/dist-packages/dbcounter.py:114}}
Aug 24 04:51:11.871133 dv-cinder-854264-1-smb devstack@c-api.service[125379]: DEBUG cinder.volume.api [None req-b16e9685-f7c0-4e1e-a2c5-c67388de881d tempest-VolumesImageMetadata-1592085995 tempest-VolumesImageMetadata-1592085995-project] Task 'cinder.volume.flows.api.create_volume.EntryCreateTask;volume:create' (65ed94c0-0caa-4cb1-85c8-960bf4134681) transitioned into state 'SUCCESS' from state 'RUNNING' with result '{'volume_id': '007ccec9-110e-4a37-afe1-da6347e752e2', 'volume_properties': VolumeProperties(attach_status='detached',availability_zone='nova',cgsnapshot_id=None,consistencygroup_id=None,display_description=None,display_name='tempest-VolumesImageMetadata-Volume-1840209507',encryption_key_id=None,group_id=None,group_type_id=<?>,metadata={},multiattach=False,project_id='d1d55bb98df042c5a39a66deb163d249',qos_specs=None,replication_status=<?>,reservations=['82d10c07-028c-46d3-89e6-5b7dd31b9690','18d1ce6f-87c2-4db1-a0f7-1d27c38b77ac','21b93570-a864-40d5-83c6-351560cf0c88','608a7e50-e4ca-400f-bf74-a361f9338158'],size=1,snapshot_id=None,source_replicaid=<?>,source_volid=None,status='creating',user_id='1ac0f185952f49b9a46990b07953ce71',volume_type_id=abf77833-5261-457f-bb33-c4f22cecc0d4), 'volume': Volume(_name_id=None,admin_metadata=<?>,attach_status='detached',availability_zone='nova',bootable=False,cluster=<?>,cluster_name=None,consistencygroup=<?>,consistencygroup_id=None,created_at=2022-08-24T04:51:11Z,deleted=False,deleted_at=None,display_description=None,display_name='tempest-VolumesImageMetadata-Volume-1840209507',ec2_id=None,encryption_key_id=None,glance_metadata=<?>,group=<?>,group_id=None,host=None,id=007ccec9-110e-4a37-afe1-da6347e752e2,launched_at=None,metadata={},migration_status=None,multiattach=False,previous_status=None,project_id='d1d55bb98df042c5a39a66deb163d249',provider_auth=None,provider_geometry=None,provider_id=None,provider_location=None,replication_driver_data=None,replication_extended_status=None,replication_status=None,scheduled_at=None,service_uuid=None,shared_targets=True,size=1,snapshot_id=None,snapshots=<?>,source_volid=None,status='creating',terminated_at=None,updated_at=None,use_quota=True,user_id='1ac0f185952f49b9a46990b07953ce71',volume_attachment=VolumeAttachmentList,volume_type=VolumeType(abf77833-5261-457f-bb33-c4f22cecc0d4),volume_type_id=abf77833-5261-457f-bb33-c4f22cecc0d4)}' {{(pid=125379) _task_receiver /usr/local/lib/python3.8/dist-packages/taskflow/listeners/logging.py:178}}
Aug 24 04:51:11.876625 dv-cinder-854264-1-smb devstack@c-api.service[125380]: DEBUG cinder.quota [None req-7795c27f-5580-4255-aa86-abbca7b68188 tempest-GroupSnapshotsTest-1823219603 tempest-GroupSnapshotsTest-1823219603-project] Created reservations ['50a83480-2ca4-4938-b077-e3879e978f33', '1e7759f7-3241-43eb-a4f6-478f25dae843', 'f47ac6ed-0dff-486d-9082-acc631e4f99f', '26930519-727c-4072-ac23-1f9ab791ac3a'] {{(pid=125380) reserve /opt/stack/cinder/cinder/quota.py:755}}
Aug 24 04:51:11.877576 dv-cinder-854264-1-smb devstack@c-api.service[125379]: DEBUG cinder.volume.api [None req-b16e9685-f7c0-4e1e-a2c5-c67388de881d tempest-VolumesImageMetadata-1592085995 tempest-VolumesImageMetadata-1592085995-project] Task 'cinder.volume.flows.api.create_volume.QuotaCommitTask;volume:create' (7d4e9dcb-1361-46f3-b59d-1f006cae1a7a) transitioned into state 'RUNNING' from state 'PENDING' {{(pid=125379) _task_receiver /usr/local/lib/python3.8/dist-packages/taskflow/listeners/logging.py:190}}
