Aug 24 04:32:27.389982 dv-cinder-854263-1-iscsi neutron-server[106347]: DEBUG neutron.api.rpc.handlers.resources_rpc [None req-2ae4df0f-8177-4732-af29-5aabc72bfb9d admin admin] Pushing event deleted for resources: {'Subnet': ['ID=8b46fa4a-ab12-4fcb-a5df-e67e023e91d0,revision_number=None']} {{(pid=106347) push /opt/stack/neutron/neutron/api/rpc/handlers/resources_rpc.py:237}}
Aug 24 04:32:27.424869 dv-cinder-854263-1-iscsi neutron-server[106347]: DEBUG neutron_lib.callbacks.manager [None req-2ae4df0f-8177-4732-af29-5aabc72bfb9d admin admin] Publish callbacks [] for subnet (None), before_response {{(pid=106347) _notify_loop /usr/local/lib/python3.8/dist-packages/neutron_lib/callbacks/manager.py:176}}
Aug 24 04:32:27.430136 dv-cinder-854263-1-iscsi neutron-server[106347]: INFO neutron.wsgi [None req-2ae4df0f-8177-4732-af29-5aabc72bfb9d admin admin] 10.222.0.89 "DELETE /networking/v2.0/subnets/8b46fa4a-ab12-4fcb-a5df-e67e023e91d0 HTTP/1.1" status: 204 len: 168 time: 0.6709557
Aug 24 04:32:27.436297 dv-cinder-854263-1-iscsi neutron-server[106346]: DEBUG neutron.wsgi [-] (106346) accepted ('10.222.0.89', 60848) {{(pid=106346) server /usr/local/lib/python3.8/dist-packages/eventlet/wsgi.py:1004}}
Aug 24 04:32:27.594671 dv-cinder-854263-1-iscsi neutron-server[106346]: DEBUG neutron_lib.callbacks.manager [None req-6157e7a2-6f41-4ea8-a1f5-acb0bad1f9ff admin admin] Publish callbacks ['neutron.plugins.ml2.plugin.External_net_db_mixin._before_network_delete_handler-559035'] for network (66a091a7-b292-4b5e-8ffb-b6c7c8c4eb5a), before_delete {{(pid=106346) _notify_loop /usr/local/lib/python3.8/dist-packages/neutron_lib/callbacks/manager.py:176}}
Aug 24 04:32:27.622779 dv-cinder-854263-1-iscsi neutron-server[106346]: DEBUG dbcounter [-] [106346] Writing DB stats neutron:SELECT=95,neutron:DELETE=4,neutron:UPDATE=1 {{(pid=106346) stat_writer /usr/local/lib/python3.8/dist-packages/dbcounter.py:114}}
Aug 24 04:32:27.641474 dv-cinder-854263-1-iscsi neutron-server[106346]: INFO neutron.wsgi [req-25942c5e-2dd7-4791-9a8b-05d4e08f85bd req-3edc5dbb-8478-4eb3-8149-7c8da5b4b100 tempest-DeleteServersTestJSON-375833558 tempest-DeleteServersTestJSON-375833558-project] 10.222.0.89 "GET /networking/v2.0/security-groups?id=0b0a85f7-e4a5-431e-9dca-4527e698c5ce&fields=id&fields=name HTTP/1.1" status: 200 len: 286 time: 0.2830405
Aug 24 04:32:27.874496 dv-cinder-854263-1-iscsi neutron-server[106346]: DEBUG neutron_lib.callbacks.manager [None req-6157e7a2-6f41-4ea8-a1f5-acb0bad1f9ff admin admin] Publish callbacks ['neutron.plugins.ml2.plugin.Ml2Plugin._network_delete_precommit_handler-596278', 'neutron.services.segments.db._delete_segments_for_network-8735098824304'] for network (66a091a7-b292-4b5e-8ffb-b6c7c8c4eb5a), precommit_delete {{(pid=106346) _notify_loop /usr/local/lib/python3.8/dist-packages/neutron_lib/callbacks/manager.py:176}}
Aug 24 04:32:27.882604 dv-cinder-854263-1-iscsi neutron-server[106346]: INFO neutron.services.segments.plugin [-] Segment 01eeef50-99a9-4474-8a99-84c231cba2fa resource provider aggregate not found
Aug 24 04:32:27.900443 dv-cinder-854263-1-iscsi neutron-server[106348]: DEBUG neutron.plugins.ml2.rpc [None req-8bfbd0e7-31b1-41ae-b55c-13db08db910f None None] Device c3155a3a-2495-41c1-9645-5980e49be627 details requested by agent hyperv_hv-cinder-85426 with host hv-cinder-85426 {{(pid=106348) get_device_details /opt/stack/neutron/neutron/plugins/ml2/rpc.py:102}}
Aug 24 04:32:27.971419 dv-cinder-854263-1-iscsi neutron-server[106346]: INFO neutron.services.segments.plugin [-] Segment 01eeef50-99a9-4474-8a99-84c231cba2fa resource provider not found; error: Placement Client Error (4xx): {"errors": [{"status": 404, "title": "Not Found", "detail": "The resource could not be found.\n\n No resource provider with uuid 01eeef50-99a9-4474-8a99-84c231cba2fa found for delete ", "request_id": "req-37333758-9288-4d83-84d8-f9f992913fd8"}]}
Aug 24 04:32:28.053760 dv-cinder-854263-1-iscsi neutron-server[106346]: DEBUG neutron.services.segments.db [None req-6157e7a2-6f41-4ea8-a1f5-acb0bad1f9ff admin admin] neutron.services.segments.plugin.Plugin method get_segments called with arguments (,) {'filters': {'network_id': ['66a091a7-b292-4b5e-8ffb-b6c7c8c4eb5a']}} {{(pid=106346) wrapper /usr/local/lib/python3.8/dist-packages/oslo_log/helpers.py:65}}
Aug 24 04:32:28.125384 dv-cinder-854263-1-iscsi neutron-server[106346]: DEBUG neutron.services.segments.db [None req-6157e7a2-6f41-4ea8-a1f5-acb0bad1f9ff admin admin] neutron.services.segments.plugin.Plugin method delete_segment called with arguments (, 'd65e531a-a814-43c8-b174-055587151c1a') {'for_net_delete': True} {{(pid=106346) wrapper /usr/local/lib/python3.8/dist-packages/oslo_log/helpers.py:65}}
Aug 24 04:32:28.125875 dv-cinder-854263-1-iscsi neutron-server[106346]: DEBUG neutron.services.segments.db [None req-6157e7a2-6f41-4ea8-a1f5-acb0bad1f9ff admin admin] neutron.services.segments.plugin.Plugin method get_segment called with arguments (, 'd65e531a-a814-43c8-b174-055587151c1a') {} {{(pid=106346) wrapper /usr/local/lib/python3.8/dist-packages/oslo_log/helpers.py:65}}
Aug 24 04:32:28.152568 dv-cinder-854263-1-iscsi neutron-server[106346]: DEBUG neutron_lib.callbacks.manager [None req-6157e7a2-6f41-4ea8-a1f5-acb0bad1f9ff admin admin] Publish callbacks ['neutron.plugins.ml2.db._prevent_segment_delete_with_port_bound-8735098881774', 'neutron.services.segments.plugin.Plugin._prevent_segment_delete_with_subnet_associated-4047590'] for segment (d65e531a-a814-43c8-b174-055587151c1a), before_delete {{(pid=106346) _notify_loop /usr/local/lib/python3.8/dist-packages/neutron_lib/callbacks/manager.py:176}}
Aug 24 04:32:28.185996 dv-cinder-854263-1-iscsi neutron-server[106346]: DEBUG neutron_lib.callbacks.manager [None req-6157e7a2-6f41-4ea8-a1f5-acb0bad1f9ff admin admin] Publish callbacks ['neutron.plugins.ml2.plugin.Ml2Plugin._handle_segment_change-590927'] for segment (d65e531a-a814-43c8-b174-055587151c1a), precommit_delete {{(pid=106346) _notify_loop /usr/local/lib/python3.8/dist-packages/neutron_lib/callbacks/manager.py:176}}
Aug 24 04:32:28.217752 dv-cinder-854263-1-iscsi neutron-server[106346]: DEBUG neutron.plugins.ml2.drivers.type_vlan [None req-6157e7a2-6f41-4ea8-a1f5-acb0bad1f9ff admin admin] Releasing vlan 1152 on physical network physnet1 to pool {{(pid=106346) release_segment /opt/stack/neutron/neutron/plugins/ml2/drivers/type_vlan.py:304}}
Aug 24 04:32:28.218476 dv-cinder-854263-1-iscsi neutron-server[106346]: DEBUG neutron_lib.callbacks.manager [None req-6157e7a2-6f41-4ea8-a1f5-acb0bad1f9ff admin admin] Publish callbacks ['neutron.plugins.ml2.plugin.Ml2Plugin._handle_segment_change-590927', 'neutron.services.segments.plugin.NovaSegmentNotifier._notify_segment_deleted-126732047'] for segment (d65e531a-a814-43c8-b174-055587151c1a), after_delete {{(pid=106346) _notify_loop /usr/local/lib/python3.8/dist-packages/neutron_lib/callbacks/manager.py:176}}
Aug 24 04:32:28.404434 dv-cinder-854263-1-iscsi neutron-server[106348]: DEBUG neutron.plugins.ml2.db [None req-8bfbd0e7-31b1-41ae-b55c-13db08db910f None None] For port c3155a3a-2495-41c1-9645-5980e49be627, host hv-cinder-85426, got binding levels [PortBindingLevel(driver='hyperv',host='hv-cinder-85426',level=0,port_id=c3155a3a-2495-41c1-9645-5980e49be627,segment=NetworkSegment(d9c70cd5-f0da-4c0f-81da-ea7482b92f55),segment_id=d9c70cd5-f0da-4c0f-81da-ea7482b92f55)] {{(pid=106348) get_binding_level_objs /opt/stack/neutron/neutron/plugins/ml2/db.py:74}}
Aug 24 04:32:28.465322 dv-cinder-854263-1-iscsi neutron-server[106346]: DEBUG novaclient.v2.client [-] RESP: [200] Connection: close Content-Length: 179 Content-Type: application/json Date: Wed, 24 Aug 2022 04:32:23 GMT OpenStack-API-Version: compute 2.1 Server: Apache/2.4.41 (Ubuntu) Vary: OpenStack-API-Version,X-OpenStack-Nova-API-Version X-OpenStack-Nova-API-Version: 2.1 x-compute-request-id: req-d1f9c539-8749-498f-a749-7f88ee405205 x-openstack-request-id: req-d1f9c539-8749-498f-a749-7f88ee405205 {{(pid=106346) _http_log_response /usr/local/lib/python3.8/dist-packages/keystoneauth1/session.py:550}}
Aug 24 04:32:28.465322 dv-cinder-854263-1-iscsi neutron-server[106346]: DEBUG novaclient.v2.client [-] RESP BODY: {"events": [{"name": "network-changed", "server_uuid": "8135b9bf-d6c9-482a-90fc-f4693423bd52", "tag": "3ffd711d-4312-4f2b-9eef-8ce06b0c63ce", "status": "completed", "code": 200}]} {{(pid=106346) _http_log_response /usr/local/lib/python3.8/dist-packages/keystoneauth1/session.py:582}}
Aug 24 04:32:28.465322 dv-cinder-854263-1-iscsi neutron-server[106346]: DEBUG novaclient.v2.client [-] POST call to compute for http://10.222.0.89/compute/v2.1/os-server-external-events used request id req-d1f9c539-8749-498f-a749-7f88ee405205 {{(pid=106346) request /usr/local/lib/python3.8/dist-packages/keystoneauth1/session.py:954}}
Aug 24 04:32:28.465322 dv-cinder-854263-1-iscsi neutron-server[106346]: INFO neutron.notifiers.nova [-] Nova event matching ['req-d1f9c539-8749-498f-a749-7f88ee405205'] response: {'name': 'network-changed', 'server_uuid': '8135b9bf-d6c9-482a-90fc-f4693423bd52', 'tag': '3ffd711d-4312-4f2b-9eef-8ce06b0c63ce', 'status': 'completed', 'code': 200}
Aug 24 04:32:28.473537 dv-cinder-854263-1-iscsi neutron-server[106348]: DEBUG neutron.plugins.ml2.rpc [None req-8bfbd0e7-31b1-41ae-b55c-13db08db910f None None] Returning: {'device': 'c3155a3a-2495-41c1-9645-5980e49be627', 'network_id': 'e6ff4d6d-7eab-4338-b922-6c10aa0ff41d', 'port_id': 'c3155a3a-2495-41c1-9645-5980e49be627', 'mac_address': 'fa:16:3e:da:6c:76', 'admin_state_up': True, 'network_type': 'vlan', 'segmentation_id': 1174, 'physical_network': 'physnet1', 'mtu': 1500, 'fixed_ips': [{'subnet_id': '5fbac197-8fc3-4ab2-9a33-112f00b5da8a', 'ip_address': '172.20.0.13'}], 'device_owner': 'compute:nova', 'allowed_address_pairs': [], 'port_security_enabled': True, 'qos_policy_id': None, 'qos_network_policy_id': None, 'profile': {}, 'propagate_uplink_status': False} {{(pid=106348) _get_device_details /opt/stack/neutron/neutron/plugins/ml2/rpc.py:184}}
Aug 24 04:32:28.561331 dv-cinder-854263-1-iscsi neutron-server[106348]: DEBUG neutron.plugins.ml2.plugin [None req-8bfbd0e7-31b1-41ae-b55c-13db08db910f None None] Current status of the port c3155a3a-2495-41c1-9645-5980e49be627 is: DOWN; New status is: BUILD {{(pid=106348) _update_individual_port_db_status /opt/stack/neutron/neutron/plugins/ml2/plugin.py:2302}}
Aug 24 04:32:28.561959 dv-cinder-854263-1-iscsi neutron-server[106348]: DEBUG neutron_lib.callbacks.manager [None req-8bfbd0e7-31b1-41ae-b55c-13db08db910f None None] Publish callbacks ['neutron.plugins.ml2.plugin.SecurityGroupDbMixin._ensure_default_security_group_handler-571172'] for port (c3155a3a-2495-41c1-9645-5980e49be627), before_update {{(pid=106348) _notify_loop /usr/local/lib/python3.8/dist-packages/neutron_lib/callbacks/manager.py:176}}
Aug 24 04:32:28.588746 dv-cinder-854263-1-iscsi neutron-server[106348]: DEBUG neutron.notifiers.nova [None req-8bfbd0e7-31b1-41ae-b55c-13db08db910f None None] Ignoring state change previous_port_status: DOWN current_port_status: BUILD port_id c3155a3a-2495-41c1-9645-5980e49be627 {{(pid=106348) record_port_status_changed /opt/stack/neutron/neutron/notifiers/nova.py:233}}
Aug 24 04:32:28.592663 dv-cinder-854263-1-iscsi neutron-server[106346]: DEBUG neutron_lib.callbacks.manager [None req-6157e7a2-6f41-4ea8-a1f5-acb0bad1f9ff admin admin] Publish callbacks ['neutron.plugins.ml2.plugin.Ml2Plugin._network_delete_after_delete_handler-596285', 'neutron.plugins.ml2.ovo_rpc._ObjectChangeHandler.handle_event-1653925', 'neutron.api.rpc.agentnotifiers.dhcp_rpc_agent_api.DhcpAgentNotifyAPI._native_event_send_dhcp_notification-1578131', 'neutron.services.l3_router.l3_router_plugin.DVRResourceOperationHandler.delete_fip_namespaces_for_ext_net-1630543'] for network (66a091a7-b292-4b5e-8ffb-b6c7c8c4eb5a), after_delete {{(pid=106346) _notify_loop /usr/local/lib/python3.8/dist-packages/neutron_lib/callbacks/manager.py:176}}
Aug 24 04:32:28.628625 dv-cinder-854263-1-iscsi neutron-server[106346]: DEBUG neutron_lib.callbacks.manager [None req-6157e7a2-6f41-4ea8-a1f5-acb0bad1f9ff admin admin] Publish callbacks ['neutron.api.rpc.agentnotifiers.dhcp_rpc_agent_api.DhcpAgentNotifyAPI._send_dhcp_notification-1578213'] for network (None), before_response {{(pid=106346) _notify_loop /usr/local/lib/python3.8/dist-packages/neutron_lib/callbacks/manager.py:176}}
Aug 24 04:32:28.635258 dv-cinder-854263-1-iscsi neutron-server[106346]: INFO neutron.wsgi [None req-6157e7a2-6f41-4ea8-a1f5-acb0bad1f9ff admin admin] 10.222.0.89 "DELETE /networking/v2.0/networks/66a091a7-b292-4b5e-8ffb-b6c7c8c4eb5a HTTP/1.1" status: 204 len: 168 time: 1.1951752
Aug 24 04:32:28.637396 dv-cinder-854263-1-iscsi neutron-server[106348]: DEBUG neutron.plugins.ml2.db [None req-8bfbd0e7-31b1-41ae-b55c-13db08db910f None None] For port c3155a3a-2495-41c1-9645-5980e49be627, host hv-cinder-85426, got binding levels [PortBindingLevel(driver='hyperv',host='hv-cinder-85426',level=0,port_id=c3155a3a-2495-41c1-9645-5980e49be627,segment=NetworkSegment(d9c70cd5-f0da-4c0f-81da-ea7482b92f55),segment_id=d9c70cd5-f0da-4c0f-81da-ea7482b92f55)] {{(pid=106348) get_binding_level_objs /opt/stack/neutron/neutron/plugins/ml2/db.py:74}}
Aug 24 04:32:28.648280 dv-cinder-854263-1-iscsi neutron-server[106348]: DEBUG neutron_lib.callbacks.manager [None req-8bfbd0e7-31b1-41ae-b55c-13db08db910f None None] Publish callbacks ['neutron.plugins.ml2.plugin.SecurityGroupServerNotifierRpcMixin._notify_sg_on_port_change-571617', 'neutron.plugins.ml2.ovo_rpc._ObjectChangeHandler.handle_event-196063', 'neutron.api.rpc.agentnotifiers.dhcp_rpc_agent_api.DhcpAgentNotifyAPI._native_event_send_dhcp_notification-1578131', 'neutron.db.l3_db.L3RpcNotifierMixin._notify_gateway_port_ip_changed-8735098749700', 'neutron.db.l3_dvrscheduler_db._notify_l3_agent_port_update-8735098359399', 'neutron.db.l3_hascheduler_db._notify_l3_agent_ha_port_update-8735098359417'] for port (c3155a3a-2495-41c1-9645-5980e49be627), after_update {{(pid=106348) _notify_loop /usr/local/lib/python3.8/dist-packages/neutron_lib/callbacks/manager.py:176}}
Aug 24 04:32:28.854124 dv-cinder-854263-1-iscsi neutron-server[106347]: DEBUG dbcounter [-] [106347] Writing DB stats neutron:SELECT=88,neutron:INSERT=5,neutron:DELETE=6,neutron:UPDATE=1 {{(pid=106347) stat_writer /usr/local/lib/python3.8/dist-packages/dbcounter.py:114}}
Aug 24 04:32:28.886208 dv-cinder-854263-1-iscsi neutron-server[106348]: DEBUG neutron.plugins.ml2.db [None req-8bfbd0e7-31b1-41ae-b55c-13db08db910f None None] get_ports_and_sgs() called for port_ids ['c3155a3a-2495-41c1-9645-5980e49be627'] {{(pid=106348) get_ports_and_sgs /opt/stack/neutron/neutron/plugins/ml2/db.py:163}}
Aug 24 04:32:28.909172 dv-cinder-854263-1-iscsi neutron-server[106348]: DEBUG neutron.api.rpc.handlers.resources_rpc [None req-8bfbd0e7-31b1-41ae-b55c-13db08db910f None None] Pushing event updated for resources: {'Port': ['ID=c3155a3a-2495-41c1-9645-5980e49be627,revision_number=4']} {{(pid=106348) push /opt/stack/neutron/neutron/api/rpc/handlers/resources_rpc.py:237}}
Aug 24 04:32:28.941258 dv-cinder-854263-1-iscsi neutron-server[106346]: DEBUG neutron.api.rpc.handlers.resources_rpc [None req-6157e7a2-6f41-4ea8-a1f5-acb0bad1f9ff admin admin] Pushing event deleted for resources: {'Network': ['ID=66a091a7-b292-4b5e-8ffb-b6c7c8c4eb5a,revision_number=None']} {{(pid=106346) push /opt/stack/neutron/neutron/api/rpc/handlers/resources_rpc.py:237}}
Aug 24 04:32:28.967310 dv-cinder-854263-1-iscsi neutron-server[106346]: INFO neutron.wsgi [req-c3057cfa-94d3-41bd-98e8-a87dfb62c472 req-a2d0d48b-96c8-4049-b4dd-3720266ae50a tempest-AttachVolumeTestJSON-750727879 tempest-AttachVolumeTestJSON-750727879-project] 10.222.0.89 "GET /networking/v2.0/ports?device_id=e013bfbe-6fb5-4337-ad76-780931443c7c HTTP/1.1" status: 200 len: 210 time: 0.2395861
Aug 24 04:32:29.080097 dv-cinder-854263-1-iscsi neutron-server[106346]: DEBUG neutron.pecan_wsgi.hooks.policy_enforcement [req-c0623b7c-ce42-4e67-998a-bb111c03eb88 req-6ffb6a1a-2ea9-4b05-aa24-ae1d0f923f00 service neutron] Attributes excluded by policy engine: ['standard_attr_id'] {{(pid=106346) _exclude_attributes_by_policy /opt/stack/neutron/neutron/pecan_wsgi/hooks/policy_enforcement.py:259}}
Aug 24 04:32:29.090926 dv-cinder-854263-1-iscsi neutron-server[106347]: DEBUG neutron.pecan_wsgi.hooks.policy_enforcement [req-3161f692-9678-4942-8226-e0b940c39193 req-7812ae89-b1ae-43db-9ac2-cf491f731ca3 tempest-AttachVolumeTestJSON-750727879 tempest-AttachVolumeTestJSON-750727879-project] Attributes excluded by policy engine: ['standard_attr_id', 'vlan_transparent', 'provider:network_type', 'provider:physical_network', 'provider:segmentation_id'] {{(pid=106347) _exclude_attributes_by_policy /opt/stack/neutron/neutron/pecan_wsgi/hooks/policy_enforcement.py:259}}
Aug 24 04:32:29.094477 dv-cinder-854263-1-iscsi neutron-server[106346]: INFO neutron.wsgi [req-c0623b7c-ce42-4e67-998a-bb111c03eb88 req-6ffb6a1a-2ea9-4b05-aa24-ae1d0f923f00 service neutron] 10.222.0.99 "GET /networking/v2.0/ports?tenant_id=4c255082e8a642f6893ab4b117124a13&device_id=8135b9bf-d6c9-482a-90fc-f4693423bd52 HTTP/1.1" status: 200 len: 1127 time: 0.6381199
Aug 24 04:32:29.095005 dv-cinder-854263-1-iscsi neutron-server[106347]: INFO neutron.wsgi [req-3161f692-9678-4942-8226-e0b940c39193 req-7812ae89-b1ae-43db-9ac2-cf491f731ca3 tempest-AttachVolumeTestJSON-750727879 tempest-AttachVolumeTestJSON-750727879-project] 10.222.0.99 "GET /networking/v2.0/networks?id=20558816-8dbf-48fa-80df-be9dcc151316 HTTP/1.1" status: 200 len: 810 time: 0.4240813
Aug 24 04:32:29.104694 dv-cinder-854263-1-iscsi neutron-server[106346]: INFO neutron.wsgi [req-97cd3337-fee4-4ffc-aa13-5770e9ebdd04 req-5354ad43-a99c-4043-82c8-249aa04e6635 tempest-AttachVolumeNegativeTest-63585812 tempest-AttachVolumeNegativeTest-63585812-project] 10.222.0.89 "GET /networking/v2.0/ports?device_id=3d620d67-c791-482c-86cb-a3f065cde462 HTTP/1.1" status: 200 len: 210 time: 0.4676058
Aug 24 04:32:29.441605 dv-cinder-854263-1-iscsi neutron-server[106348]: DEBUG novaclient.v2.client [-] RESP: [200] Connection: close Content-Length: 183 Content-Type: application/json Date: Wed, 24 Aug 2022 04:32:27 GMT OpenStack-API-Version: compute 2.1 Server: Apache/2.4.41 (Ubuntu) Vary: OpenStack-API-Version,X-OpenStack-Nova-API-Version X-OpenStack-Nova-API-Version: 2.1 x-compute-request-id: req-1315cb67-a213-4039-8c20-ae0faf6af427 x-openstack-request-id: req-1315cb67-a213-4039-8c20-ae0faf6af427 {{(pid=106348) _http_log_response /usr/local/lib/python3.8/dist-packages/keystoneauth1/session.py:550}}
Aug 24 04:32:29.442856 dv-cinder-854263-1-iscsi neutron-server[106347]: INFO neutron.wsgi [req-3161f692-9678-4942-8226-e0b940c39193 req-fd121430-6a98-4bb0-87fe-c3425cf736b3 tempest-AttachVolumeTestJSON-750727879 tempest-AttachVolumeTestJSON-750727879-project] 10.222.0.99 "GET /networking/v2.0/security-groups?fields=id&fields=name&tenant_id=5aee8c6a4c124bdbb4c3a26a7f0c9b25 HTTP/1.1" status: 200 len: 380 time: 0.3335106
Aug 24 04:32:29.444959 dv-cinder-854263-1-iscsi neutron-server[106348]: DEBUG novaclient.v2.client [-] RESP BODY: {"events": [{"server_uuid": "c4480278-49fb-40cb-a3ef-475ecb458ae5", "name": "network-vif-plugged", "status": "completed", "tag": "2589c79e-d0f7-4a1b-9d05-e94caa77967e", "code": 200}]} {{(pid=106348) _http_log_response /usr/local/lib/python3.8/dist-packages/keystoneauth1/session.py:582}}
Aug 24 04:32:29.451235 dv-cinder-854263-1-iscsi neutron-server[106348]: DEBUG novaclient.v2.client [-] POST call to compute for http://10.222.0.89/compute/v2.1/os-server-external-events used request id req-1315cb67-a213-4039-8c20-ae0faf6af427 {{(pid=106348) request /usr/local/lib/python3.8/dist-packages/keystoneauth1/session.py:954}}
Aug 24 04:32:29.452940 dv-cinder-854263-1-iscsi neutron-server[106348]: INFO neutron.notifiers.nova [-] Nova event matching ['req-1315cb67-a213-4039-8c20-ae0faf6af427'] response: {'server_uuid': 'c4480278-49fb-40cb-a3ef-475ecb458ae5', 'name': 'network-vif-plugged', 'status': 'completed', 'tag': '2589c79e-d0f7-4a1b-9d05-e94caa77967e', 'code': 200}
Aug 24 04:32:29.465535 dv-cinder-854263-1-iscsi neutron-server[106347]: DEBUG neutron.api.v2.base [req-3161f692-9678-4942-8226-e0b940c39193 req-cc9d3cfd-ccac-4546-8d84-4797c79c16a5 tempest-AttachVolumeTestJSON-750727879 tempest-AttachVolumeTestJSON-750727879-project] Request body: {'port': {'device_id': 'e013bfbe-6fb5-4337-ad76-780931443c7c', 'network_id': '20558816-8dbf-48fa-80df-be9dcc151316', 'admin_state_up': True, 'tenant_id': '5aee8c6a4c124bdbb4c3a26a7f0c9b25', 'security_groups': ['8a5b1d2d-e266-4c01-8139-f89a6563898c']}} {{(pid=106347) prepare_request_body /opt/stack/neutron/neutron/api/v2/base.py:730}}
Aug 24 04:32:29.635637 dv-cinder-854263-1-iscsi neutron-server[106347]: DEBUG neutron.wsgi [-] (106347) accepted ('10.222.0.89', 60896) {{(pid=106347) server /usr/local/lib/python3.8/dist-packages/eventlet/wsgi.py:1004}}
Aug 24 04:32:29.794514 dv-cinder-854263-1-iscsi neutron-server[106348]: DEBUG dbcounter [-] [106348] Writing DB stats neutron:SELECT=100 {{(pid=106348) stat_writer /usr/local/lib/python3.8/dist-packages/dbcounter.py:114}}
Aug 24 04:32:29.899668 dv-cinder-854263-1-iscsi neutron-server[106347]: DEBUG dbcounter [-] [106347] Writing DB stats neutron:SELECT=89,neutron:INSERT=6,neutron:UPDATE=2,neutron:DELETE=3 {{(pid=106347) stat_writer /usr/local/lib/python3.8/dist-packages/dbcounter.py:114}}
Aug 24 04:32:29.957081 dv-cinder-854263-1-iscsi neutron-server[106347]: INFO neutron.wsgi [None req-8c05df61-6824-473b-b59e-4940778512b0 admin admin] 10.222.0.89 "GET /networking/v2.0/security-groups?tenant_id=4e7fac70c80a488f9da9125ed6f17c22&name=default HTTP/1.1" status: 200 len: 2996 time: 0.3105049
Aug 24 04:32:29.958645 dv-cinder-854263-1-iscsi neutron-server[106347]: DEBUG neutron.wsgi [-] (106347) accepted ('10.222.0.89', 60906) {{(pid=106347) server /usr/local/lib/python3.8/dist-packages/eventlet/wsgi.py:1004}}
Aug 24 04:32:30.009044 dv-cinder-854263-1-iscsi neutron-server[106347]: DEBUG neutron.pecan_wsgi.hooks.quota_enforcement [req-3161f692-9678-4942-8226-e0b940c39193 req-cc9d3cfd-ccac-4546-8d84-4797c79c16a5 tempest-AttachVolumeTestJSON-750727879 tempest-AttachVolumeTestJSON-750727879-project] Made reservation on behalf of 5aee8c6a4c124bdbb4c3a26a7f0c9b25 for: {'port': 1} {{(pid=106347) before /opt/stack/neutron/neutron/pecan_wsgi/hooks/quota_enforcement.py:53}}
Aug 24 04:32:30.016263 dv-cinder-854263-1-iscsi neutron-server[106347]: DEBUG neutron_lib.callbacks.manager [req-3161f692-9678-4942-8226-e0b940c39193 req-cc9d3cfd-ccac-4546-8d84-4797c79c16a5 tempest-AttachVolumeTestJSON-750727879 tempest-AttachVolumeTestJSON-750727879-project] Publish callbacks ['neutron.plugins.ml2.plugin.SecurityGroupDbMixin._ensure_default_security_group_handler-571172'] for port (None), before_create {{(pid=106347) _notify_loop /usr/local/lib/python3.8/dist-packages/neutron_lib/callbacks/manager.py:176}}
Aug 24 04:32:30.113427 dv-cinder-854263-1-iscsi neutron-server[106346]: INFO neutron.services.segments.plugin [-] Segment d65e531a-a814-43c8-b174-055587151c1a resource provider aggregate not found
Aug 24 04:32:30.205840 dv-cinder-854263-1-iscsi neutron-server[106346]: DEBUG neutron.pecan_wsgi.hooks.policy_enforcement [req-1bf78a6a-8880-4532-bc36-eee863108a93 req-f8b88fc0-fc3d-4001-b8d4-f7ee59bc3b78 tempest-ServerRescueNegativeTestJSON-1845934935 tempest-ServerRescueNegativeTestJSON-1845934935-project] Attributes excluded by policy engine: ['standard_attr_id', 'binding:profile', 'binding:host_id', 'binding:vif_type', 'binding:vif_details'] {{(pid=106346) _exclude_attributes_by_policy /opt/stack/neutron/neutron/pecan_wsgi/hooks/policy_enforcement.py:259}}
Aug 24 04:32:30.220420 dv-cinder-854263-1-iscsi neutron-server[106346]: INFO neutron.wsgi [req-1bf78a6a-8880-4532-bc36-eee863108a93 req-f8b88fc0-fc3d-4001-b8d4-f7ee59bc3b78 tempest-ServerRescueNegativeTestJSON-1845934935 tempest-ServerRescueNegativeTestJSON-1845934935-project] 10.222.0.89 "GET /networking/v2.0/ports?device_id=83e60a86-8955-4f01-bae7-44b328a98408 HTTP/1.1" status: 200 len: 945 time: 0.7583742
Aug 24 04:32:30.232107 dv-cinder-854263-1-iscsi neutron-server[106348]: DEBUG neutron.plugins.ml2.rpc [None req-8bfbd0e7-31b1-41ae-b55c-13db08db910f None None] Device 3ffd711d-4312-4f2b-9eef-8ce06b0c63ce details requested by agent hyperv_hv-cinder-85426 with host hv-cinder-85426 {{(pid=106348) get_device_details /opt/stack/neutron/neutron/plugins/ml2/rpc.py:102}}
Aug 24 04:32:30.333940 dv-cinder-854263-1-iscsi neutron-server[106346]: DEBUG neutron.wsgi [-] (106346) accepted ('10.222.0.99', 58853) {{(pid=106346) server /usr/local/lib/python3.8/dist-packages/eventlet/wsgi.py:1004}}
Aug 24 04:32:30.359755 dv-cinder-854263-1-iscsi neutron-server[106348]: DEBUG neutron.plugins.ml2.rpc [None req-8bfbd0e7-31b1-41ae-b55c-13db08db910f None None] Device c3155a3a-2495-41c1-9645-5980e49be627 up at agent hyperv_hv-cinder-85426 {{(pid=106348) update_device_up /opt/stack/neutron/neutron/plugins/ml2/rpc.py:296}}
Aug 24 04:32:30.372589 dv-cinder-854263-1-iscsi neutron-server[106347]: DEBUG neutron_lib.callbacks.manager [None req-34ea3cbb-59aa-4cc4-ab11-4cee5a8fd5b1 admin admin] Publish callbacks [] for security_group (76eb92b2-28dc-424c-bff1-80d538f6fb08), before_delete {{(pid=106347) _notify_loop /usr/local/lib/python3.8/dist-packages/neutron_lib/callbacks/manager.py:176}}
Aug 24 04:32:30.382041 dv-cinder-854263-1-iscsi neutron-server[106346]: INFO neutron.services.segments.plugin [-] Segment d65e531a-a814-43c8-b174-055587151c1a resource provider not found; error: Placement Client Error (4xx): {"errors": [{"status": 404, "title": "Not Found", "detail": "The resource could not be found.\n\n No resource provider with uuid d65e531a-a814-43c8-b174-055587151c1a found for delete ", "request_id": "req-2af6b1c8-3efe-4edf-ba6c-744c7e8256f8"}]}
Aug 24 04:32:30.382605 dv-cinder-854263-1-iscsi neutron-server[106346]: DEBUG dbcounter [-] [106346] Writing DB stats neutron:SELECT=94,neutron:DELETE=5,neutron:UPDATE=1 {{(pid=106346) stat_writer /usr/local/lib/python3.8/dist-packages/dbcounter.py:114}}
Aug 24 04:32:30.388705 dv-cinder-854263-1-iscsi neutron-server[106346]: DEBUG neutron.pecan_wsgi.hooks.policy_enforcement [req-c0623b7c-ce42-4e67-998a-bb111c03eb88 req-bd9a1893-22e7-4a7d-843e-b2011ec66b01 service neutron] Attributes excluded by policy engine: ['standard_attr_id', 'vlan_transparent'] {{(pid=106346) _exclude_attributes_by_policy /opt/stack/neutron/neutron/pecan_wsgi/hooks/policy_enforcement.py:259}}
Aug 24 04:32:30.395065 dv-cinder-854263-1-iscsi neutron-server[106346]: INFO neutron.wsgi [req-c0623b7c-ce42-4e67-998a-bb111c03eb88 req-bd9a1893-22e7-4a7d-843e-b2011ec66b01 service neutron] 10.222.0.99 "GET /networking/v2.0/networks?id=6cecd0a1-ddf8-413b-9802-d2d8780e3337 HTTP/1.1" status: 200 len: 912 time: 1.2843876
Aug 24 04:32:30.409344 dv-cinder-854263-1-iscsi neutron-server[106347]: DEBUG neutron_lib.callbacks.manager [None req-34ea3cbb-59aa-4cc4-ab11-4cee5a8fd5b1 admin admin] Publish callbacks [] for security_group (76eb92b2-28dc-424c-bff1-80d538f6fb08), precommit_delete {{(pid=106347) _notify_loop /usr/local/lib/python3.8/dist-packages/neutron_lib/callbacks/manager.py:176}}
Aug 24 04:32:30.578463 dv-cinder-854263-1-iscsi neutron-server[106346]: DEBUG neutron.pecan_wsgi.hooks.policy_enforcement [req-56b0956b-f3b3-4836-ad81-0367e6bfacfd req-8636633d-82c1-45c6-b468-94fdf383249e tempest-DeleteServersTestJSON-375833558 tempest-DeleteServersTestJSON-375833558-project] Attributes excluded by policy engine: ['standard_attr_id', 'binding:profile', 'binding:host_id', 'binding:vif_type', 'binding:vif_details'] {{(pid=106346) _exclude_attributes_by_policy /opt/stack/neutron/neutron/pecan_wsgi/hooks/policy_enforcement.py:259}}
Aug 24 04:32:30.582852 dv-cinder-854263-1-iscsi neutron-server[106347]: DEBUG neutron.pecan_wsgi.hooks.policy_enforcement [req-048828d8-de46-40ce-ba82-80021224fc2e req-1276c9b4-23df-4731-ba95-8c3b5100ea7d service neutron] Attributes excluded by policy engine: ['standard_attr_id'] {{(pid=106347) _exclude_attributes_by_policy /opt/stack/neutron/neutron/pecan_wsgi/hooks/policy_enforcement.py:259}}
Aug 24 04:32:30.586563 dv-cinder-854263-1-iscsi neutron-server[106347]: INFO neutron.wsgi [req-048828d8-de46-40ce-ba82-80021224fc2e req-1276c9b4-23df-4731-ba95-8c3b5100ea7d service neutron] 10.222.0.99 "GET /networking/v2.0/ports?device_id=c4480278-49fb-40cb-a3ef-475ecb458ae5 HTTP/1.1" status: 200 len: 1129 time: 0.4814816
Aug 24 04:32:30.592264 dv-cinder-854263-1-iscsi neutron-server[106346]: INFO neutron.wsgi [req-56b0956b-f3b3-4836-ad81-0367e6bfacfd req-8636633d-82c1-45c6-b468-94fdf383249e tempest-DeleteServersTestJSON-375833558 tempest-DeleteServersTestJSON-375833558-project] 10.222.0.89 "GET /networking/v2.0/ports?device_id=8135b9bf-d6c9-482a-90fc-f4693423bd52 HTTP/1.1" status: 200 len: 943 time: 0.6953712
Aug 24 04:32:30.601542 dv-cinder-854263-1-iscsi neutron-server[106348]: DEBUG neutron.plugins.ml2.db [None req-8bfbd0e7-31b1-41ae-b55c-13db08db910f None None] For port 3ffd711d-4312-4f2b-9eef-8ce06b0c63ce, host hv-cinder-85426, got binding levels [PortBindingLevel(driver='hyperv',host='hv-cinder-85426',level=0,port_id=3ffd711d-4312-4f2b-9eef-8ce06b0c63ce,segment=NetworkSegment(0fd8466b-a63d-4181-a669-19fbc6215b2e),segment_id=0fd8466b-a63d-4181-a669-19fbc6215b2e)] {{(pid=106348) get_binding_level_objs /opt/stack/neutron/neutron/plugins/ml2/db.py:74}}
Aug 24 04:32:30.626730 dv-cinder-854263-1-iscsi neutron-server[106348]: DEBUG neutron.plugins.ml2.rpc [None req-8bfbd0e7-31b1-41ae-b55c-13db08db910f None None] Returning: {'device': '3ffd711d-4312-4f2b-9eef-8ce06b0c63ce', 'network_id': '6cecd0a1-ddf8-413b-9802-d2d8780e3337', 'port_id': '3ffd711d-4312-4f2b-9eef-8ce06b0c63ce', 'mac_address': 'fa:16:3e:06:87:f6', 'admin_state_up': True, 'network_type': 'vlan', 'segmentation_id': 1169, 'physical_network': 'physnet1', 'mtu': 1500, 'fixed_ips': [{'subnet_id': '06060eaf-6c24-4787-9ccb-2ff15fcee2cf', 'ip_address': '172.20.0.7'}], 'device_owner': 'compute:nova', 'allowed_address_pairs': [], 'port_security_enabled': True, 'qos_policy_id': None, 'qos_network_policy_id': None, 'profile': {}, 'propagate_uplink_status': False} {{(pid=106348) _get_device_details /opt/stack/neutron/neutron/plugins/ml2/rpc.py:184}}
Aug 24 04:32:30.641641 dv-cinder-854263-1-iscsi neutron-server[106347]: DEBUG neutron_lib.callbacks.manager [req-048828d8-de46-40ce-ba82-80021224fc2e req-9ddcb583-ee14-48f3-bab7-dd66e74bed13 service neutron] Publish callbacks [] for security_group (None), before_create {{(pid=106347) _notify_loop /usr/local/lib/python3.8/dist-packages/neutron_lib/callbacks/manager.py:176}}
Aug 24 04:32:30.696130 dv-cinder-854263-1-iscsi neutron-server[106346]: INFO neutron.wsgi [req-c0623b7c-ce42-4e67-998a-bb111c03eb88 req-301a3646-9289-42e1-a7bc-953e9bc97c36 service neutron] 10.222.0.99 "GET /networking/v2.0/floatingips?fixed_ip_address=172.20.0.7&port_id=3ffd711d-4312-4f2b-9eef-8ce06b0c63ce HTTP/1.1" status: 200 len: 217 time: 0.2180991
Aug 24 04:32:30.724721 dv-cinder-854263-1-iscsi neutron-server[106347]: DEBUG neutron.db.db_base_plugin_common [req-3161f692-9678-4942-8226-e0b940c39193 req-cc9d3cfd-ccac-4546-8d84-4797c79c16a5 tempest-AttachVolumeTestJSON-750727879 tempest-AttachVolumeTestJSON-750727879-project] Allocated IP 172.20.0.7 (20558816-8dbf-48fa-80df-be9dcc151316/5c1cbf9e-08c9-4b82-ba3b-e1cec9435c21/a143d8d2-0a49-4ada-9835-9803477f74b7) {{(pid=106347) _store_ip_allocation /opt/stack/neutron/neutron/db/db_base_plugin_common.py:131}}
Aug 24 04:32:30.829826 dv-cinder-854263-1-iscsi neutron-server[106348]: DEBUG neutron.plugins.ml2.plugin [None req-8bfbd0e7-31b1-41ae-b55c-13db08db910f None None] Current status of the port 3ffd711d-4312-4f2b-9eef-8ce06b0c63ce is: DOWN; New status is: BUILD {{(pid=106348) _update_individual_port_db_status /opt/stack/neutron/neutron/plugins/ml2/plugin.py:2302}}
Aug 24 04:32:30.830454 dv-cinder-854263-1-iscsi neutron-server[106348]: DEBUG neutron_lib.callbacks.manager [None req-8bfbd0e7-31b1-41ae-b55c-13db08db910f None None] Publish callbacks ['neutron.plugins.ml2.plugin.SecurityGroupDbMixin._ensure_default_security_group_handler-571172'] for port (3ffd711d-4312-4f2b-9eef-8ce06b0c63ce), before_update {{(pid=106348) _notify_loop /usr/local/lib/python3.8/dist-packages/neutron_lib/callbacks/manager.py:176}}
Aug 24 04:32:30.848593 dv-cinder-854263-1-iscsi neutron-server[106348]: DEBUG neutron.db.provisioning_blocks [None req-8bfbd0e7-31b1-41ae-b55c-13db08db910f None None] Provisioning for port c3155a3a-2495-41c1-9645-5980e49be627 completed by entity L2. {{(pid=106348) provisioning_complete /opt/stack/neutron/neutron/db/provisioning_blocks.py:136}}
Aug 24 04:32:30.886513 dv-cinder-854263-1-iscsi neutron-server[106348]: DEBUG neutron.notifiers.nova [None req-8bfbd0e7-31b1-41ae-b55c-13db08db910f None None] Ignoring state change previous_port_status: DOWN current_port_status: BUILD port_id 3ffd711d-4312-4f2b-9eef-8ce06b0c63ce {{(pid=106348) record_port_status_changed /opt/stack/neutron/neutron/notifiers/nova.py:233}}
Aug 24 04:32:30.895083 dv-cinder-854263-1-iscsi neutron-server[106348]: DEBUG neutron.db.provisioning_blocks [None req-8bfbd0e7-31b1-41ae-b55c-13db08db910f None None] Provisioning complete for port c3155a3a-2495-41c1-9645-5980e49be627 triggered by entity L2. {{(pid=106348) provisioning_complete /opt/stack/neutron/neutron/db/provisioning_blocks.py:144}}
Aug 24 04:32:30.895741 dv-cinder-854263-1-iscsi neutron-server[106348]: DEBUG neutron_lib.callbacks.manager [None req-8bfbd0e7-31b1-41ae-b55c-13db08db910f None None] Publish callbacks ['neutron.plugins.ml2.plugin.Ml2Plugin._port_provisioned-594399'] for port (c3155a3a-2495-41c1-9645-5980e49be627), provisioning_complete {{(pid=106348) _notify_loop /usr/local/lib/python3.8/dist-packages/neutron_lib/callbacks/manager.py:176}}
Aug 24 04:32:30.974423 dv-cinder-854263-1-iscsi neutron-server[106348]: DEBUG dbcounter [-] [106348] Writing DB stats neutron:SELECT=97,neutron:UPDATE=3 {{(pid=106348) stat_writer /usr/local/lib/python3.8/dist-packages/dbcounter.py:114}}
Aug 24 04:32:30.990901 dv-cinder-854263-1-iscsi neutron-server[106348]: DEBUG neutron.plugins.ml2.db [None req-8bfbd0e7-31b1-41ae-b55c-13db08db910f None None] For port 3ffd711d-4312-4f2b-9eef-8ce06b0c63ce, host hv-cinder-85426, got binding levels [PortBindingLevel(driver='hyperv',host='hv-cinder-85426',level=0,port_id=3ffd711d-4312-4f2b-9eef-8ce06b0c63ce,segment=NetworkSegment(0fd8466b-a63d-4181-a669-19fbc6215b2e),segment_id=0fd8466b-a63d-4181-a669-19fbc6215b2e)] {{(pid=106348) get_binding_level_objs /opt/stack/neutron/neutron/plugins/ml2/db.py:74}}
Aug 24 04:32:31.009855 dv-cinder-854263-1-iscsi neutron-server[106348]: DEBUG neutron_lib.callbacks.manager [None req-8bfbd0e7-31b1-41ae-b55c-13db08db910f None None] Publish callbacks ['neutron.plugins.ml2.plugin.SecurityGroupServerNotifierRpcMixin._notify_sg_on_port_change-571617', 'neutron.plugins.ml2.ovo_rpc._ObjectChangeHandler.handle_event-196063', 'neutron.api.rpc.agentnotifiers.dhcp_rpc_agent_api.DhcpAgentNotifyAPI._native_event_send_dhcp_notification-1578131', 'neutron.db.l3_db.L3RpcNotifierMixin._notify_gateway_port_ip_changed-8735098749700', 'neutron.db.l3_dvrscheduler_db._notify_l3_agent_port_update-8735098359399', 'neutron.db.l3_hascheduler_db._notify_l3_agent_ha_port_update-8735098359417'] for port (3ffd711d-4312-4f2b-9eef-8ce06b0c63ce), after_update {{(pid=106348) _notify_loop /usr/local/lib/python3.8/dist-packages/neutron_lib/callbacks/manager.py:176}}
Aug 24 04:32:31.304249 dv-cinder-854263-1-iscsi neutron-server[106346]: INFO neutron.wsgi [req-1bf78a6a-8880-4532-bc36-eee863108a93 req-cf9f427e-7fea-4808-b340-5160be6c6ed8 tempest-ServerRescueNegativeTestJSON-1845934935 tempest-ServerRescueNegativeTestJSON-1845934935-project] 10.222.0.89 "GET /networking/v2.0/security-groups?id=c1d68767-8c91-4144-b46e-e7ff93b1823e&fields=id&fields=name HTTP/1.1" status: 200 len: 286 time: 0.9745080
Aug 24 04:32:31.331182 dv-cinder-854263-1-iscsi neutron-server[106348]: DEBUG neutron.api.rpc.handlers.resources_rpc [None req-8bfbd0e7-31b1-41ae-b55c-13db08db910f None None] Pushing event updated for resources: {'Port': ['ID=3ffd711d-4312-4f2b-9eef-8ce06b0c63ce,revision_number=4']} {{(pid=106348) push /opt/stack/neutron/neutron/api/rpc/handlers/resources_rpc.py:237}}
Aug 24 04:32:31.424135 dv-cinder-854263-1-iscsi neutron-server[106349]: DEBUG dbcounter [-] [106349] Writing DB stats neutron:SELECT=2 {{(pid=106349) stat_writer /usr/local/lib/python3.8/dist-packages/dbcounter.py:114}}
Aug 24 04:32:31.443324 dv-cinder-854263-1-iscsi neutron-server[106349]: DEBUG dbcounter [-] [106349] Writing DB stats neutron:SELECT=4 {{(pid=106349) stat_writer /usr/local/lib/python3.8/dist-packages/dbcounter.py:114}}
Aug 24 04:32:31.515835 dv-cinder-854263-1-iscsi neutron-server[106348]: DEBUG neutron.plugins.ml2.db [None req-8bfbd0e7-31b1-41ae-b55c-13db08db910f None None] get_ports_and_sgs() called for port_ids ['3ffd711d-4312-4f2b-9eef-8ce06b0c63ce'] {{(pid=106348) get_ports_and_sgs /opt/stack/neutron/neutron/plugins/ml2/db.py:163}}
Aug 24 04:32:31.622295 dv-cinder-854263-1-iscsi neutron-server[106348]: DEBUG neutron.plugins.ml2.plugin [None req-8bfbd0e7-31b1-41ae-b55c-13db08db910f None None] Current status of the port c3155a3a-2495-41c1-9645-5980e49be627 is: BUILD; New status is: ACTIVE {{(pid=106348) _update_individual_port_db_status /opt/stack/neutron/neutron/plugins/ml2/plugin.py:2302}}
Aug 24 04:32:31.623272 dv-cinder-854263-1-iscsi neutron-server[106348]: DEBUG neutron_lib.callbacks.manager [None req-8bfbd0e7-31b1-41ae-b55c-13db08db910f None None] Publish callbacks ['neutron.plugins.ml2.plugin.SecurityGroupDbMixin._ensure_default_security_group_handler-571172'] for port (c3155a3a-2495-41c1-9645-5980e49be627), before_update {{(pid=106348) _notify_loop /usr/local/lib/python3.8/dist-packages/neutron_lib/callbacks/manager.py:176}}
Aug 24 04:32:31.635644 dv-cinder-854263-1-iscsi neutron-server[106346]: DEBUG neutron.pecan_wsgi.hooks.policy_enforcement [req-c0623b7c-ce42-4e67-998a-bb111c03eb88 req-a2751eea-6100-422a-a169-983bd3332e1c service neutron] Attributes excluded by policy engine: ['standard_attr_id', 'shared', 'segment_id'] {{(pid=106346) _exclude_attributes_by_policy /opt/stack/neutron/neutron/pecan_wsgi/hooks/policy_enforcement.py:259}}
Aug 24 04:32:31.642225 dv-cinder-854263-1-iscsi neutron-server[106347]: DEBUG neutron_lib.callbacks.manager [req-048828d8-de46-40ce-ba82-80021224fc2e req-9ddcb583-ee14-48f3-bab7-dd66e74bed13 service neutron] Publish callbacks [] for security_group (378ed4e2-8d2a-4e3c-b4f4-6bc3a16a9b0e), precommit_create {{(pid=106347) _notify_loop /usr/local/lib/python3.8/dist-packages/neutron_lib/callbacks/manager.py:176}}
Aug 24 04:32:31.645619 dv-cinder-854263-1-iscsi neutron-server[106346]: INFO neutron.wsgi [req-c0623b7c-ce42-4e67-998a-bb111c03eb88 req-a2751eea-6100-422a-a169-983bd3332e1c service neutron] 10.222.0.99 "GET /networking/v2.0/subnets?id=06060eaf-6c24-4787-9ccb-2ff15fcee2cf HTTP/1.1" status: 200 len: 849 time: 0.9356136
Aug 24 04:32:31.659519 dv-cinder-854263-1-iscsi neutron-server[106347]: DEBUG neutron_lib.callbacks.manager [None req-34ea3cbb-59aa-4cc4-ab11-4cee5a8fd5b1 admin admin] Publish callbacks ['neutron.plugins.ml2.ovo_rpc._ObjectChangeHandler.handle_event-1653876'] for security_group (76eb92b2-28dc-424c-bff1-80d538f6fb08), after_delete {{(pid=106347) _notify_loop /usr/local/lib/python3.8/dist-packages/neutron_lib/callbacks/manager.py:176}}
Aug 24 04:32:31.680695 dv-cinder-854263-1-iscsi neutron-server[106347]: DEBUG neutron_lib.callbacks.manager [None req-34ea3cbb-59aa-4cc4-ab11-4cee5a8fd5b1 admin admin] Publish callbacks [] for security_group (None), before_response {{(pid=106347) _notify_loop /usr/local/lib/python3.8/dist-packages/neutron_lib/callbacks/manager.py:176}}
Aug 24 04:32:31.687201 dv-cinder-854263-1-iscsi neutron-server[106347]: INFO neutron.wsgi [None req-34ea3cbb-59aa-4cc4-ab11-4cee5a8fd5b1 admin admin] 10.222.0.89 "DELETE /networking/v2.0/security-groups/76eb92b2-28dc-424c-bff1-80d538f6fb08 HTTP/1.1" status: 204 len: 168 time: 1.7197466
Aug 24 04:32:31.753210 dv-cinder-854263-1-iscsi neutron-server[106347]: DEBUG neutron_lib.callbacks.manager [req-048828d8-de46-40ce-ba82-80021224fc2e req-9ddcb583-ee14-48f3-bab7-dd66e74bed13 service neutron] Publish callbacks ['neutron.plugins.ml2.ovo_rpc._ObjectChangeHandler.handle_event-1653876'] for security_group (378ed4e2-8d2a-4e3c-b4f4-6bc3a16a9b0e), after_create {{(pid=106347) _notify_loop /usr/local/lib/python3.8/dist-packages/neutron_lib/callbacks/manager.py:176}}
Aug 24 04:32:31.765034 dv-cinder-854263-1-iscsi neutron-server[106346]: INFO neutron.wsgi [req-56b0956b-f3b3-4836-ad81-0367e6bfacfd req-3426bf04-ffab-4e39-a90c-3c33dc37dcac tempest-DeleteServersTestJSON-375833558 tempest-DeleteServersTestJSON-375833558-project] 10.222.0.89 "GET /networking/v2.0/security-groups?id=0b0a85f7-e4a5-431e-9dca-4527e698c5ce&fields=id&fields=name HTTP/1.1" status: 200 len: 286 time: 1.0945215
Aug 24 04:32:31.795783 dv-cinder-854263-1-iscsi neutron-server[106347]: DEBUG neutron.api.rpc.handlers.resources_rpc [None req-34ea3cbb-59aa-4cc4-ab11-4cee5a8fd5b1 admin admin] Pushing event deleted for resources: {'SecurityGroup': ['ID=76eb92b2-28dc-424c-bff1-80d538f6fb08,revision_number=None']} {{(pid=106347) push /opt/stack/neutron/neutron/api/rpc/handlers/resources_rpc.py:237}}
Aug 24 04:32:31.878612 dv-cinder-854263-1-iscsi neutron-server[106348]: DEBUG neutron.notifiers.nova [-] Sending events: [{'server_uuid': '83e60a86-8955-4f01-bae7-44b328a98408', 'name': 'network-vif-plugged', 'status': 'completed', 'tag': 'c3155a3a-2495-41c1-9645-5980e49be627'}] {{(pid=106348) send_events /opt/stack/neutron/neutron/notifiers/nova.py:271}}
Aug 24 04:32:31.884657 dv-cinder-854263-1-iscsi neutron-server[106348]: DEBUG novaclient.v2.client [-] REQ: curl -g -i --cacert "/opt/stack/data/ca-bundle.pem" -X POST http://10.222.0.89/compute/v2.1/os-server-external-events -H "Accept: application/json" -H "Content-Type: application/json" -H "User-Agent: python-novaclient" -H "X-Auth-Token: {SHA256}42245996543e7f3d4fbbd2415fd244c55fd0a1303713188c6fdead5da3e98453" -H "X-OpenStack-Nova-API-Version: 2.1" -H "X-OpenStack-Request-ID: req-c6f12302-9c00-48d0-af36-b56c86397c9a" -d '{"events": [{"server_uuid": "83e60a86-8955-4f01-bae7-44b328a98408", "name": "network-vif-plugged", "status": "completed", "tag": "c3155a3a-2495-41c1-9645-5980e49be627"}]}' {{(pid=106348) _http_log_request /usr/local/lib/python3.8/dist-packages/keystoneauth1/session.py:519}}
Aug 24 04:32:31.890525 dv-cinder-854263-1-iscsi neutron-server[106346]: DEBUG neutron.pecan_wsgi.hooks.policy_enforcement [req-f186e0df-9c6f-45ae-8b83-7a3c7d66d8bb req-8c388c37-f902-4971-916a-55a9b196d5e5 tempest-AttachVolumeNegativeTest-63585812 tempest-AttachVolumeNegativeTest-63585812-project] Attributes excluded by policy engine: ['standard_attr_id', 'vlan_transparent', 'provider:network_type', 'provider:physical_network', 'provider:segmentation_id'] {{(pid=106346) _exclude_attributes_by_policy /opt/stack/neutron/neutron/pecan_wsgi/hooks/policy_enforcement.py:259}}
Aug 24 04:32:31.893192 dv-cinder-854263-1-iscsi neutron-server[106346]: INFO neutron.wsgi [req-f186e0df-9c6f-45ae-8b83-7a3c7d66d8bb req-8c388c37-f902-4971-916a-55a9b196d5e5 tempest-AttachVolumeNegativeTest-63585812 tempest-AttachVolumeNegativeTest-63585812-project] 10.222.0.99 "GET /networking/v2.0/networks?id=072e6069-27be-42a9-8064-dc0e6d2071ea HTTP/1.1" status: 200 len: 814 time: 1.5569196
Aug 24 04:32:31.902920 dv-cinder-854263-1-iscsi neutron-server[106347]: DEBUG neutron.api.rpc.callbacks.version_manager [None req-34ea3cbb-59aa-4cc4-ab11-4cee5a8fd5b1 admin admin] Version for resource type AddressGroup changed None to 1.2 on consumer Open vSwitch agent@dv-cinder-854263-1-iscsi {{(pid=106347) _set_version /opt/stack/neutron/neutron/api/rpc/callbacks/version_manager.py:113}}
Aug 24 04:32:31.903372 dv-cinder-854263-1-iscsi neutron-server[106347]: DEBUG neutron.api.rpc.callbacks.version_manager [None req-34ea3cbb-59aa-4cc4-ab11-4cee5a8fd5b1 admin admin] Version for resource type Agent changed None to 1.1 on consumer Open vSwitch agent@dv-cinder-854263-1-iscsi {{(pid=106347) _set_version /opt/stack/neutron/neutron/api/rpc/callbacks/version_manager.py:113}}
Aug 24 04:32:31.910097 dv-cinder-854263-1-iscsi neutron-server[106347]: DEBUG neutron.api.rpc.callbacks.version_manager [None req-34ea3cbb-59aa-4cc4-ab11-4cee5a8fd5b1 admin admin] Version for resource type ConntrackHelper changed None to 1.0 on consumer Open vSwitch agent@dv-cinder-854263-1-iscsi {{(pid=106347) _set_version /opt/stack/neutron/neutron/api/rpc/callbacks/version_manager.py:113}}
Aug 24 04:32:31.910631 dv-cinder-854263-1-iscsi neutron-server[106347]: DEBUG neutron.api.rpc.callbacks.version_manager [None req-34ea3cbb-59aa-4cc4-ab11-4cee5a8fd5b1 admin admin] Version for resource type LocalIPAssociation changed None to 1.0 on consumer Open vSwitch agent@dv-cinder-854263-1-iscsi {{(pid=106347) _set_version /opt/stack/neutron/neutron/api/rpc/callbacks/version_manager.py:113}}
Aug 24 04:32:31.911027 dv-cinder-854263-1-iscsi neutron-server[106347]: DEBUG neutron.api.rpc.callbacks.version_manager [None req-34ea3cbb-59aa-4cc4-ab11-4cee5a8fd5b1 admin admin] Version for resource type Log changed None to 1.0 on consumer Open vSwitch agent@dv-cinder-854263-1-iscsi {{(pid=106347) _set_version /opt/stack/neutron/neutron/api/rpc/callbacks/version_manager.py:113}}
Aug 24 04:32:31.911493 dv-cinder-854263-1-iscsi neutron-server[106347]: DEBUG neutron.api.rpc.callbacks.version_manager [None req-34ea3cbb-59aa-4cc4-ab11-4cee5a8fd5b1 admin admin] Version for resource type NDPProxy changed None to 1.0 on consumer Open vSwitch agent@dv-cinder-854263-1-iscsi {{(pid=106347) _set_version /opt/stack/neutron/neutron/api/rpc/callbacks/version_manager.py:113}}
Aug 24 04:32:31.916773 dv-cinder-854263-1-iscsi neutron-server[106347]: DEBUG neutron.api.rpc.callbacks.version_manager [None req-34ea3cbb-59aa-4cc4-ab11-4cee5a8fd5b1 admin admin] Version for resource type Network changed None to 1.1 on consumer Open vSwitch agent@dv-cinder-854263-1-iscsi {{(pid=106347) _set_version /opt/stack/neutron/neutron/api/rpc/callbacks/version_manager.py:113}}
Aug 24 04:32:31.916773 dv-cinder-854263-1-iscsi neutron-server[106347]: DEBUG neutron.api.rpc.callbacks.version_manager [None req-34ea3cbb-59aa-4cc4-ab11-4cee5a8fd5b1 admin admin] Version for resource type Port changed None to 1.7 on consumer Open vSwitch agent@dv-cinder-854263-1-iscsi {{(pid=106347) _set_version /opt/stack/neutron/neutron/api/rpc/callbacks/version_manager.py:113}}
Aug 24 04:32:31.917135 dv-cinder-854263-1-iscsi neutron-server[106347]: DEBUG neutron.api.rpc.callbacks.version_manager [None req-34ea3cbb-59aa-4cc4-ab11-4cee5a8fd5b1 admin admin] Version for resource type PortForwarding changed None to 1.3 on consumer Open vSwitch agent@dv-cinder-854263-1-iscsi {{(pid=106347) _set_version /opt/stack/neutron/neutron/api/rpc/callbacks/version_manager.py:113}}
Aug 24 04:32:31.917407 dv-cinder-854263-1-iscsi neutron-server[106347]: DEBUG neutron.api.rpc.callbacks.version_manager [None req-34ea3cbb-59aa-4cc4-ab11-4cee5a8fd5b1 admin admin] Version for resource type QosPolicy changed None to 1.10 on consumer Open vSwitch agent@dv-cinder-854263-1-iscsi {{(pid=106347) _set_version /opt/stack/neutron/neutron/api/rpc/callbacks/version_manager.py:113}}
Aug 24 04:32:31.917762 dv-cinder-854263-1-iscsi neutron-server[106347]: DEBUG neutron.api.rpc.callbacks.version_manager [None req-34ea3cbb-59aa-4cc4-ab11-4cee5a8fd5b1 admin admin] Version for resource type SecurityGroup changed None to 1.5 on consumer Open vSwitch agent@dv-cinder-854263-1-iscsi {{(pid=106347) _set_version /opt/stack/neutron/neutron/api/rpc/callbacks/version_manager.py:113}}
Aug 24 04:32:31.920739 dv-cinder-854263-1-iscsi neutron-server[106347]: DEBUG neutron.api.rpc.callbacks.version_manager [None req-34ea3cbb-59aa-4cc4-ab11-4cee5a8fd5b1 admin admin] Version for resource type SecurityGroupRule changed None to 1.2 on consumer Open vSwitch agent@dv-cinder-854263-1-iscsi {{(pid=106347) _set_version /opt/stack/neutron/neutron/api/rpc/callbacks/version_manager.py:113}}
Aug 24 04:32:31.921405 dv-cinder-854263-1-iscsi neutron-server[106347]: DEBUG neutron.api.rpc.callbacks.version_manager [None req-34ea3cbb-59aa-4cc4-ab11-4cee5a8fd5b1 admin admin] Version for resource type SubPort changed None to 1.0 on consumer Open vSwitch agent@dv-cinder-854263-1-iscsi {{(pid=106347) _set_version /opt/stack/neutron/neutron/api/rpc/callbacks/version_manager.py:113}}
Aug 24 04:32:31.921962 dv-cinder-854263-1-iscsi neutron-server[106347]: DEBUG neutron.api.rpc.callbacks.version_manager [None req-34ea3cbb-59aa-4cc4-ab11-4cee5a8fd5b1 admin admin] Version for resource type Subnet changed None to 1.1 on consumer Open vSwitch agent@dv-cinder-854263-1-iscsi {{(pid=106347) _set_version /opt/stack/neutron/neutron/api/rpc/callbacks/version_manager.py:113}}
Aug 24 04:32:31.922522 dv-cinder-854263-1-iscsi neutron-server[106347]: DEBUG neutron.api.rpc.callbacks.version_manager [None req-34ea3cbb-59aa-4cc4-ab11-4cee5a8fd5b1 admin admin] Version for resource type Trunk changed None to 1.1 on consumer Open vSwitch agent@dv-cinder-854263-1-iscsi {{(pid=106347) _set_version /opt/stack/neutron/neutron/api/rpc/callbacks/version_manager.py:113}}
Aug 24 04:32:32.008191 dv-cinder-854263-1-iscsi neutron-server[106348]: DEBUG neutron.plugins.ml2.db [None req-8bfbd0e7-31b1-41ae-b55c-13db08db910f None None] For port c3155a3a-2495-41c1-9645-5980e49be627, host hv-cinder-85426, got binding levels [PortBindingLevel(driver='hyperv',host='hv-cinder-85426',level=0,port_id=c3155a3a-2495-41c1-9645-5980e49be627,segment=NetworkSegment(d9c70cd5-f0da-4c0f-81da-ea7482b92f55),segment_id=d9c70cd5-f0da-4c0f-81da-ea7482b92f55)] {{(pid=106348) get_binding_level_objs /opt/stack/neutron/neutron/plugins/ml2/db.py:74}}
