Aug 29 20:23:02.231703 dv-cinder-854262-2-smb neutron-server[106488]: DEBUG neutron_lib.callbacks.manager [None req-4a6b9dae-33c4-4ce8-b6b0-a2c0c0ebd2d3 tempest-AttachVolumeTestJSON-1341691401 tempest-AttachVolumeTestJSON-1341691401-project] Publish callbacks ['neutron.services.l3_router.l3_router_plugin.DVRResourceOperationHandler._create_dvr_floating_gw_port-3764100'] for floatingip (843eee37-bfff-4962-9412-d4db00606b39), after_create {{(pid=106488) _notify_loop /usr/local/lib/python3.8/dist-packages/neutron_lib/callbacks/manager.py:176}}
Aug 29 20:23:02.298157 dv-cinder-854262-2-smb neutron-server[106489]: DEBUG neutron.api.rpc.handlers.resources_rpc [None req-1068a21c-c479-4fb8-958a-90d9295f16cf None None] Pushing event updated for resources: {'Port': ['ID=b6c516e3-5fc4-4cad-a2c5-6f3cb50c7479,revision_number=4']} {{(pid=106489) push /opt/stack/neutron/neutron/api/rpc/handlers/resources_rpc.py:237}}
Aug 29 20:23:02.317847 dv-cinder-854262-2-smb neutron-server[106489]: DEBUG neutron_lib.callbacks.manager [None req-efdf2b40-0fbc-424f-ba3a-3c915c07361b None None] Publish callbacks ['neutron.services.segments.db._update_segment_host_mapping_for_agent-8783328057137', 'neutron.plugins.ml2.plugin.Ml2Plugin._retry_binding_revived_agents-600772'] for agent (d497a21d-294b-4b75-b439-7e386405a519), after_update {{(pid=106489) _notify_loop /usr/local/lib/python3.8/dist-packages/neutron_lib/callbacks/manager.py:176}}
Aug 29 20:23:02.358499 dv-cinder-854262-2-smb neutron-server[106488]: DEBUG neutron_lib.callbacks.manager [None req-4a6b9dae-33c4-4ce8-b6b0-a2c0c0ebd2d3 tempest-AttachVolumeTestJSON-1341691401 tempest-AttachVolumeTestJSON-1341691401-project] Publish callbacks ['neutron.notifiers.nova.Notifier._send_nova_notification-206497'] for floatingip (None), before_response {{(pid=106488) _notify_loop /usr/local/lib/python3.8/dist-packages/neutron_lib/callbacks/manager.py:176}}
Aug 29 20:23:02.363616 dv-cinder-854262-2-smb neutron-server[106488]: INFO neutron.wsgi [None req-4a6b9dae-33c4-4ce8-b6b0-a2c0c0ebd2d3 tempest-AttachVolumeTestJSON-1341691401 tempest-AttachVolumeTestJSON-1341691401-project] 10.222.0.20 "POST /networking/v2.0/floatingips HTTP/1.1" status: 201 len: 692 time: 6.7563748
Aug 29 20:23:02.381303 dv-cinder-854262-2-smb neutron-server[106489]: DEBUG neutron.db.l3_dvr_db [None req-04d32407-4fcb-4918-910d-406db5f875fc None None] Set router 1577110d-3327-4b59-8600-ef649f437da9 gateway port host: dv-cinder-854262-2-smb {{(pid=106489) _build_routers_list /opt/stack/neutron/neutron/db/l3_dvr_db.py:907}}
Aug 29 20:23:02.530915 dv-cinder-854262-2-smb neutron-server[106487]: DEBUG dbcounter [-] [106487] Writing DB stats neutron:SELECT=91,neutron:UPDATE=2,neutron:INSERT=7 {{(pid=106487) stat_writer /usr/local/lib/python3.8/dist-packages/dbcounter.py:114}}
Aug 29 20:23:02.541555 dv-cinder-854262-2-smb neutron-server[106487]: DEBUG neutron.pecan_wsgi.hooks.policy_enforcement [req-442db078-4347-4f29-b6a8-9122b3dbaa6a req-742b8561-2544-470f-a842-6444fd6d2f0e service neutron] Attributes excluded by policy engine: ['standard_attr_id'] {{(pid=106487) _exclude_attributes_by_policy /opt/stack/neutron/neutron/pecan_wsgi/hooks/policy_enforcement.py:259}}
Aug 29 20:23:02.546687 dv-cinder-854262-2-smb neutron-server[106487]: INFO neutron.wsgi [req-442db078-4347-4f29-b6a8-9122b3dbaa6a req-742b8561-2544-470f-a842-6444fd6d2f0e service neutron] 10.222.0.71 "GET /networking/v2.0/ports?tenant_id=7fcf5b6d03c04c41a795589323962e78&device_id=d50dcd94-0fea-4c68-a799-ea96c6e620a5 HTTP/1.1" status: 200 len: 1127 time: 0.2526236
Aug 29 20:23:02.577415 dv-cinder-854262-2-smb neutron-server[106487]: DEBUG novaclient.v2.client [-] REQ: curl -g -i --cacert "/opt/stack/data/ca-bundle.pem" -X POST http://10.222.0.20/compute/v2.1/os-server-external-events -H "Accept: application/json" -H "Content-Type: application/json" -H "User-Agent: python-novaclient" -H "X-Auth-Token: {SHA256}8b7ca4a174d096701dd4e10df0ae22768c0c3500bd5fcf6bf34fef32a2bce94d" -H "X-OpenStack-Nova-API-Version: 2.1" -H "X-OpenStack-Request-ID: req-688a3666-0171-4d5c-a4b6-aba42e86813a" -d '{"events": [{"name": "network-changed", "server_uuid": "d50dcd94-0fea-4c68-a799-ea96c6e620a5", "tag": "6b8aece3-166a-4aa5-a5d4-73c131f65454"}]}' {{(pid=106487) _http_log_request /usr/local/lib/python3.8/dist-packages/keystoneauth1/session.py:519}}
Aug 29 20:23:02.690967 dv-cinder-854262-2-smb neutron-server[106487]: DEBUG dbcounter [-] [106487] Writing DB stats neutron:SELECT=85,neutron:UPDATE=8,neutron:INSERT=7 {{(pid=106487) stat_writer /usr/local/lib/python3.8/dist-packages/dbcounter.py:114}}
Aug 29 20:23:02.762389 dv-cinder-854262-2-smb neutron-server[106487]: DEBUG neutron.api.rpc.handlers.resources_rpc [None req-dc918e2a-ce85-4a55-9e4e-417cbe002a4a service neutron] Pushing event updated for resources: {'Port': ['ID=6b8aece3-166a-4aa5-a5d4-73c131f65454,revision_number=3']} {{(pid=106487) push /opt/stack/neutron/neutron/api/rpc/handlers/resources_rpc.py:237}}
Aug 29 20:23:02.767770 dv-cinder-854262-2-smb neutron-server[106488]: DEBUG neutron.api.rpc.handlers.resources_rpc [None req-4a6b9dae-33c4-4ce8-b6b0-a2c0c0ebd2d3 tempest-AttachVolumeTestJSON-1341691401 tempest-AttachVolumeTestJSON-1341691401-project] Pushing event updated for resources: {'Port': ['ID=dc84eb4d-d6b3-488f-867b-a8fc9788485c,revision_number=2']} {{(pid=106488) push /opt/stack/neutron/neutron/api/rpc/handlers/resources_rpc.py:237}}
Aug 29 20:23:02.883635 dv-cinder-854262-2-smb neutron-server[106489]: DEBUG neutron.db.l3_hamode_db [None req-04d32407-4fcb-4918-910d-406db5f875fc None None] neutron.services.l3_router.l3_router_plugin.L3RouterPlugin method _process_sync_ha_data called with arguments (, [{'id': '1577110d-3327-4b59-8600-ef649f437da9', 'name': 'tempest-AttachVolumeTestJSON-858349649-router', 'tenant_id': 'a34cad2b6a8742cbae2a54b0826e69af', 'admin_state_up': True, 'status': 'ACTIVE', 'external_gateway_info': {'network_id': '3be30783-9552-46b2-a65d-9f24bf7b7ca0', 'external_fixed_ips': [{'subnet_id': '2b731374-24fb-4128-8b50-095166611ca2', 'ip_address': '172.28.1.38'}], 'enable_snat': True}, 'gw_port_id': '419f389d-b37b-4365-a35c-26a97dd66669', 'description': '', 'availability_zones': ['nova'], 'distributed': False, 'ha': False, 'ha_vr_id': 0, 'availability_zone_hints': [], 'routes': [], 'flavor_id': None, 'tags': [], 'created_at': '2022-08-29T20:22:34Z', 'updated_at': '2022-08-29T20:22:46Z', 'revision_number': 4, 'project_id': 'a34cad2b6a8742cbae2a54b0826e69af', 'gw_port': {'id': '419f389d-b37b-4365-a35c-26a97dd66669', 'name': '', 'network_id': '3be30783-9552-46b2-a65d-9f24bf7b7ca0', 'tenant_id': '', 'mac_address': 'fa:16:3e:7c:46:b8', 'admin_state_up': True, 'status': 'ACTIVE', 'device_id': '1577110d-3327-4b59-8600-ef649f437da9', 'device_owner': 'network:router_gateway', 'standard_attr_id': 64, 'fixed_ips': [{'subnet_id': '2b731374-24fb-4128-8b50-095166611ca2', 'ip_address': '172.28.1.38', 'prefixlen': 24}], 'allowed_address_pairs': [], 'extra_dhcp_opts': [], 'security_groups': [], 'description': '', 'binding:vnic_type': 'normal', 'binding:profile': {}, 'binding:host_id': 'dv-cinder-854262-2-smb', 'binding:vif_type': 'ovs', 'binding:vif_details': {'connectivity': 'l2', 'port_filter': True, 'ovs_hybrid_plug': False, 'datapath_type': 'system', 'bridge_name': 'br-int', 'bound_drivers': {'0': 'openvswitch'}}, 'port_security_enabled': False, 'tags': [], 'created_at': '2022-08-29T20:22:36Z', 'updated_at': '2022-08-29T20:22:54Z', 'revision_number': 4, 'project_id': '', 'subnets': [{'id': '2b731374-24fb-4128-8b50-095166611ca2', 'cidr': '172.28.1.0/24', 'gateway_ip': '172.28.1.1', 'dns_nameservers': [], 'ipv6_ra_mode': None, 'subnetpool_id': None}], 'extra_subnets': [], 'address_scopes': {4: None, 6: None}, 'mtu': 1500}, 'enable_snat': True, 'gw_port_host': 'dv-cinder-854262-2-smb', '_interfaces': [{'id': 'b6c516e3-5fc4-4cad-a2c5-6f3cb50c7479', 'name': '', 'network_id': '516b3adb-b23c-475d-8486-b0652463eb80', 'tenant_id': 'a34cad2b6a8742cbae2a54b0826e69af', 'mac_address': 'fa:16:3e:c2:3c:3e', 'admin_state_up': True, 'status': 'DOWN', 'device_id': '1577110d-3327-4b59-8600-ef649f437da9', 'device_owner': 'network:router_interface', 'standard_attr_id': 91, 'fixed_ips': [{'subnet_id': '874fdd25-82b4-4aa2-a68b-bf1baf8d6bf4', 'ip_address': '172.20.0.1', 'prefixlen': 28}], 'allowed_address_pairs': [], 'extra_dhcp_opts': [], 'security_groups': [], 'description': '', 'binding:vnic_type': 'normal', 'binding:profile': {}, 'binding:host_id': 'dv-cinder-854262-2-smb', 'binding:vif_type': 'ovs', 'binding:vif_details': {'connectivity': 'l2', 'port_filter': True, 'ovs_hybrid_plug': False, 'datapath_type': 'system', 'bridge_name': 'br-int', 'bound_drivers': {'0': 'openvswitch'}}, 'port_security_enabled': False, 'tags': [], 'created_at': '2022-08-29T20:22:45Z', 'updated_at': '2022-08-29T20:23:01Z', 'revision_number': 4, 'project_id': 'a34cad2b6a8742cbae2a54b0826e69af', 'subnets': [{'id': '874fdd25-82b4-4aa2-a68b-bf1baf8d6bf4', 'cidr': '172.20.0.0/28', 'gateway_ip': '172.20.0.1', 'dns_nameservers': [], 'ipv6_ra_mode': None, 'subnetpool_id': None}], 'extra_subnets': [], 'address_scopes': {4: None, 6: None}, 'mtu': 1500}]}], 'dv-cinder-854262-2-smb', False) {} {{(pid=106489) wrapper /usr/local/lib/python3.8/dist-packages/oslo_log/helpers.py:65}}
Aug 29 20:23:02.969771 dv-cinder-854262-2-smb neutron-server[106489]: DEBUG neutron.api.rpc.handlers.l3_rpc [None req-04d32407-4fcb-4918-910d-406db5f875fc None None] The sync data for ids ['1577110d-3327-4b59-8600-ef649f437da9'] in dv-cinder-854262-2-smb is: [{'id': '1577110d-3327-4b59-8600-ef649f437da9', 'name': 'tempest-AttachVolumeTestJSON-858349649-router', 'tenant_id': 'a34cad2b6a8742cbae2a54b0826e69af', 'admin_state_up': True, 'status': 'ACTIVE', 'external_gateway_info': {'network_id': '3be30783-9552-46b2-a65d-9f24bf7b7ca0', 'external_fixed_ips': [{'subnet_id': '2b731374-24fb-4128-8b50-095166611ca2', 'ip_address': '172.28.1.38'}], 'enable_snat': True}, 'gw_port_id': '419f389d-b37b-4365-a35c-26a97dd66669', 'description': '', 'availability_zones': ['nova'], 'distributed': False, 'ha': False, 'ha_vr_id': 0, 'availability_zone_hints': [], 'routes': [], 'flavor_id': None, 'tags': [], 'created_at': '2022-08-29T20:22:34Z', 'updated_at': '2022-08-29T20:22:46Z', 'revision_number': 4, 'project_id': 'a34cad2b6a8742cbae2a54b0826e69af', 'gw_port': {'id': '419f389d-b37b-4365-a35c-26a97dd66669', 'name': '', 'network_id': '3be30783-9552-46b2-a65d-9f24bf7b7ca0', 'tenant_id': '', 'mac_address': 'fa:16:3e:7c:46:b8', 'admin_state_up': True, 'status': 'ACTIVE', 'device_id': '1577110d-3327-4b59-8600-ef649f437da9', 'device_owner': 'network:router_gateway', 'standard_attr_id': 64, 'fixed_ips': [{'subnet_id': '2b731374-24fb-4128-8b50-095166611ca2', 'ip_address': '172.28.1.38', 'prefixlen': 24}], 'allowed_address_pairs': [], 'extra_dhcp_opts': [], 'security_groups': [], 'description': '', 'binding:vnic_type': 'normal', 'binding:profile': {}, 'binding:host_id': 'dv-cinder-854262-2-smb', 'binding:vif_type': 'ovs', 'binding:vif_details': {'connectivity': 'l2', 'port_filter': True, 'ovs_hybrid_plug': False, 'datapath_type': 'system', 'bridge_name': 'br-int', 'bound_drivers': {'0': 'openvswitch'}}, 'port_security_enabled': False, 'tags': [], 'created_at': '2022-08-29T20:22:36Z', 'updated_at': '2022-08-29T20:22:54Z', 'revision_number': 4, 'project_id': '', 'subnets': [{'id': '2b731374-24fb-4128-8b50-095166611ca2', 'cidr': '172.28.1.0/24', 'gateway_ip': '172.28.1.1', 'dns_nameservers': [], 'ipv6_ra_mode': None, 'subnetpool_id': None}], 'extra_subnets': [], 'address_scopes': {4: None, 6: None}, 'mtu': 1500}, 'enable_snat': True, 'gw_port_host': 'dv-cinder-854262-2-smb', '_interfaces': [{'id': 'b6c516e3-5fc4-4cad-a2c5-6f3cb50c7479', 'name': '', 'network_id': '516b3adb-b23c-475d-8486-b0652463eb80', 'tenant_id': 'a34cad2b6a8742cbae2a54b0826e69af', 'mac_address': 'fa:16:3e:c2:3c:3e', 'admin_state_up': True, 'status': 'DOWN', 'device_id': '1577110d-3327-4b59-8600-ef649f437da9', 'device_owner': 'network:router_interface', 'standard_attr_id': 91, 'fixed_ips': [{'subnet_id': '874fdd25-82b4-4aa2-a68b-bf1baf8d6bf4', 'ip_address': '172.20.0.1', 'prefixlen': 28}], 'allowed_address_pairs': [], 'extra_dhcp_opts': [], 'security_groups': [], 'description': '', 'binding:vnic_type': 'normal', 'binding:profile': {}, 'binding:host_id': 'dv-cinder-854262-2-smb', 'binding:vif_type': 'ovs', 'binding:vif_details': {'connectivity': 'l2', 'port_filter': True, 'ovs_hybrid_plug': False, 'datapath_type': 'system', 'bridge_name': 'br-int', 'bound_drivers': {'0': 'openvswitch'}}, 'port_security_enabled': False, 'tags': [], 'created_at': '2022-08-29T20:22:45Z', 'updated_at': '2022-08-29T20:23:01Z', 'revision_number': 4, 'project_id': 'a34cad2b6a8742cbae2a54b0826e69af', 'subnets': [{'id': '874fdd25-82b4-4aa2-a68b-bf1baf8d6bf4', 'cidr': '172.20.0.0/28', 'gateway_ip': '172.20.0.1', 'dns_nameservers': [], 'ipv6_ra_mode': None, 'subnetpool_id': None}], 'extra_subnets': [], 'address_scopes': {4: None, 6: None}, 'mtu': 1500}]}] {{(pid=106489) sync_routers /opt/stack/neutron/neutron/api/rpc/handlers/l3_rpc.py:137}}
Aug 29 20:23:03.260161 dv-cinder-854262-2-smb neutron-server[106488]: DEBUG neutron.pecan_wsgi.hooks.policy_enforcement [req-efa1af34-d848-45e7-bf80-0468b76e7e47 req-e97cb707-3672-4cf7-8cd5-7f04265a9d4f tempest-ServerRescueNegativeTestJSON-1381687770 tempest-ServerRescueNegativeTestJSON-1381687770-project] Attributes excluded by policy engine: ['standard_attr_id', 'binding:profile', 'binding:host_id', 'binding:vif_type', 'binding:vif_details'] {{(pid=106488) _exclude_attributes_by_policy /opt/stack/neutron/neutron/pecan_wsgi/hooks/policy_enforcement.py:259}}
Aug 29 20:23:03.265131 dv-cinder-854262-2-smb neutron-server[106488]: INFO neutron.wsgi [req-efa1af34-d848-45e7-bf80-0468b76e7e47 req-e97cb707-3672-4cf7-8cd5-7f04265a9d4f tempest-ServerRescueNegativeTestJSON-1381687770 tempest-ServerRescueNegativeTestJSON-1381687770-project] 10.222.0.20 "GET /networking/v2.0/ports?device_id=d3d33a9b-76ae-47fa-a286-05cc4af78ace HTTP/1.1" status: 200 len: 931 time: 0.6467714
Aug 29 20:23:03.472603 dv-cinder-854262-2-smb neutron-server[106488]: INFO neutron.wsgi [req-efa1af34-d848-45e7-bf80-0468b76e7e47 req-208d07dc-ce81-4cf4-97f9-f63a3449cbef tempest-ServerRescueNegativeTestJSON-1381687770 tempest-ServerRescueNegativeTestJSON-1381687770-project] 10.222.0.20 "GET /networking/v2.0/security-groups?id=290a14ad-b2d4-4bb6-8f4b-941ccc4b5df5&fields=id&fields=name HTTP/1.1" status: 200 len: 286 time: 0.1340733
Aug 29 20:23:03.513791 dv-cinder-854262-2-smb neutron-server[106487]: DEBUG novaclient.v2.client [-] RESP: [200] Connection: close Content-Length: 179 Content-Type: application/json Date: Mon, 29 Aug 2022 20:23:02 GMT OpenStack-API-Version: compute 2.1 Server: Apache/2.4.41 (Ubuntu) Vary: OpenStack-API-Version,X-OpenStack-Nova-API-Version X-OpenStack-Nova-API-Version: 2.1 x-compute-request-id: req-063d516d-02e3-4e2a-9095-66223de54105 x-openstack-request-id: req-063d516d-02e3-4e2a-9095-66223de54105 {{(pid=106487) _http_log_response /usr/local/lib/python3.8/dist-packages/keystoneauth1/session.py:550}}
Aug 29 20:23:03.515069 dv-cinder-854262-2-smb neutron-server[106487]: DEBUG novaclient.v2.client [-] RESP BODY: {"events": [{"name": "network-changed", "server_uuid": "d50dcd94-0fea-4c68-a799-ea96c6e620a5", "tag": "6b8aece3-166a-4aa5-a5d4-73c131f65454", "status": "completed", "code": 200}]} {{(pid=106487) _http_log_response /usr/local/lib/python3.8/dist-packages/keystoneauth1/session.py:582}}
Aug 29 20:23:03.515726 dv-cinder-854262-2-smb neutron-server[106487]: DEBUG novaclient.v2.client [-] POST call to compute for http://10.222.0.20/compute/v2.1/os-server-external-events used request id req-063d516d-02e3-4e2a-9095-66223de54105 {{(pid=106487) request /usr/local/lib/python3.8/dist-packages/keystoneauth1/session.py:954}}
Aug 29 20:23:03.516691 dv-cinder-854262-2-smb neutron-server[106487]: INFO neutron.notifiers.nova [-] Nova event matching ['req-063d516d-02e3-4e2a-9095-66223de54105'] response: {'name': 'network-changed', 'server_uuid': 'd50dcd94-0fea-4c68-a799-ea96c6e620a5', 'tag': '6b8aece3-166a-4aa5-a5d4-73c131f65454', 'status': 'completed', 'code': 200}
Aug 29 20:23:03.518147 dv-cinder-854262-2-smb neutron-server[106487]: DEBUG neutron.api.rpc.handlers.resources_rpc [None req-6d99e53c-c2a5-43eb-b884-d5a14159c2ea service neutron] Pushing event updated for resources: {'Port': ['ID=e1e56677-199f-4f8f-8a0a-c232191a5543,revision_number=2']} {{(pid=106487) push /opt/stack/neutron/neutron/api/rpc/handlers/resources_rpc.py:237}}
Aug 29 20:23:03.531351 dv-cinder-854262-2-smb neutron-server[106487]: INFO neutron.wsgi [req-442db078-4347-4f29-b6a8-9122b3dbaa6a req-d00911a0-3bc8-40ae-964e-7464146a975b service neutron] 10.222.0.71 "GET /networking/v2.0/floatingips?fixed_ip_address=172.20.0.7&port_id=6b8aece3-166a-4aa5-a5d4-73c131f65454 HTTP/1.1" status: 200 len: 217 time: 0.8315535
Aug 29 20:23:03.558841 dv-cinder-854262-2-smb neutron-server[106487]: DEBUG neutron_lib.callbacks.manager [None req-451aa21f-c000-4b93-8fb5-32716477ac6e admin admin] Publish callbacks [] for security_group (ebe20335-fc9d-4d4b-ba03-094fb4fb5a96), precommit_create {{(pid=106487) _notify_loop /usr/local/lib/python3.8/dist-packages/neutron_lib/callbacks/manager.py:176}}
Aug 29 20:23:03.572250 dv-cinder-854262-2-smb neutron-server[106487]: DEBUG neutron.plugins.ml2.managers [req-8b947ad5-af98-48d5-8409-a477743e2f13 req-6d99e53c-c2a5-43eb-b884-d5a14159c2ea service neutron] Attempting to bind port e1e56677-199f-4f8f-8a0a-c232191a5543 on host hv-cinder-85426 for vnic_type normal with profile {{(pid=106487) bind_port /opt/stack/neutron/neutron/plugins/ml2/managers.py:810}}
Aug 29 20:23:03.573649 dv-cinder-854262-2-smb neutron-server[106487]: DEBUG neutron.plugins.ml2.managers [req-8b947ad5-af98-48d5-8409-a477743e2f13 req-6d99e53c-c2a5-43eb-b884-d5a14159c2ea service neutron] Attempting to bind port e1e56677-199f-4f8f-8a0a-c232191a5543 by drivers openvswitch,hyperv on host hv-cinder-85426 at level 0 using segments [{'id': '2328a443-f6ca-4a07-b3eb-4cee578372ed', 'network_type': 'vlan', 'physical_network': 'physnet1', 'segmentation_id': 1775, 'network_id': '03c6e91e-eb83-4738-b295-105bf9bea9be'}] {{(pid=106487) _bind_port_level /opt/stack/neutron/neutron/plugins/ml2/managers.py:835}}
Aug 29 20:23:03.574389 dv-cinder-854262-2-smb neutron-server[106487]: DEBUG neutron.plugins.ml2.drivers.mech_agent [req-8b947ad5-af98-48d5-8409-a477743e2f13 req-6d99e53c-c2a5-43eb-b884-d5a14159c2ea service neutron] Attempting to bind port e1e56677-199f-4f8f-8a0a-c232191a5543 on network 03c6e91e-eb83-4738-b295-105bf9bea9be {{(pid=106487) bind_port /opt/stack/neutron/neutron/plugins/ml2/drivers/mech_agent.py:91}}
Aug 29 20:23:03.674392 dv-cinder-854262-2-smb neutron-server[106487]: DEBUG neutron_lib.callbacks.manager [None req-451aa21f-c000-4b93-8fb5-32716477ac6e admin admin] Publish callbacks ['neutron.plugins.ml2.ovo_rpc._ObjectChangeHandler.handle_event-3789711'] for security_group (ebe20335-fc9d-4d4b-ba03-094fb4fb5a96), after_create {{(pid=106487) _notify_loop /usr/local/lib/python3.8/dist-packages/neutron_lib/callbacks/manager.py:176}}
Aug 29 20:23:03.771248 dv-cinder-854262-2-smb neutron-server[106487]: DEBUG neutron.plugins.ml2.drivers.mech_agent [req-8b947ad5-af98-48d5-8409-a477743e2f13 req-6d99e53c-c2a5-43eb-b884-d5a14159c2ea service neutron] Port e1e56677-199f-4f8f-8a0a-c232191a5543 on network 03c6e91e-eb83-4738-b295-105bf9bea9be not bound, no agent of type Open vSwitch agent registered on host hv-cinder-85426 {{(pid=106487) bind_port /opt/stack/neutron/neutron/plugins/ml2/drivers/mech_agent.py:103}}
Aug 29 20:23:03.775615 dv-cinder-854262-2-smb neutron-server[106487]: DEBUG neutron.plugins.ml2.drivers.mech_agent [req-8b947ad5-af98-48d5-8409-a477743e2f13 req-6d99e53c-c2a5-43eb-b884-d5a14159c2ea service neutron] Attempting to bind port e1e56677-199f-4f8f-8a0a-c232191a5543 on network 03c6e91e-eb83-4738-b295-105bf9bea9be {{(pid=106487) bind_port /opt/stack/neutron/neutron/plugins/ml2/drivers/mech_agent.py:91}}
Aug 29 20:23:03.850111 dv-cinder-854262-2-smb neutron-server[106489]: DEBUG neutron_lib.callbacks.manager [None req-90e2ed20-710f-41cf-9849-b9650b2c0a91 None None] Publish callbacks ['neutron.services.segments.db._update_segment_host_mapping_for_agent-8783328057137', 'neutron.plugins.ml2.plugin.Ml2Plugin._retry_binding_revived_agents-600772'] for agent (16f15963-3dc2-45d9-93f4-e4f71c5f2a40), after_update {{(pid=106489) _notify_loop /usr/local/lib/python3.8/dist-packages/neutron_lib/callbacks/manager.py:176}}
Aug 29 20:23:03.891755 dv-cinder-854262-2-smb neutron-server[106489]: DEBUG neutron_lib.callbacks.manager [None req-8bbeef08-c928-470a-a281-a3806f5724ea None None] Publish callbacks ['neutron.services.segments.db._update_segment_host_mapping_for_agent-8783328057137', 'neutron.plugins.ml2.plugin.Ml2Plugin._retry_binding_revived_agents-600772'] for agent (876f56f0-2f66-493e-a42c-f93ba8822620), after_update {{(pid=106489) _notify_loop /usr/local/lib/python3.8/dist-packages/neutron_lib/callbacks/manager.py:176}}
Aug 29 20:23:03.928534 dv-cinder-854262-2-smb neutron-server[106487]: DEBUG neutron.plugins.ml2.drivers.mech_agent [req-8b947ad5-af98-48d5-8409-a477743e2f13 req-6d99e53c-c2a5-43eb-b884-d5a14159c2ea service neutron] Checking agent: {'id': '34020f7e-4775-43c6-bbfd-d240fde94170', 'agent_type': 'HyperV agent', 'binary': 'neutron-hyperv-agent', 'topic': 'N/A', 'host': 'hv-cinder-85426', 'admin_state_up': True, 'created_at': datetime.datetime(2022, 8, 29, 20, 20, 9), 'started_at': datetime.datetime(2022, 8, 29, 20, 20, 9), 'heartbeat_timestamp': datetime.datetime(2022, 8, 29, 20, 22, 39), 'description': None, 'resources_synced': None, 'availability_zone': None, 'alive': True, 'configurations': {'vswitch_mappings': {'physnet1$': 'br-data'}}, 'resource_versions': {}} {{(pid=106487) bind_port /opt/stack/neutron/neutron/plugins/ml2/drivers/mech_agent.py:110}}
Aug 29 20:23:03.929151 dv-cinder-854262-2-smb neutron-server[106487]: DEBUG neutron.plugins.ml2.drivers.mech_agent [req-8b947ad5-af98-48d5-8409-a477743e2f13 req-6d99e53c-c2a5-43eb-b884-d5a14159c2ea service neutron] Checking segment: {'id': '2328a443-f6ca-4a07-b3eb-4cee578372ed', 'network_type': 'vlan', 'physical_network': 'physnet1', 'segmentation_id': 1775, 'network_id': '03c6e91e-eb83-4738-b295-105bf9bea9be'} for mappings: {'physnet1$': 'br-data'} with network types: ['local', 'flat', 'vlan'] {{(pid=106487) check_segment_for_agent /opt/stack/neutron/neutron/plugins/ml2/drivers/mech_agent.py:373}}
Aug 29 20:23:03.929766 dv-cinder-854262-2-smb neutron-server[106487]: DEBUG neutron.plugins.ml2.drivers.mech_agent [req-8b947ad5-af98-48d5-8409-a477743e2f13 req-6d99e53c-c2a5-43eb-b884-d5a14159c2ea service neutron] Bound using segment: {'id': '2328a443-f6ca-4a07-b3eb-4cee578372ed', 'network_type': 'vlan', 'physical_network': 'physnet1', 'segmentation_id': 1775, 'network_id': '03c6e91e-eb83-4738-b295-105bf9bea9be'} {{(pid=106487) bind_port /opt/stack/neutron/neutron/plugins/ml2/drivers/mech_agent.py:120}}
Aug 29 20:23:03.944948 dv-cinder-854262-2-smb neutron-server[106487]: DEBUG neutron.plugins.ml2.managers [req-8b947ad5-af98-48d5-8409-a477743e2f13 req-6d99e53c-c2a5-43eb-b884-d5a14159c2ea service neutron] Bound port: e1e56677-199f-4f8f-8a0a-c232191a5543, host: hv-cinder-85426, vif_type: hyperv, vif_details: {"connectivity": "legacy", "port_filter": false}, binding_levels: [{'bound_driver': 'hyperv', 'bound_segment': {'id': '2328a443-f6ca-4a07-b3eb-4cee578372ed', 'network_type': 'vlan', 'physical_network': 'physnet1', 'segmentation_id': 1775, 'network_id': '03c6e91e-eb83-4738-b295-105bf9bea9be'}}] {{(pid=106487) _bind_port_level /opt/stack/neutron/neutron/plugins/ml2/managers.py:947}}
Aug 29 20:23:03.945376 dv-cinder-854262-2-smb neutron-server[106487]: DEBUG neutron_lib.callbacks.manager [req-8b947ad5-af98-48d5-8409-a477743e2f13 req-6d99e53c-c2a5-43eb-b884-d5a14159c2ea service neutron] Publish callbacks ['neutron.plugins.ml2.plugin.SecurityGroupDbMixin._ensure_default_security_group_handler-543543'] for port (e1e56677-199f-4f8f-8a0a-c232191a5543), before_update {{(pid=106487) _notify_loop /usr/local/lib/python3.8/dist-packages/neutron_lib/callbacks/manager.py:176}}
Aug 29 20:23:04.047223 dv-cinder-854262-2-smb neutron-server[106487]: DEBUG neutron.api.rpc.handlers.resources_rpc [None req-451aa21f-c000-4b93-8fb5-32716477ac6e admin admin] Pushing event updated for resources: {'SecurityGroup': ['ID=ebe20335-fc9d-4d4b-ba03-094fb4fb5a96,revision_number=1']} {{(pid=106487) push /opt/stack/neutron/neutron/api/rpc/handlers/resources_rpc.py:237}}
Aug 29 20:23:04.111285 dv-cinder-854262-2-smb neutron-server[106489]: DEBUG neutron.plugins.ml2.rpc [None req-8bbeef08-c928-470a-a281-a3806f5724ea None None] Device 0d4626c8-4216-4b0e-add8-2c5767aa02e0 up at agent ovs-agent-dv-cinder-854262-2-smb {{(pid=106489) update_device_up /opt/stack/neutron/neutron/plugins/ml2/rpc.py:296}}
Aug 29 20:23:04.135872 dv-cinder-854262-2-smb neutron-server[106487]: INFO neutron.wsgi [None req-451aa21f-c000-4b93-8fb5-32716477ac6e admin admin] 10.222.0.20 "GET /networking/v2.0/security-groups?tenant_id=db610de8f672418db6f4b16919546995&name=default HTTP/1.1" status: 200 len: 2996 time: 3.1152701
Aug 29 20:23:04.163193 dv-cinder-854262-2-smb neutron-server[106487]: DEBUG neutron.wsgi [-] (106487) accepted ('10.222.0.20', 57954) {{(pid=106487) server /usr/local/lib/python3.8/dist-packages/eventlet/wsgi.py:1004}}
Aug 29 20:23:04.227335 dv-cinder-854262-2-smb neutron-server[106487]: DEBUG neutron.pecan_wsgi.hooks.policy_enforcement [req-442db078-4347-4f29-b6a8-9122b3dbaa6a req-27b7f15a-3f49-42c8-ac8f-431e6c717ae3 service neutron] Attributes excluded by policy engine: ['standard_attr_id', 'shared'] {{(pid=106487) _exclude_attributes_by_policy /opt/stack/neutron/neutron/pecan_wsgi/hooks/policy_enforcement.py:259}}
Aug 29 20:23:04.245828 dv-cinder-854262-2-smb neutron-server[106487]: INFO neutron.wsgi [req-442db078-4347-4f29-b6a8-9122b3dbaa6a req-27b7f15a-3f49-42c8-ac8f-431e6c717ae3 service neutron] 10.222.0.71 "GET /networking/v2.0/subnets?id=aa18b98c-41f9-4f6e-ae49-2afae6249562 HTTP/1.1" status: 200 len: 858 time: 0.6649003
Aug 29 20:23:04.261858 dv-cinder-854262-2-smb neutron-server[106487]: DEBUG neutron.wsgi [-] (106487) accepted ('10.222.0.20', 57960) {{(pid=106487) server /usr/local/lib/python3.8/dist-packages/eventlet/wsgi.py:1004}}
Aug 29 20:23:04.338741 dv-cinder-854262-2-smb neutron-server[106489]: DEBUG neutron.db.provisioning_blocks [None req-8bbeef08-c928-470a-a281-a3806f5724ea None None] Provisioning complete for port 0d4626c8-4216-4b0e-add8-2c5767aa02e0 triggered by entity L2. {{(pid=106489) provisioning_complete /opt/stack/neutron/neutron/db/provisioning_blocks.py:144}}
Aug 29 20:23:04.340439 dv-cinder-854262-2-smb neutron-server[106489]: DEBUG neutron_lib.callbacks.manager [None req-8bbeef08-c928-470a-a281-a3806f5724ea None None] Publish callbacks ['neutron.plugins.ml2.plugin.Ml2Plugin._port_provisioned-601702'] for port (0d4626c8-4216-4b0e-add8-2c5767aa02e0), provisioning_complete {{(pid=106489) _notify_loop /usr/local/lib/python3.8/dist-packages/neutron_lib/callbacks/manager.py:176}}
Aug 29 20:23:04.411539 dv-cinder-854262-2-smb neutron-server[106488]: DEBUG dbcounter [-] [106488] Writing DB stats neutron:SELECT=95,neutron:UPDATE=4,neutron:DELETE=1 {{(pid=106488) stat_writer /usr/local/lib/python3.8/dist-packages/dbcounter.py:114}}
Aug 29 20:23:04.487284 dv-cinder-854262-2-smb neutron-server[106488]: DEBUG neutron.pecan_wsgi.hooks.policy_enforcement [req-b0a4048d-1429-4294-8b27-0b810914a911 req-02f8772e-a406-48a3-b064-9b37109fabe9 tempest-DeleteServersTestJSON-1558993179 tempest-DeleteServersTestJSON-1558993179-project] Attributes excluded by policy engine: ['standard_attr_id', 'binding:profile', 'binding:host_id', 'binding:vif_type', 'binding:vif_details'] {{(pid=106488) _exclude_attributes_by_policy /opt/stack/neutron/neutron/pecan_wsgi/hooks/policy_enforcement.py:259}}
Aug 29 20:23:04.488898 dv-cinder-854262-2-smb neutron-server[106488]: INFO neutron.wsgi [req-b0a4048d-1429-4294-8b27-0b810914a911 req-02f8772e-a406-48a3-b064-9b37109fabe9 tempest-DeleteServersTestJSON-1558993179 tempest-DeleteServersTestJSON-1558993179-project] 10.222.0.20 "GET /networking/v2.0/ports?device_id=1fadd41f-5575-48f5-9405-cdf657c31843 HTTP/1.1" status: 200 len: 943 time: 1.0258553
Aug 29 20:23:04.565589 dv-cinder-854262-2-smb neutron-server[106487]: DEBUG neutron.pecan_wsgi.hooks.policy_enforcement [req-442db078-4347-4f29-b6a8-9122b3dbaa6a req-b3224a20-3095-4e3f-a32f-7170db2f2475 service neutron] Attributes excluded by policy engine: ['standard_attr_id'] {{(pid=106487) _exclude_attributes_by_policy /opt/stack/neutron/neutron/pecan_wsgi/hooks/policy_enforcement.py:259}}
Aug 29 20:23:04.568967 dv-cinder-854262-2-smb neutron-server[106487]: INFO neutron.wsgi [req-442db078-4347-4f29-b6a8-9122b3dbaa6a req-b3224a20-3095-4e3f-a32f-7170db2f2475 service neutron] 10.222.0.71 "GET /networking/v2.0/ports?network_id=75ba97c0-9618-4527-a40f-6258eb181aaf&device_owner=network%3Adhcp HTTP/1.1" status: 200 len: 1210 time: 0.2936926
Aug 29 20:23:04.581231 dv-cinder-854262-2-smb neutron-server[106487]: DEBUG neutron.plugins.ml2.db [req-8b947ad5-af98-48d5-8409-a477743e2f13 req-6d99e53c-c2a5-43eb-b884-d5a14159c2ea service neutron] For port e1e56677-199f-4f8f-8a0a-c232191a5543, host hv-cinder-85426, cleared binding levels {{(pid=106487) clear_binding_levels /opt/stack/neutron/neutron/plugins/ml2/db.py:87}}
Aug 29 20:23:04.649674 dv-cinder-854262-2-smb neutron-server[106487]: DEBUG neutron_lib.callbacks.manager [None req-536612c1-1116-427b-b6c1-a75e00457f02 admin admin] Publish callbacks [] for security_group (ebe20335-fc9d-4d4b-ba03-094fb4fb5a96), before_delete {{(pid=106487) _notify_loop /usr/local/lib/python3.8/dist-packages/neutron_lib/callbacks/manager.py:176}}
Aug 29 20:23:04.656699 dv-cinder-854262-2-smb neutron-server[106487]: DEBUG neutron.plugins.ml2.db [req-8b947ad5-af98-48d5-8409-a477743e2f13 req-6d99e53c-c2a5-43eb-b884-d5a14159c2ea service neutron] For port e1e56677-199f-4f8f-8a0a-c232191a5543, host hv-cinder-85426, set binding levels [PortBindingLevel(driver='hyperv',host='hv-cinder-85426',level=0,port_id=e1e56677-199f-4f8f-8a0a-c232191a5543,segment=NetworkSegment(2328a443-f6ca-4a07-b3eb-4cee578372ed),segment_id=2328a443-f6ca-4a07-b3eb-4cee578372ed)] {{(pid=106487) set_binding_levels /opt/stack/neutron/neutron/plugins/ml2/db.py:59}}
Aug 29 20:23:04.674233 dv-cinder-854262-2-smb neutron-server[106488]: INFO neutron.wsgi [req-f383cb94-7b15-4ce3-a918-3492eddba391 req-6e63756d-4022-48f2-8eb3-341561854695 tempest-AttachVolumeTestJSON-1341691401 tempest-AttachVolumeTestJSON-1341691401-project] 10.222.0.20 "GET /networking/v2.0/security-groups?name=tempest-securitygroup--237779041&fields=id&tenant_id=a34cad2b6a8742cbae2a54b0826e69af HTTP/1.1" status: 200 len: 267 time: 0.3019938
Aug 29 20:23:04.813235 dv-cinder-854262-2-smb neutron-server[106487]: DEBUG neutron_lib.callbacks.manager [req-8b947ad5-af98-48d5-8409-a477743e2f13 req-6d99e53c-c2a5-43eb-b884-d5a14159c2ea service neutron] Publish callbacks ['neutron.plugins.ml2.plugin.SecurityGroupServerNotifierRpcMixin._notify_sg_on_port_change-543604', 'neutron.plugins.ml2.ovo_rpc._ObjectChangeHandler.handle_event-256834', 'neutron.api.rpc.agentnotifiers.dhcp_rpc_agent_api.DhcpAgentNotifyAPI._native_event_send_dhcp_notification-3685983', 'neutron.db.l3_db.L3RpcNotifierMixin._notify_gateway_port_ip_changed-8783328000642', 'neutron.db.l3_dvrscheduler_db._notify_l3_agent_port_update-8783327623226', 'neutron.db.l3_hascheduler_db._notify_l3_agent_ha_port_update-8783327623244'] for port (e1e56677-199f-4f8f-8a0a-c232191a5543), after_update {{(pid=106487) _notify_loop /usr/local/lib/python3.8/dist-packages/neutron_lib/callbacks/manager.py:176}}
Aug 29 20:23:04.829507 dv-cinder-854262-2-smb neutron-server[106487]: DEBUG neutron.pecan_wsgi.hooks.policy_enforcement [req-8b947ad5-af98-48d5-8409-a477743e2f13 req-6d99e53c-c2a5-43eb-b884-d5a14159c2ea service neutron] Attributes excluded by policy engine: ['standard_attr_id'] {{(pid=106487) _exclude_attributes_by_policy /opt/stack/neutron/neutron/pecan_wsgi/hooks/policy_enforcement.py:259}}
Aug 29 20:23:04.832570 dv-cinder-854262-2-smb neutron-server[106487]: DEBUG neutron_lib.callbacks.manager [req-8b947ad5-af98-48d5-8409-a477743e2f13 req-6d99e53c-c2a5-43eb-b884-d5a14159c2ea service neutron] Publish callbacks ['neutron.notifiers.nova.Notifier._send_nova_notification-206497', 'neutron.api.rpc.agentnotifiers.dhcp_rpc_agent_api.DhcpAgentNotifyAPI._send_dhcp_notification-3685965'] for port (None), before_response {{(pid=106487) _notify_loop /usr/local/lib/python3.8/dist-packages/neutron_lib/callbacks/manager.py:176}}
Aug 29 20:23:04.836567 dv-cinder-854262-2-smb neutron-server[106487]: INFO neutron.wsgi [req-8b947ad5-af98-48d5-8409-a477743e2f13 req-6d99e53c-c2a5-43eb-b884-d5a14159c2ea service neutron] 10.222.0.71 "PUT /networking/v2.0/ports/e1e56677-199f-4f8f-8a0a-c232191a5543 HTTP/1.1" status: 200 len: 1093 time: 5.8110979
Aug 29 20:23:05.090665 dv-cinder-854262-2-smb neutron-server[106488]: DEBUG neutron.notifiers.nova [req-dfc89a23-8a84-4116-9a99-fc616bcecb9f req-ef6fb800-b75d-4073-9120-816185bec354 service neutron] Ignoring state change previous_port_status: DOWN current_port_status: DOWN port_id 4b1dbb41-f3a4-4741-9ff6-7e55ee24b9cf {{(pid=106488) record_port_status_changed /opt/stack/neutron/neutron/notifiers/nova.py:233}}
Aug 29 20:23:05.124181 dv-cinder-854262-2-smb neutron-server[106488]: DEBUG neutron_lib.callbacks.manager [req-dfc89a23-8a84-4116-9a99-fc616bcecb9f req-ef6fb800-b75d-4073-9120-816185bec354 service neutron] Publish callbacks [] for port (4b1dbb41-f3a4-4741-9ff6-7e55ee24b9cf), precommit_update {{(pid=106488) _notify_loop /usr/local/lib/python3.8/dist-packages/neutron_lib/callbacks/manager.py:176}}
Aug 29 20:23:05.125742 dv-cinder-854262-2-smb neutron-server[106487]: INFO neutron.wsgi [req-442db078-4347-4f29-b6a8-9122b3dbaa6a req-f1a6829d-144d-4f0d-9816-20587541f01a service neutron] 10.222.0.71 "GET /networking/v2.0/networks/75ba97c0-9618-4527-a40f-6258eb181aaf?fields=segments HTTP/1.1" status: 200 len: 212 time: 0.5394630
Aug 29 20:23:05.152269 dv-cinder-854262-2-smb neutron-server[106488]: INFO neutron.wsgi [req-b0a4048d-1429-4294-8b27-0b810914a911 req-3ec915fd-5499-413d-b61a-64a804a9bac1 tempest-DeleteServersTestJSON-1558993179 tempest-DeleteServersTestJSON-1558993179-project] 10.222.0.20 "GET /networking/v2.0/security-groups?id=4080678f-cfaa-4e91-b8cd-9626cf095004&fields=id&fields=name HTTP/1.1" status: 200 len: 286 time: 0.6162992
Aug 29 20:23:05.189096 dv-cinder-854262-2-smb neutron-server[106487]: DEBUG neutron_lib.callbacks.manager [None req-536612c1-1116-427b-b6c1-a75e00457f02 admin admin] Publish callbacks [] for security_group (ebe20335-fc9d-4d4b-ba03-094fb4fb5a96), precommit_delete {{(pid=106487) _notify_loop /usr/local/lib/python3.8/dist-packages/neutron_lib/callbacks/manager.py:176}}
Aug 29 20:23:05.199444 dv-cinder-854262-2-smb neutron-server[106489]: DEBUG neutron.plugins.ml2.plugin [None req-8bbeef08-c928-470a-a281-a3806f5724ea None None] Current status of the port 0d4626c8-4216-4b0e-add8-2c5767aa02e0 is: ACTIVE; New status is: ACTIVE {{(pid=106489) _update_individual_port_db_status /opt/stack/neutron/neutron/plugins/ml2/plugin.py:2302}}
Aug 29 20:23:05.205769 dv-cinder-854262-2-smb neutron-server[106489]: DEBUG neutron.plugins.ml2.rpc [None req-8bbeef08-c928-470a-a281-a3806f5724ea None None] Device b6c516e3-5fc4-4cad-a2c5-6f3cb50c7479 up at agent ovs-agent-dv-cinder-854262-2-smb {{(pid=106489) update_device_up /opt/stack/neutron/neutron/plugins/ml2/rpc.py:296}}
Aug 29 20:23:05.251022 dv-cinder-854262-2-smb neutron-server[106489]: DEBUG dbcounter [-] [106489] Writing DB stats neutron:SELECT=96,neutron:UPDATE=4 {{(pid=106489) stat_writer /usr/local/lib/python3.8/dist-packages/dbcounter.py:114}}
Aug 29 20:23:05.303507 dv-cinder-854262-2-smb neutron-server[106489]: DEBUG neutron.db.provisioning_blocks [None req-8bbeef08-c928-470a-a281-a3806f5724ea None None] Provisioning complete for port b6c516e3-5fc4-4cad-a2c5-6f3cb50c7479 triggered by entity L2. {{(pid=106489) provisioning_complete /opt/stack/neutron/neutron/db/provisioning_blocks.py:144}}
Aug 29 20:23:05.304326 dv-cinder-854262-2-smb neutron-server[106489]: DEBUG neutron_lib.callbacks.manager [None req-8bbeef08-c928-470a-a281-a3806f5724ea None None] Publish callbacks ['neutron.plugins.ml2.plugin.Ml2Plugin._port_provisioned-601702'] for port (b6c516e3-5fc4-4cad-a2c5-6f3cb50c7479), provisioning_complete {{(pid=106489) _notify_loop /usr/local/lib/python3.8/dist-packages/neutron_lib/callbacks/manager.py:176}}
Aug 29 20:23:05.309209 dv-cinder-854262-2-smb neutron-server[106489]: DEBUG dbcounter [-] [106489] Writing DB stats neutron:SELECT=98,neutron:UPDATE=1,neutron:INSERT=1 {{(pid=106489) stat_writer /usr/local/lib/python3.8/dist-packages/dbcounter.py:114}}
Aug 29 20:23:05.355004 dv-cinder-854262-2-smb neutron-server[106488]: DEBUG neutron.db.provisioning_blocks [req-dfc89a23-8a84-4116-9a99-fc616bcecb9f req-ef6fb800-b75d-4073-9120-816185bec354 service neutron] Transition to ACTIVE for port object 4b1dbb41-f3a4-4741-9ff6-7e55ee24b9cf will not be triggered until provisioned by entity L2. {{(pid=106488) add_provisioning_component /opt/stack/neutron/neutron/db/provisioning_blocks.py:74}}
Aug 29 20:23:05.367594 dv-cinder-854262-2-smb neutron-server[106488]: DEBUG neutron_lib.callbacks.manager [req-dfc89a23-8a84-4116-9a99-fc616bcecb9f req-ef6fb800-b75d-4073-9120-816185bec354 service neutron] Publish callbacks ['neutron.plugins.ml2.plugin.SecurityGroupServerNotifierRpcMixin._notify_sg_on_port_change-543604', 'neutron.plugins.ml2.ovo_rpc._ObjectChangeHandler.handle_event-256834', 'neutron.api.rpc.agentnotifiers.dhcp_rpc_agent_api.DhcpAgentNotifyAPI._native_event_send_dhcp_notification-3685983', 'neutron.db.l3_db.L3RpcNotifierMixin._notify_gateway_port_ip_changed-8783328000642', 'neutron.db.l3_dvrscheduler_db._notify_l3_agent_port_update-8783327623226', 'neutron.db.l3_hascheduler_db._notify_l3_agent_ha_port_update-8783327623244'] for port (4b1dbb41-f3a4-4741-9ff6-7e55ee24b9cf), after_update {{(pid=106488) _notify_loop /usr/local/lib/python3.8/dist-packages/neutron_lib/callbacks/manager.py:176}}
Aug 29 20:23:05.397326 dv-cinder-854262-2-smb neutron-server[106487]: DEBUG neutron_lib.callbacks.manager [None req-536612c1-1116-427b-b6c1-a75e00457f02 admin admin] Publish callbacks ['neutron.plugins.ml2.ovo_rpc._ObjectChangeHandler.handle_event-3789711'] for security_group (ebe20335-fc9d-4d4b-ba03-094fb4fb5a96), after_delete {{(pid=106487) _notify_loop /usr/local/lib/python3.8/dist-packages/neutron_lib/callbacks/manager.py:176}}
Aug 29 20:23:05.408732 dv-cinder-854262-2-smb neutron-server[106487]: DEBUG neutron_lib.callbacks.manager [None req-536612c1-1116-427b-b6c1-a75e00457f02 admin admin] Publish callbacks [] for security_group (None), before_response {{(pid=106487) _notify_loop /usr/local/lib/python3.8/dist-packages/neutron_lib/callbacks/manager.py:176}}
Aug 29 20:23:05.408732 dv-cinder-854262-2-smb neutron-server[106487]: INFO neutron.wsgi [None req-536612c1-1116-427b-b6c1-a75e00457f02 admin admin] 10.222.0.20 "DELETE /networking/v2.0/security-groups/ebe20335-fc9d-4d4b-ba03-094fb4fb5a96 HTTP/1.1" status: 204 len: 168 time: 1.2368515
Aug 29 20:23:05.454650 dv-cinder-854262-2-smb neutron-server[106489]: DEBUG neutron.plugins.ml2.plugin [None req-8bbeef08-c928-470a-a281-a3806f5724ea None None] Current status of the port b6c516e3-5fc4-4cad-a2c5-6f3cb50c7479 is: DOWN; New status is: ACTIVE {{(pid=106489) _update_individual_port_db_status /opt/stack/neutron/neutron/plugins/ml2/plugin.py:2302}}
Aug 29 20:23:05.456131 dv-cinder-854262-2-smb neutron-server[106489]: DEBUG neutron_lib.callbacks.manager [None req-8bbeef08-c928-470a-a281-a3806f5724ea None None] Publish callbacks ['neutron.plugins.ml2.plugin.SecurityGroupDbMixin._ensure_default_security_group_handler-543543'] for port (b6c516e3-5fc4-4cad-a2c5-6f3cb50c7479), before_update {{(pid=106489) _notify_loop /usr/local/lib/python3.8/dist-packages/neutron_lib/callbacks/manager.py:176}}
Aug 29 20:23:05.504250 dv-cinder-854262-2-smb neutron-server[106487]: DEBUG neutron_lib.callbacks.manager [None req-affee6b0-a1aa-4417-b5b4-aeb2d7249a2b admin admin] Publish callbacks [] for security_group (None), before_create {{(pid=106487) _notify_loop /usr/local/lib/python3.8/dist-packages/neutron_lib/callbacks/manager.py:176}}
Aug 29 20:23:05.565485 dv-cinder-854262-2-smb neutron-server[106489]: DEBUG neutron.plugins.ml2.db [None req-8bbeef08-c928-470a-a281-a3806f5724ea None None] For port b6c516e3-5fc4-4cad-a2c5-6f3cb50c7479, host dv-cinder-854262-2-smb, got binding levels [PortBindingLevel(driver='openvswitch',host='dv-cinder-854262-2-smb',level=0,port_id=b6c516e3-5fc4-4cad-a2c5-6f3cb50c7479,segment=NetworkSegment(671b17f6-d813-4ff3-849a-3b744c009a20),segment_id=671b17f6-d813-4ff3-849a-3b744c009a20)] {{(pid=106489) get_binding_level_objs /opt/stack/neutron/neutron/plugins/ml2/db.py:74}}
Aug 29 20:23:05.579841 dv-cinder-854262-2-smb neutron-server[106489]: DEBUG neutron_lib.callbacks.manager [None req-8bbeef08-c928-470a-a281-a3806f5724ea None None] Publish callbacks ['neutron.plugins.ml2.plugin.SecurityGroupServerNotifierRpcMixin._notify_sg_on_port_change-543604', 'neutron.plugins.ml2.ovo_rpc._ObjectChangeHandler.handle_event-256834', 'neutron.api.rpc.agentnotifiers.dhcp_rpc_agent_api.DhcpAgentNotifyAPI._native_event_send_dhcp_notification-3685983', 'neutron.db.l3_db.L3RpcNotifierMixin._notify_gateway_port_ip_changed-8783328000642', 'neutron.db.l3_dvrscheduler_db._notify_l3_agent_port_update-8783327623226', 'neutron.db.l3_hascheduler_db._notify_l3_agent_ha_port_update-8783327623244'] for port (b6c516e3-5fc4-4cad-a2c5-6f3cb50c7479), after_update {{(pid=106489) _notify_loop /usr/local/lib/python3.8/dist-packages/neutron_lib/callbacks/manager.py:176}}
Aug 29 20:23:05.613639 dv-cinder-854262-2-smb neutron-server[106487]: DEBUG neutron.notifiers.nova [-] Sending events: [{'name': 'network-changed', 'server_uuid': '1fadd41f-5575-48f5-9405-cdf657c31843', 'tag': 'e1e56677-199f-4f8f-8a0a-c232191a5543'}] {{(pid=106487) send_events /opt/stack/neutron/neutron/notifiers/nova.py:271}}
Aug 29 20:23:05.619756 dv-cinder-854262-2-smb neutron-server[106487]: DEBUG novaclient.v2.client [-] REQ: curl -g -i --cacert "/opt/stack/data/ca-bundle.pem" -X POST http://10.222.0.20/compute/v2.1/os-server-external-events -H "Accept: application/json" -H "Content-Type: application/json" -H "User-Agent: python-novaclient" -H "X-Auth-Token: {SHA256}8b7ca4a174d096701dd4e10df0ae22768c0c3500bd5fcf6bf34fef32a2bce94d" -H "X-OpenStack-Nova-API-Version: 2.1" -H "X-OpenStack-Request-ID: req-da937b3e-fa46-41e1-b5f9-0497a746aace" -d '{"events": [{"name": "network-changed", "server_uuid": "1fadd41f-5575-48f5-9405-cdf657c31843", "tag": "e1e56677-199f-4f8f-8a0a-c232191a5543"}]}' {{(pid=106487) _http_log_request /usr/local/lib/python3.8/dist-packages/keystoneauth1/session.py:519}}
Aug 29 20:23:05.634243 dv-cinder-854262-2-smb neutron-server[106488]: DEBUG neutron.pecan_wsgi.hooks.policy_enforcement [req-c34a0095-2c59-4904-8584-034f22da5ffe req-6f492ba2-1c8c-4229-b5c8-af502ab66ba2 tempest-ServerRescueNegativeTestJSON-1381687770 tempest-ServerRescueNegativeTestJSON-1381687770-project] Attributes excluded by policy engine: ['standard_attr_id', 'binding:profile', 'binding:host_id', 'binding:vif_type', 'binding:vif_details'] {{(pid=106488) _exclude_attributes_by_policy /opt/stack/neutron/neutron/pecan_wsgi/hooks/policy_enforcement.py:259}}
Aug 29 20:23:05.638540 dv-cinder-854262-2-smb neutron-server[106488]: INFO neutron.wsgi [req-c34a0095-2c59-4904-8584-034f22da5ffe req-6f492ba2-1c8c-4229-b5c8-af502ab66ba2 tempest-ServerRescueNegativeTestJSON-1381687770 tempest-ServerRescueNegativeTestJSON-1381687770-project] 10.222.0.20 "GET /networking/v2.0/ports?device_id=d3d33a9b-76ae-47fa-a286-05cc4af78ace HTTP/1.1" status: 200 len: 943 time: 0.2765203
Aug 29 20:23:05.838827 dv-cinder-854262-2-smb neutron-server[106487]: DEBUG neutron.api.rpc.handlers.resources_rpc [None req-536612c1-1116-427b-b6c1-a75e00457f02 admin admin] Pushing event deleted for resources: {'SecurityGroup': ['ID=ebe20335-fc9d-4d4b-ba03-094fb4fb5a96,revision_number=None']} {{(pid=106487) push /opt/stack/neutron/neutron/api/rpc/handlers/resources_rpc.py:237}}
Aug 29 20:23:05.893960 dv-cinder-854262-2-smb neutron-server[106487]: DEBUG neutron.pecan_wsgi.hooks.policy_enforcement [req-8b947ad5-af98-48d5-8409-a477743e2f13 req-b718321b-cf25-4462-aad9-27ae072d6212 service neutron] Attributes excluded by policy engine: ['standard_attr_id'] {{(pid=106487) _exclude_attributes_by_policy /opt/stack/neutron/neutron/pecan_wsgi/hooks/policy_enforcement.py:259}}
Aug 29 20:23:05.897818 dv-cinder-854262-2-smb neutron-server[106487]: INFO neutron.wsgi [req-8b947ad5-af98-48d5-8409-a477743e2f13 req-b718321b-cf25-4462-aad9-27ae072d6212 service neutron] 10.222.0.71 "GET /networking/v2.0/ports?tenant_id=0ddf6aeb067f4b3182f5684947196e98&device_id=1fadd41f-5575-48f5-9405-cdf657c31843 HTTP/1.1" status: 200 len: 1127 time: 0.7600651
Aug 29 20:23:05.929895 dv-cinder-854262-2-smb neutron-server[106488]: DEBUG dbcounter [-] [106488] Writing DB stats neutron:SELECT=97,neutron:DELETE=1,neutron:UPDATE=1,neutron:INSERT=1 {{(pid=106488) stat_writer /usr/local/lib/python3.8/dist-packages/dbcounter.py:114}}
Aug 29 20:23:05.999515 dv-cinder-854262-2-smb neutron-server[106488]: DEBUG neutron.plugins.ml2.managers [req-dfc89a23-8a84-4116-9a99-fc616bcecb9f req-ef6fb800-b75d-4073-9120-816185bec354 service neutron] Attempting to bind port 4b1dbb41-f3a4-4741-9ff6-7e55ee24b9cf on host hv-cinder-85426 for vnic_type normal with profile {{(pid=106488) bind_port /opt/stack/neutron/neutron/plugins/ml2/managers.py:810}}
Aug 29 20:23:06.000164 dv-cinder-854262-2-smb neutron-server[106488]: DEBUG neutron.plugins.ml2.managers [req-dfc89a23-8a84-4116-9a99-fc616bcecb9f req-ef6fb800-b75d-4073-9120-816185bec354 service neutron] Attempting to bind port 4b1dbb41-f3a4-4741-9ff6-7e55ee24b9cf by drivers openvswitch,hyperv on host hv-cinder-85426 at level 0 using segments [{'id': 'a2955131-b96e-4bb6-ac93-ee0a1cac72d9', 'network_type': 'vlan', 'physical_network': 'physnet1', 'segmentation_id': 1759, 'network_id': '75ba97c0-9618-4527-a40f-6258eb181aaf'}] {{(pid=106488) _bind_port_level /opt/stack/neutron/neutron/plugins/ml2/managers.py:835}}
Aug 29 20:23:06.000618 dv-cinder-854262-2-smb neutron-server[106488]: DEBUG neutron.plugins.ml2.drivers.mech_agent [req-dfc89a23-8a84-4116-9a99-fc616bcecb9f req-ef6fb800-b75d-4073-9120-816185bec354 service neutron] Attempting to bind port 4b1dbb41-f3a4-4741-9ff6-7e55ee24b9cf on network 75ba97c0-9618-4527-a40f-6258eb181aaf {{(pid=106488) bind_port /opt/stack/neutron/neutron/plugins/ml2/drivers/mech_agent.py:91}}
Aug 29 20:23:06.027319 dv-cinder-854262-2-smb neutron-server[106488]: DEBUG neutron.plugins.ml2.drivers.mech_agent [req-dfc89a23-8a84-4116-9a99-fc616bcecb9f req-ef6fb800-b75d-4073-9120-816185bec354 service neutron] Port 4b1dbb41-f3a4-4741-9ff6-7e55ee24b9cf on network 75ba97c0-9618-4527-a40f-6258eb181aaf not bound, no agent of type Open vSwitch agent registered on host hv-cinder-85426 {{(pid=106488) bind_port /opt/stack/neutron/neutron/plugins/ml2/drivers/mech_agent.py:103}}
Aug 29 20:23:06.027626 dv-cinder-854262-2-smb neutron-server[106488]: DEBUG neutron.plugins.ml2.drivers.mech_agent [req-dfc89a23-8a84-4116-9a99-fc616bcecb9f req-ef6fb800-b75d-4073-9120-816185bec354 service neutron] Attempting to bind port 4b1dbb41-f3a4-4741-9ff6-7e55ee24b9cf on network 75ba97c0-9618-4527-a40f-6258eb181aaf {{(pid=106488) bind_port /opt/stack/neutron/neutron/plugins/ml2/drivers/mech_agent.py:91}}
Aug 29 20:23:06.030063 dv-cinder-854262-2-smb neutron-server[106489]: DEBUG neutron.api.rpc.handlers.resources_rpc [None req-8bbeef08-c928-470a-a281-a3806f5724ea None None] Pushing event updated for resources: {'Port': ['ID=b6c516e3-5fc4-4cad-a2c5-6f3cb50c7479,revision_number=5']} {{(pid=106489) push /opt/stack/neutron/neutron/api/rpc/handlers/resources_rpc.py:237}}
Aug 29 20:23:06.065316 dv-cinder-854262-2-smb neutron-server[106488]: DEBUG neutron.pecan_wsgi.hooks.policy_enforcement [req-f383cb94-7b15-4ce3-a918-3492eddba391 req-3488ff1b-d10a-4e99-a2e1-cecf7be8bfdc tempest-AttachVolumeTestJSON-1341691401 tempest-AttachVolumeTestJSON-1341691401-project] Attributes excluded by policy engine: ['standard_attr_id', 'vlan_transparent', 'provider:network_type', 'provider:physical_network', 'provider:segmentation_id'] {{(pid=106488) _exclude_attributes_by_policy /opt/stack/neutron/neutron/pecan_wsgi/hooks/policy_enforcement.py:259}}
Aug 29 20:23:06.065316 dv-cinder-854262-2-smb neutron-server[106488]: INFO neutron.wsgi [req-f383cb94-7b15-4ce3-a918-3492eddba391 req-3488ff1b-d10a-4e99-a2e1-cecf7be8bfdc tempest-AttachVolumeTestJSON-1341691401 tempest-AttachVolumeTestJSON-1341691401-project] 10.222.0.20 "GET /networking/v2.0/networks?id=516b3adb-b23c-475d-8486-b0652463eb80 HTTP/1.1" status: 200 len: 810 time: 1.3820331
