Aug 24 03:48:33.077401 dv-cinder-854261-1-smb neutron-server[113536]: DEBUG neutron.pecan_wsgi.hooks.policy_enforcement [req-719ae903-8bbc-42a7-8957-85f571ab5ab5 req-97830858-17a7-4eb0-b5e6-5f127b976d6d tempest-DeleteServersTestJSON-153542591 tempest-DeleteServersTestJSON-153542591-project] Attributes excluded by policy engine: ['standard_attr_id', 'binding:profile', 'binding:host_id', 'binding:vif_type', 'binding:vif_details'] {{(pid=113536) _exclude_attributes_by_policy /opt/stack/neutron/neutron/pecan_wsgi/hooks/policy_enforcement.py:259}}
Aug 24 03:48:33.077401 dv-cinder-854261-1-smb neutron-server[113536]: INFO neutron.wsgi [req-719ae903-8bbc-42a7-8957-85f571ab5ab5 req-97830858-17a7-4eb0-b5e6-5f127b976d6d tempest-DeleteServersTestJSON-153542591 tempest-DeleteServersTestJSON-153542591-project] 10.222.0.40 "GET /networking/v2.0/ports?device_id=13526c22-8b0c-48a1-875b-f1ad3f14f696 HTTP/1.1" status: 200 len: 943 time: 0.1001797
Aug 24 03:48:33.095050 dv-cinder-854261-1-smb neutron-server[113535]: DEBUG neutron.pecan_wsgi.hooks.policy_enforcement [req-b87e6ced-6ce9-4de4-b961-9a8e749c1160 req-4a3c36ac-f377-4bf0-8779-e20d571fc37e tempest-AttachVolumeShelveTestJSON-848048936 tempest-AttachVolumeShelveTestJSON-848048936-project] Attributes excluded by policy engine: ['standard_attr_id', 'vlan_transparent', 'provider:network_type', 'provider:physical_network', 'provider:segmentation_id'] {{(pid=113535) _exclude_attributes_by_policy /opt/stack/neutron/neutron/pecan_wsgi/hooks/policy_enforcement.py:259}}
Aug 24 03:48:33.097759 dv-cinder-854261-1-smb neutron-server[113535]: INFO neutron.wsgi [req-b87e6ced-6ce9-4de4-b961-9a8e749c1160 req-4a3c36ac-f377-4bf0-8779-e20d571fc37e tempest-AttachVolumeShelveTestJSON-848048936 tempest-AttachVolumeShelveTestJSON-848048936-project] 10.222.0.95 "GET /networking/v2.0/networks?id=378945d3-35f8-4a84-b605-1905f4b04bb0 HTTP/1.1" status: 200 len: 816 time: 0.1192114
Aug 24 03:48:33.111156 dv-cinder-854261-1-smb neutron-server[113536]: INFO neutron.wsgi [req-7a6ef3a6-7b06-493c-bcec-873cb39feba5 req-1edc7dc0-dc1c-4d65-869b-b5f87eb0c6d0 tempest-AttachVolumeNegativeTest-19309687 tempest-AttachVolumeNegativeTest-19309687-project] 10.222.0.95 "GET /networking/v2.0/security-groups?fields=id&fields=name&tenant_id=94cd09760dc94db4a0f44712fe41d3e6 HTTP/1.1" status: 200 len: 380 time: 0.1313624
Aug 24 03:48:33.169531 dv-cinder-854261-1-smb neutron-server[113536]: DEBUG neutron.api.v2.base [req-7a6ef3a6-7b06-493c-bcec-873cb39feba5 req-dd8b3252-5285-4c6b-8e02-299eb4fb8763 tempest-AttachVolumeNegativeTest-19309687 tempest-AttachVolumeNegativeTest-19309687-project] Request body: {'port': {'device_id': 'be685506-c2dc-42ee-97c3-f434af7f265b', 'network_id': '7dab6dcf-1434-47e1-9bcc-6723ea13e4c7', 'admin_state_up': True, 'tenant_id': '94cd09760dc94db4a0f44712fe41d3e6', 'security_groups': ['c13963d0-88e9-4f14-95eb-9e1432782bf1']}} {{(pid=113536) prepare_request_body /opt/stack/neutron/neutron/api/v2/base.py:730}}
Aug 24 03:48:33.201686 dv-cinder-854261-1-smb neutron-server[113535]: INFO neutron.wsgi [req-b87e6ced-6ce9-4de4-b961-9a8e749c1160 req-e4f8c75e-62e6-4e3e-9e30-75c97f70a43a tempest-AttachVolumeShelveTestJSON-848048936 tempest-AttachVolumeShelveTestJSON-848048936-project] 10.222.0.95 "GET /networking/v2.0/security-groups?fields=id&fields=name&tenant_id=c73e6993420b4bbe9280d32ebdfc0505 HTTP/1.1" status: 200 len: 380 time: 0.0844657
Aug 24 03:48:33.202271 dv-cinder-854261-1-smb neutron-server[113535]: DEBUG neutron.wsgi [-] (113535) accepted ('10.222.0.95', 51586) {{(pid=113535) server /usr/local/lib/python3.8/dist-packages/eventlet/wsgi.py:1004}}
Aug 24 03:48:33.311241 dv-cinder-854261-1-smb neutron-server[113536]: INFO neutron.wsgi [req-719ae903-8bbc-42a7-8957-85f571ab5ab5 req-eb9c2c54-9e86-4dcb-b2bc-a4d6d98cdd57 tempest-DeleteServersTestJSON-153542591 tempest-DeleteServersTestJSON-153542591-project] 10.222.0.40 "GET /networking/v2.0/security-groups?id=489f70db-b3f5-4946-92ed-46de6b968669&fields=id&fields=name HTTP/1.1" status: 200 len: 286 time: 0.2194118
Aug 24 03:48:33.438725 dv-cinder-854261-1-smb neutron-server[113537]: DEBUG neutron.plugins.ml2.rpc [None req-8cec1f3b-4ed1-4b2d-99cb-4f469ad05b68 None None] Device 8eaa05b5-0354-4b43-803e-cf9ce70e5a78 details requested by agent hyperv_hv-cinder-85426 with host hv-cinder-85426 {{(pid=113537) get_device_details /opt/stack/neutron/neutron/plugins/ml2/rpc.py:102}}
Aug 24 03:48:33.448816 dv-cinder-854261-1-smb neutron-server[113535]: DEBUG neutron.api.v2.base [req-b87e6ced-6ce9-4de4-b961-9a8e749c1160 req-153729ad-5dc9-4b06-9863-37d164c517ba tempest-AttachVolumeShelveTestJSON-848048936 tempest-AttachVolumeShelveTestJSON-848048936-project] Request body: {'port': {'device_id': '99b32582-9b67-4020-ae70-f102e94f07fb', 'network_id': '378945d3-35f8-4a84-b605-1905f4b04bb0', 'admin_state_up': True, 'tenant_id': 'c73e6993420b4bbe9280d32ebdfc0505', 'security_groups': ['752b6837-e8b5-4801-bdf8-05694fa73c6e']}} {{(pid=113535) prepare_request_body /opt/stack/neutron/neutron/api/v2/base.py:730}}
Aug 24 03:48:33.558521 dv-cinder-854261-1-smb neutron-server[113535]: INFO neutron.wsgi [req-e78d28bd-afb6-406d-a28d-909f72dbed96 req-de0081f5-e193-4003-a8b7-8f82da534f14 tempest-AttachVolumeTestJSON-479315474 tempest-AttachVolumeTestJSON-479315474-project] 10.222.0.40 "GET /networking/v2.0/ports?device_id=4257e64a-3e85-4cb3-9932-f1571fc0b2cd HTTP/1.1" status: 200 len: 210 time: 0.0996492
Aug 24 03:48:33.564844 dv-cinder-854261-1-smb neutron-server[113536]: INFO neutron.wsgi [req-4aa7dee9-9918-4160-b919-f14d259816af req-346bee13-23c6-4706-abfc-1849417b1efe tempest-AttachVolumeNegativeTest-19309687 tempest-AttachVolumeNegativeTest-19309687-project] 10.222.0.40 "GET /networking/v2.0/ports?device_id=be685506-c2dc-42ee-97c3-f434af7f265b HTTP/1.1" status: 200 len: 210 time: 0.0572019
Aug 24 03:48:33.594595 dv-cinder-854261-1-smb neutron-server[113536]: DEBUG neutron.pecan_wsgi.hooks.quota_enforcement [req-7a6ef3a6-7b06-493c-bcec-873cb39feba5 req-dd8b3252-5285-4c6b-8e02-299eb4fb8763 tempest-AttachVolumeNegativeTest-19309687 tempest-AttachVolumeNegativeTest-19309687-project] Made reservation on behalf of 94cd09760dc94db4a0f44712fe41d3e6 for: {'port': 1} {{(pid=113536) before /opt/stack/neutron/neutron/pecan_wsgi/hooks/quota_enforcement.py:53}}
Aug 24 03:48:33.595125 dv-cinder-854261-1-smb neutron-server[113536]: DEBUG neutron_lib.callbacks.manager [req-7a6ef3a6-7b06-493c-bcec-873cb39feba5 req-dd8b3252-5285-4c6b-8e02-299eb4fb8763 tempest-AttachVolumeNegativeTest-19309687 tempest-AttachVolumeNegativeTest-19309687-project] Publish callbacks ['neutron.plugins.ml2.plugin.SecurityGroupDbMixin._ensure_default_security_group_handler-1013540'] for port (None), before_create {{(pid=113536) _notify_loop /usr/local/lib/python3.8/dist-packages/neutron_lib/callbacks/manager.py:176}}
Aug 24 03:48:33.737279 dv-cinder-854261-1-smb neutron-server[113535]: DEBUG neutron.pecan_wsgi.hooks.policy_enforcement [req-49afa316-57ed-49ca-a8f6-4c8780480110 req-45cda8fc-73ab-4865-b837-19311ee71cc3 tempest-AttachVolumeTestJSON-479315474 tempest-AttachVolumeTestJSON-479315474-project] Attributes excluded by policy engine: ['standard_attr_id', 'vlan_transparent', 'provider:network_type', 'provider:physical_network', 'provider:segmentation_id'] {{(pid=113535) _exclude_attributes_by_policy /opt/stack/neutron/neutron/pecan_wsgi/hooks/policy_enforcement.py:259}}
Aug 24 03:48:33.738897 dv-cinder-854261-1-smb neutron-server[113535]: INFO neutron.wsgi [req-49afa316-57ed-49ca-a8f6-4c8780480110 req-45cda8fc-73ab-4865-b837-19311ee71cc3 tempest-AttachVolumeTestJSON-479315474 tempest-AttachVolumeTestJSON-479315474-project] 10.222.0.95 "GET /networking/v2.0/networks?id=bcdf16e6-7616-4ffa-8c58-4253fa3bd810 HTTP/1.1" status: 200 len: 811 time: 0.5356565
Aug 24 03:48:33.772634 dv-cinder-854261-1-smb neutron-server[113537]: DEBUG neutron.plugins.ml2.db [None req-8cec1f3b-4ed1-4b2d-99cb-4f469ad05b68 None None] For port 8eaa05b5-0354-4b43-803e-cf9ce70e5a78, host hv-cinder-85426, got binding levels [PortBindingLevel(driver='hyperv',host='hv-cinder-85426',level=0,port_id=8eaa05b5-0354-4b43-803e-cf9ce70e5a78,segment=NetworkSegment(13c66ba9-ffa0-49ba-bb52-395257ce3b70),segment_id=13c66ba9-ffa0-49ba-bb52-395257ce3b70)] {{(pid=113537) get_binding_level_objs /opt/stack/neutron/neutron/plugins/ml2/db.py:74}}
Aug 24 03:48:33.773491 dv-cinder-854261-1-smb neutron-server[113535]: INFO neutron.wsgi [req-67d86094-13b1-4dd2-82c0-80947daca492 req-ca0f42b8-0e2b-40e7-8d09-8035337686e1 tempest-AttachVolumeShelveTestJSON-848048936 tempest-AttachVolumeShelveTestJSON-848048936-project] 10.222.0.40 "GET /networking/v2.0/ports?device_id=99b32582-9b67-4020-ae70-f102e94f07fb HTTP/1.1" status: 200 len: 210 time: 0.0318065
Aug 24 03:48:33.786841 dv-cinder-854261-1-smb neutron-server[113537]: DEBUG neutron.plugins.ml2.rpc [None req-8cec1f3b-4ed1-4b2d-99cb-4f469ad05b68 None None] Returning: {'device': '8eaa05b5-0354-4b43-803e-cf9ce70e5a78', 'network_id': 'fede2269-54c7-41d8-a1a7-83866676a458', 'port_id': '8eaa05b5-0354-4b43-803e-cf9ce70e5a78', 'mac_address': 'fa:16:3e:3c:c0:23', 'admin_state_up': True, 'network_type': 'vlan', 'segmentation_id': 879, 'physical_network': 'physnet1', 'mtu': 1500, 'fixed_ips': [{'subnet_id': '4214802f-4625-49a0-8f5f-f7bfa383d286', 'ip_address': '172.20.0.5'}], 'device_owner': 'compute:nova', 'allowed_address_pairs': [], 'port_security_enabled': True, 'qos_policy_id': None, 'qos_network_policy_id': None, 'profile': {}, 'propagate_uplink_status': False} {{(pid=113537) _get_device_details /opt/stack/neutron/neutron/plugins/ml2/rpc.py:184}}
Aug 24 03:48:33.797753 dv-cinder-854261-1-smb neutron-server[113536]: DEBUG neutron.db.db_base_plugin_common [req-7a6ef3a6-7b06-493c-bcec-873cb39feba5 req-dd8b3252-5285-4c6b-8e02-299eb4fb8763 tempest-AttachVolumeNegativeTest-19309687 tempest-AttachVolumeNegativeTest-19309687-project] Allocated IP 172.20.0.5 (7dab6dcf-1434-47e1-9bcc-6723ea13e4c7/455d558c-637c-4e68-af03-2d53f2364eba/562522c2-a72a-4270-9002-4521d28f0d18) {{(pid=113536) _store_ip_allocation /opt/stack/neutron/neutron/db/db_base_plugin_common.py:131}}
Aug 24 03:48:33.834653 dv-cinder-854261-1-smb neutron-server[113537]: DEBUG neutron.plugins.ml2.plugin [None req-8cec1f3b-4ed1-4b2d-99cb-4f469ad05b68 None None] Current status of the port 8eaa05b5-0354-4b43-803e-cf9ce70e5a78 is: DOWN; New status is: BUILD {{(pid=113537) _update_individual_port_db_status /opt/stack/neutron/neutron/plugins/ml2/plugin.py:2302}}
Aug 24 03:48:33.835053 dv-cinder-854261-1-smb neutron-server[113537]: DEBUG neutron_lib.callbacks.manager [None req-8cec1f3b-4ed1-4b2d-99cb-4f469ad05b68 None None] Publish callbacks ['neutron.plugins.ml2.plugin.SecurityGroupDbMixin._ensure_default_security_group_handler-1013540'] for port (8eaa05b5-0354-4b43-803e-cf9ce70e5a78), before_update {{(pid=113537) _notify_loop /usr/local/lib/python3.8/dist-packages/neutron_lib/callbacks/manager.py:176}}
Aug 24 03:48:33.851198 dv-cinder-854261-1-smb neutron-server[113537]: DEBUG neutron.notifiers.nova [None req-8cec1f3b-4ed1-4b2d-99cb-4f469ad05b68 None None] Ignoring state change previous_port_status: DOWN current_port_status: BUILD port_id 8eaa05b5-0354-4b43-803e-cf9ce70e5a78 {{(pid=113537) record_port_status_changed /opt/stack/neutron/neutron/notifiers/nova.py:233}}
Aug 24 03:48:33.859251 dv-cinder-854261-1-smb neutron-server[113535]: DEBUG neutron.pecan_wsgi.hooks.quota_enforcement [req-b87e6ced-6ce9-4de4-b961-9a8e749c1160 req-153729ad-5dc9-4b06-9863-37d164c517ba tempest-AttachVolumeShelveTestJSON-848048936 tempest-AttachVolumeShelveTestJSON-848048936-project] Made reservation on behalf of c73e6993420b4bbe9280d32ebdfc0505 for: {'port': 1} {{(pid=113535) before /opt/stack/neutron/neutron/pecan_wsgi/hooks/quota_enforcement.py:53}}
Aug 24 03:48:33.859592 dv-cinder-854261-1-smb neutron-server[113535]: DEBUG neutron_lib.callbacks.manager [req-b87e6ced-6ce9-4de4-b961-9a8e749c1160 req-153729ad-5dc9-4b06-9863-37d164c517ba tempest-AttachVolumeShelveTestJSON-848048936 tempest-AttachVolumeShelveTestJSON-848048936-project] Publish callbacks ['neutron.plugins.ml2.plugin.SecurityGroupDbMixin._ensure_default_security_group_handler-1013540'] for port (None), before_create {{(pid=113535) _notify_loop /usr/local/lib/python3.8/dist-packages/neutron_lib/callbacks/manager.py:176}}
Aug 24 03:48:33.883214 dv-cinder-854261-1-smb neutron-server[113537]: DEBUG neutron.plugins.ml2.db [None req-8cec1f3b-4ed1-4b2d-99cb-4f469ad05b68 None None] For port 8eaa05b5-0354-4b43-803e-cf9ce70e5a78, host hv-cinder-85426, got binding levels [PortBindingLevel(driver='hyperv',host='hv-cinder-85426',level=0,port_id=8eaa05b5-0354-4b43-803e-cf9ce70e5a78,segment=NetworkSegment(13c66ba9-ffa0-49ba-bb52-395257ce3b70),segment_id=13c66ba9-ffa0-49ba-bb52-395257ce3b70)] {{(pid=113537) get_binding_level_objs /opt/stack/neutron/neutron/plugins/ml2/db.py:74}}
Aug 24 03:48:33.917960 dv-cinder-854261-1-smb neutron-server[113535]: INFO neutron.wsgi [req-49afa316-57ed-49ca-a8f6-4c8780480110 req-b70f3a31-9a4b-46c0-b0a0-24a52d9e0b41 tempest-AttachVolumeTestJSON-479315474 tempest-AttachVolumeTestJSON-479315474-project] 10.222.0.95 "GET /networking/v2.0/security-groups?fields=id&fields=name&tenant_id=09c5c40394824e13b6d91dfa676a2c3e HTTP/1.1" status: 200 len: 378 time: 0.1239398
Aug 24 03:48:34.004676 dv-cinder-854261-1-smb neutron-server[113536]: DEBUG neutron_lib.callbacks.manager [req-7a6ef3a6-7b06-493c-bcec-873cb39feba5 req-dd8b3252-5285-4c6b-8e02-299eb4fb8763 tempest-AttachVolumeNegativeTest-19309687 tempest-AttachVolumeNegativeTest-19309687-project] Publish callbacks [] for port (562522c2-a72a-4270-9002-4521d28f0d18), precommit_create {{(pid=113536) _notify_loop /usr/local/lib/python3.8/dist-packages/neutron_lib/callbacks/manager.py:176}}
Aug 24 03:48:34.006391 dv-cinder-854261-1-smb neutron-server[113535]: DEBUG neutron.api.v2.base [req-49afa316-57ed-49ca-a8f6-4c8780480110 req-3f8b618d-ec40-4058-98e2-240b541ca602 tempest-AttachVolumeTestJSON-479315474 tempest-AttachVolumeTestJSON-479315474-project] Request body: {'port': {'device_id': '4257e64a-3e85-4cb3-9932-f1571fc0b2cd', 'network_id': 'bcdf16e6-7616-4ffa-8c58-4253fa3bd810', 'admin_state_up': True, 'tenant_id': '09c5c40394824e13b6d91dfa676a2c3e', 'security_groups': ['953c2a3f-4eb0-4631-8d7e-74cd6682f031']}} {{(pid=113535) prepare_request_body /opt/stack/neutron/neutron/api/v2/base.py:730}}
Aug 24 03:48:34.011765 dv-cinder-854261-1-smb neutron-server[113537]: DEBUG neutron_lib.callbacks.manager [None req-8cec1f3b-4ed1-4b2d-99cb-4f469ad05b68 None None] Publish callbacks ['neutron.plugins.ml2.plugin.SecurityGroupServerNotifierRpcMixin._notify_sg_on_port_change-1015777', 'neutron.plugins.ml2.ovo_rpc._ObjectChangeHandler.handle_event-211659', 'neutron.api.rpc.agentnotifiers.dhcp_rpc_agent_api.DhcpAgentNotifyAPI._native_event_send_dhcp_notification-7869843', 'neutron.db.l3_db.L3RpcNotifierMixin._notify_gateway_port_ip_changed-8737301570308', 'neutron.db.l3_dvrscheduler_db._notify_l3_agent_port_update-8737301176140', 'neutron.db.l3_hascheduler_db._notify_l3_agent_ha_port_update-8737301176158'] for port (8eaa05b5-0354-4b43-803e-cf9ce70e5a78), after_update {{(pid=113537) _notify_loop /usr/local/lib/python3.8/dist-packages/neutron_lib/callbacks/manager.py:176}}
Aug 24 03:48:34.051619 dv-cinder-854261-1-smb neutron-server[113535]: DEBUG dbcounter [-] [113535] Writing DB stats neutron:SELECT=78,neutron:INSERT=17,neutron:UPDATE=3,neutron:DELETE=2 {{(pid=113535) stat_writer /usr/local/lib/python3.8/dist-packages/dbcounter.py:114}}
Aug 24 03:48:34.060179 dv-cinder-854261-1-smb neutron-server[113537]: DEBUG neutron.api.rpc.handlers.resources_rpc [None req-8cec1f3b-4ed1-4b2d-99cb-4f469ad05b68 None None] Pushing event updated for resources: {'Port': ['ID=8eaa05b5-0354-4b43-803e-cf9ce70e5a78,revision_number=4']} {{(pid=113537) push /opt/stack/neutron/neutron/api/rpc/handlers/resources_rpc.py:237}}
Aug 24 03:48:34.112202 dv-cinder-854261-1-smb neutron-server[113536]: DEBUG neutron_lib.callbacks.manager [req-7a6ef3a6-7b06-493c-bcec-873cb39feba5 req-dd8b3252-5285-4c6b-8e02-299eb4fb8763 tempest-AttachVolumeNegativeTest-19309687 tempest-AttachVolumeNegativeTest-19309687-project] Publish callbacks ['neutron.plugins.ml2.plugin.SecurityGroupServerNotifierRpcMixin._notify_sg_on_port_change-1015777', 'neutron.plugins.ml2.ovo_rpc._ObjectChangeHandler.handle_event-211659', 'neutron.api.rpc.agentnotifiers.dhcp_rpc_agent_api.DhcpAgentNotifyAPI._native_event_send_dhcp_notification-7869843', 'neutron.db.l3_dvrscheduler_db._notify_l3_agent_new_port-8737301176122', 'neutron.services.segments.plugin.NovaSegmentNotifier._notify_port_created_or_deleted-7522594'] for port (562522c2-a72a-4270-9002-4521d28f0d18), after_create {{(pid=113536) _notify_loop /usr/local/lib/python3.8/dist-packages/neutron_lib/callbacks/manager.py:176}}
Aug 24 03:48:34.166409 dv-cinder-854261-1-smb neutron-server[113536]: DEBUG neutron.scheduler.dhcp_agent_scheduler [req-7a6ef3a6-7b06-493c-bcec-873cb39feba5 req-dd8b3252-5285-4c6b-8e02-299eb4fb8763 tempest-AttachVolumeNegativeTest-19309687 tempest-AttachVolumeNegativeTest-19309687-project] Network 7dab6dcf-1434-47e1-9bcc-6723ea13e4c7 is already hosted by enough agents. {{(pid=113536) _get_dhcp_agents_hosting_network /opt/stack/neutron/neutron/scheduler/dhcp_agent_scheduler.py:275}}
Aug 24 03:48:34.169465 dv-cinder-854261-1-smb neutron-server[113536]: DEBUG neutron.scheduler.base_scheduler [req-7a6ef3a6-7b06-493c-bcec-873cb39feba5 req-dd8b3252-5285-4c6b-8e02-299eb4fb8763 tempest-AttachVolumeNegativeTest-19309687 tempest-AttachVolumeNegativeTest-19309687-project] Resources bound (agent type, host, resource id): {{(pid=113536) schedule /opt/stack/neutron/neutron/scheduler/base_scheduler.py:57}}
Aug 24 03:48:34.173738 dv-cinder-854261-1-smb neutron-server[113536]: DEBUG neutron.db.l3_dvrscheduler_db [req-7a6ef3a6-7b06-493c-bcec-873cb39feba5 req-dd8b3252-5285-4c6b-8e02-299eb4fb8763 tempest-AttachVolumeNegativeTest-19309687 tempest-AttachVolumeNegativeTest-19309687-project] Received port after_create {{(pid=113536) _notify_l3_agent_new_port /opt/stack/neutron/neutron/db/l3_dvrscheduler_db.py:538}}
Aug 24 03:48:34.179992 dv-cinder-854261-1-smb neutron-server[113536]: DEBUG neutron.api.rpc.handlers.resources_rpc [None req-dd8b3252-5285-4c6b-8e02-299eb4fb8763 tempest-AttachVolumeNegativeTest-19309687 tempest-AttachVolumeNegativeTest-19309687-project] Pushing event updated for resources: {'Port': ['ID=562522c2-a72a-4270-9002-4521d28f0d18,revision_number=1']} {{(pid=113536) push /opt/stack/neutron/neutron/api/rpc/handlers/resources_rpc.py:237}}
Aug 24 03:48:34.197466 dv-cinder-854261-1-smb neutron-server[113535]: DEBUG neutron.db.db_base_plugin_common [req-b87e6ced-6ce9-4de4-b961-9a8e749c1160 req-153729ad-5dc9-4b06-9863-37d164c517ba tempest-AttachVolumeShelveTestJSON-848048936 tempest-AttachVolumeShelveTestJSON-848048936-project] Allocated IP 172.20.0.11 (378945d3-35f8-4a84-b605-1905f4b04bb0/cb159bbc-3ed0-424c-a5be-5c22e843b3b7/fe114ea6-ab8c-47cc-adda-cfd78d991205) {{(pid=113535) _store_ip_allocation /opt/stack/neutron/neutron/db/db_base_plugin_common.py:131}}
Aug 24 03:48:34.228937 dv-cinder-854261-1-smb neutron-server[113536]: DEBUG neutron.pecan_wsgi.hooks.policy_enforcement [req-7a6ef3a6-7b06-493c-bcec-873cb39feba5 req-dd8b3252-5285-4c6b-8e02-299eb4fb8763 tempest-AttachVolumeNegativeTest-19309687 tempest-AttachVolumeNegativeTest-19309687-project] Attributes excluded by policy engine: ['standard_attr_id', 'binding:profile', 'binding:host_id', 'binding:vif_type', 'binding:vif_details', 'network'] {{(pid=113536) _exclude_attributes_by_policy /opt/stack/neutron/neutron/pecan_wsgi/hooks/policy_enforcement.py:259}}
Aug 24 03:48:34.229667 dv-cinder-854261-1-smb neutron-server[113536]: DEBUG neutron_lib.callbacks.manager [req-7a6ef3a6-7b06-493c-bcec-873cb39feba5 req-dd8b3252-5285-4c6b-8e02-299eb4fb8763 tempest-AttachVolumeNegativeTest-19309687 tempest-AttachVolumeNegativeTest-19309687-project] Publish callbacks ['neutron.notifiers.nova.Notifier._send_nova_notification-12393', 'neutron.api.rpc.agentnotifiers.dhcp_rpc_agent_api.DhcpAgentNotifyAPI._send_dhcp_notification-7869925'] for port (None), before_response {{(pid=113536) _notify_loop /usr/local/lib/python3.8/dist-packages/neutron_lib/callbacks/manager.py:176}}
Aug 24 03:48:34.362608 dv-cinder-854261-1-smb neutron-server[113536]: INFO neutron.wsgi [req-7a6ef3a6-7b06-493c-bcec-873cb39feba5 req-dd8b3252-5285-4c6b-8e02-299eb4fb8763 tempest-AttachVolumeNegativeTest-19309687 tempest-AttachVolumeNegativeTest-19309687-project] 10.222.0.95 "POST /networking/v2.0/ports HTTP/1.1" status: 201 len: 933 time: 1.2131333
Aug 24 03:48:34.449089 dv-cinder-854261-1-smb neutron-server[113536]: DEBUG neutron.api.v2.base [req-7a6ef3a6-7b06-493c-bcec-873cb39feba5 req-c4c703c8-a5cd-47db-a680-5393285ced9c service neutron] Request body: {'port': {'device_id': 'be685506-c2dc-42ee-97c3-f434af7f265b', 'device_owner': 'compute:nova', 'binding:host_id': 'hv-cinder-85426'}} {{(pid=113536) prepare_request_body /opt/stack/neutron/neutron/api/v2/base.py:730}}
Aug 24 03:48:34.458518 dv-cinder-854261-1-smb neutron-server[113535]: DEBUG neutron_lib.callbacks.manager [req-b87e6ced-6ce9-4de4-b961-9a8e749c1160 req-153729ad-5dc9-4b06-9863-37d164c517ba tempest-AttachVolumeShelveTestJSON-848048936 tempest-AttachVolumeShelveTestJSON-848048936-project] Publish callbacks [] for port (fe114ea6-ab8c-47cc-adda-cfd78d991205), precommit_create {{(pid=113535) _notify_loop /usr/local/lib/python3.8/dist-packages/neutron_lib/callbacks/manager.py:176}}
Aug 24 03:48:34.471285 dv-cinder-854261-1-smb neutron-server[113535]: DEBUG neutron.pecan_wsgi.hooks.quota_enforcement [req-49afa316-57ed-49ca-a8f6-4c8780480110 req-3f8b618d-ec40-4058-98e2-240b541ca602 tempest-AttachVolumeTestJSON-479315474 tempest-AttachVolumeTestJSON-479315474-project] Made reservation on behalf of 09c5c40394824e13b6d91dfa676a2c3e for: {'port': 1} {{(pid=113535) before /opt/stack/neutron/neutron/pecan_wsgi/hooks/quota_enforcement.py:53}}
Aug 24 03:48:34.472412 dv-cinder-854261-1-smb neutron-server[113535]: DEBUG neutron_lib.callbacks.manager [req-49afa316-57ed-49ca-a8f6-4c8780480110 req-3f8b618d-ec40-4058-98e2-240b541ca602 tempest-AttachVolumeTestJSON-479315474 tempest-AttachVolumeTestJSON-479315474-project] Publish callbacks ['neutron.plugins.ml2.plugin.SecurityGroupDbMixin._ensure_default_security_group_handler-1013540'] for port (None), before_create {{(pid=113535) _notify_loop /usr/local/lib/python3.8/dist-packages/neutron_lib/callbacks/manager.py:176}}
Aug 24 03:48:34.520946 dv-cinder-854261-1-smb neutron-server[113537]: DEBUG neutron.db.provisioning_blocks [None req-1d0b3594-69d4-44da-9a7c-50f8085968f3 None None] Provisioning complete for port 562522c2-a72a-4270-9002-4521d28f0d18 triggered by entity DHCP. {{(pid=113537) provisioning_complete /opt/stack/neutron/neutron/db/provisioning_blocks.py:144}}
Aug 24 03:48:34.522358 dv-cinder-854261-1-smb neutron-server[113537]: DEBUG neutron_lib.callbacks.manager [None req-1d0b3594-69d4-44da-9a7c-50f8085968f3 None None] Publish callbacks ['neutron.plugins.ml2.plugin.Ml2Plugin._port_provisioned-874207'] for port (562522c2-a72a-4270-9002-4521d28f0d18), provisioning_complete {{(pid=113537) _notify_loop /usr/local/lib/python3.8/dist-packages/neutron_lib/callbacks/manager.py:176}}
Aug 24 03:48:34.574991 dv-cinder-854261-1-smb neutron-server[113537]: DEBUG neutron.plugins.ml2.plugin [None req-1d0b3594-69d4-44da-9a7c-50f8085968f3 None None] Port 562522c2-a72a-4270-9002-4521d28f0d18 cannot update to ACTIVE because it is not bound. {{(pid=113537) _port_provisioned /opt/stack/neutron/neutron/plugins/ml2/plugin.py:348}}
Aug 24 03:48:34.599087 dv-cinder-854261-1-smb neutron-server[113536]: DEBUG neutron.pecan_wsgi.hooks.policy_enforcement [req-742a55d2-c747-4300-9645-23933cfeb81c req-7084f3fd-846f-422d-b886-1e444623f1ba tempest-DeleteServersTestJSON-153542591 tempest-DeleteServersTestJSON-153542591-project] Attributes excluded by policy engine: ['standard_attr_id', 'binding:profile', 'binding:host_id', 'binding:vif_type', 'binding:vif_details'] {{(pid=113536) _exclude_attributes_by_policy /opt/stack/neutron/neutron/pecan_wsgi/hooks/policy_enforcement.py:259}}
Aug 24 03:48:34.600618 dv-cinder-854261-1-smb neutron-server[113536]: INFO neutron.wsgi [req-742a55d2-c747-4300-9645-23933cfeb81c req-7084f3fd-846f-422d-b886-1e444623f1ba tempest-DeleteServersTestJSON-153542591 tempest-DeleteServersTestJSON-153542591-project] 10.222.0.40 "GET /networking/v2.0/ports?device_id=13526c22-8b0c-48a1-875b-f1ad3f14f696 HTTP/1.1" status: 200 len: 944 time: 0.1474547
Aug 24 03:48:34.605013 dv-cinder-854261-1-smb neutron-server[113536]: DEBUG neutron_lib.callbacks.manager [req-7a6ef3a6-7b06-493c-bcec-873cb39feba5 req-c4c703c8-a5cd-47db-a680-5393285ced9c service neutron] Publish callbacks ['neutron.plugins.ml2.plugin.SecurityGroupDbMixin._ensure_default_security_group_handler-1013540'] for port (562522c2-a72a-4270-9002-4521d28f0d18), before_update {{(pid=113536) _notify_loop /usr/local/lib/python3.8/dist-packages/neutron_lib/callbacks/manager.py:176}}
Aug 24 03:48:34.614069 dv-cinder-854261-1-smb neutron-server[113537]: DEBUG neutron.plugins.ml2.db [None req-8cec1f3b-4ed1-4b2d-99cb-4f469ad05b68 None None] get_ports_and_sgs() called for port_ids ['8eaa05b5-0354-4b43-803e-cf9ce70e5a78'] {{(pid=113537) get_ports_and_sgs /opt/stack/neutron/neutron/plugins/ml2/db.py:163}}
Aug 24 03:48:34.621228 dv-cinder-854261-1-smb neutron-server[113535]: DEBUG neutron_lib.callbacks.manager [req-b87e6ced-6ce9-4de4-b961-9a8e749c1160 req-153729ad-5dc9-4b06-9863-37d164c517ba tempest-AttachVolumeShelveTestJSON-848048936 tempest-AttachVolumeShelveTestJSON-848048936-project] Publish callbacks ['neutron.plugins.ml2.plugin.SecurityGroupServerNotifierRpcMixin._notify_sg_on_port_change-1015777', 'neutron.plugins.ml2.ovo_rpc._ObjectChangeHandler.handle_event-211659', 'neutron.api.rpc.agentnotifiers.dhcp_rpc_agent_api.DhcpAgentNotifyAPI._native_event_send_dhcp_notification-7869843', 'neutron.db.l3_dvrscheduler_db._notify_l3_agent_new_port-8737301176122'] for port (fe114ea6-ab8c-47cc-adda-cfd78d991205), after_create {{(pid=113535) _notify_loop /usr/local/lib/python3.8/dist-packages/neutron_lib/callbacks/manager.py:176}}
Aug 24 03:48:34.768719 dv-cinder-854261-1-smb neutron-server[113535]: INFO neutron.wsgi [req-dd863b1e-c46e-4c26-9a56-7f2488367aa1 req-bf07d6c8-92ec-4871-bbcd-a88716194860 tempest-AttachVolumeTestJSON-479315474 tempest-AttachVolumeTestJSON-479315474-project] 10.222.0.40 "GET /networking/v2.0/ports?device_id=4257e64a-3e85-4cb3-9932-f1571fc0b2cd HTTP/1.1" status: 200 len: 210 time: 0.0487947
Aug 24 03:48:34.798615 dv-cinder-854261-1-smb neutron-server[113536]: INFO neutron.wsgi [req-742a55d2-c747-4300-9645-23933cfeb81c req-443d7d87-9c02-414b-9709-89b77a7ef0ec tempest-DeleteServersTestJSON-153542591 tempest-DeleteServersTestJSON-153542591-project] 10.222.0.40 "GET /networking/v2.0/security-groups?id=489f70db-b3f5-4946-92ed-46de6b968669&fields=id&fields=name HTTP/1.1" status: 200 len: 286 time: 0.1753669
Aug 24 03:48:34.812964 dv-cinder-854261-1-smb neutron-server[113535]: DEBUG neutron.scheduler.dhcp_agent_scheduler [req-b87e6ced-6ce9-4de4-b961-9a8e749c1160 req-153729ad-5dc9-4b06-9863-37d164c517ba tempest-AttachVolumeShelveTestJSON-848048936 tempest-AttachVolumeShelveTestJSON-848048936-project] Network 378945d3-35f8-4a84-b605-1905f4b04bb0 is already hosted by enough agents. {{(pid=113535) _get_dhcp_agents_hosting_network /opt/stack/neutron/neutron/scheduler/dhcp_agent_scheduler.py:275}}
Aug 24 03:48:34.821054 dv-cinder-854261-1-smb neutron-server[113535]: DEBUG neutron.api.rpc.handlers.resources_rpc [None req-153729ad-5dc9-4b06-9863-37d164c517ba tempest-AttachVolumeShelveTestJSON-848048936 tempest-AttachVolumeShelveTestJSON-848048936-project] Pushing event updated for resources: {'Port': ['ID=fe114ea6-ab8c-47cc-adda-cfd78d991205,revision_number=1']} {{(pid=113535) push /opt/stack/neutron/neutron/api/rpc/handlers/resources_rpc.py:237}}
Aug 24 03:48:34.887318 dv-cinder-854261-1-smb neutron-server[113535]: DEBUG neutron.db.db_base_plugin_common [req-49afa316-57ed-49ca-a8f6-4c8780480110 req-3f8b618d-ec40-4058-98e2-240b541ca602 tempest-AttachVolumeTestJSON-479315474 tempest-AttachVolumeTestJSON-479315474-project] Allocated IP 172.20.0.10 (bcdf16e6-7616-4ffa-8c58-4253fa3bd810/dca1d1ea-d901-4ad0-b9c3-b9f4740cd204/96f53ae2-1df0-4527-9a7a-2e53bf315d3b) {{(pid=113535) _store_ip_allocation /opt/stack/neutron/neutron/db/db_base_plugin_common.py:131}}
Aug 24 03:48:34.965135 dv-cinder-854261-1-smb neutron-server[113535]: DEBUG neutron.scheduler.base_scheduler [req-b87e6ced-6ce9-4de4-b961-9a8e749c1160 req-153729ad-5dc9-4b06-9863-37d164c517ba tempest-AttachVolumeShelveTestJSON-848048936 tempest-AttachVolumeShelveTestJSON-848048936-project] Resources bound (agent type, host, resource id): {{(pid=113535) schedule /opt/stack/neutron/neutron/scheduler/base_scheduler.py:57}}
Aug 24 03:48:34.971692 dv-cinder-854261-1-smb neutron-server[113535]: DEBUG neutron.db.l3_dvrscheduler_db [req-b87e6ced-6ce9-4de4-b961-9a8e749c1160 req-153729ad-5dc9-4b06-9863-37d164c517ba tempest-AttachVolumeShelveTestJSON-848048936 tempest-AttachVolumeShelveTestJSON-848048936-project] Received port after_create {{(pid=113535) _notify_l3_agent_new_port /opt/stack/neutron/neutron/db/l3_dvrscheduler_db.py:538}}
Aug 24 03:48:34.980782 dv-cinder-854261-1-smb neutron-server[113535]: DEBUG neutron.pecan_wsgi.hooks.policy_enforcement [req-b87e6ced-6ce9-4de4-b961-9a8e749c1160 req-153729ad-5dc9-4b06-9863-37d164c517ba tempest-AttachVolumeShelveTestJSON-848048936 tempest-AttachVolumeShelveTestJSON-848048936-project] Attributes excluded by policy engine: ['standard_attr_id', 'binding:profile', 'binding:host_id', 'binding:vif_type', 'binding:vif_details', 'network'] {{(pid=113535) _exclude_attributes_by_policy /opt/stack/neutron/neutron/pecan_wsgi/hooks/policy_enforcement.py:259}}
Aug 24 03:48:34.981725 dv-cinder-854261-1-smb neutron-server[113535]: DEBUG neutron_lib.callbacks.manager [req-b87e6ced-6ce9-4de4-b961-9a8e749c1160 req-153729ad-5dc9-4b06-9863-37d164c517ba tempest-AttachVolumeShelveTestJSON-848048936 tempest-AttachVolumeShelveTestJSON-848048936-project] Publish callbacks ['neutron.notifiers.nova.Notifier._send_nova_notification-12393', 'neutron.api.rpc.agentnotifiers.dhcp_rpc_agent_api.DhcpAgentNotifyAPI._send_dhcp_notification-7869925'] for port (None), before_response {{(pid=113535) _notify_loop /usr/local/lib/python3.8/dist-packages/neutron_lib/callbacks/manager.py:176}}
Aug 24 03:48:35.020047 dv-cinder-854261-1-smb neutron-server[113535]: DEBUG neutron.wsgi [-] (113535) accepted ('10.222.0.40', 57334) {{(pid=113535) server /usr/local/lib/python3.8/dist-packages/eventlet/wsgi.py:1004}}
Aug 24 03:48:35.103996 dv-cinder-854261-1-smb neutron-server[113536]: DEBUG neutron.pecan_wsgi.hooks.policy_enforcement [req-ec241215-4006-4e23-a65e-b6decd1213c7 req-51341c35-e19e-4979-ab10-f50065b1a471 tempest-AttachVolumeShelveTestJSON-848048936 tempest-AttachVolumeShelveTestJSON-848048936-project] Attributes excluded by policy engine: ['standard_attr_id', 'binding:profile', 'binding:host_id', 'binding:vif_type', 'binding:vif_details'] {{(pid=113536) _exclude_attributes_by_policy /opt/stack/neutron/neutron/pecan_wsgi/hooks/policy_enforcement.py:259}}
Aug 24 03:48:35.110322 dv-cinder-854261-1-smb neutron-server[113536]: INFO neutron.wsgi [req-ec241215-4006-4e23-a65e-b6decd1213c7 req-51341c35-e19e-4979-ab10-f50065b1a471 tempest-AttachVolumeShelveTestJSON-848048936 tempest-AttachVolumeShelveTestJSON-848048936-project] 10.222.0.40 "GET /networking/v2.0/ports?device_id=99b32582-9b67-4020-ae70-f102e94f07fb HTTP/1.1" status: 200 len: 932 time: 0.1671784
Aug 24 03:48:35.199619 dv-cinder-854261-1-smb neutron-server[113535]: DEBUG neutron.pecan_wsgi.hooks.policy_enforcement [req-5db97b57-5706-4d1c-93e5-9c25d575af6c req-30a7eaf5-fd46-424c-98a3-e1591303ac35 tempest-AttachVolumeNegativeTest-19309687 tempest-AttachVolumeNegativeTest-19309687-project] Attributes excluded by policy engine: ['standard_attr_id', 'binding:profile', 'binding:host_id', 'binding:vif_type', 'binding:vif_details'] {{(pid=113535) _exclude_attributes_by_policy /opt/stack/neutron/neutron/pecan_wsgi/hooks/policy_enforcement.py:259}}
Aug 24 03:48:35.202106 dv-cinder-854261-1-smb neutron-server[113535]: INFO neutron.wsgi [req-5db97b57-5706-4d1c-93e5-9c25d575af6c req-30a7eaf5-fd46-424c-98a3-e1591303ac35 tempest-AttachVolumeNegativeTest-19309687 tempest-AttachVolumeNegativeTest-19309687-project] 10.222.0.40 "GET /networking/v2.0/ports?device_id=be685506-c2dc-42ee-97c3-f434af7f265b HTTP/1.1" status: 200 len: 931 time: 0.2124689
Aug 24 03:48:35.235132 dv-cinder-854261-1-smb neutron-server[113536]: INFO neutron.wsgi [req-ec241215-4006-4e23-a65e-b6decd1213c7 req-aa9bb953-a86b-48d0-934a-057a97fa6b04 tempest-AttachVolumeShelveTestJSON-848048936 tempest-AttachVolumeShelveTestJSON-848048936-project] 10.222.0.40 "GET /networking/v2.0/security-groups?id=752b6837-e8b5-4801-bdf8-05694fa73c6e&fields=id&fields=name HTTP/1.1" status: 200 len: 313 time: 0.1188231
Aug 24 03:48:35.260926 dv-cinder-854261-1-smb neutron-server[113535]: INFO neutron.wsgi [req-b87e6ced-6ce9-4de4-b961-9a8e749c1160 req-153729ad-5dc9-4b06-9863-37d164c517ba tempest-AttachVolumeShelveTestJSON-848048936 tempest-AttachVolumeShelveTestJSON-848048936-project] 10.222.0.95 "POST /networking/v2.0/ports HTTP/1.1" status: 201 len: 934 time: 2.0453830
Aug 24 03:48:35.293959 dv-cinder-854261-1-smb neutron-server[113535]: DEBUG neutron.api.v2.base [req-b87e6ced-6ce9-4de4-b961-9a8e749c1160 req-2a71c597-d045-4e0c-99a3-0e4dcf165d14 service neutron] Request body: {'port': {'device_id': '99b32582-9b67-4020-ae70-f102e94f07fb', 'device_owner': 'compute:nova', 'binding:host_id': 'hv-cinder-85426'}} {{(pid=113535) prepare_request_body /opt/stack/neutron/neutron/api/v2/base.py:730}}
Aug 24 03:48:35.330040 dv-cinder-854261-1-smb neutron-server[113536]: DEBUG neutron.notifiers.nova [req-7a6ef3a6-7b06-493c-bcec-873cb39feba5 req-c4c703c8-a5cd-47db-a680-5393285ced9c service neutron] Ignoring state change previous_port_status: DOWN current_port_status: DOWN port_id 562522c2-a72a-4270-9002-4521d28f0d18 {{(pid=113536) record_port_status_changed /opt/stack/neutron/neutron/notifiers/nova.py:233}}
Aug 24 03:48:35.338672 dv-cinder-854261-1-smb neutron-server[113536]: DEBUG neutron_lib.callbacks.manager [req-7a6ef3a6-7b06-493c-bcec-873cb39feba5 req-c4c703c8-a5cd-47db-a680-5393285ced9c service neutron] Publish callbacks [] for port (562522c2-a72a-4270-9002-4521d28f0d18), precommit_update {{(pid=113536) _notify_loop /usr/local/lib/python3.8/dist-packages/neutron_lib/callbacks/manager.py:176}}
Aug 24 03:48:35.351964 dv-cinder-854261-1-smb neutron-server[113536]: DEBUG neutron.db.provisioning_blocks [req-7a6ef3a6-7b06-493c-bcec-873cb39feba5 req-c4c703c8-a5cd-47db-a680-5393285ced9c service neutron] Transition to ACTIVE for port object 562522c2-a72a-4270-9002-4521d28f0d18 will not be triggered until provisioned by entity L2. {{(pid=113536) add_provisioning_component /opt/stack/neutron/neutron/db/provisioning_blocks.py:74}}
Aug 24 03:48:35.365154 dv-cinder-854261-1-smb neutron-server[113535]: DEBUG neutron_lib.callbacks.manager [None req-c89e7a49-b589-46f4-a0b3-1294ef2d3dfc admin admin] Publish callbacks [] for security_group (None), before_create {{(pid=113535) _notify_loop /usr/local/lib/python3.8/dist-packages/neutron_lib/callbacks/manager.py:176}}
Aug 24 03:48:35.369610 dv-cinder-854261-1-smb neutron-server[113535]: DEBUG neutron_lib.callbacks.manager [req-49afa316-57ed-49ca-a8f6-4c8780480110 req-3f8b618d-ec40-4058-98e2-240b541ca602 tempest-AttachVolumeTestJSON-479315474 tempest-AttachVolumeTestJSON-479315474-project] Publish callbacks [] for port (96f53ae2-1df0-4527-9a7a-2e53bf315d3b), precommit_create {{(pid=113535) _notify_loop /usr/local/lib/python3.8/dist-packages/neutron_lib/callbacks/manager.py:176}}
Aug 24 03:48:35.394009 dv-cinder-854261-1-smb neutron-server[113535]: INFO neutron.wsgi [req-5db97b57-5706-4d1c-93e5-9c25d575af6c req-78af1bee-4fc8-4e55-9313-1327fb54ba19 tempest-AttachVolumeNegativeTest-19309687 tempest-AttachVolumeNegativeTest-19309687-project] 10.222.0.40 "GET /networking/v2.0/security-groups?id=c13963d0-88e9-4f14-95eb-9e1432782bf1&fields=id&fields=name HTTP/1.1" status: 200 len: 313 time: 0.1826978
Aug 24 03:48:35.414580 dv-cinder-854261-1-smb neutron-server[113537]: DEBUG neutron.db.provisioning_blocks [None req-8365694b-e918-42bc-8e83-4448dd5fc18d None None] Provisioning complete for port fe114ea6-ab8c-47cc-adda-cfd78d991205 triggered by entity DHCP. {{(pid=113537) provisioning_complete /opt/stack/neutron/neutron/db/provisioning_blocks.py:144}}
Aug 24 03:48:35.415040 dv-cinder-854261-1-smb neutron-server[113537]: DEBUG neutron_lib.callbacks.manager [None req-8365694b-e918-42bc-8e83-4448dd5fc18d None None] Publish callbacks ['neutron.plugins.ml2.plugin.Ml2Plugin._port_provisioned-874207'] for port (fe114ea6-ab8c-47cc-adda-cfd78d991205), provisioning_complete {{(pid=113537) _notify_loop /usr/local/lib/python3.8/dist-packages/neutron_lib/callbacks/manager.py:176}}
Aug 24 03:48:35.419851 dv-cinder-854261-1-smb neutron-server[113536]: DEBUG neutron_lib.callbacks.manager [req-7a6ef3a6-7b06-493c-bcec-873cb39feba5 req-c4c703c8-a5cd-47db-a680-5393285ced9c service neutron] Publish callbacks ['neutron.plugins.ml2.plugin.SecurityGroupServerNotifierRpcMixin._notify_sg_on_port_change-1015777', 'neutron.plugins.ml2.ovo_rpc._ObjectChangeHandler.handle_event-211659', 'neutron.api.rpc.agentnotifiers.dhcp_rpc_agent_api.DhcpAgentNotifyAPI._native_event_send_dhcp_notification-7869843', 'neutron.db.l3_db.L3RpcNotifierMixin._notify_gateway_port_ip_changed-8737301570308', 'neutron.db.l3_dvrscheduler_db._notify_l3_agent_port_update-8737301176140', 'neutron.db.l3_hascheduler_db._notify_l3_agent_ha_port_update-8737301176158', 'neutron.services.segments.plugin.NovaSegmentNotifier._notify_port_updated-7522605'] for port (562522c2-a72a-4270-9002-4521d28f0d18), after_update {{(pid=113536) _notify_loop /usr/local/lib/python3.8/dist-packages/neutron_lib/callbacks/manager.py:176}}
Aug 24 03:48:35.478957 dv-cinder-854261-1-smb neutron-server[113535]: DEBUG neutron_lib.callbacks.manager [req-b87e6ced-6ce9-4de4-b961-9a8e749c1160 req-2a71c597-d045-4e0c-99a3-0e4dcf165d14 service neutron] Publish callbacks ['neutron.plugins.ml2.plugin.SecurityGroupDbMixin._ensure_default_security_group_handler-1013540'] for port (fe114ea6-ab8c-47cc-adda-cfd78d991205), before_update {{(pid=113535) _notify_loop /usr/local/lib/python3.8/dist-packages/neutron_lib/callbacks/manager.py:176}}
Aug 24 03:48:35.487485 dv-cinder-854261-1-smb neutron-server[113537]: DEBUG dbcounter [-] [113537] Writing DB stats neutron:SELECT=97,neutron:UPDATE=3 {{(pid=113537) stat_writer /usr/local/lib/python3.8/dist-packages/dbcounter.py:114}}
Aug 24 03:48:35.492058 dv-cinder-854261-1-smb neutron-server[113537]: DEBUG neutron.plugins.ml2.plugin [None req-8365694b-e918-42bc-8e83-4448dd5fc18d None None] Port fe114ea6-ab8c-47cc-adda-cfd78d991205 cannot update to ACTIVE because it is not bound. {{(pid=113537) _port_provisioned /opt/stack/neutron/neutron/plugins/ml2/plugin.py:348}}
Aug 24 03:48:35.533068 dv-cinder-854261-1-smb neutron-server[113536]: DEBUG neutron.api.rpc.handlers.resources_rpc [None req-c4c703c8-a5cd-47db-a680-5393285ced9c service neutron] Pushing event updated for resources: {'Port': ['ID=562522c2-a72a-4270-9002-4521d28f0d18,revision_number=2']} {{(pid=113536) push /opt/stack/neutron/neutron/api/rpc/handlers/resources_rpc.py:237}}
Aug 24 03:48:35.570569 dv-cinder-854261-1-smb neutron-server[113536]: DEBUG neutron.plugins.ml2.managers [req-7a6ef3a6-7b06-493c-bcec-873cb39feba5 req-c4c703c8-a5cd-47db-a680-5393285ced9c service neutron] Attempting to bind port 562522c2-a72a-4270-9002-4521d28f0d18 on host hv-cinder-85426 for vnic_type normal with profile {{(pid=113536) bind_port /opt/stack/neutron/neutron/plugins/ml2/managers.py:810}}
Aug 24 03:48:35.571109 dv-cinder-854261-1-smb neutron-server[113536]: DEBUG neutron.plugins.ml2.managers [req-7a6ef3a6-7b06-493c-bcec-873cb39feba5 req-c4c703c8-a5cd-47db-a680-5393285ced9c service neutron] Attempting to bind port 562522c2-a72a-4270-9002-4521d28f0d18 by drivers openvswitch,hyperv on host hv-cinder-85426 at level 0 using segments [{'id': 'aca25630-76ae-4c9a-acce-af8622ca7539', 'network_type': 'vlan', 'physical_network': 'physnet1', 'segmentation_id': 876, 'network_id': '7dab6dcf-1434-47e1-9bcc-6723ea13e4c7'}] {{(pid=113536) _bind_port_level /opt/stack/neutron/neutron/plugins/ml2/managers.py:835}}
Aug 24 03:48:35.571533 dv-cinder-854261-1-smb neutron-server[113536]: DEBUG neutron.plugins.ml2.drivers.mech_agent [req-7a6ef3a6-7b06-493c-bcec-873cb39feba5 req-c4c703c8-a5cd-47db-a680-5393285ced9c service neutron] Attempting to bind port 562522c2-a72a-4270-9002-4521d28f0d18 on network 7dab6dcf-1434-47e1-9bcc-6723ea13e4c7 {{(pid=113536) bind_port /opt/stack/neutron/neutron/plugins/ml2/drivers/mech_agent.py:91}}
Aug 24 03:48:35.576114 dv-cinder-854261-1-smb neutron-server[113536]: DEBUG neutron.plugins.ml2.drivers.mech_agent [req-7a6ef3a6-7b06-493c-bcec-873cb39feba5 req-c4c703c8-a5cd-47db-a680-5393285ced9c service neutron] Port 562522c2-a72a-4270-9002-4521d28f0d18 on network 7dab6dcf-1434-47e1-9bcc-6723ea13e4c7 not bound, no agent of type Open vSwitch agent registered on host hv-cinder-85426 {{(pid=113536) bind_port /opt/stack/neutron/neutron/plugins/ml2/drivers/mech_agent.py:103}}
Aug 24 03:48:35.576535 dv-cinder-854261-1-smb neutron-server[113536]: DEBUG neutron.plugins.ml2.drivers.mech_agent [req-7a6ef3a6-7b06-493c-bcec-873cb39feba5 req-c4c703c8-a5cd-47db-a680-5393285ced9c service neutron] Attempting to bind port 562522c2-a72a-4270-9002-4521d28f0d18 on network 7dab6dcf-1434-47e1-9bcc-6723ea13e4c7 {{(pid=113536) bind_port /opt/stack/neutron/neutron/plugins/ml2/drivers/mech_agent.py:91}}
Aug 24 03:48:35.581737 dv-cinder-854261-1-smb neutron-server[113536]: DEBUG neutron.plugins.ml2.drivers.mech_agent [req-7a6ef3a6-7b06-493c-bcec-873cb39feba5 req-c4c703c8-a5cd-47db-a680-5393285ced9c service neutron] Checking agent: {'id': '1d29562b-7658-4336-93d1-2f2660c030d4', 'agent_type': 'HyperV agent', 'binary': 'neutron-hyperv-agent', 'topic': 'N/A', 'host': 'hv-cinder-85426', 'admin_state_up': True, 'created_at': datetime.datetime(2022, 8, 24, 3, 45, 47), 'started_at': datetime.datetime(2022, 8, 24, 3, 45, 47), 'heartbeat_timestamp': datetime.datetime(2022, 8, 24, 3, 48, 17), 'description': None, 'resources_synced': None, 'availability_zone': None, 'alive': True, 'configurations': {'vswitch_mappings': {'physnet1$': 'br-data'}}, 'resource_versions': {}} {{(pid=113536) bind_port /opt/stack/neutron/neutron/plugins/ml2/drivers/mech_agent.py:110}}
Aug 24 03:48:35.582211 dv-cinder-854261-1-smb neutron-server[113536]: DEBUG neutron.plugins.ml2.drivers.mech_agent [req-7a6ef3a6-7b06-493c-bcec-873cb39feba5 req-c4c703c8-a5cd-47db-a680-5393285ced9c service neutron] Checking segment: {'id': 'aca25630-76ae-4c9a-acce-af8622ca7539', 'network_type': 'vlan', 'physical_network': 'physnet1', 'segmentation_id': 876, 'network_id': '7dab6dcf-1434-47e1-9bcc-6723ea13e4c7'} for mappings: {'physnet1$': 'br-data'} with network types: ['local', 'flat', 'vlan'] {{(pid=113536) check_segment_for_agent /opt/stack/neutron/neutron/plugins/ml2/drivers/mech_agent.py:373}}
Aug 24 03:48:35.582689 dv-cinder-854261-1-smb neutron-server[113536]: DEBUG neutron.plugins.ml2.drivers.mech_agent [req-7a6ef3a6-7b06-493c-bcec-873cb39feba5 req-c4c703c8-a5cd-47db-a680-5393285ced9c service neutron] Bound using segment: {'id': 'aca25630-76ae-4c9a-acce-af8622ca7539', 'network_type': 'vlan', 'physical_network': 'physnet1', 'segmentation_id': 876, 'network_id': '7dab6dcf-1434-47e1-9bcc-6723ea13e4c7'} {{(pid=113536) bind_port /opt/stack/neutron/neutron/plugins/ml2/drivers/mech_agent.py:120}}
Aug 24 03:48:35.583210 dv-cinder-854261-1-smb neutron-server[113536]: DEBUG neutron.plugins.ml2.managers [req-7a6ef3a6-7b06-493c-bcec-873cb39feba5 req-c4c703c8-a5cd-47db-a680-5393285ced9c service neutron] Bound port: 562522c2-a72a-4270-9002-4521d28f0d18, host: hv-cinder-85426, vif_type: hyperv, vif_details: {"connectivity": "legacy", "port_filter": false}, binding_levels: [{'bound_driver': 'hyperv', 'bound_segment': {'id': 'aca25630-76ae-4c9a-acce-af8622ca7539', 'network_type': 'vlan', 'physical_network': 'physnet1', 'segmentation_id': 876, 'network_id': '7dab6dcf-1434-47e1-9bcc-6723ea13e4c7'}}] {{(pid=113536) _bind_port_level /opt/stack/neutron/neutron/plugins/ml2/managers.py:947}}
Aug 24 03:48:35.583660 dv-cinder-854261-1-smb neutron-server[113536]: DEBUG neutron_lib.callbacks.manager [req-7a6ef3a6-7b06-493c-bcec-873cb39feba5 req-c4c703c8-a5cd-47db-a680-5393285ced9c service neutron] Publish callbacks ['neutron.plugins.ml2.plugin.SecurityGroupDbMixin._ensure_default_security_group_handler-1013540'] for port (562522c2-a72a-4270-9002-4521d28f0d18), before_update {{(pid=113536) _notify_loop /usr/local/lib/python3.8/dist-packages/neutron_lib/callbacks/manager.py:176}}
Aug 24 03:48:35.590426 dv-cinder-854261-1-smb neutron-server[113535]: DEBUG neutron_lib.callbacks.manager [req-49afa316-57ed-49ca-a8f6-4c8780480110 req-3f8b618d-ec40-4058-98e2-240b541ca602 tempest-AttachVolumeTestJSON-479315474 tempest-AttachVolumeTestJSON-479315474-project] Publish callbacks ['neutron.plugins.ml2.plugin.SecurityGroupServerNotifierRpcMixin._notify_sg_on_port_change-1015777', 'neutron.plugins.ml2.ovo_rpc._ObjectChangeHandler.handle_event-211659', 'neutron.api.rpc.agentnotifiers.dhcp_rpc_agent_api.DhcpAgentNotifyAPI._native_event_send_dhcp_notification-7869843', 'neutron.db.l3_dvrscheduler_db._notify_l3_agent_new_port-8737301176122'] for port (96f53ae2-1df0-4527-9a7a-2e53bf315d3b), after_create {{(pid=113535) _notify_loop /usr/local/lib/python3.8/dist-packages/neutron_lib/callbacks/manager.py:176}}
Aug 24 03:48:35.643902 dv-cinder-854261-1-smb neutron-server[113535]: DEBUG neutron_lib.callbacks.manager [None req-c89e7a49-b589-46f4-a0b3-1294ef2d3dfc admin admin] Publish callbacks [] for security_group (317fec59-d7ad-4a05-825e-4d997b2590c1), precommit_create {{(pid=113535) _notify_loop /usr/local/lib/python3.8/dist-packages/neutron_lib/callbacks/manager.py:176}}
Aug 24 03:48:35.663842 dv-cinder-854261-1-smb neutron-server[113536]: DEBUG neutron.plugins.ml2.db [req-7a6ef3a6-7b06-493c-bcec-873cb39feba5 req-c4c703c8-a5cd-47db-a680-5393285ced9c service neutron] For port 562522c2-a72a-4270-9002-4521d28f0d18, host hv-cinder-85426, cleared binding levels {{(pid=113536) clear_binding_levels /opt/stack/neutron/neutron/plugins/ml2/db.py:87}}
Aug 24 03:48:35.671055 dv-cinder-854261-1-smb neutron-server[113536]: DEBUG neutron.plugins.ml2.db [req-7a6ef3a6-7b06-493c-bcec-873cb39feba5 req-c4c703c8-a5cd-47db-a680-5393285ced9c service neutron] For port 562522c2-a72a-4270-9002-4521d28f0d18, host hv-cinder-85426, set binding levels [PortBindingLevel(driver='hyperv',host='hv-cinder-85426',level=0,port_id=562522c2-a72a-4270-9002-4521d28f0d18,segment=NetworkSegment(aca25630-76ae-4c9a-acce-af8622ca7539),segment_id=aca25630-76ae-4c9a-acce-af8622ca7539)] {{(pid=113536) set_binding_levels /opt/stack/neutron/neutron/plugins/ml2/db.py:59}}
Aug 24 03:48:35.715733 dv-cinder-854261-1-smb neutron-server[113537]: DEBUG neutron.plugins.ml2.rpc [None req-8cec1f3b-4ed1-4b2d-99cb-4f469ad05b68 None None] Device 8eaa05b5-0354-4b43-803e-cf9ce70e5a78 up at agent hyperv_hv-cinder-85426 {{(pid=113537) update_device_up /opt/stack/neutron/neutron/plugins/ml2/rpc.py:296}}
Aug 24 03:48:35.738050 dv-cinder-854261-1-smb neutron-server[113535]: DEBUG neutron.scheduler.dhcp_agent_scheduler [req-49afa316-57ed-49ca-a8f6-4c8780480110 req-3f8b618d-ec40-4058-98e2-240b541ca602 tempest-AttachVolumeTestJSON-479315474 tempest-AttachVolumeTestJSON-479315474-project] Network bcdf16e6-7616-4ffa-8c58-4253fa3bd810 is already hosted by enough agents. {{(pid=113535) _get_dhcp_agents_hosting_network /opt/stack/neutron/neutron/scheduler/dhcp_agent_scheduler.py:275}}
Aug 24 03:48:35.751220 dv-cinder-854261-1-smb neutron-server[113535]: DEBUG neutron_lib.callbacks.manager [None req-c89e7a49-b589-46f4-a0b3-1294ef2d3dfc admin admin] Publish callbacks ['neutron.plugins.ml2.ovo_rpc._ObjectChangeHandler.handle_event-8386676'] for security_group (317fec59-d7ad-4a05-825e-4d997b2590c1), after_create {{(pid=113535) _notify_loop /usr/local/lib/python3.8/dist-packages/neutron_lib/callbacks/manager.py:176}}
Aug 24 03:48:35.760264 dv-cinder-854261-1-smb neutron-server[113535]: DEBUG neutron.scheduler.base_scheduler [req-49afa316-57ed-49ca-a8f6-4c8780480110 req-3f8b618d-ec40-4058-98e2-240b541ca602 tempest-AttachVolumeTestJSON-479315474 tempest-AttachVolumeTestJSON-479315474-project] Resources bound (agent type, host, resource id): {{(pid=113535) schedule /opt/stack/neutron/neutron/scheduler/base_scheduler.py:57}}
Aug 24 03:48:35.769748 dv-cinder-854261-1-smb neutron-server[113535]: DEBUG neutron.db.l3_dvrscheduler_db [req-49afa316-57ed-49ca-a8f6-4c8780480110 req-3f8b618d-ec40-4058-98e2-240b541ca602 tempest-AttachVolumeTestJSON-479315474 tempest-AttachVolumeTestJSON-479315474-project] Received port after_create {{(pid=113535) _notify_l3_agent_new_port /opt/stack/neutron/neutron/db/l3_dvrscheduler_db.py:538}}
Aug 24 03:48:35.774542 dv-cinder-854261-1-smb neutron-server[113535]: DEBUG neutron.pecan_wsgi.hooks.policy_enforcement [req-49afa316-57ed-49ca-a8f6-4c8780480110 req-3f8b618d-ec40-4058-98e2-240b541ca602 tempest-AttachVolumeTestJSON-479315474 tempest-AttachVolumeTestJSON-479315474-project] Attributes excluded by policy engine: ['standard_attr_id', 'binding:profile', 'binding:host_id', 'binding:vif_type', 'binding:vif_details', 'network'] {{(pid=113535) _exclude_attributes_by_policy /opt/stack/neutron/neutron/pecan_wsgi/hooks/policy_enforcement.py:259}}
