Aug 24 03:48:37.895258 dv-cinder-854261-1-smb devstack@c-api.service[120581]: DEBUG cinder.api.openstack.wsgi [None req-c52ac320-84cb-4296-bf9d-ae28196829e1 tempest-GroupSnapshotsTest-577952796 tempest-GroupSnapshotsTest-577952796-project] Calling method 'show' {{(pid=120581) _process_stack /opt/stack/cinder/cinder/api/openstack/wsgi.py:868}}
Aug 24 03:48:37.909908 dv-cinder-854261-1-smb devstack@c-api.service[120581]: INFO cinder.api.openstack.wsgi [None req-c52ac320-84cb-4296-bf9d-ae28196829e1 tempest-GroupSnapshotsTest-577952796 tempest-GroupSnapshotsTest-577952796-project] http://10.222.0.40/volume/v3/e44740712d384718bcd77943fc959757/volumes/3eb102e0-3826-4268-a7ea-b67d01efd992 returned with HTTP 404
Aug 24 03:48:37.911271 dv-cinder-854261-1-smb devstack@c-api.service[120581]: [pid: 120581|app: 0|req: 134/245] 10.222.0.40 () {60 vars in 1366 bytes} [Wed Aug 24 03:48:37 2022] GET /volume/v3/e44740712d384718bcd77943fc959757/volumes/3eb102e0-3826-4268-a7ea-b67d01efd992 => generated 109 bytes in 22 msecs (HTTP/1.1 404) 7 headers in 293 bytes (1 switches on core 0)
Aug 24 03:48:37.916787 dv-cinder-854261-1-smb devstack@c-api.service[120581]: DEBUG cinder.api.middleware.request_id [None req-7955b72f-26bb-44ba-9d9b-816acac9e13a None None] RequestId filter calling following filter/app {{(pid=120581) _context_setter /opt/stack/cinder/cinder/api/middleware/request_id.py:62}}
Aug 24 03:48:37.926073 dv-cinder-854261-1-smb devstack@c-api.service[120581]: INFO cinder.api.openstack.wsgi [None req-7955b72f-26bb-44ba-9d9b-816acac9e13a tempest-GroupSnapshotsTest-577952796 tempest-GroupSnapshotsTest-577952796-project] GET http://10.222.0.40/volume/v3/e44740712d384718bcd77943fc959757/groups/3a6365a5-742f-4e6a-a36d-10680ba56108
Aug 24 03:48:37.926847 dv-cinder-854261-1-smb devstack@c-api.service[120581]: DEBUG cinder.api.openstack.wsgi [None req-7955b72f-26bb-44ba-9d9b-816acac9e13a tempest-GroupSnapshotsTest-577952796 tempest-GroupSnapshotsTest-577952796-project] Empty body provided in request {{(pid=120581) get_body /opt/stack/cinder/cinder/api/openstack/wsgi.py:715}}
Aug 24 03:48:37.927618 dv-cinder-854261-1-smb devstack@c-api.service[120581]: DEBUG cinder.api.openstack.wsgi [None req-7955b72f-26bb-44ba-9d9b-816acac9e13a tempest-GroupSnapshotsTest-577952796 tempest-GroupSnapshotsTest-577952796-project] Calling method 'version_select' {{(pid=120581) _process_stack /opt/stack/cinder/cinder/api/openstack/wsgi.py:868}}
Aug 24 03:48:37.928177 dv-cinder-854261-1-smb devstack@c-api.service[120581]: DEBUG cinder.api.v3.groups [None req-7955b72f-26bb-44ba-9d9b-816acac9e13a tempest-GroupSnapshotsTest-577952796 tempest-GroupSnapshotsTest-577952796-project] show called for member 3a6365a5-742f-4e6a-a36d-10680ba56108 {{(pid=120581) show /opt/stack/cinder/cinder/api/v3/groups.py:58}}
Aug 24 03:48:37.937790 dv-cinder-854261-1-smb devstack@c-api.service[120581]: INFO cinder.api.openstack.wsgi [None req-7955b72f-26bb-44ba-9d9b-816acac9e13a tempest-GroupSnapshotsTest-577952796 tempest-GroupSnapshotsTest-577952796-project] http://10.222.0.40/volume/v3/e44740712d384718bcd77943fc959757/groups/3a6365a5-742f-4e6a-a36d-10680ba56108 returned with HTTP 404
Aug 24 03:48:37.939418 dv-cinder-854261-1-smb devstack@c-api.service[120581]: [pid: 120581|app: 0|req: 135/246] 10.222.0.40 () {60 vars in 1363 bytes} [Wed Aug 24 03:48:37 2022] GET /volume/v3/e44740712d384718bcd77943fc959757/groups/3a6365a5-742f-4e6a-a36d-10680ba56108 => generated 108 bytes in 24 msecs (HTTP/1.1 404) 7 headers in 293 bytes (2 switches on core 0)
Aug 24 03:48:37.949209 dv-cinder-854261-1-smb devstack@c-api.service[120581]: DEBUG cinder.api.middleware.request_id [None req-73f75278-4a88-4d21-acee-a18d3f6b15a7 None None] RequestId filter calling following filter/app {{(pid=120581) _context_setter /opt/stack/cinder/cinder/api/middleware/request_id.py:62}}
Aug 24 03:48:37.950472 dv-cinder-854261-1-smb devstack@c-api.service[120581]: INFO cinder.api.openstack.wsgi [None req-73f75278-4a88-4d21-acee-a18d3f6b15a7 tempest-GroupSnapshotsTest-1874775775 tempest-GroupSnapshotsTest-1874775775-project-admin] DELETE http://10.222.0.40/volume/v3/79e2177dbe0f4801b02e076bdeac036f/group_types/2080e8c7-6499-436c-9726-c2eccab1ca20
Aug 24 03:48:37.950970 dv-cinder-854261-1-smb devstack@c-api.service[120581]: DEBUG cinder.api.openstack.wsgi [None req-73f75278-4a88-4d21-acee-a18d3f6b15a7 tempest-GroupSnapshotsTest-1874775775 tempest-GroupSnapshotsTest-1874775775-project-admin] Empty body provided in request {{(pid=120581) get_body /opt/stack/cinder/cinder/api/openstack/wsgi.py:715}}
Aug 24 03:48:37.951418 dv-cinder-854261-1-smb devstack@c-api.service[120581]: DEBUG cinder.api.openstack.wsgi [None req-73f75278-4a88-4d21-acee-a18d3f6b15a7 tempest-GroupSnapshotsTest-1874775775 tempest-GroupSnapshotsTest-1874775775-project-admin] Calling method 'version_select' {{(pid=120581) _process_stack /opt/stack/cinder/cinder/api/openstack/wsgi.py:868}}
Aug 24 03:48:37.952072 dv-cinder-854261-1-smb devstack@c-api.service[120581]: /usr/local/lib/python3.8/dist-packages/oslo_context/context.py:100: DeprecationWarning: Policy enforcement is depending on the value of is_admin. This key is deprecated. Please update your policy file to use the standard policy values.
Aug 24 03:48:37.952072 dv-cinder-854261-1-smb devstack@c-api.service[120581]: warnings.warn('Policy enforcement is depending on the value of '
Aug 24 03:48:38.092263 dv-cinder-854261-1-smb devstack@c-api.service[120581]: INFO cinder.api.openstack.wsgi [None req-73f75278-4a88-4d21-acee-a18d3f6b15a7 tempest-GroupSnapshotsTest-1874775775 tempest-GroupSnapshotsTest-1874775775-project-admin] http://10.222.0.40/volume/v3/79e2177dbe0f4801b02e076bdeac036f/group_types/2080e8c7-6499-436c-9726-c2eccab1ca20 returned with HTTP 202
Aug 24 03:48:38.099921 dv-cinder-854261-1-smb devstack@c-api.service[120581]: [pid: 120581|app: 0|req: 136/247] 10.222.0.40 () {60 vars in 1381 bytes} [Wed Aug 24 03:48:37 2022] DELETE /volume/v3/79e2177dbe0f4801b02e076bdeac036f/group_types/2080e8c7-6499-436c-9726-c2eccab1ca20 => generated 0 bytes in 155 msecs (HTTP/1.1 202) 6 headers in 234 bytes (1 switches on core 0)
Aug 24 03:48:38.101838 dv-cinder-854261-1-smb devstack@c-api.service[120581]: DEBUG cinder.api.middleware.request_id [None req-fe9c37db-0f1e-457f-ad8c-1874dda8b80e None None] RequestId filter calling following filter/app {{(pid=120581) _context_setter /opt/stack/cinder/cinder/api/middleware/request_id.py:62}}
Aug 24 03:48:38.106129 dv-cinder-854261-1-smb devstack@c-api.service[120581]: INFO cinder.api.openstack.wsgi [None req-fe9c37db-0f1e-457f-ad8c-1874dda8b80e tempest-GroupSnapshotsTest-1874775775 tempest-GroupSnapshotsTest-1874775775-project-admin] POST http://10.222.0.40/volume/v3/79e2177dbe0f4801b02e076bdeac036f/types
Aug 24 03:48:38.106855 dv-cinder-854261-1-smb devstack@c-api.service[120581]: DEBUG cinder.api.openstack.wsgi [None req-fe9c37db-0f1e-457f-ad8c-1874dda8b80e tempest-GroupSnapshotsTest-1874775775 tempest-GroupSnapshotsTest-1874775775-project-admin] Action: 'create', calling method: _create, body: {"volume_type": {"name": "tempest-GroupSnapshotsTest-volume-type-909852901"}} {{(pid=120581) _process_stack /opt/stack/cinder/cinder/api/openstack/wsgi.py:866}}
Aug 24 03:48:38.128175 dv-cinder-854261-1-smb devstack@c-api.service[120582]: DEBUG cinder.quota [None req-2213465e-358c-4819-a4f4-65cec30704d3 tempest-VolumeQuotasAdminTestJSON-927256404 tempest-VolumeQuotasAdminTestJSON-927256404-project] Created reservations ['704595cc-fd5f-4f76-9e51-44dc0861612b', 'bacb7d1e-522e-4b78-9634-e725cdd3d5c1', '2eb884ba-209d-4672-9163-6c2864cf4f80', '1a017e64-346d-461f-b4a9-b57fbaec19bd'] {{(pid=120582) reserve /opt/stack/cinder/cinder/quota.py:755}}
Aug 24 03:48:38.157889 dv-cinder-854261-1-smb devstack@c-api.service[120582]: INFO cinder.volume.api [None req-2213465e-358c-4819-a4f4-65cec30704d3 tempest-VolumeQuotasAdminTestJSON-927256404 tempest-VolumeQuotasAdminTestJSON-927256404-project] Transfer volume completed successfully.
Aug 24 03:48:38.260440 dv-cinder-854261-1-smb devstack@c-api.service[120581]: INFO cinder.api.openstack.wsgi [None req-fe9c37db-0f1e-457f-ad8c-1874dda8b80e tempest-GroupSnapshotsTest-1874775775 tempest-GroupSnapshotsTest-1874775775-project-admin] http://10.222.0.40/volume/v3/79e2177dbe0f4801b02e076bdeac036f/types returned with HTTP 200
Aug 24 03:48:38.260440 dv-cinder-854261-1-smb devstack@c-api.service[120581]: [pid: 120581|app: 0|req: 137/248] 10.222.0.40 () {60 vars in 1229 bytes} [Wed Aug 24 03:48:38 2022] POST /volume/v3/79e2177dbe0f4801b02e076bdeac036f/types => generated 223 bytes in 148 msecs (HTTP/1.1 200) 7 headers in 285 bytes (1 switches on core 0)
Aug 24 03:48:38.260440 dv-cinder-854261-1-smb devstack@c-api.service[120581]: DEBUG cinder.api.middleware.request_id [None req-2dce7dab-2cc7-4917-a740-ef892efd9ca0 None None] RequestId filter calling following filter/app {{(pid=120581) _context_setter /opt/stack/cinder/cinder/api/middleware/request_id.py:62}}
Aug 24 03:48:38.260440 dv-cinder-854261-1-smb devstack@c-api.service[120581]: INFO cinder.api.openstack.wsgi [None req-2dce7dab-2cc7-4917-a740-ef892efd9ca0 tempest-GroupSnapshotsTest-1874775775 tempest-GroupSnapshotsTest-1874775775-project-admin] POST http://10.222.0.40/volume/v3/79e2177dbe0f4801b02e076bdeac036f/group_types
Aug 24 03:48:38.260440 dv-cinder-854261-1-smb devstack@c-api.service[120581]: DEBUG cinder.api.openstack.wsgi [None req-2dce7dab-2cc7-4917-a740-ef892efd9ca0 tempest-GroupSnapshotsTest-1874775775 tempest-GroupSnapshotsTest-1874775775-project-admin] Action: 'create', calling method: version_select, body: {"group_type": {"name": "tempest-GroupSnapshotsTest-group-type-1797205945"}} {{(pid=120581) _process_stack /opt/stack/cinder/cinder/api/openstack/wsgi.py:866}}
Aug 24 03:48:38.407531 dv-cinder-854261-1-smb devstack@c-api.service[120581]: INFO cinder.api.openstack.wsgi [None req-2dce7dab-2cc7-4917-a740-ef892efd9ca0 tempest-GroupSnapshotsTest-1874775775 tempest-GroupSnapshotsTest-1874775775-project-admin] http://10.222.0.40/volume/v3/79e2177dbe0f4801b02e076bdeac036f/group_types returned with HTTP 202
Aug 24 03:48:38.408513 dv-cinder-854261-1-smb devstack@c-api.service[120581]: [pid: 120581|app: 0|req: 138/249] 10.222.0.40 () {62 vars in 1288 bytes} [Wed Aug 24 03:48:38 2022] POST /volume/v3/79e2177dbe0f4801b02e076bdeac036f/group_types => generated 181 bytes in 154 msecs (HTTP/1.1 202) 7 headers in 292 bytes (2 switches on core 0)
Aug 24 03:48:38.415729 dv-cinder-854261-1-smb devstack@c-api.service[120581]: DEBUG cinder.api.middleware.request_id [None req-c3ca2782-8e41-4d22-9438-be1f6d322100 None None] RequestId filter calling following filter/app {{(pid=120581) _context_setter /opt/stack/cinder/cinder/api/middleware/request_id.py:62}}
Aug 24 03:48:38.419955 dv-cinder-854261-1-smb devstack@c-api.service[120581]: INFO cinder.api.openstack.wsgi [None req-c3ca2782-8e41-4d22-9438-be1f6d322100 tempest-GroupSnapshotsTest-577952796 tempest-GroupSnapshotsTest-577952796-project] POST http://10.222.0.40/volume/v3/e44740712d384718bcd77943fc959757/groups
Aug 24 03:48:38.420867 dv-cinder-854261-1-smb devstack@c-api.service[120581]: DEBUG cinder.api.openstack.wsgi [None req-c3ca2782-8e41-4d22-9438-be1f6d322100 tempest-GroupSnapshotsTest-577952796 tempest-GroupSnapshotsTest-577952796-project] Action: 'create', calling method: version_select, body: {"group": {"group_type": "2b00d6c7-0398-497b-871d-785c6f2743f7", "volume_types": ["07f2b837-6ab9-41fc-9958-f76fe133feff"], "name": "tempest-GroupSnapshotsTest-Group-234986444"}} {{(pid=120581) _process_stack /opt/stack/cinder/cinder/api/openstack/wsgi.py:866}}
Aug 24 03:48:38.423037 dv-cinder-854261-1-smb devstack@c-api.service[120581]: DEBUG cinder.api.v3.groups [None req-c3ca2782-8e41-4d22-9438-be1f6d322100 tempest-GroupSnapshotsTest-577952796 tempest-GroupSnapshotsTest-577952796-project] Creating new group {'group': {'group_type': '2b00d6c7-0398-497b-871d-785c6f2743f7', 'volume_types': ['07f2b837-6ab9-41fc-9958-f76fe133feff'], 'name': 'tempest-GroupSnapshotsTest-Group-234986444'}} {{(pid=120581) create /opt/stack/cinder/cinder/api/v3/groups.py:190}}
Aug 24 03:48:38.428562 dv-cinder-854261-1-smb devstack@c-api.service[120581]: INFO cinder.api.v3.groups [None req-c3ca2782-8e41-4d22-9438-be1f6d322100 tempest-GroupSnapshotsTest-577952796 tempest-GroupSnapshotsTest-577952796-project] Creating group tempest-GroupSnapshotsTest-Group-234986444.
Aug 24 03:48:38.441183 dv-cinder-854261-1-smb devstack@c-api.service[120581]: INFO cinder.volume.api [None req-c3ca2782-8e41-4d22-9438-be1f6d322100 tempest-GroupSnapshotsTest-577952796 tempest-GroupSnapshotsTest-577952796-project] Availability Zones retrieved successfully.
Aug 24 03:48:38.628905 dv-cinder-854261-1-smb devstack@c-api.service[120581]: DEBUG cinder.quota [None req-c3ca2782-8e41-4d22-9438-be1f6d322100 tempest-GroupSnapshotsTest-577952796 tempest-GroupSnapshotsTest-577952796-project] Created reservations ['71a66fbc-7fcb-46d4-b842-aa27e1e1dd7b'] {{(pid=120581) reserve /opt/stack/cinder/cinder/quota.py:755}}
Aug 24 03:48:39.117102 dv-cinder-854261-1-smb devstack@c-api.service[120581]: INFO cinder.api.openstack.wsgi [None req-c3ca2782-8e41-4d22-9438-be1f6d322100 tempest-GroupSnapshotsTest-577952796 tempest-GroupSnapshotsTest-577952796-project] http://10.222.0.40/volume/v3/e44740712d384718bcd77943fc959757/groups returned with HTTP 202
Aug 24 03:48:39.123953 dv-cinder-854261-1-smb devstack@c-api.service[120581]: [pid: 120581|app: 0|req: 139/250] 10.222.0.40 () {62 vars in 1274 bytes} [Wed Aug 24 03:48:38 2022] POST /volume/v3/e44740712d384718bcd77943fc959757/groups => generated 111 bytes in 709 msecs (HTTP/1.1 202) 7 headers in 292 bytes (1 switches on core 0)
Aug 24 03:48:39.125503 dv-cinder-854261-1-smb devstack@c-api.service[120581]: DEBUG cinder.api.middleware.request_id [None req-50139ac7-5832-4516-92e3-2c55ecc155f1 None None] RequestId filter calling following filter/app {{(pid=120581) _context_setter /opt/stack/cinder/cinder/api/middleware/request_id.py:62}}
Aug 24 03:48:39.129646 dv-cinder-854261-1-smb devstack@c-api.service[120581]: INFO cinder.api.openstack.wsgi [None req-50139ac7-5832-4516-92e3-2c55ecc155f1 tempest-GroupsTest-746479590 tempest-GroupsTest-746479590-project] GET http://10.222.0.40/volume/v3/59cc82d22ca748ea8869f961ddac6821/groups/a8a7c1b7-ae10-46ca-bb52-6c295d867422
Aug 24 03:48:39.133102 dv-cinder-854261-1-smb devstack@c-api.service[120581]: DEBUG cinder.api.openstack.wsgi [None req-50139ac7-5832-4516-92e3-2c55ecc155f1 tempest-GroupsTest-746479590 tempest-GroupsTest-746479590-project] Empty body provided in request {{(pid=120581) get_body /opt/stack/cinder/cinder/api/openstack/wsgi.py:715}}
Aug 24 03:48:39.133707 dv-cinder-854261-1-smb devstack@c-api.service[120581]: DEBUG cinder.api.openstack.wsgi [None req-50139ac7-5832-4516-92e3-2c55ecc155f1 tempest-GroupsTest-746479590 tempest-GroupsTest-746479590-project] Calling method 'version_select' {{(pid=120581) _process_stack /opt/stack/cinder/cinder/api/openstack/wsgi.py:868}}
Aug 24 03:48:39.134083 dv-cinder-854261-1-smb devstack@c-api.service[120581]: DEBUG cinder.api.v3.groups [None req-50139ac7-5832-4516-92e3-2c55ecc155f1 tempest-GroupsTest-746479590 tempest-GroupsTest-746479590-project] show called for member a8a7c1b7-ae10-46ca-bb52-6c295d867422 {{(pid=120581) show /opt/stack/cinder/cinder/api/v3/groups.py:58}}
Aug 24 03:48:39.154522 dv-cinder-854261-1-smb devstack@c-api.service[120581]: /usr/local/lib/python3.8/dist-packages/oslo_context/context.py:100: DeprecationWarning: Policy enforcement is depending on the value of is_admin. This key is deprecated. Please update your policy file to use the standard policy values.
Aug 24 03:48:39.154522 dv-cinder-854261-1-smb devstack@c-api.service[120581]: warnings.warn('Policy enforcement is depending on the value of '
Aug 24 03:48:39.179519 dv-cinder-854261-1-smb devstack@c-api.service[120581]: INFO cinder.api.openstack.wsgi [None req-50139ac7-5832-4516-92e3-2c55ecc155f1 tempest-GroupsTest-746479590 tempest-GroupsTest-746479590-project] http://10.222.0.40/volume/v3/59cc82d22ca748ea8869f961ddac6821/groups/a8a7c1b7-ae10-46ca-bb52-6c295d867422 returned with HTTP 200
Aug 24 03:48:39.180897 dv-cinder-854261-1-smb devstack@c-api.service[120581]: [pid: 120581|app: 0|req: 140/251] 10.222.0.40 () {60 vars in 1363 bytes} [Wed Aug 24 03:48:39 2022] GET /volume/v3/59cc82d22ca748ea8869f961ddac6821/groups/a8a7c1b7-ae10-46ca-bb52-6c295d867422 => generated 333 bytes in 56 msecs (HTTP/1.1 200) 7 headers in 286 bytes (1 switches on core 0)
Aug 24 03:48:39.183113 dv-cinder-854261-1-smb devstack@c-api.service[120581]: DEBUG cinder.api.middleware.request_id [None req-3afda44a-8fc2-4414-819c-bec425c431b2 None None] RequestId filter calling following filter/app {{(pid=120581) _context_setter /opt/stack/cinder/cinder/api/middleware/request_id.py:62}}
Aug 24 03:48:39.194776 dv-cinder-854261-1-smb devstack@c-api.service[120581]: INFO cinder.api.openstack.wsgi [None req-3afda44a-8fc2-4414-819c-bec425c431b2 tempest-GroupSnapshotsTest-577952796 tempest-GroupSnapshotsTest-577952796-project] GET http://10.222.0.40/volume/v3/e44740712d384718bcd77943fc959757/groups/1fc2ea85-cd9c-4ac6-8f00-dd835577b0d8
Aug 24 03:48:39.195568 dv-cinder-854261-1-smb devstack@c-api.service[120581]: DEBUG cinder.api.openstack.wsgi [None req-3afda44a-8fc2-4414-819c-bec425c431b2 tempest-GroupSnapshotsTest-577952796 tempest-GroupSnapshotsTest-577952796-project] Empty body provided in request {{(pid=120581) get_body /opt/stack/cinder/cinder/api/openstack/wsgi.py:715}}
Aug 24 03:48:39.196265 dv-cinder-854261-1-smb devstack@c-api.service[120581]: DEBUG cinder.api.openstack.wsgi [None req-3afda44a-8fc2-4414-819c-bec425c431b2 tempest-GroupSnapshotsTest-577952796 tempest-GroupSnapshotsTest-577952796-project] Calling method 'version_select' {{(pid=120581) _process_stack /opt/stack/cinder/cinder/api/openstack/wsgi.py:868}}
Aug 24 03:48:39.196801 dv-cinder-854261-1-smb devstack@c-api.service[120581]: DEBUG cinder.api.v3.groups [None req-3afda44a-8fc2-4414-819c-bec425c431b2 tempest-GroupSnapshotsTest-577952796 tempest-GroupSnapshotsTest-577952796-project] show called for member 1fc2ea85-cd9c-4ac6-8f00-dd835577b0d8 {{(pid=120581) show /opt/stack/cinder/cinder/api/v3/groups.py:58}}
Aug 24 03:48:39.203735 dv-cinder-854261-1-smb devstack@c-api.service[120581]: /usr/local/lib/python3.8/dist-packages/oslo_context/context.py:100: DeprecationWarning: Policy enforcement is depending on the value of is_admin. This key is deprecated. Please update your policy file to use the standard policy values.
Aug 24 03:48:39.203735 dv-cinder-854261-1-smb devstack@c-api.service[120581]: warnings.warn('Policy enforcement is depending on the value of '
Aug 24 03:48:39.223526 dv-cinder-854261-1-smb devstack@c-api.service[120581]: INFO cinder.api.openstack.wsgi [None req-3afda44a-8fc2-4414-819c-bec425c431b2 tempest-GroupSnapshotsTest-577952796 tempest-GroupSnapshotsTest-577952796-project] http://10.222.0.40/volume/v3/e44740712d384718bcd77943fc959757/groups/1fc2ea85-cd9c-4ac6-8f00-dd835577b0d8 returned with HTTP 200
Aug 24 03:48:39.224303 dv-cinder-854261-1-smb devstack@c-api.service[120581]: [pid: 120581|app: 0|req: 141/252] 10.222.0.40 () {60 vars in 1363 bytes} [Wed Aug 24 03:48:39 2022] GET /volume/v3/e44740712d384718bcd77943fc959757/groups/1fc2ea85-cd9c-4ac6-8f00-dd835577b0d8 => generated 391 bytes in 43 msecs (HTTP/1.1 200) 7 headers in 286 bytes (1 switches on core 0)
Aug 24 03:48:39.226627 dv-cinder-854261-1-smb devstack@c-api.service[120581]: DEBUG cinder.api.middleware.request_id [None req-0b17413c-a439-4934-a21a-2a36367185df None None] RequestId filter calling following filter/app {{(pid=120581) _context_setter /opt/stack/cinder/cinder/api/middleware/request_id.py:62}}
Aug 24 03:48:39.230971 dv-cinder-854261-1-smb devstack@c-api.service[120581]: INFO cinder.api.openstack.wsgi [None req-0b17413c-a439-4934-a21a-2a36367185df tempest-GroupsTest-746479590 tempest-GroupsTest-746479590-project] POST http://10.222.0.40/volume/v3/59cc82d22ca748ea8869f961ddac6821/volumes
Aug 24 03:48:39.231998 dv-cinder-854261-1-smb devstack@c-api.service[120581]: DEBUG cinder.api.openstack.wsgi [None req-0b17413c-a439-4934-a21a-2a36367185df tempest-GroupsTest-746479590 tempest-GroupsTest-746479590-project] Action: 'create', calling method: create, body: {"volume": {"volume_type": "a91cd12a-9970-45ca-9b52-fa164bf0b8f1", "group_id": "a8a7c1b7-ae10-46ca-bb52-6c295d867422", "size": 1, "name": "tempest-GroupsTest-Volume-1193585513"}} {{(pid=120581) _process_stack /opt/stack/cinder/cinder/api/openstack/wsgi.py:866}}
Aug 24 03:48:39.234495 dv-cinder-854261-1-smb devstack@c-api.service[120581]: DEBUG cinder.api.v3.volumes [None req-0b17413c-a439-4934-a21a-2a36367185df tempest-GroupsTest-746479590 tempest-GroupsTest-746479590-project] Create volume request body: {'volume': {'volume_type': 'a91cd12a-9970-45ca-9b52-fa164bf0b8f1', 'group_id': 'a8a7c1b7-ae10-46ca-bb52-6c295d867422', 'size': 1, 'name': 'tempest-GroupsTest-Volume-1193585513'}} {{(pid=120581) create /opt/stack/cinder/cinder/api/v3/volumes.py:298}}
Aug 24 03:48:39.241213 dv-cinder-854261-1-smb devstack@c-api.service[120582]: INFO cinder.transfer.api [None req-2213465e-358c-4819-a4f4-65cec30704d3 tempest-VolumeQuotasAdminTestJSON-927256404 tempest-VolumeQuotasAdminTestJSON-927256404-project] Volume 01c6b393-3bbc-4541-96f8-6ffec9a59bd8 has been transferred.
Aug 24 03:48:39.256173 dv-cinder-854261-1-smb devstack@c-api.service[120582]: INFO cinder.api.openstack.wsgi [None req-2213465e-358c-4819-a4f4-65cec30704d3 tempest-VolumeQuotasAdminTestJSON-927256404 tempest-VolumeQuotasAdminTestJSON-927256404-project] http://10.222.0.40/volume/v3/ee0416cde1a4481b88a88f1010ecce97/os-volume-transfer/30e124fe-d007-4cec-98ba-a1c9f63cdd73/accept returned with HTTP 202
Aug 24 03:48:39.257459 dv-cinder-854261-1-smb devstack@c-api.service[120582]: [pid: 120582|app: 0|req: 112/253] 10.222.0.40 () {60 vars in 1400 bytes} [Wed Aug 24 03:48:35 2022] POST /volume/v3/ee0416cde1a4481b88a88f1010ecce97/os-volume-transfer/30e124fe-d007-4cec-98ba-a1c9f63cdd73/accept => generated 431 bytes in 3381 msecs (HTTP/1.1 202) 7 headers in 291 bytes (1 switches on core 0)
Aug 24 03:48:39.270071 dv-cinder-854261-1-smb devstack@c-api.service[120581]: /usr/local/lib/python3.8/dist-packages/oslo_context/context.py:100: DeprecationWarning: Policy enforcement is depending on the value of is_admin. This key is deprecated. Please update your policy file to use the standard policy values.
Aug 24 03:48:39.270071 dv-cinder-854261-1-smb devstack@c-api.service[120581]: warnings.warn('Policy enforcement is depending on the value of '
Aug 24 03:48:39.272174 dv-cinder-854261-1-smb devstack@c-api.service[120581]: INFO cinder.api.v3.volumes [None req-0b17413c-a439-4934-a21a-2a36367185df tempest-GroupsTest-746479590 tempest-GroupsTest-746479590-project] Create volume of 1 GB
Aug 24 03:48:39.279713 dv-cinder-854261-1-smb devstack@c-api.service[120582]: DEBUG cinder.api.middleware.request_id [None req-616e1d4c-1eb8-40ef-8960-14dca1311130 None None] RequestId filter calling following filter/app {{(pid=120582) _context_setter /opt/stack/cinder/cinder/api/middleware/request_id.py:62}}
Aug 24 03:48:39.284476 dv-cinder-854261-1-smb devstack@c-api.service[120582]: INFO cinder.api.openstack.wsgi [None req-616e1d4c-1eb8-40ef-8960-14dca1311130 tempest-VolumeQuotasAdminTestJSON-927256404 tempest-VolumeQuotasAdminTestJSON-927256404-project] GET http://10.222.0.40/volume/v3/ee0416cde1a4481b88a88f1010ecce97/volumes/01c6b393-3bbc-4541-96f8-6ffec9a59bd8
Aug 24 03:48:39.285123 dv-cinder-854261-1-smb devstack@c-api.service[120582]: DEBUG cinder.api.openstack.wsgi [None req-616e1d4c-1eb8-40ef-8960-14dca1311130 tempest-VolumeQuotasAdminTestJSON-927256404 tempest-VolumeQuotasAdminTestJSON-927256404-project] Empty body provided in request {{(pid=120582) get_body /opt/stack/cinder/cinder/api/openstack/wsgi.py:715}}
Aug 24 03:48:39.285712 dv-cinder-854261-1-smb devstack@c-api.service[120582]: DEBUG cinder.api.openstack.wsgi [None req-616e1d4c-1eb8-40ef-8960-14dca1311130 tempest-VolumeQuotasAdminTestJSON-927256404 tempest-VolumeQuotasAdminTestJSON-927256404-project] Calling method 'show' {{(pid=120582) _process_stack /opt/stack/cinder/cinder/api/openstack/wsgi.py:868}}
Aug 24 03:48:39.293980 dv-cinder-854261-1-smb devstack@c-api.service[120581]: INFO cinder.volume.api [None req-0b17413c-a439-4934-a21a-2a36367185df tempest-GroupsTest-746479590 tempest-GroupsTest-746479590-project] Availability Zones retrieved successfully.
Aug 24 03:48:39.302470 dv-cinder-854261-1-smb devstack@c-api.service[120582]: /usr/local/lib/python3.8/dist-packages/oslo_context/context.py:100: DeprecationWarning: Policy enforcement is depending on the value of is_admin. This key is deprecated. Please update your policy file to use the standard policy values.
Aug 24 03:48:39.302470 dv-cinder-854261-1-smb devstack@c-api.service[120582]: warnings.warn('Policy enforcement is depending on the value of '
Aug 24 03:48:39.309079 dv-cinder-854261-1-smb devstack@c-api.service[120582]: INFO cinder.volume.api [None req-616e1d4c-1eb8-40ef-8960-14dca1311130 tempest-VolumeQuotasAdminTestJSON-927256404 tempest-VolumeQuotasAdminTestJSON-927256404-project] Volume info retrieved successfully.
Aug 24 03:48:39.309758 dv-cinder-854261-1-smb devstack@c-api.service[120581]: DEBUG cinder.volume.api [None req-0b17413c-a439-4934-a21a-2a36367185df tempest-GroupsTest-746479590 tempest-GroupsTest-746479590-project] Flow 'volume_create_api' (c8fe0fab-f15f-4ad6-a269-927550be42c7) transitioned into state 'RUNNING' from state 'PENDING' {{(pid=120581) _flow_receiver /usr/local/lib/python3.8/dist-packages/taskflow/listeners/logging.py:141}}
Aug 24 03:48:39.312432 dv-cinder-854261-1-smb devstack@c-api.service[120581]: DEBUG cinder.volume.api [None req-0b17413c-a439-4934-a21a-2a36367185df tempest-GroupsTest-746479590 tempest-GroupsTest-746479590-project] Task 'cinder.volume.flows.api.create_volume.ExtractVolumeRequestTask;volume:create' (c18c27d6-a73a-421d-8982-5f13043d7527) transitioned into state 'RUNNING' from state 'PENDING' {{(pid=120581) _task_receiver /usr/local/lib/python3.8/dist-packages/taskflow/listeners/logging.py:190}}
Aug 24 03:48:39.314323 dv-cinder-854261-1-smb devstack@c-api.service[120581]: /usr/local/lib/python3.8/dist-packages/oslo_context/context.py:100: DeprecationWarning: Policy enforcement is depending on the value of is_admin. This key is deprecated. Please update your policy file to use the standard policy values.
Aug 24 03:48:39.314323 dv-cinder-854261-1-smb devstack@c-api.service[120581]: warnings.warn('Policy enforcement is depending on the value of '
Aug 24 03:48:39.315399 dv-cinder-854261-1-smb devstack@c-api.service[120581]: DEBUG cinder.volume.flows.api.create_volume [None req-0b17413c-a439-4934-a21a-2a36367185df tempest-GroupsTest-746479590 tempest-GroupsTest-746479590-project] Validating volume size '1' using validate_int {{(pid=120581) _extract_size /opt/stack/cinder/cinder/volume/flows/api/create_volume.py:228}}
Aug 24 03:48:39.318308 dv-cinder-854261-1-smb devstack@c-api.service[120582]: INFO cinder.api.openstack.wsgi [None req-616e1d4c-1eb8-40ef-8960-14dca1311130 tempest-VolumeQuotasAdminTestJSON-927256404 tempest-VolumeQuotasAdminTestJSON-927256404-project] http://10.222.0.40/volume/v3/ee0416cde1a4481b88a88f1010ecce97/volumes/01c6b393-3bbc-4541-96f8-6ffec9a59bd8 returned with HTTP 200
Aug 24 03:48:39.319191 dv-cinder-854261-1-smb devstack@c-api.service[120582]: [pid: 120582|app: 0|req: 113/254] 10.222.0.40 () {58 vars in 1325 bytes} [Wed Aug 24 03:48:39 2022] GET /volume/v3/ee0416cde1a4481b88a88f1010ecce97/volumes/01c6b393-3bbc-4541-96f8-6ffec9a59bd8 => generated 918 bytes in 55 msecs (HTTP/1.1 200) 7 headers in 285 bytes (1 switches on core 0)
Aug 24 03:48:39.335827 dv-cinder-854261-1-smb devstack@c-api.service[120582]: DEBUG cinder.api.middleware.request_id [None req-b7c61635-e7f1-4abd-b76f-db7c74e4eeed None None] RequestId filter calling following filter/app {{(pid=120582) _context_setter /opt/stack/cinder/cinder/api/middleware/request_id.py:62}}
Aug 24 03:48:39.343481 dv-cinder-854261-1-smb devstack@c-api.service[120582]: INFO cinder.api.openstack.wsgi [None req-b7c61635-e7f1-4abd-b76f-db7c74e4eeed tempest-VolumeQuotasAdminTestJSON-2116291436 tempest-VolumeQuotasAdminTestJSON-2116291436-project-admin] GET http://10.222.0.40/volume/v3/70ddb2b61dc34dd198f2e3c96790b0cd/os-quota-sets/057093ff78bd42ea813ac6746f6d9eb4?usage=True
Aug 24 03:48:39.344085 dv-cinder-854261-1-smb devstack@c-api.service[120582]: DEBUG cinder.api.openstack.wsgi [None req-b7c61635-e7f1-4abd-b76f-db7c74e4eeed tempest-VolumeQuotasAdminTestJSON-2116291436 tempest-VolumeQuotasAdminTestJSON-2116291436-project-admin] Empty body provided in request {{(pid=120582) get_body /opt/stack/cinder/cinder/api/openstack/wsgi.py:715}}
Aug 24 03:48:39.345187 dv-cinder-854261-1-smb devstack@c-api.service[120582]: DEBUG cinder.api.openstack.wsgi [None req-b7c61635-e7f1-4abd-b76f-db7c74e4eeed tempest-VolumeQuotasAdminTestJSON-2116291436 tempest-VolumeQuotasAdminTestJSON-2116291436-project-admin] Calling method 'show' {{(pid=120582) _process_stack /opt/stack/cinder/cinder/api/openstack/wsgi.py:868}}
Aug 24 03:48:39.346142 dv-cinder-854261-1-smb devstack@c-api.service[120581]: DEBUG cinder.volume.api [None req-0b17413c-a439-4934-a21a-2a36367185df tempest-GroupsTest-746479590 tempest-GroupsTest-746479590-project] Task 'cinder.volume.flows.api.create_volume.ExtractVolumeRequestTask;volume:create' (c18c27d6-a73a-421d-8982-5f13043d7527) transitioned into state 'SUCCESS' from state 'RUNNING' with result '{'size': 1, 'snapshot_id': None, 'source_volid': None, 'volume_type': VolumeType(created_at=2022-08-24T03:48:37Z,deleted=False,deleted_at=None,description=None,extra_specs={},id=a91cd12a-9970-45ca-9b52-fa164bf0b8f1,is_public=True,name='tempest-GroupsTest-volume-type-1233412151',projects=[],qos_specs=,qos_specs_id=None,updated_at=None), 'volume_type_id': 'a91cd12a-9970-45ca-9b52-fa164bf0b8f1', 'encryption_key_id': None, 'qos_specs': None, 'consistencygroup_id': None, 'cgsnapshot_id': None, 'group_id': 'a8a7c1b7-ae10-46ca-bb52-6c295d867422', 'replication_status': 'disabled', 'refresh_az': False, 'backup_id': None, 'multiattach': False, 'availability_zones': ['nova']}' {{(pid=120581) _task_receiver /usr/local/lib/python3.8/dist-packages/taskflow/listeners/logging.py:178}}
Aug 24 03:48:39.348162 dv-cinder-854261-1-smb devstack@c-api.service[120581]: DEBUG cinder.volume.api [None req-0b17413c-a439-4934-a21a-2a36367185df tempest-GroupsTest-746479590 tempest-GroupsTest-746479590-project] Task 'cinder.volume.flows.api.create_volume.QuotaReserveTask;volume:create' (9e7617c9-f475-4955-afb2-dcbb5cfe76aa) transitioned into state 'RUNNING' from state 'PENDING' {{(pid=120581) _task_receiver /usr/local/lib/python3.8/dist-packages/taskflow/listeners/logging.py:190}}
Aug 24 03:48:39.373491 dv-cinder-854261-1-smb devstack@c-api.service[120582]: WARNING cinder.quota [None req-b7c61635-e7f1-4abd-b76f-db7c74e4eeed tempest-VolumeQuotasAdminTestJSON-2116291436 tempest-VolumeQuotasAdminTestJSON-2116291436-project-admin] Deprecated: Default quota for resource: volumes_tempest-GroupSnapshotsTest-volume-type-909852901 is set by the default quota flag: quota_volumes_tempest-GroupSnapshotsTest-volume-type-909852901, it is now deprecated. Please use the default quota class for default quota.
Aug 24 03:48:39.375385 dv-cinder-854261-1-smb devstack@c-api.service[120582]: WARNING cinder.quota [None req-b7c61635-e7f1-4abd-b76f-db7c74e4eeed tempest-VolumeQuotasAdminTestJSON-2116291436 tempest-VolumeQuotasAdminTestJSON-2116291436-project-admin] Deprecated: Default quota for resource: gigabytes_tempest-GroupSnapshotsTest-volume-type-909852901 is set by the default quota flag: quota_gigabytes_tempest-GroupSnapshotsTest-volume-type-909852901, it is now deprecated. Please use the default quota class for default quota.
Aug 24 03:48:39.380605 dv-cinder-854261-1-smb devstack@c-api.service[120582]: WARNING cinder.quota [None req-b7c61635-e7f1-4abd-b76f-db7c74e4eeed tempest-VolumeQuotasAdminTestJSON-2116291436 tempest-VolumeQuotasAdminTestJSON-2116291436-project-admin] Deprecated: Default quota for resource: snapshots_tempest-GroupSnapshotsTest-volume-type-909852901 is set by the default quota flag: quota_snapshots_tempest-GroupSnapshotsTest-volume-type-909852901, it is now deprecated. Please use the default quota class for default quota.
Aug 24 03:48:39.380605 dv-cinder-854261-1-smb devstack@c-api.service[120582]: WARNING cinder.quota [None req-b7c61635-e7f1-4abd-b76f-db7c74e4eeed tempest-VolumeQuotasAdminTestJSON-2116291436 tempest-VolumeQuotasAdminTestJSON-2116291436-project-admin] Deprecated: Default quota for resource: volumes_tempest-GroupsTest-volume-type-1233412151 is set by the default quota flag: quota_volumes_tempest-GroupsTest-volume-type-1233412151, it is now deprecated. Please use the default quota class for default quota.
Aug 24 03:48:39.380605 dv-cinder-854261-1-smb devstack@c-api.service[120582]: WARNING cinder.quota [None req-b7c61635-e7f1-4abd-b76f-db7c74e4eeed tempest-VolumeQuotasAdminTestJSON-2116291436 tempest-VolumeQuotasAdminTestJSON-2116291436-project-admin] Deprecated: Default quota for resource: gigabytes_tempest-GroupsTest-volume-type-1233412151 is set by the default quota flag: quota_gigabytes_tempest-GroupsTest-volume-type-1233412151, it is now deprecated. Please use the default quota class for default quota.
Aug 24 03:48:39.380605 dv-cinder-854261-1-smb devstack@c-api.service[120582]: WARNING cinder.quota [None req-b7c61635-e7f1-4abd-b76f-db7c74e4eeed tempest-VolumeQuotasAdminTestJSON-2116291436 tempest-VolumeQuotasAdminTestJSON-2116291436-project-admin] Deprecated: Default quota for resource: snapshots_tempest-GroupsTest-volume-type-1233412151 is set by the default quota flag: quota_snapshots_tempest-GroupsTest-volume-type-1233412151, it is now deprecated. Please use the default quota class for default quota.
Aug 24 03:48:39.399674 dv-cinder-854261-1-smb devstack@c-api.service[120581]: WARNING cinder.quota [None req-0b17413c-a439-4934-a21a-2a36367185df tempest-GroupsTest-746479590 tempest-GroupsTest-746479590-project] Deprecated: Default quota for resource: volumes_tempest-GroupsTest-volume-type-1233412151 is set by the default quota flag: quota_volumes_tempest-GroupsTest-volume-type-1233412151, it is now deprecated. Please use the default quota class for default quota.
Aug 24 03:48:39.400331 dv-cinder-854261-1-smb devstack@c-api.service[120582]: INFO cinder.api.openstack.wsgi [None req-b7c61635-e7f1-4abd-b76f-db7c74e4eeed tempest-VolumeQuotasAdminTestJSON-2116291436 tempest-VolumeQuotasAdminTestJSON-2116291436-project-admin] http://10.222.0.40/volume/v3/70ddb2b61dc34dd198f2e3c96790b0cd/os-quota-sets/057093ff78bd42ea813ac6746f6d9eb4?usage=True returned with HTTP 200
Aug 24 03:48:39.401008 dv-cinder-854261-1-smb devstack@c-api.service[120581]: WARNING cinder.quota [None req-0b17413c-a439-4934-a21a-2a36367185df tempest-GroupsTest-746479590 tempest-GroupsTest-746479590-project] Deprecated: Default quota for resource: gigabytes_tempest-GroupsTest-volume-type-1233412151 is set by the default quota flag: quota_gigabytes_tempest-GroupsTest-volume-type-1233412151, it is now deprecated. Please use the default quota class for default quota.
Aug 24 03:48:39.413994 dv-cinder-854261-1-smb devstack@c-api.service[120582]: [pid: 120582|app: 0|req: 114/255] 10.222.0.40 () {58 vars in 1352 bytes} [Wed Aug 24 03:48:39 2022] GET /volume/v3/70ddb2b61dc34dd198f2e3c96790b0cd/os-quota-sets/057093ff78bd42ea813ac6746f6d9eb4?usage=True => generated 2394 bytes in 67 msecs (HTTP/1.1 200) 7 headers in 286 bytes (2 switches on core 0)
Aug 24 03:48:39.416813 dv-cinder-854261-1-smb devstack@c-api.service[120582]: DEBUG cinder.api.middleware.request_id [None req-a0c479fc-abb6-4d65-920a-c325d233b92e None None] RequestId filter calling following filter/app {{(pid=120582) _context_setter /opt/stack/cinder/cinder/api/middleware/request_id.py:62}}
Aug 24 03:48:39.422074 dv-cinder-854261-1-smb devstack@c-api.service[120582]: INFO cinder.api.openstack.wsgi [None req-a0c479fc-abb6-4d65-920a-c325d233b92e tempest-VolumeQuotasAdminTestJSON-2116291436 tempest-VolumeQuotasAdminTestJSON-2116291436-project-admin] GET http://10.222.0.40/volume/v3/70ddb2b61dc34dd198f2e3c96790b0cd/os-quota-sets/ee0416cde1a4481b88a88f1010ecce97?usage=True
Aug 24 03:48:39.422609 dv-cinder-854261-1-smb devstack@c-api.service[120582]: DEBUG cinder.api.openstack.wsgi [None req-a0c479fc-abb6-4d65-920a-c325d233b92e tempest-VolumeQuotasAdminTestJSON-2116291436 tempest-VolumeQuotasAdminTestJSON-2116291436-project-admin] Empty body provided in request {{(pid=120582) get_body /opt/stack/cinder/cinder/api/openstack/wsgi.py:715}}
Aug 24 03:48:39.423154 dv-cinder-854261-1-smb devstack@c-api.service[120582]: DEBUG cinder.api.openstack.wsgi [None req-a0c479fc-abb6-4d65-920a-c325d233b92e tempest-VolumeQuotasAdminTestJSON-2116291436 tempest-VolumeQuotasAdminTestJSON-2116291436-project-admin] Calling method 'show' {{(pid=120582) _process_stack /opt/stack/cinder/cinder/api/openstack/wsgi.py:868}}
Aug 24 03:48:39.462193 dv-cinder-854261-1-smb devstack@c-api.service[120582]: INFO cinder.api.openstack.wsgi [None req-a0c479fc-abb6-4d65-920a-c325d233b92e tempest-VolumeQuotasAdminTestJSON-2116291436 tempest-VolumeQuotasAdminTestJSON-2116291436-project-admin] http://10.222.0.40/volume/v3/70ddb2b61dc34dd198f2e3c96790b0cd/os-quota-sets/ee0416cde1a4481b88a88f1010ecce97?usage=True returned with HTTP 200
Aug 24 03:48:39.463571 dv-cinder-854261-1-smb devstack@c-api.service[120582]: [pid: 120582|app: 0|req: 115/256] 10.222.0.40 () {58 vars in 1352 bytes} [Wed Aug 24 03:48:39 2022] GET /volume/v3/70ddb2b61dc34dd198f2e3c96790b0cd/os-quota-sets/ee0416cde1a4481b88a88f1010ecce97?usage=True => generated 2394 bytes in 48 msecs (HTTP/1.1 200) 7 headers in 286 bytes (2 switches on core 0)
Aug 24 03:48:39.477642 dv-cinder-854261-1-smb devstack@c-api.service[120582]: DEBUG cinder.api.middleware.request_id [None req-b640b6c6-e436-41c4-97a5-fd97f47db646 None None] RequestId filter calling following filter/app {{(pid=120582) _context_setter /opt/stack/cinder/cinder/api/middleware/request_id.py:62}}
Aug 24 03:48:39.481335 dv-cinder-854261-1-smb devstack@c-api.service[120582]: INFO cinder.api.openstack.wsgi [None req-b640b6c6-e436-41c4-97a5-fd97f47db646 tempest-VolumeQuotasAdminTestJSON-2116291436 tempest-VolumeQuotasAdminTestJSON-2116291436-project-admin] DELETE http://10.222.0.40/volume/v3/70ddb2b61dc34dd198f2e3c96790b0cd/volumes/01c6b393-3bbc-4541-96f8-6ffec9a59bd8
Aug 24 03:48:39.481791 dv-cinder-854261-1-smb devstack@c-api.service[120582]: DEBUG cinder.api.openstack.wsgi [None req-b640b6c6-e436-41c4-97a5-fd97f47db646 tempest-VolumeQuotasAdminTestJSON-2116291436 tempest-VolumeQuotasAdminTestJSON-2116291436-project-admin] Empty body provided in request {{(pid=120582) get_body /opt/stack/cinder/cinder/api/openstack/wsgi.py:715}}
Aug 24 03:48:39.482251 dv-cinder-854261-1-smb devstack@c-api.service[120582]: DEBUG cinder.api.openstack.wsgi [None req-b640b6c6-e436-41c4-97a5-fd97f47db646 tempest-VolumeQuotasAdminTestJSON-2116291436 tempest-VolumeQuotasAdminTestJSON-2116291436-project-admin] Calling method 'delete' {{(pid=120582) _process_stack /opt/stack/cinder/cinder/api/openstack/wsgi.py:868}}
Aug 24 03:48:39.482634 dv-cinder-854261-1-smb devstack@c-api.service[120582]: INFO cinder.api.v3.volumes [None req-b640b6c6-e436-41c4-97a5-fd97f47db646 tempest-VolumeQuotasAdminTestJSON-2116291436 tempest-VolumeQuotasAdminTestJSON-2116291436-project-admin] Delete volume with id: 01c6b393-3bbc-4541-96f8-6ffec9a59bd8
Aug 24 03:48:39.497207 dv-cinder-854261-1-smb devstack@c-api.service[120582]: /usr/local/lib/python3.8/dist-packages/oslo_context/context.py:100: DeprecationWarning: Policy enforcement is depending on the value of is_admin. This key is deprecated. Please update your policy file to use the standard policy values.
Aug 24 03:48:39.497207 dv-cinder-854261-1-smb devstack@c-api.service[120582]: warnings.warn('Policy enforcement is depending on the value of '
Aug 24 03:48:39.498028 dv-cinder-854261-1-smb devstack@c-api.service[120582]: INFO cinder.volume.api [None req-b640b6c6-e436-41c4-97a5-fd97f47db646 tempest-VolumeQuotasAdminTestJSON-2116291436 tempest-VolumeQuotasAdminTestJSON-2116291436-project-admin] Volume info retrieved successfully.
Aug 24 03:48:39.686119 dv-cinder-854261-1-smb devstack@c-api.service[120581]: DEBUG cinder.quota [None req-0b17413c-a439-4934-a21a-2a36367185df tempest-GroupsTest-746479590 tempest-GroupsTest-746479590-project] Created reservations ['2a0e68b8-a14d-453b-9ed2-570f1fe8c1fb', 'ad8f0a93-b6ca-40bd-8844-4b469412bf09', '4d356ce9-7cf0-4574-87c8-5a10f4397e2d', 'c79442fc-e51d-43e1-8995-0bd51257ac8c'] {{(pid=120581) reserve /opt/stack/cinder/cinder/quota.py:755}}
Aug 24 03:48:39.687856 dv-cinder-854261-1-smb devstack@c-api.service[120581]: DEBUG cinder.volume.api [None req-0b17413c-a439-4934-a21a-2a36367185df tempest-GroupsTest-746479590 tempest-GroupsTest-746479590-project] Task 'cinder.volume.flows.api.create_volume.QuotaReserveTask;volume:create' (9e7617c9-f475-4955-afb2-dcbb5cfe76aa) transitioned into state 'SUCCESS' from state 'RUNNING' with result '{'reservations': ['2a0e68b8-a14d-453b-9ed2-570f1fe8c1fb', 'ad8f0a93-b6ca-40bd-8844-4b469412bf09', '4d356ce9-7cf0-4574-87c8-5a10f4397e2d', 'c79442fc-e51d-43e1-8995-0bd51257ac8c']}' {{(pid=120581) _task_receiver /usr/local/lib/python3.8/dist-packages/taskflow/listeners/logging.py:178}}
Aug 24 03:48:39.690266 dv-cinder-854261-1-smb devstack@c-api.service[120581]: DEBUG cinder.volume.api [None req-0b17413c-a439-4934-a21a-2a36367185df tempest-GroupsTest-746479590 tempest-GroupsTest-746479590-project] Task 'cinder.volume.flows.api.create_volume.EntryCreateTask;volume:create' (b2d59c7a-a03b-40b2-b728-b5826e7233d7) transitioned into state 'RUNNING' from state 'PENDING' {{(pid=120581) _task_receiver /usr/local/lib/python3.8/dist-packages/taskflow/listeners/logging.py:190}}
Aug 24 03:48:39.764506 dv-cinder-854261-1-smb devstack@c-api.service[120582]: INFO cinder.volume.api [None req-b640b6c6-e436-41c4-97a5-fd97f47db646 tempest-VolumeQuotasAdminTestJSON-2116291436 tempest-VolumeQuotasAdminTestJSON-2116291436-project-admin] Delete volume request issued successfully.
Aug 24 03:48:39.764836 dv-cinder-854261-1-smb devstack@c-api.service[120582]: INFO cinder.api.openstack.wsgi [None req-b640b6c6-e436-41c4-97a5-fd97f47db646 tempest-VolumeQuotasAdminTestJSON-2116291436 tempest-VolumeQuotasAdminTestJSON-2116291436-project-admin] http://10.222.0.40/volume/v3/70ddb2b61dc34dd198f2e3c96790b0cd/volumes/01c6b393-3bbc-4541-96f8-6ffec9a59bd8 returned with HTTP 202
Aug 24 03:48:39.765471 dv-cinder-854261-1-smb devstack@c-api.service[120581]: DEBUG cinder.volume.api [None req-0b17413c-a439-4934-a21a-2a36367185df tempest-GroupsTest-746479590 tempest-GroupsTest-746479590-project] Task 'cinder.volume.flows.api.create_volume.EntryCreateTask;volume:create' (b2d59c7a-a03b-40b2-b728-b5826e7233d7) transitioned into state 'SUCCESS' from state 'RUNNING' with result '{'volume_id': '83f44b1c-7eff-4aa3-acf9-050fc401c3d9', 'volume_properties': VolumeProperties(attach_status='detached',availability_zone='nova',cgsnapshot_id=None,consistencygroup_id=None,display_description=None,display_name='tempest-GroupsTest-Volume-1193585513',encryption_key_id=None,group_id=a8a7c1b7-ae10-46ca-bb52-6c295d867422,group_type_id=,metadata={},multiattach=False,project_id='59cc82d22ca748ea8869f961ddac6821',qos_specs=None,replication_status=,reservations=['2a0e68b8-a14d-453b-9ed2-570f1fe8c1fb','ad8f0a93-b6ca-40bd-8844-4b469412bf09','4d356ce9-7cf0-4574-87c8-5a10f4397e2d','c79442fc-e51d-43e1-8995-0bd51257ac8c'],size=1,snapshot_id=None,source_replicaid=,source_volid=None,status='creating',user_id='34a5b35f1fed4f57a084fc2bf75916d1',volume_type_id=a91cd12a-9970-45ca-9b52-fa164bf0b8f1), 'volume': Volume(_name_id=None,admin_metadata=,attach_status='detached',availability_zone='nova',bootable=False,cluster=,cluster_name=None,consistencygroup=,consistencygroup_id=None,created_at=2022-08-24T03:48:39Z,deleted=False,deleted_at=None,display_description=None,display_name='tempest-GroupsTest-Volume-1193585513',ec2_id=None,encryption_key_id=None,glance_metadata=,group=,group_id=a8a7c1b7-ae10-46ca-bb52-6c295d867422,host=None,id=83f44b1c-7eff-4aa3-acf9-050fc401c3d9,launched_at=None,metadata={},migration_status=None,multiattach=False,previous_status=None,project_id='59cc82d22ca748ea8869f961ddac6821',provider_auth=None,provider_geometry=None,provider_id=None,provider_location=None,replication_driver_data=None,replication_extended_status=None,replication_status=None,scheduled_at=None,service_uuid=None,shared_targets=True,size=1,snapshot_id=None,snapshots=,source_volid=None,status='creating',terminated_at=None,updated_at=None,use_quota=True,user_id='34a5b35f1fed4f57a084fc2bf75916d1',volume_attachment=VolumeAttachmentList,volume_type=VolumeType(a91cd12a-9970-45ca-9b52-fa164bf0b8f1),volume_type_id=a91cd12a-9970-45ca-9b52-fa164bf0b8f1)}' {{(pid=120581) _task_receiver /usr/local/lib/python3.8/dist-packages/taskflow/listeners/logging.py:178}}
Aug 24 03:48:39.765696 dv-cinder-854261-1-smb devstack@c-api.service[120582]: [pid: 120582|app: 0|req: 116/257] 10.222.0.40 () {58 vars in 1328 bytes} [Wed Aug 24 03:48:39 2022] DELETE /volume/v3/70ddb2b61dc34dd198f2e3c96790b0cd/volumes/01c6b393-3bbc-4541-96f8-6ffec9a59bd8 => generated 0 bytes in 289 msecs (HTTP/1.1 202) 6 headers in 233 bytes (1 switches on core 0)
Aug 24 03:48:39.767549 dv-cinder-854261-1-smb devstack@c-api.service[120581]: DEBUG cinder.volume.api [None req-0b17413c-a439-4934-a21a-2a36367185df tempest-GroupsTest-746479590 tempest-GroupsTest-746479590-project] Task 'cinder.volume.flows.api.create_volume.QuotaCommitTask;volume:create' (fff8a152-28f4-4c6b-bf57-be7526f761cb) transitioned into state 'RUNNING' from state 'PENDING' {{(pid=120581) _task_receiver /usr/local/lib/python3.8/dist-packages/taskflow/listeners/logging.py:190}}
Aug 24 03:48:39.770642 dv-cinder-854261-1-smb devstack@c-api.service[120582]: DEBUG cinder.api.middleware.request_id [None req-74f79139-3a35-4635-bb07-137268fde198 None None] RequestId filter calling following filter/app {{(pid=120582) _context_setter /opt/stack/cinder/cinder/api/middleware/request_id.py:62}}
Aug 24 03:48:39.774752 dv-cinder-854261-1-smb devstack@c-api.service[120582]: INFO cinder.api.openstack.wsgi [None req-74f79139-3a35-4635-bb07-137268fde198 tempest-VolumeQuotasAdminTestJSON-2116291436 tempest-VolumeQuotasAdminTestJSON-2116291436-project-admin] GET http://10.222.0.40/volume/v3/70ddb2b61dc34dd198f2e3c96790b0cd/volumes/01c6b393-3bbc-4541-96f8-6ffec9a59bd8
Aug 24 03:48:39.775202 dv-cinder-854261-1-smb devstack@c-api.service[120582]: DEBUG cinder.api.openstack.wsgi [None req-74f79139-3a35-4635-bb07-137268fde198 tempest-VolumeQuotasAdminTestJSON-2116291436 tempest-VolumeQuotasAdminTestJSON-2116291436-project-admin] Empty body provided in request {{(pid=120582) get_body /opt/stack/cinder/cinder/api/openstack/wsgi.py:715}}
Aug 24 03:48:39.775693 dv-cinder-854261-1-smb devstack@c-api.service[120582]: DEBUG cinder.api.openstack.wsgi [None req-74f79139-3a35-4635-bb07-137268fde198 tempest-VolumeQuotasAdminTestJSON-2116291436 tempest-VolumeQuotasAdminTestJSON-2116291436-project-admin] Calling method 'show' {{(pid=120582) _process_stack /opt/stack/cinder/cinder/api/openstack/wsgi.py:868}}
Aug 24 03:48:39.798024 dv-cinder-854261-1-smb devstack@c-api.service[120582]: /usr/local/lib/python3.8/dist-packages/oslo_context/context.py:100: DeprecationWarning: Policy enforcement is depending on the value of is_admin. This key is deprecated. Please update your policy file to use the standard policy values.
Aug 24 03:48:39.798024 dv-cinder-854261-1-smb devstack@c-api.service[120582]: warnings.warn('Policy enforcement is depending on the value of '
Aug 24 03:48:39.801280 dv-cinder-854261-1-smb devstack@c-api.service[120582]: INFO cinder.volume.api [None req-74f79139-3a35-4635-bb07-137268fde198 tempest-VolumeQuotasAdminTestJSON-2116291436 tempest-VolumeQuotasAdminTestJSON-2116291436-project-admin] Volume info retrieved successfully.
Aug 24 03:48:39.813558 dv-cinder-854261-1-smb devstack@c-api.service[120582]: INFO cinder.api.openstack.wsgi [None req-74f79139-3a35-4635-bb07-137268fde198 tempest-VolumeQuotasAdminTestJSON-2116291436 tempest-VolumeQuotasAdminTestJSON-2116291436-project-admin] http://10.222.0.40/volume/v3/70ddb2b61dc34dd198f2e3c96790b0cd/volumes/01c6b393-3bbc-4541-96f8-6ffec9a59bd8 returned with HTTP 200
Aug 24 03:48:39.830580 dv-cinder-854261-1-smb devstack@c-api.service[120582]: [pid: 120582|app: 0|req: 117/258] 10.222.0.40 () {58 vars in 1325 bytes} [Wed Aug 24 03:48:39 2022] GET /volume/v3/70ddb2b61dc34dd198f2e3c96790b0cd/volumes/01c6b393-3bbc-4541-96f8-6ffec9a59bd8 => generated 1083 bytes in 45 msecs (HTTP/1.1 200) 7 headers in 286 bytes (2 switches on core 0)
