Aug 24 03:48:52.847255 dv-cinder-854261-1-smb devstack@c-api.service[120582]: /usr/local/lib/python3.8/dist-packages/oslo_context/context.py:100: DeprecationWarning: Policy enforcement is depending on the value of is_admin. This key is deprecated. Please update your policy file to use the standard policy values.
Aug 24 03:48:52.847255 dv-cinder-854261-1-smb devstack@c-api.service[120582]: warnings.warn('Policy enforcement is depending on the value of '
Aug 24 03:48:52.853408 dv-cinder-854261-1-smb devstack@c-api.service[120582]: INFO cinder.volume.api [None req-2b58ac8a-d8b3-42eb-9c48-be277fa88a7c tempest-VolumesTransfersTest-1148060647 tempest-VolumesTransfersTest-1148060647-project] Volume info retrieved successfully.
Aug 24 03:48:52.868071 dv-cinder-854261-1-smb devstack@c-api.service[120582]: INFO cinder.api.openstack.wsgi [None req-2b58ac8a-d8b3-42eb-9c48-be277fa88a7c tempest-VolumesTransfersTest-1148060647 tempest-VolumesTransfersTest-1148060647-project] http://10.222.0.40/volume/v3/7d9fae069df14a1ea0d76f9c227f0acb/volumes/db487f34-f650-406f-bf9e-a2cbbcfc23ab returned with HTTP 200
Aug 24 03:48:52.868071 dv-cinder-854261-1-smb devstack@c-api.service[120582]: [pid: 120582|app: 0|req: 185/367] 10.222.0.40 () {58 vars in 1325 bytes} [Wed Aug 24 03:48:52 2022] GET /volume/v3/7d9fae069df14a1ea0d76f9c227f0acb/volumes/db487f34-f650-406f-bf9e-a2cbbcfc23ab => generated 921 bytes in 35 msecs (HTTP/1.1 200) 7 headers in 285 bytes (1 switches on core 0)
Aug 24 03:48:52.868284 dv-cinder-854261-1-smb devstack@c-api.service[120581]: DEBUG cinder.coordination [req-2399163c-cd18-4dc6-96e4-2bbbc9d7e599 req-91955cb1-b6e7-4ecc-9c3f-a6705d6e331a tempest-DeleteServersTestJSON-153542591 tempest-DeleteServersTestJSON-153542591-project] Lock "cinder-attachment_update-b1ab7683-cca5-4278-86d1-34f966555f8d-hv-cinder-85426" released by "attachment_update" :: held 0.884s {{(pid=120581) _synchronized /opt/stack/cinder/cinder/coordination.py:207}}
Aug 24 03:48:52.868284 dv-cinder-854261-1-smb devstack@c-api.service[120581]: INFO cinder.api.openstack.wsgi [req-2399163c-cd18-4dc6-96e4-2bbbc9d7e599 req-91955cb1-b6e7-4ecc-9c3f-a6705d6e331a tempest-DeleteServersTestJSON-153542591 tempest-DeleteServersTestJSON-153542591-project] http://10.222.0.40/volume/v3/33c96c7d16c443bc8a2594a7a9a12c76/attachments/3aafef20-29f7-40ac-ac26-556d306ec072 returned with HTTP 200
Aug 24 03:48:52.868284 dv-cinder-854261-1-smb devstack@c-api.service[120581]: [pid: 120581|app: 0|req: 183/368] 10.222.0.95 () {64 vars in 1477 bytes} [Wed Aug 24 03:48:51 2022] PUT /volume/v3/33c96c7d16c443bc8a2594a7a9a12c76/attachments/3aafef20-29f7-40ac-ac26-556d306ec072 => generated 652 bytes in 938 msecs (HTTP/1.1 200) 7 headers in 286 bytes (1 switches on core 0)
Aug 24 03:48:52.879087 dv-cinder-854261-1-smb devstack@c-api.service[120582]: DEBUG cinder.api.middleware.request_id [None req-fddcacfd-3ef4-4bec-a9a5-956c2b152e1b None None] RequestId filter calling following filter/app {{(pid=120582) _context_setter /opt/stack/cinder/cinder/api/middleware/request_id.py:62}}
Aug 24 03:48:52.884114 dv-cinder-854261-1-smb devstack@c-api.service[120582]: INFO cinder.api.openstack.wsgi [None req-fddcacfd-3ef4-4bec-a9a5-956c2b152e1b tempest-VolumesTransfersTest-1148060647 tempest-VolumesTransfersTest-1148060647-project] GET http://10.222.0.40/volume/v3/7d9fae069df14a1ea0d76f9c227f0acb/os-volume-transfer/detail
Aug 24 03:48:52.884552 dv-cinder-854261-1-smb devstack@c-api.service[120582]: DEBUG cinder.api.openstack.wsgi [None req-fddcacfd-3ef4-4bec-a9a5-956c2b152e1b tempest-VolumesTransfersTest-1148060647 tempest-VolumesTransfersTest-1148060647-project] Empty body provided in request {{(pid=120582) get_body /opt/stack/cinder/cinder/api/openstack/wsgi.py:715}}
Aug 24 03:48:52.885139 dv-cinder-854261-1-smb devstack@c-api.service[120582]: DEBUG cinder.api.openstack.wsgi [None req-fddcacfd-3ef4-4bec-a9a5-956c2b152e1b tempest-VolumesTransfersTest-1148060647 tempest-VolumesTransfersTest-1148060647-project] Calling method 'detail' {{(pid=120582) _process_stack /opt/stack/cinder/cinder/api/openstack/wsgi.py:868}}
Aug 24 03:48:52.885496 dv-cinder-854261-1-smb devstack@c-api.service[120582]: DEBUG cinder.api.contrib.volume_transfer [None req-fddcacfd-3ef4-4bec-a9a5-956c2b152e1b tempest-VolumesTransfersTest-1148060647 tempest-VolumesTransfersTest-1148060647-project] Listing volume transfers {{(pid=120582) _get_transfers /opt/stack/cinder/cinder/api/contrib/volume_transfer.py:63}}
Aug 24 03:48:52.894753 dv-cinder-854261-1-smb devstack@c-api.service[120582]: INFO cinder.api.openstack.wsgi [None req-fddcacfd-3ef4-4bec-a9a5-956c2b152e1b tempest-VolumesTransfersTest-1148060647 tempest-VolumesTransfersTest-1148060647-project] http://10.222.0.40/volume/v3/7d9fae069df14a1ea0d76f9c227f0acb/os-volume-transfer/detail returned with HTTP 200
Aug 24 03:48:52.894753 dv-cinder-854261-1-smb devstack@c-api.service[120582]: [pid: 120582|app: 0|req: 186/369] 10.222.0.40 () {58 vars in 1268 bytes} [Wed Aug 24 03:48:52 2022] GET /volume/v3/7d9fae069df14a1ea0d76f9c227f0acb/os-volume-transfer/detail => generated 478 bytes in 16 msecs (HTTP/1.1 200) 7 headers in 285 bytes (1 switches on core 0)
Aug 24 03:48:52.903024 dv-cinder-854261-1-smb devstack@c-api.service[120581]: DEBUG cinder.api.middleware.request_id [None req-4d0ea959-4a20-4bcf-aae8-2117f1625e5c None None] RequestId filter calling following filter/app {{(pid=120581) _context_setter /opt/stack/cinder/cinder/api/middleware/request_id.py:62}}
Aug 24 03:48:52.911019 dv-cinder-854261-1-smb devstack@c-api.service[120581]: INFO cinder.api.openstack.wsgi [None req-4d0ea959-4a20-4bcf-aae8-2117f1625e5c tempest-VolumesTransfersTest-1148060647 tempest-VolumesTransfersTest-1148060647-project] DELETE http://10.222.0.40/volume/v3/7d9fae069df14a1ea0d76f9c227f0acb/os-volume-transfer/f6ee00c8-9c75-4378-8595-a80e326ef3f8
Aug 24 03:48:52.913709 dv-cinder-854261-1-smb devstack@c-api.service[120581]: DEBUG cinder.api.openstack.wsgi [None req-4d0ea959-4a20-4bcf-aae8-2117f1625e5c tempest-VolumesTransfersTest-1148060647 tempest-VolumesTransfersTest-1148060647-project] Empty body provided in request {{(pid=120581) get_body /opt/stack/cinder/cinder/api/openstack/wsgi.py:715}}
Aug 24 03:48:52.918643 dv-cinder-854261-1-smb devstack@c-api.service[120581]: DEBUG cinder.api.openstack.wsgi [None req-4d0ea959-4a20-4bcf-aae8-2117f1625e5c tempest-VolumesTransfersTest-1148060647 tempest-VolumesTransfersTest-1148060647-project] Calling method 'delete' {{(pid=120581) _process_stack /opt/stack/cinder/cinder/api/openstack/wsgi.py:868}}
Aug 24 03:48:52.919609 dv-cinder-854261-1-smb devstack@c-api.service[120581]: INFO cinder.api.contrib.volume_transfer [None req-4d0ea959-4a20-4bcf-aae8-2117f1625e5c tempest-VolumesTransfersTest-1148060647 tempest-VolumesTransfersTest-1148060647-project] Delete transfer with id: f6ee00c8-9c75-4378-8595-a80e326ef3f8
Aug 24 03:48:52.958409 dv-cinder-854261-1-smb devstack@c-api.service[120581]: /usr/local/lib/python3.8/dist-packages/oslo_context/context.py:100: DeprecationWarning: Policy enforcement is depending on the value of is_admin. This key is deprecated. Please update your policy file to use the standard policy values.
Aug 24 03:48:52.958409 dv-cinder-854261-1-smb devstack@c-api.service[120581]: warnings.warn('Policy enforcement is depending on the value of '
Aug 24 03:48:53.071016 dv-cinder-854261-1-smb devstack@c-api.service[120581]: INFO cinder.api.openstack.wsgi [None req-4d0ea959-4a20-4bcf-aae8-2117f1625e5c tempest-VolumesTransfersTest-1148060647 tempest-VolumesTransfersTest-1148060647-project] http://10.222.0.40/volume/v3/7d9fae069df14a1ea0d76f9c227f0acb/os-volume-transfer/f6ee00c8-9c75-4378-8595-a80e326ef3f8 returned with HTTP 202
Aug 24 03:48:53.075275 dv-cinder-854261-1-smb devstack@c-api.service[120581]: [pid: 120581|app: 0|req: 184/370] 10.222.0.40 () {58 vars in 1361 bytes} [Wed Aug 24 03:48:52 2022] DELETE /volume/v3/7d9fae069df14a1ea0d76f9c227f0acb/os-volume-transfer/f6ee00c8-9c75-4378-8595-a80e326ef3f8 => generated 0 bytes in 173 msecs (HTTP/1.1 202) 6 headers in 233 bytes (1 switches on core 0)
Aug 24 03:48:53.078996 dv-cinder-854261-1-smb devstack@c-api.service[120582]: DEBUG cinder.api.middleware.request_id [None req-32d7fe02-1bbe-44e9-b088-8a0840895334 None None] RequestId filter calling following filter/app {{(pid=120582) _context_setter /opt/stack/cinder/cinder/api/middleware/request_id.py:62}}
Aug 24 03:48:53.086091 dv-cinder-854261-1-smb devstack@c-api.service[120582]: INFO cinder.api.openstack.wsgi [None req-32d7fe02-1bbe-44e9-b088-8a0840895334 tempest-VolumesTransfersTest-1148060647 tempest-VolumesTransfersTest-1148060647-project] GET http://10.222.0.40/volume/v3/7d9fae069df14a1ea0d76f9c227f0acb/volumes/db487f34-f650-406f-bf9e-a2cbbcfc23ab
Aug 24 03:48:53.086660 dv-cinder-854261-1-smb devstack@c-api.service[120582]: DEBUG cinder.api.openstack.wsgi [None req-32d7fe02-1bbe-44e9-b088-8a0840895334 tempest-VolumesTransfersTest-1148060647 tempest-VolumesTransfersTest-1148060647-project] Empty body provided in request {{(pid=120582) get_body /opt/stack/cinder/cinder/api/openstack/wsgi.py:715}}
Aug 24 03:48:53.087130 dv-cinder-854261-1-smb devstack@c-api.service[120582]: DEBUG cinder.api.openstack.wsgi [None req-32d7fe02-1bbe-44e9-b088-8a0840895334 tempest-VolumesTransfersTest-1148060647 tempest-VolumesTransfersTest-1148060647-project] Calling method 'show' {{(pid=120582) _process_stack /opt/stack/cinder/cinder/api/openstack/wsgi.py:868}}
Aug 24 03:48:53.119745 dv-cinder-854261-1-smb devstack@c-api.service[120582]: /usr/local/lib/python3.8/dist-packages/oslo_context/context.py:100: DeprecationWarning: Policy enforcement is depending on the value of is_admin. This key is deprecated. Please update your policy file to use the standard policy values.
Aug 24 03:48:53.119745 dv-cinder-854261-1-smb devstack@c-api.service[120582]: warnings.warn('Policy enforcement is depending on the value of '
Aug 24 03:48:53.122114 dv-cinder-854261-1-smb devstack@c-api.service[120581]: DEBUG cinder.api.middleware.request_id [None req-eccc20d7-bde6-4a9e-b990-328d9f9aefe3 None None] RequestId filter calling following filter/app {{(pid=120581) _context_setter /opt/stack/cinder/cinder/api/middleware/request_id.py:62}}
Aug 24 03:48:53.126580 dv-cinder-854261-1-smb devstack@c-api.service[120581]: INFO cinder.api.openstack.wsgi [None req-eccc20d7-bde6-4a9e-b990-328d9f9aefe3 tempest-DeleteServersTestJSON-153542591 tempest-DeleteServersTestJSON-153542591-project] GET http://10.222.0.40/volume/v3/33c96c7d16c443bc8a2594a7a9a12c76/volumes/b1ab7683-cca5-4278-86d1-34f966555f8d
Aug 24 03:48:53.127251 dv-cinder-854261-1-smb devstack@c-api.service[120581]: DEBUG cinder.api.openstack.wsgi [None req-eccc20d7-bde6-4a9e-b990-328d9f9aefe3 tempest-DeleteServersTestJSON-153542591 tempest-DeleteServersTestJSON-153542591-project] Empty body provided in request {{(pid=120581) get_body /opt/stack/cinder/cinder/api/openstack/wsgi.py:715}}
Aug 24 03:48:53.127862 dv-cinder-854261-1-smb devstack@c-api.service[120581]: DEBUG cinder.api.openstack.wsgi [None req-eccc20d7-bde6-4a9e-b990-328d9f9aefe3 tempest-DeleteServersTestJSON-153542591 tempest-DeleteServersTestJSON-153542591-project] Calling method 'show' {{(pid=120581) _process_stack /opt/stack/cinder/cinder/api/openstack/wsgi.py:868}}
Aug 24 03:48:53.159560 dv-cinder-854261-1-smb devstack@c-api.service[120582]: INFO cinder.volume.api [None req-32d7fe02-1bbe-44e9-b088-8a0840895334 tempest-VolumesTransfersTest-1148060647 tempest-VolumesTransfersTest-1148060647-project] Volume info retrieved successfully.
Aug 24 03:48:53.174253 dv-cinder-854261-1-smb devstack@c-api.service[120582]: INFO cinder.api.openstack.wsgi [None req-32d7fe02-1bbe-44e9-b088-8a0840895334 tempest-VolumesTransfersTest-1148060647 tempest-VolumesTransfersTest-1148060647-project] http://10.222.0.40/volume/v3/7d9fae069df14a1ea0d76f9c227f0acb/volumes/db487f34-f650-406f-bf9e-a2cbbcfc23ab returned with HTTP 200
Aug 24 03:48:53.175012 dv-cinder-854261-1-smb devstack@c-api.service[120582]: [pid: 120582|app: 0|req: 187/371] 10.222.0.40 () {58 vars in 1325 bytes} [Wed Aug 24 03:48:53 2022] GET /volume/v3/7d9fae069df14a1ea0d76f9c227f0acb/volumes/db487f34-f650-406f-bf9e-a2cbbcfc23ab => generated 913 bytes in 97 msecs (HTTP/1.1 200) 7 headers in 285 bytes (1 switches on core 0)
Aug 24 03:48:53.179946 dv-cinder-854261-1-smb devstack@c-api.service[120581]: /usr/local/lib/python3.8/dist-packages/oslo_context/context.py:100: DeprecationWarning: Policy enforcement is depending on the value of is_admin. This key is deprecated. Please update your policy file to use the standard policy values.
Aug 24 03:48:53.179946 dv-cinder-854261-1-smb devstack@c-api.service[120581]: warnings.warn('Policy enforcement is depending on the value of '
Aug 24 03:48:53.190579 dv-cinder-854261-1-smb devstack@c-api.service[120582]: DEBUG cinder.api.middleware.request_id [None req-3aa5c158-a255-4bc6-8aac-d6b991a67aae None None] RequestId filter calling following filter/app {{(pid=120582) _context_setter /opt/stack/cinder/cinder/api/middleware/request_id.py:62}}
Aug 24 03:48:53.190926 dv-cinder-854261-1-smb devstack@c-api.service[120581]: INFO cinder.volume.api [None req-eccc20d7-bde6-4a9e-b990-328d9f9aefe3 tempest-DeleteServersTestJSON-153542591 tempest-DeleteServersTestJSON-153542591-project] Volume info retrieved successfully.
Aug 24 03:48:53.196224 dv-cinder-854261-1-smb devstack@c-api.service[120582]: INFO cinder.api.openstack.wsgi [None req-3aa5c158-a255-4bc6-8aac-d6b991a67aae tempest-VolumesTransfersTest-1148060647 tempest-VolumesTransfersTest-1148060647-project] DELETE http://10.222.0.40/volume/v3/7d9fae069df14a1ea0d76f9c227f0acb/os-volume-transfer/f6ee00c8-9c75-4378-8595-a80e326ef3f8
Aug 24 03:48:53.196679 dv-cinder-854261-1-smb devstack@c-api.service[120582]: DEBUG cinder.api.openstack.wsgi [None req-3aa5c158-a255-4bc6-8aac-d6b991a67aae tempest-VolumesTransfersTest-1148060647 tempest-VolumesTransfersTest-1148060647-project] Empty body provided in request {{(pid=120582) get_body /opt/stack/cinder/cinder/api/openstack/wsgi.py:715}}
Aug 24 03:48:53.197138 dv-cinder-854261-1-smb devstack@c-api.service[120582]: DEBUG cinder.api.openstack.wsgi [None req-3aa5c158-a255-4bc6-8aac-d6b991a67aae tempest-VolumesTransfersTest-1148060647 tempest-VolumesTransfersTest-1148060647-project] Calling method 'delete' {{(pid=120582) _process_stack /opt/stack/cinder/cinder/api/openstack/wsgi.py:868}}
Aug 24 03:48:53.197435 dv-cinder-854261-1-smb devstack@c-api.service[120582]: INFO cinder.api.contrib.volume_transfer [None req-3aa5c158-a255-4bc6-8aac-d6b991a67aae tempest-VolumesTransfersTest-1148060647 tempest-VolumesTransfersTest-1148060647-project] Delete transfer with id: f6ee00c8-9c75-4378-8595-a80e326ef3f8
Aug 24 03:48:53.204757 dv-cinder-854261-1-smb devstack@c-api.service[120581]: INFO cinder.api.openstack.wsgi [None req-eccc20d7-bde6-4a9e-b990-328d9f9aefe3 tempest-DeleteServersTestJSON-153542591 tempest-DeleteServersTestJSON-153542591-project] http://10.222.0.40/volume/v3/33c96c7d16c443bc8a2594a7a9a12c76/volumes/b1ab7683-cca5-4278-86d1-34f966555f8d returned with HTTP 200
Aug 24 03:48:53.211034 dv-cinder-854261-1-smb devstack@c-api.service[120581]: [pid: 120581|app: 0|req: 185/372] 10.222.0.40 () {58 vars in 1325 bytes} [Wed Aug 24 03:48:53 2022] GET /volume/v3/33c96c7d16c443bc8a2594a7a9a12c76/volumes/b1ab7683-cca5-4278-86d1-34f966555f8d => generated 912 bytes in 87 msecs (HTTP/1.1 200) 7 headers in 285 bytes (2 switches on core 0)
Aug 24 03:48:53.218122 dv-cinder-854261-1-smb devstack@c-api.service[120582]: INFO cinder.api.openstack.wsgi [None req-3aa5c158-a255-4bc6-8aac-d6b991a67aae tempest-VolumesTransfersTest-1148060647 tempest-VolumesTransfersTest-1148060647-project] http://10.222.0.40/volume/v3/7d9fae069df14a1ea0d76f9c227f0acb/os-volume-transfer/f6ee00c8-9c75-4378-8595-a80e326ef3f8 returned with HTTP 404
Aug 24 03:48:53.219139 dv-cinder-854261-1-smb devstack@c-api.service[120582]: [pid: 120582|app: 0|req: 188/373] 10.222.0.40 () {58 vars in 1361 bytes} [Wed Aug 24 03:48:53 2022] DELETE /volume/v3/7d9fae069df14a1ea0d76f9c227f0acb/os-volume-transfer/f6ee00c8-9c75-4378-8595-a80e326ef3f8 => generated 111 bytes in 30 msecs (HTTP/1.1 404) 7 headers in 292 bytes (1 switches on core 0)
Aug 24 03:48:53.224164 dv-cinder-854261-1-smb devstack@c-api.service[120581]: DEBUG cinder.api.middleware.request_id [None req-8449af66-3ae8-46cd-ab68-7c7d853568b7 None None] RequestId filter calling following filter/app {{(pid=120581) _context_setter /opt/stack/cinder/cinder/api/middleware/request_id.py:62}}
Aug 24 03:48:53.228045 dv-cinder-854261-1-smb devstack@c-api.service[120581]: INFO cinder.api.openstack.wsgi [None req-8449af66-3ae8-46cd-ab68-7c7d853568b7 tempest-VolumesTransfersTest-1485912185 tempest-VolumesTransfersTest-1485912185-project-admin] DELETE http://10.222.0.40/volume/v3/f75f369f34924dd8bce1326441e5c339/volumes/db487f34-f650-406f-bf9e-a2cbbcfc23ab
Aug 24 03:48:53.228499 dv-cinder-854261-1-smb devstack@c-api.service[120581]: DEBUG cinder.api.openstack.wsgi [None req-8449af66-3ae8-46cd-ab68-7c7d853568b7 tempest-VolumesTransfersTest-1485912185 tempest-VolumesTransfersTest-1485912185-project-admin] Empty body provided in request {{(pid=120581) get_body /opt/stack/cinder/cinder/api/openstack/wsgi.py:715}}
Aug 24 03:48:53.228954 dv-cinder-854261-1-smb devstack@c-api.service[120581]: DEBUG cinder.api.openstack.wsgi [None req-8449af66-3ae8-46cd-ab68-7c7d853568b7 tempest-VolumesTransfersTest-1485912185 tempest-VolumesTransfersTest-1485912185-project-admin] Calling method 'delete' {{(pid=120581) _process_stack /opt/stack/cinder/cinder/api/openstack/wsgi.py:868}}
Aug 24 03:48:53.229526 dv-cinder-854261-1-smb devstack@c-api.service[120581]: INFO cinder.api.v3.volumes [None req-8449af66-3ae8-46cd-ab68-7c7d853568b7 tempest-VolumesTransfersTest-1485912185 tempest-VolumesTransfersTest-1485912185-project-admin] Delete volume with id: db487f34-f650-406f-bf9e-a2cbbcfc23ab
Aug 24 03:48:53.248828 dv-cinder-854261-1-smb devstack@c-api.service[120581]: /usr/local/lib/python3.8/dist-packages/oslo_context/context.py:100: DeprecationWarning: Policy enforcement is depending on the value of is_admin. This key is deprecated. Please update your policy file to use the standard policy values.
Aug 24 03:48:53.248828 dv-cinder-854261-1-smb devstack@c-api.service[120581]: warnings.warn('Policy enforcement is depending on the value of '
Aug 24 03:48:53.251400 dv-cinder-854261-1-smb devstack@c-api.service[120581]: INFO cinder.volume.api [None req-8449af66-3ae8-46cd-ab68-7c7d853568b7 tempest-VolumesTransfersTest-1485912185 tempest-VolumesTransfersTest-1485912185-project-admin] Volume info retrieved successfully.
Aug 24 03:48:53.470103 dv-cinder-854261-1-smb devstack@c-api.service[120581]: INFO cinder.volume.api [None req-8449af66-3ae8-46cd-ab68-7c7d853568b7 tempest-VolumesTransfersTest-1485912185 tempest-VolumesTransfersTest-1485912185-project-admin] Delete volume request issued successfully.
Aug 24 03:48:53.475222 dv-cinder-854261-1-smb devstack@c-api.service[120581]: INFO cinder.api.openstack.wsgi [None req-8449af66-3ae8-46cd-ab68-7c7d853568b7 tempest-VolumesTransfersTest-1485912185 tempest-VolumesTransfersTest-1485912185-project-admin] http://10.222.0.40/volume/v3/f75f369f34924dd8bce1326441e5c339/volumes/db487f34-f650-406f-bf9e-a2cbbcfc23ab returned with HTTP 202
Aug 24 03:48:53.475222 dv-cinder-854261-1-smb devstack@c-api.service[120581]: [pid: 120581|app: 0|req: 186/374] 10.222.0.40 () {58 vars in 1328 bytes} [Wed Aug 24 03:48:53 2022] DELETE /volume/v3/f75f369f34924dd8bce1326441e5c339/volumes/db487f34-f650-406f-bf9e-a2cbbcfc23ab => generated 0 bytes in 249 msecs (HTTP/1.1 202) 6 headers in 233 bytes (1 switches on core 0)
Aug 24 03:48:53.479179 dv-cinder-854261-1-smb devstack@c-api.service[120582]: DEBUG cinder.api.middleware.request_id [None req-72045843-b2d3-4349-867d-2f21d86cfc94 None None] RequestId filter calling following filter/app {{(pid=120582) _context_setter /opt/stack/cinder/cinder/api/middleware/request_id.py:62}}
Aug 24 03:48:53.484535 dv-cinder-854261-1-smb devstack@c-api.service[120582]: INFO cinder.api.openstack.wsgi [None req-72045843-b2d3-4349-867d-2f21d86cfc94 tempest-VolumesTransfersTest-1485912185 tempest-VolumesTransfersTest-1485912185-project-admin] GET http://10.222.0.40/volume/v3/f75f369f34924dd8bce1326441e5c339/volumes/db487f34-f650-406f-bf9e-a2cbbcfc23ab
Aug 24 03:48:53.485083 dv-cinder-854261-1-smb devstack@c-api.service[120582]: DEBUG cinder.api.openstack.wsgi [None req-72045843-b2d3-4349-867d-2f21d86cfc94 tempest-VolumesTransfersTest-1485912185 tempest-VolumesTransfersTest-1485912185-project-admin] Empty body provided in request {{(pid=120582) get_body /opt/stack/cinder/cinder/api/openstack/wsgi.py:715}}
Aug 24 03:48:53.485970 dv-cinder-854261-1-smb devstack@c-api.service[120582]: DEBUG cinder.api.openstack.wsgi [None req-72045843-b2d3-4349-867d-2f21d86cfc94 tempest-VolumesTransfersTest-1485912185 tempest-VolumesTransfersTest-1485912185-project-admin] Calling method 'show' {{(pid=120582) _process_stack /opt/stack/cinder/cinder/api/openstack/wsgi.py:868}}
Aug 24 03:48:53.505185 dv-cinder-854261-1-smb devstack@c-api.service[120582]: /usr/local/lib/python3.8/dist-packages/oslo_context/context.py:100: DeprecationWarning: Policy enforcement is depending on the value of is_admin. This key is deprecated. Please update your policy file to use the standard policy values.
Aug 24 03:48:53.505185 dv-cinder-854261-1-smb devstack@c-api.service[120582]: warnings.warn('Policy enforcement is depending on the value of '
Aug 24 03:48:53.512798 dv-cinder-854261-1-smb devstack@c-api.service[120582]: INFO cinder.volume.api [None req-72045843-b2d3-4349-867d-2f21d86cfc94 tempest-VolumesTransfersTest-1485912185 tempest-VolumesTransfersTest-1485912185-project-admin] Volume info retrieved successfully.
Aug 24 03:48:53.524422 dv-cinder-854261-1-smb devstack@c-api.service[120582]: INFO cinder.api.openstack.wsgi [None req-72045843-b2d3-4349-867d-2f21d86cfc94 tempest-VolumesTransfersTest-1485912185 tempest-VolumesTransfersTest-1485912185-project-admin] http://10.222.0.40/volume/v3/f75f369f34924dd8bce1326441e5c339/volumes/db487f34-f650-406f-bf9e-a2cbbcfc23ab returned with HTTP 200
Aug 24 03:48:53.525394 dv-cinder-854261-1-smb devstack@c-api.service[120582]: [pid: 120582|app: 0|req: 189/375] 10.222.0.40 () {58 vars in 1325 bytes} [Wed Aug 24 03:48:53 2022] GET /volume/v3/f75f369f34924dd8bce1326441e5c339/volumes/db487f34-f650-406f-bf9e-a2cbbcfc23ab => generated 1078 bytes in 47 msecs (HTTP/1.1 200) 7 headers in 286 bytes (1 switches on core 0)
Aug 24 03:48:53.779961 dv-cinder-854261-1-smb devstack@c-api.service[120581]: DEBUG dbcounter [-] [120581] Writing DB stats cinder:SELECT=76,cinder:INSERT=6,cinder:UPDATE=18 {{(pid=120581) stat_writer /usr/local/lib/python3.8/dist-packages/dbcounter.py:114}}
Aug 24 03:48:53.843591 dv-cinder-854261-1-smb devstack@c-api.service[120581]: DEBUG cinder.api.middleware.request_id [None req-76e875ff-15e7-43cb-8d29-91443ea16f58 None None] RequestId filter calling following filter/app {{(pid=120581) _context_setter /opt/stack/cinder/cinder/api/middleware/request_id.py:62}}
Aug 24 03:48:53.847330 dv-cinder-854261-1-smb devstack@c-api.service[120581]: INFO cinder.api.openstack.wsgi [None req-76e875ff-15e7-43cb-8d29-91443ea16f58 tempest-VolumeQuotasNegativeTestJSON-687958562 tempest-VolumeQuotasNegativeTestJSON-687958562-project] GET http://10.222.0.40/volume/v3/689ee3f04ae8499690e4c6fea5eed6ff/volumes/d1bf7456-28e9-42b0-b253-fe1945ff06d4
Aug 24 03:48:53.847830 dv-cinder-854261-1-smb devstack@c-api.service[120581]: DEBUG cinder.api.openstack.wsgi [None req-76e875ff-15e7-43cb-8d29-91443ea16f58 tempest-VolumeQuotasNegativeTestJSON-687958562 tempest-VolumeQuotasNegativeTestJSON-687958562-project] Empty body provided in request {{(pid=120581) get_body /opt/stack/cinder/cinder/api/openstack/wsgi.py:715}}
Aug 24 03:48:53.848341 dv-cinder-854261-1-smb devstack@c-api.service[120581]: DEBUG cinder.api.openstack.wsgi [None req-76e875ff-15e7-43cb-8d29-91443ea16f58 tempest-VolumeQuotasNegativeTestJSON-687958562 tempest-VolumeQuotasNegativeTestJSON-687958562-project] Calling method 'show' {{(pid=120581) _process_stack /opt/stack/cinder/cinder/api/openstack/wsgi.py:868}}
Aug 24 03:48:53.865537 dv-cinder-854261-1-smb devstack@c-api.service[120581]: /usr/local/lib/python3.8/dist-packages/oslo_context/context.py:100: DeprecationWarning: Policy enforcement is depending on the value of is_admin. This key is deprecated. Please update your policy file to use the standard policy values.
Aug 24 03:48:53.865537 dv-cinder-854261-1-smb devstack@c-api.service[120581]: warnings.warn('Policy enforcement is depending on the value of '
Aug 24 03:48:53.870358 dv-cinder-854261-1-smb devstack@c-api.service[120581]: INFO cinder.volume.api [None req-76e875ff-15e7-43cb-8d29-91443ea16f58 tempest-VolumeQuotasNegativeTestJSON-687958562 tempest-VolumeQuotasNegativeTestJSON-687958562-project] Volume info retrieved successfully.
Aug 24 03:48:53.880078 dv-cinder-854261-1-smb devstack@c-api.service[120581]: INFO cinder.api.openstack.wsgi [None req-76e875ff-15e7-43cb-8d29-91443ea16f58 tempest-VolumeQuotasNegativeTestJSON-687958562 tempest-VolumeQuotasNegativeTestJSON-687958562-project] http://10.222.0.40/volume/v3/689ee3f04ae8499690e4c6fea5eed6ff/volumes/d1bf7456-28e9-42b0-b253-fe1945ff06d4 returned with HTTP 200
Aug 24 03:48:53.881222 dv-cinder-854261-1-smb devstack@c-api.service[120581]: [pid: 120581|app: 0|req: 187/376] 10.222.0.40 () {58 vars in 1325 bytes} [Wed Aug 24 03:48:53 2022] GET /volume/v3/689ee3f04ae8499690e4c6fea5eed6ff/volumes/d1bf7456-28e9-42b0-b253-fe1945ff06d4 => generated 920 bytes in 39 msecs (HTTP/1.1 200) 7 headers in 285 bytes (1 switches on core 0)
Aug 24 03:48:53.899410 dv-cinder-854261-1-smb devstack@c-api.service[120582]: DEBUG cinder.api.middleware.request_id [None req-b13b3288-b216-450a-874c-68b1409383ce None None] RequestId filter calling following filter/app {{(pid=120582) _context_setter /opt/stack/cinder/cinder/api/middleware/request_id.py:62}}
Aug 24 03:48:53.904930 dv-cinder-854261-1-smb devstack@c-api.service[120582]: INFO cinder.api.openstack.wsgi [None req-b13b3288-b216-450a-874c-68b1409383ce tempest-VolumeQuotasNegativeTestJSON-25456614 tempest-VolumeQuotasNegativeTestJSON-25456614-project-admin] PUT http://10.222.0.40/volume/v3/a8068d3754cf4f8bbd0fff24a1121d75/os-quota-sets/689ee3f04ae8499690e4c6fea5eed6ff
Aug 24 03:48:53.905641 dv-cinder-854261-1-smb devstack@c-api.service[120582]: DEBUG cinder.api.openstack.wsgi [None req-b13b3288-b216-450a-874c-68b1409383ce tempest-VolumeQuotasNegativeTestJSON-25456614 tempest-VolumeQuotasNegativeTestJSON-25456614-project-admin] Action: 'update', calling method: update, body: {"quota_set": {"gigabytes": 1, "volumes": -1}} {{(pid=120582) _process_stack /opt/stack/cinder/cinder/api/openstack/wsgi.py:866}}
Aug 24 03:48:54.195713 dv-cinder-854261-1-smb devstack@c-api.service[120582]: INFO cinder.api.openstack.wsgi [None req-b13b3288-b216-450a-874c-68b1409383ce tempest-VolumeQuotasNegativeTestJSON-25456614 tempest-VolumeQuotasNegativeTestJSON-25456614-project-admin] http://10.222.0.40/volume/v3/a8068d3754cf4f8bbd0fff24a1121d75/os-quota-sets/689ee3f04ae8499690e4c6fea5eed6ff returned with HTTP 200
Aug 24 03:48:54.203474 dv-cinder-854261-1-smb devstack@c-api.service[120582]: [pid: 120582|app: 0|req: 190/377] 10.222.0.40 () {60 vars in 1351 bytes} [Wed Aug 24 03:48:53 2022] PUT /volume/v3/a8068d3754cf4f8bbd0fff24a1121d75/os-quota-sets/689ee3f04ae8499690e4c6fea5eed6ff => generated 316 bytes in 299 msecs (HTTP/1.1 200) 7 headers in 285 bytes (1 switches on core 0)
Aug 24 03:48:54.205119 dv-cinder-854261-1-smb devstack@c-api.service[120581]: DEBUG cinder.api.middleware.request_id [None req-43e3b350-3371-4880-9f20-c1966f7bc4ed None None] RequestId filter calling following filter/app {{(pid=120581) _context_setter /opt/stack/cinder/cinder/api/middleware/request_id.py:62}}
Aug 24 03:48:54.209189 dv-cinder-854261-1-smb devstack@c-api.service[120581]: INFO cinder.api.openstack.wsgi [None req-43e3b350-3371-4880-9f20-c1966f7bc4ed tempest-VolumeQuotasNegativeTestJSON-687958562 tempest-VolumeQuotasNegativeTestJSON-687958562-project] POST http://10.222.0.40/volume/v3/689ee3f04ae8499690e4c6fea5eed6ff/volumes
Aug 24 03:48:54.210105 dv-cinder-854261-1-smb devstack@c-api.service[120581]: DEBUG cinder.api.openstack.wsgi [None req-43e3b350-3371-4880-9f20-c1966f7bc4ed tempest-VolumeQuotasNegativeTestJSON-687958562 tempest-VolumeQuotasNegativeTestJSON-687958562-project] Action: 'create', calling method: create, body: {"volume": {"size": 2}} {{(pid=120581) _process_stack /opt/stack/cinder/cinder/api/openstack/wsgi.py:866}}
Aug 24 03:48:54.212585 dv-cinder-854261-1-smb devstack@c-api.service[120581]: DEBUG cinder.api.v3.volumes [None req-43e3b350-3371-4880-9f20-c1966f7bc4ed tempest-VolumeQuotasNegativeTestJSON-687958562 tempest-VolumeQuotasNegativeTestJSON-687958562-project] Create volume request body: {'volume': {'size': 2}} {{(pid=120581) create /opt/stack/cinder/cinder/api/v3/volumes.py:298}}
Aug 24 03:48:54.219313 dv-cinder-854261-1-smb devstack@c-api.service[120581]: INFO cinder.api.v3.volumes [None req-43e3b350-3371-4880-9f20-c1966f7bc4ed tempest-VolumeQuotasNegativeTestJSON-687958562 tempest-VolumeQuotasNegativeTestJSON-687958562-project] Create volume of 2 GB
Aug 24 03:48:54.220724 dv-cinder-854261-1-smb devstack@c-api.service[120581]: INFO cinder.volume.api [None req-43e3b350-3371-4880-9f20-c1966f7bc4ed tempest-VolumeQuotasNegativeTestJSON-687958562 tempest-VolumeQuotasNegativeTestJSON-687958562-project] Availability Zones retrieved successfully.
Aug 24 03:48:54.230676 dv-cinder-854261-1-smb devstack@c-api.service[120582]: DEBUG cinder.api.middleware.request_id [None req-6488b590-5f79-4766-a641-0e8dc03f7009 None None] RequestId filter calling following filter/app {{(pid=120582) _context_setter /opt/stack/cinder/cinder/api/middleware/request_id.py:62}}
Aug 24 03:48:54.233384 dv-cinder-854261-1-smb devstack@c-api.service[120582]: INFO cinder.api.openstack.wsgi [None req-6488b590-5f79-4766-a641-0e8dc03f7009 tempest-DeleteServersTestJSON-153542591 tempest-DeleteServersTestJSON-153542591-project] GET http://10.222.0.40/volume/v3/33c96c7d16c443bc8a2594a7a9a12c76/volumes/b1ab7683-cca5-4278-86d1-34f966555f8d
Aug 24 03:48:54.234130 dv-cinder-854261-1-smb devstack@c-api.service[120582]: DEBUG cinder.api.openstack.wsgi [None req-6488b590-5f79-4766-a641-0e8dc03f7009 tempest-DeleteServersTestJSON-153542591 tempest-DeleteServersTestJSON-153542591-project] Empty body provided in request {{(pid=120582) get_body /opt/stack/cinder/cinder/api/openstack/wsgi.py:715}}
Aug 24 03:48:54.234829 dv-cinder-854261-1-smb devstack@c-api.service[120582]: DEBUG cinder.api.openstack.wsgi [None req-6488b590-5f79-4766-a641-0e8dc03f7009 tempest-DeleteServersTestJSON-153542591 tempest-DeleteServersTestJSON-153542591-project] Calling method 'show' {{(pid=120582) _process_stack /opt/stack/cinder/cinder/api/openstack/wsgi.py:868}}
Aug 24 03:48:54.238027 dv-cinder-854261-1-smb devstack@c-api.service[120581]: DEBUG cinder.volume.api [None req-43e3b350-3371-4880-9f20-c1966f7bc4ed tempest-VolumeQuotasNegativeTestJSON-687958562 tempest-VolumeQuotasNegativeTestJSON-687958562-project] Flow 'volume_create_api' (c950945c-08d6-4503-a6bc-65fafc0465f3) transitioned into state 'RUNNING' from state 'PENDING' {{(pid=120581) _flow_receiver /usr/local/lib/python3.8/dist-packages/taskflow/listeners/logging.py:141}}
Aug 24 03:48:54.240489 dv-cinder-854261-1-smb devstack@c-api.service[120581]: DEBUG cinder.volume.api [None req-43e3b350-3371-4880-9f20-c1966f7bc4ed tempest-VolumeQuotasNegativeTestJSON-687958562 tempest-VolumeQuotasNegativeTestJSON-687958562-project] Task 'cinder.volume.flows.api.create_volume.ExtractVolumeRequestTask;volume:create' (b7062350-960d-4905-b7d0-e57e559add96) transitioned into state 'RUNNING' from state 'PENDING' {{(pid=120581) _task_receiver /usr/local/lib/python3.8/dist-packages/taskflow/listeners/logging.py:190}}
Aug 24 03:48:54.258305 dv-cinder-854261-1-smb devstack@c-api.service[120581]: DEBUG cinder.volume.flows.api.create_volume [None req-43e3b350-3371-4880-9f20-c1966f7bc4ed tempest-VolumeQuotasNegativeTestJSON-687958562 tempest-VolumeQuotasNegativeTestJSON-687958562-project] Validating volume size '2' using validate_int {{(pid=120581) _extract_size /opt/stack/cinder/cinder/volume/flows/api/create_volume.py:228}}
Aug 24 03:48:54.263935 dv-cinder-854261-1-smb devstack@c-api.service[120582]: /usr/local/lib/python3.8/dist-packages/oslo_context/context.py:100: DeprecationWarning: Policy enforcement is depending on the value of is_admin. This key is deprecated. Please update your policy file to use the standard policy values.
Aug 24 03:48:54.263935 dv-cinder-854261-1-smb devstack@c-api.service[120582]: warnings.warn('Policy enforcement is depending on the value of '
Aug 24 03:48:54.273584 dv-cinder-854261-1-smb devstack@c-api.service[120582]: INFO cinder.volume.api [None req-6488b590-5f79-4766-a641-0e8dc03f7009 tempest-DeleteServersTestJSON-153542591 tempest-DeleteServersTestJSON-153542591-project] Volume info retrieved successfully.
Aug 24 03:48:54.292172 dv-cinder-854261-1-smb devstack@c-api.service[120582]: INFO cinder.api.openstack.wsgi [None req-6488b590-5f79-4766-a641-0e8dc03f7009 tempest-DeleteServersTestJSON-153542591 tempest-DeleteServersTestJSON-153542591-project] http://10.222.0.40/volume/v3/33c96c7d16c443bc8a2594a7a9a12c76/volumes/b1ab7683-cca5-4278-86d1-34f966555f8d returned with HTTP 200
Aug 24 03:48:54.295680 dv-cinder-854261-1-smb devstack@c-api.service[120582]: [pid: 120582|app: 0|req: 191/378] 10.222.0.40 () {58 vars in 1325 bytes} [Wed Aug 24 03:48:54 2022] GET /volume/v3/33c96c7d16c443bc8a2594a7a9a12c76/volumes/b1ab7683-cca5-4278-86d1-34f966555f8d => generated 912 bytes in 68 msecs (HTTP/1.1 200) 7 headers in 285 bytes (1 switches on core 0)
Aug 24 03:48:54.342073 dv-cinder-854261-1-smb devstack@c-api.service[120581]: DEBUG cinder.volume.api [None req-43e3b350-3371-4880-9f20-c1966f7bc4ed tempest-VolumeQuotasNegativeTestJSON-687958562 tempest-VolumeQuotasNegativeTestJSON-687958562-project] Task 'cinder.volume.flows.api.create_volume.ExtractVolumeRequestTask;volume:create' (b7062350-960d-4905-b7d0-e57e559add96) transitioned into state 'SUCCESS' from state 'RUNNING' with result '{'size': 2, 'snapshot_id': None, 'source_volid': None, 'volume_type': VolumeType(created_at=2022-08-24T03:30:36Z,deleted=False,deleted_at=None,description='Default Volume Type',extra_specs={},id=b4ed4f12-54e8-4756-a221-5607d90086c4,is_public=True,name='__DEFAULT__',projects=[],qos_specs=,qos_specs_id=None,updated_at=2022-08-24T03:30:36Z), 'volume_type_id': 'b4ed4f12-54e8-4756-a221-5607d90086c4', 'encryption_key_id': None, 'qos_specs': None, 'consistencygroup_id': None, 'cgsnapshot_id': None, 'group_id': None, 'replication_status': 'disabled', 'refresh_az': False, 'backup_id': None, 'multiattach': False, 'availability_zones': ['nova']}' {{(pid=120581) _task_receiver /usr/local/lib/python3.8/dist-packages/taskflow/listeners/logging.py:178}}
Aug 24 03:48:54.344802 dv-cinder-854261-1-smb devstack@c-api.service[120581]: DEBUG cinder.volume.api [None req-43e3b350-3371-4880-9f20-c1966f7bc4ed tempest-VolumeQuotasNegativeTestJSON-687958562 tempest-VolumeQuotasNegativeTestJSON-687958562-project] Task 'cinder.volume.flows.api.create_volume.QuotaReserveTask;volume:create' (8cef09fe-97a8-4ecb-8ea7-80b3e6656413) transitioned into state 'RUNNING' from state 'PENDING' {{(pid=120581) _task_receiver /usr/local/lib/python3.8/dist-packages/taskflow/listeners/logging.py:190}}
Aug 24 03:48:54.412842 dv-cinder-854261-1-smb devstack@c-api.service[120581]: WARNING cinder.quota_utils [None req-43e3b350-3371-4880-9f20-c1966f7bc4ed tempest-VolumeQuotasNegativeTestJSON-687958562 tempest-VolumeQuotasNegativeTestJSON-687958562-project] Quota exceeded for 689ee3f04ae8499690e4c6fea5eed6ff, tried to create 2G volume (1G of 1G already consumed).: cinder.exception.OverQuota: Quota exceeded for resources: ['gigabytes']
Aug 24 03:48:54.479406 dv-cinder-854261-1-smb devstack@c-api.service[120581]: WARNING cinder.volume.api [None req-43e3b350-3371-4880-9f20-c1966f7bc4ed tempest-VolumeQuotasNegativeTestJSON-687958562 tempest-VolumeQuotasNegativeTestJSON-687958562-project] Task 'cinder.volume.flows.api.create_volume.QuotaReserveTask;volume:create' (8cef09fe-97a8-4ecb-8ea7-80b3e6656413) transitioned into state 'FAILURE' from state 'RUNNING'
Aug 24 03:48:54.479406 dv-cinder-854261-1-smb devstack@c-api.service[120581]: Failure: cinder.exception.VolumeSizeExceedsAvailableQuota: Requested volume or snapshot exceeds allowed gigabytes quota. Requested 2G, quota is 1G and 1G has been consumed.
Aug 24 03:48:54.493881 dv-cinder-854261-1-smb devstack@c-api.service[120581]: DEBUG cinder.volume.api [None req-43e3b350-3371-4880-9f20-c1966f7bc4ed tempest-VolumeQuotasNegativeTestJSON-687958562 tempest-VolumeQuotasNegativeTestJSON-687958562-project] Task 'cinder.volume.flows.api.create_volume.QuotaReserveTask;volume:create' (8cef09fe-97a8-4ecb-8ea7-80b3e6656413) transitioned into state 'REVERTING' from state 'FAILURE' {{(pid=120581) _task_receiver /usr/local/lib/python3.8/dist-packages/taskflow/listeners/logging.py:190}}
Aug 24 03:48:54.510162 dv-cinder-854261-1-smb devstack@c-api.service[120581]: WARNING cinder.volume.api [None req-43e3b350-3371-4880-9f20-c1966f7bc4ed tempest-VolumeQuotasNegativeTestJSON-687958562 tempest-VolumeQuotasNegativeTestJSON-687958562-project] Task 'cinder.volume.flows.api.create_volume.QuotaReserveTask;volume:create' (8cef09fe-97a8-4ecb-8ea7-80b3e6656413) transitioned into state 'REVERTED' from state 'REVERTING' with result 'None'
Aug 24 03:48:54.515125 dv-cinder-854261-1-smb devstack@c-api.service[120581]: DEBUG cinder.volume.api [None req-43e3b350-3371-4880-9f20-c1966f7bc4ed tempest-VolumeQuotasNegativeTestJSON-687958562 tempest-VolumeQuotasNegativeTestJSON-687958562-project] Task 'cinder.volume.flows.api.create_volume.ExtractVolumeRequestTask;volume:create' (b7062350-960d-4905-b7d0-e57e559add96) transitioned into state 'REVERTING' from state 'SUCCESS' {{(pid=120581) _task_receiver /usr/local/lib/python3.8/dist-packages/taskflow/listeners/logging.py:190}}
Aug 24 03:48:54.523205 dv-cinder-854261-1-smb devstack@c-api.service[120581]: WARNING cinder.volume.api [None req-43e3b350-3371-4880-9f20-c1966f7bc4ed tempest-VolumeQuotasNegativeTestJSON-687958562 tempest-VolumeQuotasNegativeTestJSON-687958562-project] Task 'cinder.volume.flows.api.create_volume.ExtractVolumeRequestTask;volume:create' (b7062350-960d-4905-b7d0-e57e559add96) transitioned into state 'REVERTED' from state 'REVERTING' with result 'None'
Aug 24 03:48:54.531255 dv-cinder-854261-1-smb devstack@c-api.service[120581]: WARNING cinder.volume.api [None req-43e3b350-3371-4880-9f20-c1966f7bc4ed tempest-VolumeQuotasNegativeTestJSON-687958562 tempest-VolumeQuotasNegativeTestJSON-687958562-project] Flow 'volume_create_api' (c950945c-08d6-4503-a6bc-65fafc0465f3) transitioned into state 'REVERTED' from state 'RUNNING'
Aug 24 03:48:54.531894 dv-cinder-854261-1-smb devstack@c-api.service[120581]: INFO cinder.api.middleware.fault [None req-43e3b350-3371-4880-9f20-c1966f7bc4ed tempest-VolumeQuotasNegativeTestJSON-687958562 tempest-VolumeQuotasNegativeTestJSON-687958562-project] http://10.222.0.40/volume/v3/689ee3f04ae8499690e4c6fea5eed6ff/volumes returned with HTTP 413
Aug 24 03:48:54.541071 dv-cinder-854261-1-smb devstack@c-api.service[120581]: [pid: 120581|app: 0|req: 188/379] 10.222.0.40 () {60 vars in 1235 bytes} [Wed Aug 24 03:48:54 2022] POST /volume/v3/689ee3f04ae8499690e4c6fea5eed6ff/volumes => generated 208 bytes in 337 msecs (HTTP/1.1 413) 8 headers in 323 bytes (1 switches on core 0)
Aug 24 03:48:54.544629 dv-cinder-854261-1-smb devstack@c-api.service[120582]: DEBUG cinder.api.middleware.request_id [None req-33846740-c2c0-4704-a1ee-f53655e8c626 None None] RequestId filter calling following filter/app {{(pid=120582) _context_setter /opt/stack/cinder/cinder/api/middleware/request_id.py:62}}
Aug 24 03:48:54.550022 dv-cinder-854261-1-smb devstack@c-api.service[120581]: DEBUG cinder.api.middleware.request_id [None req-86111d59-cf61-42b9-9087-d5932d15fc75 None None] RequestId filter calling following filter/app {{(pid=120581) _context_setter /opt/stack/cinder/cinder/api/middleware/request_id.py:62}}
Aug 24 03:48:54.553179 dv-cinder-854261-1-smb devstack@c-api.service[120582]: INFO cinder.api.openstack.wsgi [None req-33846740-c2c0-4704-a1ee-f53655e8c626 tempest-VolumeQuotasNegativeTestJSON-25456614 tempest-VolumeQuotasNegativeTestJSON-25456614-project-admin] PUT http://10.222.0.40/volume/v3/a8068d3754cf4f8bbd0fff24a1121d75/os-quota-sets/689ee3f04ae8499690e4c6fea5eed6ff
Aug 24 03:48:54.559170 dv-cinder-854261-1-smb devstack@c-api.service[120582]: DEBUG cinder.api.openstack.wsgi [None req-33846740-c2c0-4704-a1ee-f53655e8c626 tempest-VolumeQuotasNegativeTestJSON-25456614 tempest-VolumeQuotasNegativeTestJSON-25456614-project-admin] Action: 'update', calling method: update, body: {"quota_set": {"volumes": 1, "gigabytes": -1}} {{(pid=120582) _process_stack /opt/stack/cinder/cinder/api/openstack/wsgi.py:866}}
Aug 24 03:48:54.559401 dv-cinder-854261-1-smb devstack@c-api.service[120581]: INFO cinder.api.openstack.wsgi [None req-86111d59-cf61-42b9-9087-d5932d15fc75 tempest-VolumesTransfersTest-1485912185 tempest-VolumesTransfersTest-1485912185-project-admin] GET http://10.222.0.40/volume/v3/f75f369f34924dd8bce1326441e5c339/volumes/db487f34-f650-406f-bf9e-a2cbbcfc23ab
Aug 24 03:48:54.559401 dv-cinder-854261-1-smb devstack@c-api.service[120581]: DEBUG cinder.api.openstack.wsgi [None req-86111d59-cf61-42b9-9087-d5932d15fc75 tempest-VolumesTransfersTest-1485912185 tempest-VolumesTransfersTest-1485912185-project-admin] Empty body provided in request {{(pid=120581) get_body /opt/stack/cinder/cinder/api/openstack/wsgi.py:715}}
Aug 24 03:48:54.559401 dv-cinder-854261-1-smb devstack@c-api.service[120581]: DEBUG cinder.api.openstack.wsgi [None req-86111d59-cf61-42b9-9087-d5932d15fc75 tempest-VolumesTransfersTest-1485912185 tempest-VolumesTransfersTest-1485912185-project-admin] Calling method 'show' {{(pid=120581) _process_stack /opt/stack/cinder/cinder/api/openstack/wsgi.py:868}}
Aug 24 03:48:54.584755 dv-cinder-854261-1-smb devstack@c-api.service[120581]: INFO cinder.api.openstack.wsgi [None req-86111d59-cf61-42b9-9087-d5932d15fc75 tempest-VolumesTransfersTest-1485912185 tempest-VolumesTransfersTest-1485912185-project-admin] http://10.222.0.40/volume/v3/f75f369f34924dd8bce1326441e5c339/volumes/db487f34-f650-406f-bf9e-a2cbbcfc23ab returned with HTTP 404
Aug 24 03:48:54.586433 dv-cinder-854261-1-smb devstack@c-api.service[120581]: [pid: 120581|app: 0|req: 189/380] 10.222.0.40 () {58 vars in 1325 bytes} [Wed Aug 24 03:48:54 2022] GET /volume/v3/f75f369f34924dd8bce1326441e5c339/volumes/db487f34-f650-406f-bf9e-a2cbbcfc23ab => generated 109 bytes in 38 msecs (HTTP/1.1 404) 7 headers in 292 bytes (2 switches on core 0)
Aug 24 03:48:54.594101 dv-cinder-854261-1-smb devstack@c-api.service[120581]: DEBUG cinder.api.middleware.request_id [None req-74e85de1-e6ad-472a-8afe-2a6855d82878 None None] RequestId filter calling following filter/app {{(pid=120581) _context_setter /opt/stack/cinder/cinder/api/middleware/request_id.py:62}}
Aug 24 03:48:54.604190 dv-cinder-854261-1-smb devstack@c-api.service[120581]: INFO cinder.api.openstack.wsgi [None req-74e85de1-e6ad-472a-8afe-2a6855d82878 tempest-VolumesTransfersTest-1148060647 tempest-VolumesTransfersTest-1148060647-project] DELETE http://10.222.0.40/volume/v3/7d9fae069df14a1ea0d76f9c227f0acb/volumes/db487f34-f650-406f-bf9e-a2cbbcfc23ab
Aug 24 03:48:54.604945 dv-cinder-854261-1-smb devstack@c-api.service[120581]: DEBUG cinder.api.openstack.wsgi [None req-74e85de1-e6ad-472a-8afe-2a6855d82878 tempest-VolumesTransfersTest-1148060647 tempest-VolumesTransfersTest-1148060647-project] Empty body provided in request {{(pid=120581) get_body /opt/stack/cinder/cinder/api/openstack/wsgi.py:715}}
Aug 24 03:48:54.608381 dv-cinder-854261-1-smb devstack@c-api.service[120581]: DEBUG cinder.api.openstack.wsgi [None req-74e85de1-e6ad-472a-8afe-2a6855d82878 tempest-VolumesTransfersTest-1148060647 tempest-VolumesTransfersTest-1148060647-project] Calling method 'delete' {{(pid=120581) _process_stack /opt/stack/cinder/cinder/api/openstack/wsgi.py:868}}
Aug 24 03:48:54.609153 dv-cinder-854261-1-smb devstack@c-api.service[120581]: INFO cinder.api.v3.volumes [None req-74e85de1-e6ad-472a-8afe-2a6855d82878 tempest-VolumesTransfersTest-1148060647 tempest-VolumesTransfersTest-1148060647-project] Delete volume with id: db487f34-f650-406f-bf9e-a2cbbcfc23ab
Aug 24 03:48:54.645418 dv-cinder-854261-1-smb devstack@c-api.service[120581]: INFO cinder.api.openstack.wsgi [None req-74e85de1-e6ad-472a-8afe-2a6855d82878 tempest-VolumesTransfersTest-1148060647 tempest-VolumesTransfersTest-1148060647-project] http://10.222.0.40/volume/v3/7d9fae069df14a1ea0d76f9c227f0acb/volumes/db487f34-f650-406f-bf9e-a2cbbcfc23ab returned with HTTP 404
Aug 24 03:48:54.646734 dv-cinder-854261-1-smb devstack@c-api.service[120581]: [pid: 120581|app: 0|req: 190/381] 10.222.0.40 () {58 vars in 1328 bytes} [Wed Aug 24 03:48:54 2022] DELETE /volume/v3/7d9fae069df14a1ea0d76f9c227f0acb/volumes/db487f34-f650-406f-bf9e-a2cbbcfc23ab => generated 109 bytes in 55 msecs (HTTP/1.1 404) 7 headers in 292 bytes (1 switches on core 0)
Aug 24 03:48:54.652836 dv-cinder-854261-1-smb devstack@c-api.service[120581]: DEBUG cinder.api.middleware.request_id [None req-b5e65bdf-54f3-45a4-a00d-f4c5aaf2ba1e None None] RequestId filter calling following filter/app {{(pid=120581) _context_setter /opt/stack/cinder/cinder/api/middleware/request_id.py:62}}
Aug 24 03:48:54.668237 dv-cinder-854261-1-smb devstack@c-api.service[120581]: INFO cinder.api.openstack.wsgi [None req-b5e65bdf-54f3-45a4-a00d-f4c5aaf2ba1e tempest-VolumesTransfersTest-1148060647 tempest-VolumesTransfersTest-1148060647-project] DELETE http://10.222.0.40/volume/v3/7d9fae069df14a1ea0d76f9c227f0acb/volumes/7d9537fb-b917-4d20-afba-ea842ee01b18
Aug 24 03:48:54.668684 dv-cinder-854261-1-smb devstack@c-api.service[120581]: DEBUG cinder.api.openstack.wsgi [None req-b5e65bdf-54f3-45a4-a00d-f4c5aaf2ba1e tempest-VolumesTransfersTest-1148060647 tempest-VolumesTransfersTest-1148060647-project] Empty body provided in request {{(pid=120581) get_body /opt/stack/cinder/cinder/api/openstack/wsgi.py:715}}
Aug 24 03:48:54.669136 dv-cinder-854261-1-smb devstack@c-api.service[120581]: DEBUG cinder.api.openstack.wsgi [None req-b5e65bdf-54f3-45a4-a00d-f4c5aaf2ba1e tempest-VolumesTransfersTest-1148060647 tempest-VolumesTransfersTest-1148060647-project] Calling method 'delete' {{(pid=120581) _process_stack /opt/stack/cinder/cinder/api/openstack/wsgi.py:868}}
Aug 24 03:48:54.669527 dv-cinder-854261-1-smb devstack@c-api.service[120581]: INFO cinder.api.v3.volumes [None req-b5e65bdf-54f3-45a4-a00d-f4c5aaf2ba1e tempest-VolumesTransfersTest-1148060647 tempest-VolumesTransfersTest-1148060647-project] Delete volume with id: 7d9537fb-b917-4d20-afba-ea842ee01b18
Aug 24 03:48:54.690759 dv-cinder-854261-1-smb devstack@c-api.service[120581]: INFO cinder.api.openstack.wsgi [None req-b5e65bdf-54f3-45a4-a00d-f4c5aaf2ba1e tempest-VolumesTransfersTest-1148060647 tempest-VolumesTransfersTest-1148060647-project] http://10.222.0.40/volume/v3/7d9fae069df14a1ea0d76f9c227f0acb/volumes/7d9537fb-b917-4d20-afba-ea842ee01b18 returned with HTTP 404
Aug 24 03:48:54.692457 dv-cinder-854261-1-smb devstack@c-api.service[120581]: [pid: 120581|app: 0|req: 191/382] 10.222.0.40 () {58 vars in 1328 bytes} [Wed Aug 24 03:48:54 2022] DELETE /volume/v3/7d9fae069df14a1ea0d76f9c227f0acb/volumes/7d9537fb-b917-4d20-afba-ea842ee01b18 => generated 109 bytes in 41 msecs (HTTP/1.1 404) 7 headers in 292 bytes (1 switches on core 0)
Aug 24 03:48:55.029007 dv-cinder-854261-1-smb devstack@c-api.service[120582]: INFO cinder.api.openstack.wsgi [None req-33846740-c2c0-4704-a1ee-f53655e8c626 tempest-VolumeQuotasNegativeTestJSON-25456614 tempest-VolumeQuotasNegativeTestJSON-25456614-project-admin] http://10.222.0.40/volume/v3/a8068d3754cf4f8bbd0fff24a1121d75/os-quota-sets/689ee3f04ae8499690e4c6fea5eed6ff returned with HTTP 200
Aug 24 03:48:55.031900 dv-cinder-854261-1-smb devstack@c-api.service[120582]: [pid: 120582|app: 0|req: 192/383] 10.222.0.40 () {60 vars in 1351 bytes} [Wed Aug 24 03:48:54 2022] PUT /volume/v3/a8068d3754cf4f8bbd0fff24a1121d75/os-quota-sets/689ee3f04ae8499690e4c6fea5eed6ff => generated 316 bytes in 489 msecs (HTTP/1.1 200) 7 headers in 285 bytes (1 switches on core 0)
Aug 24 03:48:55.038076 dv-cinder-854261-1-smb devstack@c-api.service[120581]: DEBUG cinder.api.middleware.request_id [None req-b35a64c5-dff5-45d7-a1f6-22a0a5acfbb9 None None] RequestId filter calling following filter/app {{(pid=120581) _context_setter /opt/stack/cinder/cinder/api/middleware/request_id.py:62}}
Aug 24 03:48:55.041824 dv-cinder-854261-1-smb devstack@c-api.service[120581]: INFO cinder.api.openstack.wsgi [None req-b35a64c5-dff5-45d7-a1f6-22a0a5acfbb9 tempest-VolumeQuotasNegativeTestJSON-687958562 tempest-VolumeQuotasNegativeTestJSON-687958562-project] POST http://10.222.0.40/volume/v3/689ee3f04ae8499690e4c6fea5eed6ff/volumes
Aug 24 03:48:55.042736 dv-cinder-854261-1-smb devstack@c-api.service[120581]: DEBUG cinder.api.openstack.wsgi [None req-b35a64c5-dff5-45d7-a1f6-22a0a5acfbb9 tempest-VolumeQuotasNegativeTestJSON-687958562 tempest-VolumeQuotasNegativeTestJSON-687958562-project] Action: 'create', calling method: create, body: {"volume": {"size": 1}} {{(pid=120581) _process_stack /opt/stack/cinder/cinder/api/openstack/wsgi.py:866}}
