Aug 22 17:18:37.360111 dv-cinder-853941-2-smb devstack@c-api.service[114184]: [pid: 114184|app: 0|req: 19/38] 10.222.0.107 () {60 vars in 1368 bytes} [Mon Aug 22 17:18:37 2022] GET /volume/v3/d0db7ba2c1a74cd6beb75b79ab5fb037/groups/c5a2650c-e1e9-4b44-aea5-f0b0b2769930 => generated 389 bytes in 65 msecs (HTTP/1.1 200) 7 headers in 286 bytes (1 switches on core 0)
Aug 22 17:18:37.369214 dv-cinder-853941-2-smb devstack@c-api.service[114185]: DEBUG cinder.api.middleware.request_id [None req-48679f7c-3e15-4225-96b5-b9ac76a3b882 None None] RequestId filter calling following filter/app {{(pid=114185) _context_setter /opt/stack/cinder/cinder/api/middleware/request_id.py:62}}
Aug 22 17:18:37.372578 dv-cinder-853941-2-smb devstack@c-api.service[114184]: DEBUG cinder.api.middleware.request_id [None req-a2977a40-27e7-4f10-ad22-cbcd0ca6856a None None] RequestId filter calling following filter/app {{(pid=114184) _context_setter /opt/stack/cinder/cinder/api/middleware/request_id.py:62}}
Aug 22 17:18:37.376394 dv-cinder-853941-2-smb devstack@c-api.service[114185]: INFO cinder.api.openstack.wsgi [None req-48679f7c-3e15-4225-96b5-b9ac76a3b882 tempest-GroupsV320Test-994660096 tempest-GroupsV320Test-994660096-project] GET http://10.222.0.107/volume/v3/d0db7ba2c1a74cd6beb75b79ab5fb037/volumes/detail
Aug 22 17:18:37.376894 dv-cinder-853941-2-smb devstack@c-api.service[114185]: DEBUG cinder.api.openstack.wsgi [None req-48679f7c-3e15-4225-96b5-b9ac76a3b882 tempest-GroupsV320Test-994660096 tempest-GroupsV320Test-994660096-project] Empty body provided in request {{(pid=114185) get_body /opt/stack/cinder/cinder/api/openstack/wsgi.py:715}}
Aug 22 17:18:37.377350 dv-cinder-853941-2-smb devstack@c-api.service[114185]: DEBUG cinder.api.openstack.wsgi [None req-48679f7c-3e15-4225-96b5-b9ac76a3b882 tempest-GroupsV320Test-994660096 tempest-GroupsV320Test-994660096-project] Calling method 'detail' {{(pid=114185) _process_stack /opt/stack/cinder/cinder/api/openstack/wsgi.py:868}}
Aug 22 17:18:37.380410 dv-cinder-853941-2-smb devstack@c-api.service[114184]: INFO cinder.api.openstack.wsgi [None req-a2977a40-27e7-4f10-ad22-cbcd0ca6856a tempest-VolumesTestJSON-667073359 tempest-VolumesTestJSON-667073359-project] GET http://10.222.0.107/volume/v3/47aeadc48d394c9a910112404a0007d3/volumes/3dff145b-9e34-4afc-a878-21129aea7626
Aug 22 17:18:37.381054 dv-cinder-853941-2-smb devstack@c-api.service[114184]: DEBUG cinder.api.openstack.wsgi [None req-a2977a40-27e7-4f10-ad22-cbcd0ca6856a tempest-VolumesTestJSON-667073359 tempest-VolumesTestJSON-667073359-project] Empty body provided in request {{(pid=114184) get_body /opt/stack/cinder/cinder/api/openstack/wsgi.py:715}}
Aug 22 17:18:37.381644 dv-cinder-853941-2-smb devstack@c-api.service[114184]: DEBUG cinder.api.openstack.wsgi [None req-a2977a40-27e7-4f10-ad22-cbcd0ca6856a tempest-VolumesTestJSON-667073359 tempest-VolumesTestJSON-667073359-project] Calling method 'show' {{(pid=114184) _process_stack /opt/stack/cinder/cinder/api/openstack/wsgi.py:868}}
Aug 22 17:18:37.382859 dv-cinder-853941-2-smb devstack@c-api.service[114185]: DEBUG cinder.api.api_utils [None req-48679f7c-3e15-4225-96b5-b9ac76a3b882 tempest-GroupsV320Test-994660096 tempest-GroupsV320Test-994660096-project] Removing options '' from query. {{(pid=114185) remove_invalid_filter_options /opt/stack/cinder/cinder/api/api_utils.py:83}}
Aug 22 17:18:37.387308 dv-cinder-853941-2-smb devstack@c-api.service[114185]: DEBUG cinder.volume.api [None req-48679f7c-3e15-4225-96b5-b9ac76a3b882 tempest-GroupsV320Test-994660096 tempest-GroupsV320Test-994660096-project] Searching by: MultiDict([('no_migration_targets', True)]). {{(pid=114185) get_all /opt/stack/cinder/cinder/volume/api.py:664}}
Aug 22 17:18:37.419584 dv-cinder-853941-2-smb devstack@c-api.service[114184]: /usr/local/lib/python3.8/dist-packages/oslo_context/context.py:100: DeprecationWarning: Policy enforcement is depending on the value of is_admin. This key is deprecated. Please update your policy file to use the standard policy values.
Aug 22 17:18:37.419584 dv-cinder-853941-2-smb devstack@c-api.service[114184]: warnings.warn('Policy enforcement is depending on the value of '
Aug 22 17:18:37.429515 dv-cinder-853941-2-smb devstack@c-api.service[114184]: INFO cinder.volume.api [None req-a2977a40-27e7-4f10-ad22-cbcd0ca6856a tempest-VolumesTestJSON-667073359 tempest-VolumesTestJSON-667073359-project] Volume info retrieved successfully.
Aug 22 17:18:37.443522 dv-cinder-853941-2-smb devstack@c-api.service[114184]: INFO cinder.api.openstack.wsgi [None req-a2977a40-27e7-4f10-ad22-cbcd0ca6856a tempest-VolumesTestJSON-667073359 tempest-VolumesTestJSON-667073359-project] http://10.222.0.107/volume/v3/47aeadc48d394c9a910112404a0007d3/volumes/3dff145b-9e34-4afc-a878-21129aea7626 returned with HTTP 200
Aug 22 17:18:37.444886 dv-cinder-853941-2-smb devstack@c-api.service[114184]: [pid: 114184|app: 0|req: 20/39] 10.222.0.107 () {58 vars in 1330 bytes} [Mon Aug 22 17:18:37 2022] GET /volume/v3/47aeadc48d394c9a910112404a0007d3/volumes/3dff145b-9e34-4afc-a878-21129aea7626 => generated 924 bytes in 73 msecs (HTTP/1.1 200) 7 headers in 285 bytes (1 switches on core 0)
Aug 22 17:18:37.481030 dv-cinder-853941-2-smb devstack@c-api.service[114184]: DEBUG cinder.api.middleware.request_id [req-7286d973-0bdb-43c1-abf3-3c477ec3fb7b req-dde25fee-891a-45b4-8611-0f7e898249b0 None None] RequestId filter calling following filter/app {{(pid=114184) _context_setter /opt/stack/cinder/cinder/api/middleware/request_id.py:62}}
Aug 22 17:18:37.490193 dv-cinder-853941-2-smb devstack@c-api.service[114184]: INFO cinder.api.openstack.wsgi [req-7286d973-0bdb-43c1-abf3-3c477ec3fb7b req-dde25fee-891a-45b4-8611-0f7e898249b0 tempest-VolumesTestJSON-667073359 tempest-VolumesTestJSON-667073359-project] GET http://10.222.0.107/volume/v3/47aeadc48d394c9a910112404a0007d3/volumes/3dff145b-9e34-4afc-a878-21129aea7626
Aug 22 17:18:37.490990 dv-cinder-853941-2-smb devstack@c-api.service[114184]: DEBUG cinder.api.openstack.wsgi [req-7286d973-0bdb-43c1-abf3-3c477ec3fb7b req-dde25fee-891a-45b4-8611-0f7e898249b0 tempest-VolumesTestJSON-667073359 tempest-VolumesTestJSON-667073359-project] Empty body provided in request {{(pid=114184) get_body /opt/stack/cinder/cinder/api/openstack/wsgi.py:715}}
Aug 22 17:18:37.491718 dv-cinder-853941-2-smb devstack@c-api.service[114184]: DEBUG cinder.api.openstack.wsgi [req-7286d973-0bdb-43c1-abf3-3c477ec3fb7b req-dde25fee-891a-45b4-8611-0f7e898249b0 tempest-VolumesTestJSON-667073359 tempest-VolumesTestJSON-667073359-project] Calling method 'show' {{(pid=114184) _process_stack /opt/stack/cinder/cinder/api/openstack/wsgi.py:868}}
Aug 22 17:18:37.516644 dv-cinder-853941-2-smb devstack@c-api.service[114185]: INFO cinder.volume.api [None req-48679f7c-3e15-4225-96b5-b9ac76a3b882 tempest-GroupsV320Test-994660096 tempest-GroupsV320Test-994660096-project] Get all volumes completed successfully.
Aug 22 17:18:37.520839 dv-cinder-853941-2-smb devstack@c-api.service[114184]: /usr/local/lib/python3.8/dist-packages/oslo_context/context.py:100: DeprecationWarning: Policy enforcement is depending on the value of is_admin. This key is deprecated. Please update your policy file to use the standard policy values.
Aug 22 17:18:37.520839 dv-cinder-853941-2-smb devstack@c-api.service[114184]: warnings.warn('Policy enforcement is depending on the value of '
Aug 22 17:18:37.526358 dv-cinder-853941-2-smb devstack@c-api.service[114185]: INFO cinder.api.openstack.wsgi [None req-48679f7c-3e15-4225-96b5-b9ac76a3b882 tempest-GroupsV320Test-994660096 tempest-GroupsV320Test-994660096-project] http://10.222.0.107/volume/v3/d0db7ba2c1a74cd6beb75b79ab5fb037/volumes/detail returned with HTTP 200
Aug 22 17:18:37.527576 dv-cinder-853941-2-smb devstack@c-api.service[114185]: [pid: 114185|app: 0|req: 20/40] 10.222.0.107 () {60 vars in 1281 bytes} [Mon Aug 22 17:18:37 2022] GET /volume/v3/d0db7ba2c1a74cd6beb75b79ab5fb037/volumes/detail => generated 15 bytes in 159 msecs (HTTP/1.1 200) 7 headers in 285 bytes (1 switches on core 0)
Aug 22 17:18:37.529562 dv-cinder-853941-2-smb devstack@c-api.service[114184]: INFO cinder.volume.api [req-7286d973-0bdb-43c1-abf3-3c477ec3fb7b req-dde25fee-891a-45b4-8611-0f7e898249b0 tempest-VolumesTestJSON-667073359 tempest-VolumesTestJSON-667073359-project] Volume info retrieved successfully.
Aug 22 17:18:37.544564 dv-cinder-853941-2-smb devstack@c-api.service[114184]: INFO cinder.api.openstack.wsgi [req-7286d973-0bdb-43c1-abf3-3c477ec3fb7b req-dde25fee-891a-45b4-8611-0f7e898249b0 tempest-VolumesTestJSON-667073359 tempest-VolumesTestJSON-667073359-project] http://10.222.0.107/volume/v3/47aeadc48d394c9a910112404a0007d3/volumes/3dff145b-9e34-4afc-a878-21129aea7626 returned with HTTP 200
Aug 22 17:18:37.549544 dv-cinder-853941-2-smb devstack@c-api.service[114184]: [pid: 114184|app: 0|req: 21/41] 10.222.0.107 () {60 vars in 1583 bytes} [Mon Aug 22 17:18:37 2022] GET /volume/v3/47aeadc48d394c9a910112404a0007d3/volumes/3dff145b-9e34-4afc-a878-21129aea7626 => generated 924 bytes in 69 msecs (HTTP/1.1 200) 7 headers in 285 bytes (2 switches on core 0)
Aug 22 17:18:37.549769 dv-cinder-853941-2-smb devstack@c-api.service[114185]: DEBUG cinder.api.middleware.request_id [None req-e460e254-cf4b-4a9f-8095-2479a6a614e8 None None] RequestId filter calling following filter/app {{(pid=114185) _context_setter /opt/stack/cinder/cinder/api/middleware/request_id.py:62}}
Aug 22 17:18:37.562261 dv-cinder-853941-2-smb devstack@c-api.service[114185]: INFO cinder.api.openstack.wsgi [None req-e460e254-cf4b-4a9f-8095-2479a6a614e8 tempest-GroupsV320Test-994660096 tempest-GroupsV320Test-994660096-project] POST http://10.222.0.107/volume/v3/d0db7ba2c1a74cd6beb75b79ab5fb037/groups/c5a2650c-e1e9-4b44-aea5-f0b0b2769930/action
Aug 22 17:18:37.562396 dv-cinder-853941-2-smb devstack@c-api.service[114184]: DEBUG cinder.api.middleware.request_id [None req-6a6b652f-72de-4bf2-a29e-fb5cb5e8b1ef None None] RequestId filter calling following filter/app {{(pid=114184) _context_setter /opt/stack/cinder/cinder/api/middleware/request_id.py:62}}
Aug 22 17:18:37.564070 dv-cinder-853941-2-smb devstack@c-api.service[114185]: DEBUG cinder.api.openstack.wsgi [None req-e460e254-cf4b-4a9f-8095-2479a6a614e8 tempest-GroupsV320Test-994660096 tempest-GroupsV320Test-994660096-project] Action body: b'{"delete": {"delete-volumes": true}}' {{(pid=114185) get_method /opt/stack/cinder/cinder/api/openstack/wsgi.py:983}}
Aug 22 17:18:37.564647 dv-cinder-853941-2-smb devstack@c-api.service[114185]: DEBUG cinder.api.openstack.wsgi [None req-e460e254-cf4b-4a9f-8095-2479a6a614e8 tempest-GroupsV320Test-994660096 tempest-GroupsV320Test-994660096-project] Action: 'action', calling method: version_select, body: {"delete": {"delete-volumes": true}} {{(pid=114185) _process_stack /opt/stack/cinder/cinder/api/openstack/wsgi.py:866}}
Aug 22 17:18:37.566811 dv-cinder-853941-2-smb devstack@c-api.service[114185]: DEBUG cinder.api.v3.groups [None req-e460e254-cf4b-4a9f-8095-2479a6a614e8 tempest-GroupsV320Test-994660096 tempest-GroupsV320Test-994660096-project] delete called for group c5a2650c-e1e9-4b44-aea5-f0b0b2769930 {{(pid=114185) _delete /opt/stack/cinder/cinder/api/v3/groups.py:117}}
Aug 22 17:18:37.567536 dv-cinder-853941-2-smb devstack@c-api.service[114185]: INFO cinder.api.v3.groups [None req-e460e254-cf4b-4a9f-8095-2479a6a614e8 tempest-GroupsV320Test-994660096 tempest-GroupsV320Test-994660096-project] Delete group with id: c5a2650c-e1e9-4b44-aea5-f0b0b2769930
Aug 22 17:18:37.569597 dv-cinder-853941-2-smb devstack@c-api.service[114184]: INFO cinder.api.openstack.wsgi [None req-6a6b652f-72de-4bf2-a29e-fb5cb5e8b1ef tempest-VolumesTestJSON-667073359 tempest-VolumesTestJSON-667073359-project] POST http://10.222.0.107/volume/v3/47aeadc48d394c9a910112404a0007d3/volumes
Aug 22 17:18:37.573400 dv-cinder-853941-2-smb devstack@c-api.service[114184]: DEBUG cinder.api.openstack.wsgi [None req-6a6b652f-72de-4bf2-a29e-fb5cb5e8b1ef tempest-VolumesTestJSON-667073359 tempest-VolumesTestJSON-667073359-project] Action: 'create', calling method: create, body: {"volume": {"metadata": {"Type": "work"}, "size": 1, "display_name": "tempest-VolumesTestJSON-volume-1399942569"}} {{(pid=114184) _process_stack /opt/stack/cinder/cinder/api/openstack/wsgi.py:866}}
Aug 22 17:18:37.579024 dv-cinder-853941-2-smb devstack@c-api.service[114185]: /usr/local/lib/python3.8/dist-packages/oslo_context/context.py:100: DeprecationWarning: Policy enforcement is depending on the value of is_admin. This key is deprecated. Please update your policy file to use the standard policy values.
Aug 22 17:18:37.579024 dv-cinder-853941-2-smb devstack@c-api.service[114185]: warnings.warn('Policy enforcement is depending on the value of '
Aug 22 17:18:37.589892 dv-cinder-853941-2-smb devstack@c-api.service[114184]: DEBUG cinder.api.v3.volumes [None req-6a6b652f-72de-4bf2-a29e-fb5cb5e8b1ef tempest-VolumesTestJSON-667073359 tempest-VolumesTestJSON-667073359-project] Create volume request body: {'volume': {'metadata': {'Type': 'work'}, 'size': 1, 'display_name': 'tempest-VolumesTestJSON-volume-1399942569'}} {{(pid=114184) create /opt/stack/cinder/cinder/api/v3/volumes.py:298}}
Aug 22 17:18:37.590327 dv-cinder-853941-2-smb devstack@c-api.service[114184]: INFO cinder.api.v3.volumes [None req-6a6b652f-72de-4bf2-a29e-fb5cb5e8b1ef tempest-VolumesTestJSON-667073359 tempest-VolumesTestJSON-667073359-project] Create volume of 1 GB
Aug 22 17:18:37.606956 dv-cinder-853941-2-smb devstack@c-api.service[114184]: INFO cinder.volume.api [None req-6a6b652f-72de-4bf2-a29e-fb5cb5e8b1ef tempest-VolumesTestJSON-667073359 tempest-VolumesTestJSON-667073359-project] Availability Zones retrieved successfully.
Aug 22 17:18:37.661006 dv-cinder-853941-2-smb devstack@c-api.service[114185]: DEBUG dbcounter [-] [114185] Writing DB stats cinder:SELECT=80,cinder:INSERT=7,cinder:UPDATE=13 {{(pid=114185) stat_writer /usr/local/lib/python3.8/dist-packages/dbcounter.py:114}}
Aug 22 17:18:37.669776 dv-cinder-853941-2-smb devstack@c-api.service[114184]: DEBUG cinder.volume.api [None req-6a6b652f-72de-4bf2-a29e-fb5cb5e8b1ef tempest-VolumesTestJSON-667073359 tempest-VolumesTestJSON-667073359-project] Flow 'volume_create_api' (e7a9be1b-aac3-4ca8-8e28-261e78df2899) transitioned into state 'RUNNING' from state 'PENDING' {{(pid=114184) _flow_receiver /usr/local/lib/python3.8/dist-packages/taskflow/listeners/logging.py:141}}
Aug 22 17:18:37.676398 dv-cinder-853941-2-smb devstack@c-api.service[114184]: DEBUG cinder.volume.api [None req-6a6b652f-72de-4bf2-a29e-fb5cb5e8b1ef tempest-VolumesTestJSON-667073359 tempest-VolumesTestJSON-667073359-project] Task 'cinder.volume.flows.api.create_volume.ExtractVolumeRequestTask;volume:create' (48bb45fd-4038-43df-bed9-d90d1af51558) transitioned into state 'RUNNING' from state 'PENDING' {{(pid=114184) _task_receiver /usr/local/lib/python3.8/dist-packages/taskflow/listeners/logging.py:190}}
Aug 22 17:18:37.689852 dv-cinder-853941-2-smb devstack@c-api.service[114184]: DEBUG cinder.volume.flows.api.create_volume [None req-6a6b652f-72de-4bf2-a29e-fb5cb5e8b1ef tempest-VolumesTestJSON-667073359 tempest-VolumesTestJSON-667073359-project] Validating volume size '1' using validate_int {{(pid=114184) _extract_size /opt/stack/cinder/cinder/volume/flows/api/create_volume.py:228}}
Aug 22 17:18:37.774558 dv-cinder-853941-2-smb devstack@c-api.service[114184]: DEBUG cinder.volume.api [None req-6a6b652f-72de-4bf2-a29e-fb5cb5e8b1ef tempest-VolumesTestJSON-667073359 tempest-VolumesTestJSON-667073359-project] Task 'cinder.volume.flows.api.create_volume.ExtractVolumeRequestTask;volume:create' (48bb45fd-4038-43df-bed9-d90d1af51558) transitioned into state 'SUCCESS' from state 'RUNNING' with result '{'size': 1, 'snapshot_id': None, 'source_volid': None, 'volume_type': VolumeType(created_at=2022-08-22T17:02:56Z,deleted=False,deleted_at=None,description='Default Volume Type',extra_specs={},id=61b881ba-01fa-4439-8b9d-8ca4f4556df8,is_public=True,name='__DEFAULT__',projects=[],qos_specs=,qos_specs_id=None,updated_at=2022-08-22T17:02:56Z), 'volume_type_id': '61b881ba-01fa-4439-8b9d-8ca4f4556df8', 'encryption_key_id': None, 'qos_specs': None, 'consistencygroup_id': None, 'cgsnapshot_id': None, 'group_id': None, 'replication_status': 'disabled', 'refresh_az': False, 'backup_id': None, 'multiattach': False, 'availability_zones': ['nova']}' {{(pid=114184) _task_receiver /usr/local/lib/python3.8/dist-packages/taskflow/listeners/logging.py:178}}
Aug 22 17:18:37.775882 dv-cinder-853941-2-smb devstack@c-api.service[114184]: DEBUG cinder.volume.api [None req-6a6b652f-72de-4bf2-a29e-fb5cb5e8b1ef tempest-VolumesTestJSON-667073359 tempest-VolumesTestJSON-667073359-project] Task 'cinder.volume.flows.api.create_volume.QuotaReserveTask;volume:create' (149e4eb8-b341-433d-903b-aef42d2e92fb) transitioned into state 'RUNNING' from state 'PENDING' {{(pid=114184) _task_receiver /usr/local/lib/python3.8/dist-packages/taskflow/listeners/logging.py:190}}
Aug 22 17:18:37.854537 dv-cinder-853941-2-smb devstack@c-api.service[114185]: INFO cinder.api.openstack.wsgi [None req-e460e254-cf4b-4a9f-8095-2479a6a614e8 tempest-GroupsV320Test-994660096 tempest-GroupsV320Test-994660096-project] http://10.222.0.107/volume/v3/d0db7ba2c1a74cd6beb75b79ab5fb037/groups/c5a2650c-e1e9-4b44-aea5-f0b0b2769930/action returned with HTTP 202
Aug 22 17:18:37.856334 dv-cinder-853941-2-smb devstack@c-api.service[114185]: [pid: 114185|app: 0|req: 21/42] 10.222.0.107 () {62 vars in 1410 bytes} [Mon Aug 22 17:18:37 2022] POST /volume/v3/d0db7ba2c1a74cd6beb75b79ab5fb037/groups/c5a2650c-e1e9-4b44-aea5-f0b0b2769930/action => generated 0 bytes in 310 msecs (HTTP/1.1 202) 6 headers in 234 bytes (2 switches on core 0)
Aug 22 17:18:37.858089 dv-cinder-853941-2-smb devstack@c-api.service[114185]: DEBUG cinder.api.middleware.request_id [None req-cced30a9-5ec7-4abc-ab21-ddcce2707412 None None] RequestId filter calling following filter/app {{(pid=114185) _context_setter /opt/stack/cinder/cinder/api/middleware/request_id.py:62}}
Aug 22 17:18:37.867033 dv-cinder-853941-2-smb devstack@c-api.service[114185]: INFO cinder.api.openstack.wsgi [None req-cced30a9-5ec7-4abc-ab21-ddcce2707412 tempest-SnapshotsActionsTest-1805040094 tempest-SnapshotsActionsTest-1805040094-project] GET http://10.222.0.107/volume/v3/8d877e55dcfe4418813afc4946853b03/snapshots/93beb344-1292-498d-92ab-e096298107a4
Aug 22 17:18:37.868487 dv-cinder-853941-2-smb devstack@c-api.service[114185]: DEBUG cinder.api.openstack.wsgi [None req-cced30a9-5ec7-4abc-ab21-ddcce2707412 tempest-SnapshotsActionsTest-1805040094 tempest-SnapshotsActionsTest-1805040094-project] Empty body provided in request {{(pid=114185) get_body /opt/stack/cinder/cinder/api/openstack/wsgi.py:715}}
Aug 22 17:18:37.869127 dv-cinder-853941-2-smb devstack@c-api.service[114185]: DEBUG cinder.api.openstack.wsgi [None req-cced30a9-5ec7-4abc-ab21-ddcce2707412 tempest-SnapshotsActionsTest-1805040094 tempest-SnapshotsActionsTest-1805040094-project] Calling method 'show' {{(pid=114185) _process_stack /opt/stack/cinder/cinder/api/openstack/wsgi.py:868}}
Aug 22 17:18:37.911421 dv-cinder-853941-2-smb devstack@c-api.service[114185]: /usr/local/lib/python3.8/dist-packages/oslo_context/context.py:100: DeprecationWarning: Policy enforcement is depending on the value of is_admin. This key is deprecated. Please update your policy file to use the standard policy values.
Aug 22 17:18:37.911421 dv-cinder-853941-2-smb devstack@c-api.service[114185]: warnings.warn('Policy enforcement is depending on the value of '
Aug 22 17:18:37.912723 dv-cinder-853941-2-smb devstack@c-api.service[114185]: INFO cinder.volume.api [None req-cced30a9-5ec7-4abc-ab21-ddcce2707412 tempest-SnapshotsActionsTest-1805040094 tempest-SnapshotsActionsTest-1805040094-project] Snapshot retrieved successfully.
Aug 22 17:18:37.936689 dv-cinder-853941-2-smb devstack@c-api.service[114185]: INFO cinder.api.openstack.wsgi [None req-cced30a9-5ec7-4abc-ab21-ddcce2707412 tempest-SnapshotsActionsTest-1805040094 tempest-SnapshotsActionsTest-1805040094-project] http://10.222.0.107/volume/v3/8d877e55dcfe4418813afc4946853b03/snapshots/93beb344-1292-498d-92ab-e096298107a4 returned with HTTP 200
Aug 22 17:18:37.940222 dv-cinder-853941-2-smb devstack@c-api.service[114185]: [pid: 114185|app: 0|req: 22/43] 10.222.0.107 () {58 vars in 1336 bytes} [Mon Aug 22 17:18:37 2022] GET /volume/v3/8d877e55dcfe4418813afc4946853b03/snapshots/93beb344-1292-498d-92ab-e096298107a4 => generated 532 bytes in 83 msecs (HTTP/1.1 200) 7 headers in 285 bytes (1 switches on core 0)
Aug 22 17:18:37.944316 dv-cinder-853941-2-smb devstack@c-api.service[114185]: DEBUG cinder.api.middleware.request_id [None req-a7080ad8-b030-4e9a-b9bc-cd9e4495b527 None None] RequestId filter calling following filter/app {{(pid=114185) _context_setter /opt/stack/cinder/cinder/api/middleware/request_id.py:62}}
Aug 22 17:18:37.968015 dv-cinder-853941-2-smb devstack@c-api.service[114185]: INFO cinder.api.openstack.wsgi [None req-a7080ad8-b030-4e9a-b9bc-cd9e4495b527 tempest-GroupsV320Test-994660096 tempest-GroupsV320Test-994660096-project] GET http://10.222.0.107/volume/v3/d0db7ba2c1a74cd6beb75b79ab5fb037/groups/c5a2650c-e1e9-4b44-aea5-f0b0b2769930
Aug 22 17:18:37.968874 dv-cinder-853941-2-smb devstack@c-api.service[114185]: DEBUG cinder.api.openstack.wsgi [None req-a7080ad8-b030-4e9a-b9bc-cd9e4495b527 tempest-GroupsV320Test-994660096 tempest-GroupsV320Test-994660096-project] Empty body provided in request {{(pid=114185) get_body /opt/stack/cinder/cinder/api/openstack/wsgi.py:715}}
Aug 22 17:18:37.969598 dv-cinder-853941-2-smb devstack@c-api.service[114185]: DEBUG cinder.api.openstack.wsgi [None req-a7080ad8-b030-4e9a-b9bc-cd9e4495b527 tempest-GroupsV320Test-994660096 tempest-GroupsV320Test-994660096-project] Calling method 'version_select' {{(pid=114185) _process_stack /opt/stack/cinder/cinder/api/openstack/wsgi.py:868}}
Aug 22 17:18:37.970213 dv-cinder-853941-2-smb devstack@c-api.service[114185]: DEBUG cinder.api.v3.groups [None req-a7080ad8-b030-4e9a-b9bc-cd9e4495b527 tempest-GroupsV320Test-994660096 tempest-GroupsV320Test-994660096-project] show called for member c5a2650c-e1e9-4b44-aea5-f0b0b2769930 {{(pid=114185) show /opt/stack/cinder/cinder/api/v3/groups.py:58}}
Aug 22 17:18:37.975392 dv-cinder-853941-2-smb devstack@c-api.service[114184]: DEBUG cinder.quota [None req-6a6b652f-72de-4bf2-a29e-fb5cb5e8b1ef tempest-VolumesTestJSON-667073359 tempest-VolumesTestJSON-667073359-project] Created reservations ['80e46281-ab59-4e0a-945c-fbfdc99451f9', '72790796-54a2-4aa5-af80-c8f92f10bf54', '104aa006-3e28-40dc-a092-d657941d3c84', '5aadb32b-b748-4cea-a95c-5a612901632b'] {{(pid=114184) reserve /opt/stack/cinder/cinder/quota.py:755}}
Aug 22 17:18:37.977609 dv-cinder-853941-2-smb devstack@c-api.service[114184]: DEBUG cinder.volume.api [None req-6a6b652f-72de-4bf2-a29e-fb5cb5e8b1ef tempest-VolumesTestJSON-667073359 tempest-VolumesTestJSON-667073359-project] Task 'cinder.volume.flows.api.create_volume.QuotaReserveTask;volume:create' (149e4eb8-b341-433d-903b-aef42d2e92fb) transitioned into state 'SUCCESS' from state 'RUNNING' with result '{'reservations': ['80e46281-ab59-4e0a-945c-fbfdc99451f9', '72790796-54a2-4aa5-af80-c8f92f10bf54', '104aa006-3e28-40dc-a092-d657941d3c84', '5aadb32b-b748-4cea-a95c-5a612901632b']}' {{(pid=114184) _task_receiver /usr/local/lib/python3.8/dist-packages/taskflow/listeners/logging.py:178}}
Aug 22 17:18:37.980155 dv-cinder-853941-2-smb devstack@c-api.service[114184]: DEBUG cinder.volume.api [None req-6a6b652f-72de-4bf2-a29e-fb5cb5e8b1ef tempest-VolumesTestJSON-667073359 tempest-VolumesTestJSON-667073359-project] Task 'cinder.volume.flows.api.create_volume.EntryCreateTask;volume:create' (0bcaa1f7-22c7-4c55-b1a3-894efa8706a5) transitioned into state 'RUNNING' from state 'PENDING' {{(pid=114184) _task_receiver /usr/local/lib/python3.8/dist-packages/taskflow/listeners/logging.py:190}}
Aug 22 17:18:37.998966 dv-cinder-853941-2-smb devstack@c-api.service[114185]: /usr/local/lib/python3.8/dist-packages/oslo_context/context.py:100: DeprecationWarning: Policy enforcement is depending on the value of is_admin. This key is deprecated. Please update your policy file to use the standard policy values.
Aug 22 17:18:37.998966 dv-cinder-853941-2-smb devstack@c-api.service[114185]: warnings.warn('Policy enforcement is depending on the value of '
Aug 22 17:18:38.064428 dv-cinder-853941-2-smb devstack@c-api.service[114185]: INFO cinder.api.openstack.wsgi [None req-a7080ad8-b030-4e9a-b9bc-cd9e4495b527 tempest-GroupsV320Test-994660096 tempest-GroupsV320Test-994660096-project] http://10.222.0.107/volume/v3/d0db7ba2c1a74cd6beb75b79ab5fb037/groups/c5a2650c-e1e9-4b44-aea5-f0b0b2769930 returned with HTTP 200
Aug 22 17:18:38.066741 dv-cinder-853941-2-smb devstack@c-api.service[114185]: [pid: 114185|app: 0|req: 23/44] 10.222.0.107 () {60 vars in 1368 bytes} [Mon Aug 22 17:18:37 2022] GET /volume/v3/d0db7ba2c1a74cd6beb75b79ab5fb037/groups/c5a2650c-e1e9-4b44-aea5-f0b0b2769930 => generated 388 bytes in 126 msecs (HTTP/1.1 200) 7 headers in 286 bytes (1 switches on core 0)
Aug 22 17:18:38.071966 dv-cinder-853941-2-smb devstack@c-api.service[114185]: DEBUG cinder.api.middleware.request_id [None req-41aa2437-d58f-4aed-843d-a82dff2466ef None None] RequestId filter calling following filter/app {{(pid=114185) _context_setter /opt/stack/cinder/cinder/api/middleware/request_id.py:62}}
Aug 22 17:18:38.129626 dv-cinder-853941-2-smb devstack@c-api.service[114184]: DEBUG cinder.volume.api [None req-6a6b652f-72de-4bf2-a29e-fb5cb5e8b1ef tempest-VolumesTestJSON-667073359 tempest-VolumesTestJSON-667073359-project] Task 'cinder.volume.flows.api.create_volume.EntryCreateTask;volume:create' (0bcaa1f7-22c7-4c55-b1a3-894efa8706a5) transitioned into state 'SUCCESS' from state 'RUNNING' with result '{'volume_id': '78351392-eaab-4b67-879d-1a057e168213', 'volume_properties': VolumeProperties(attach_status='detached',availability_zone='nova',cgsnapshot_id=None,consistencygroup_id=None,display_description=None,display_name='tempest-VolumesTestJSON-volume-1399942569',encryption_key_id=None,group_id=None,group_type_id=,metadata={Type='work'},multiattach=False,project_id='47aeadc48d394c9a910112404a0007d3',qos_specs=None,replication_status=,reservations=['80e46281-ab59-4e0a-945c-fbfdc99451f9','72790796-54a2-4aa5-af80-c8f92f10bf54','104aa006-3e28-40dc-a092-d657941d3c84','5aadb32b-b748-4cea-a95c-5a612901632b'],size=1,snapshot_id=None,source_replicaid=,source_volid=None,status='creating',user_id='65ff87bf38334d3a81fc2950d1103799',volume_type_id=61b881ba-01fa-4439-8b9d-8ca4f4556df8), 'volume': Volume(_name_id=None,admin_metadata=,attach_status='detached',availability_zone='nova',bootable=False,cluster=,cluster_name=None,consistencygroup=,consistencygroup_id=None,created_at=2022-08-22T17:18:37Z,deleted=False,deleted_at=None,display_description=None,display_name='tempest-VolumesTestJSON-volume-1399942569',ec2_id=None,encryption_key_id=None,glance_metadata=,group=,group_id=None,host=None,id=78351392-eaab-4b67-879d-1a057e168213,launched_at=None,metadata={Type='work'},migration_status=None,multiattach=False,previous_status=None,project_id='47aeadc48d394c9a910112404a0007d3',provider_auth=None,provider_geometry=None,provider_id=None,provider_location=None,replication_driver_data=None,replication_extended_status=None,replication_status=None,scheduled_at=None,service_uuid=None,shared_targets=True,size=1,snapshot_id=None,snapshots=,source_volid=None,status='creating',terminated_at=None,updated_at=None,use_quota=True,user_id='65ff87bf38334d3a81fc2950d1103799',volume_attachment=VolumeAttachmentList,volume_type=VolumeType(61b881ba-01fa-4439-8b9d-8ca4f4556df8),volume_type_id=61b881ba-01fa-4439-8b9d-8ca4f4556df8)}' {{(pid=114184) _task_receiver /usr/local/lib/python3.8/dist-packages/taskflow/listeners/logging.py:178}}
Aug 22 17:18:38.134792 dv-cinder-853941-2-smb devstack@c-api.service[114184]: DEBUG cinder.volume.api [None req-6a6b652f-72de-4bf2-a29e-fb5cb5e8b1ef tempest-VolumesTestJSON-667073359 tempest-VolumesTestJSON-667073359-project] Task 'cinder.volume.flows.api.create_volume.QuotaCommitTask;volume:create' (44306d78-278d-47dc-bbff-b02f03da7c30) transitioned into state 'RUNNING' from state 'PENDING' {{(pid=114184) _task_receiver /usr/local/lib/python3.8/dist-packages/taskflow/listeners/logging.py:190}}
Aug 22 17:18:38.238254 dv-cinder-853941-2-smb devstack@c-api.service[114184]: DEBUG dbcounter [-] [114184] Writing DB stats cinder:SELECT=79,cinder:INSERT=7,cinder:UPDATE=14 {{(pid=114184) stat_writer /usr/local/lib/python3.8/dist-packages/dbcounter.py:114}}
Aug 22 17:18:38.270488 dv-cinder-853941-2-smb devstack@c-api.service[114184]: DEBUG cinder.volume.api [None req-6a6b652f-72de-4bf2-a29e-fb5cb5e8b1ef tempest-VolumesTestJSON-667073359 tempest-VolumesTestJSON-667073359-project] Task 'cinder.volume.flows.api.create_volume.QuotaCommitTask;volume:create' (44306d78-278d-47dc-bbff-b02f03da7c30) transitioned into state 'SUCCESS' from state 'RUNNING' with result '{'volume_properties': VolumeProperties(attach_status='detached',availability_zone='nova',cgsnapshot_id=None,consistencygroup_id=None,display_description=None,display_name='tempest-VolumesTestJSON-volume-1399942569',encryption_key_id=None,group_id=None,group_type_id=,metadata={Type='work'},multiattach=False,project_id='47aeadc48d394c9a910112404a0007d3',qos_specs=None,replication_status=,reservations=['80e46281-ab59-4e0a-945c-fbfdc99451f9','72790796-54a2-4aa5-af80-c8f92f10bf54','104aa006-3e28-40dc-a092-d657941d3c84','5aadb32b-b748-4cea-a95c-5a612901632b'],size=1,snapshot_id=None,source_replicaid=,source_volid=None,status='creating',user_id='65ff87bf38334d3a81fc2950d1103799',volume_type_id=61b881ba-01fa-4439-8b9d-8ca4f4556df8)}' {{(pid=114184) _task_receiver /usr/local/lib/python3.8/dist-packages/taskflow/listeners/logging.py:178}}
Aug 22 17:18:38.273549 dv-cinder-853941-2-smb devstack@c-api.service[114185]: INFO cinder.api.openstack.wsgi [None req-41aa2437-d58f-4aed-843d-a82dff2466ef tempest-SnapshotsActionsTest-731984745 tempest-SnapshotsActionsTest-731984745-project-admin] POST http://10.222.0.107/volume/v3/73f89fe30779423ca0442dc9e52a861a/snapshots/93beb344-1292-498d-92ab-e096298107a4/action
Aug 22 17:18:38.274585 dv-cinder-853941-2-smb devstack@c-api.service[114185]: DEBUG cinder.api.openstack.wsgi [None req-41aa2437-d58f-4aed-843d-a82dff2466ef tempest-SnapshotsActionsTest-731984745 tempest-SnapshotsActionsTest-731984745-project-admin] Action body: b'{"os-reset_status": {"status": "creating"}}' {{(pid=114185) get_method /opt/stack/cinder/cinder/api/openstack/wsgi.py:983}}
Aug 22 17:18:38.274715 dv-cinder-853941-2-smb devstack@c-api.service[114185]: DEBUG cinder.api.openstack.wsgi [None req-41aa2437-d58f-4aed-843d-a82dff2466ef tempest-SnapshotsActionsTest-731984745 tempest-SnapshotsActionsTest-731984745-project-admin] Action: 'action', calling method: _reset_status, body: {"os-reset_status": {"status": "creating"}} {{(pid=114185) _process_stack /opt/stack/cinder/cinder/api/openstack/wsgi.py:866}}
Aug 22 17:18:38.276900 dv-cinder-853941-2-smb devstack@c-api.service[114185]: DEBUG cinder.api.contrib.admin_actions [None req-41aa2437-d58f-4aed-843d-a82dff2466ef tempest-SnapshotsActionsTest-731984745 tempest-SnapshotsActionsTest-731984745-project-admin] Updating snapshot '93beb344-1292-498d-92ab-e096298107a4' with '{'status': 'creating'}' {{(pid=114185) _reset_status /opt/stack/cinder/cinder/api/contrib/admin_actions.py:100}}
Aug 22 17:18:38.278678 dv-cinder-853941-2-smb devstack@c-api.service[114184]: DEBUG cinder.volume.api [None req-6a6b652f-72de-4bf2-a29e-fb5cb5e8b1ef tempest-VolumesTestJSON-667073359 tempest-VolumesTestJSON-667073359-project] Task 'cinder.volume.flows.api.create_volume.VolumeCastTask;volume:create' (84c3b351-c7c7-41fe-97c3-b12190a3a109) transitioned into state 'RUNNING' from state 'PENDING' {{(pid=114184) _task_receiver /usr/local/lib/python3.8/dist-packages/taskflow/listeners/logging.py:190}}
Aug 22 17:18:38.331661 dv-cinder-853941-2-smb devstack@c-api.service[114185]: /usr/local/lib/python3.8/dist-packages/oslo_context/context.py:100: DeprecationWarning: Policy enforcement is depending on the value of is_admin. This key is deprecated. Please update your policy file to use the standard policy values.
Aug 22 17:18:38.331661 dv-cinder-853941-2-smb devstack@c-api.service[114185]: warnings.warn('Policy enforcement is depending on the value of '
Aug 22 17:18:38.388555 dv-cinder-853941-2-smb devstack@c-api.service[114184]: DEBUG cinder.volume.api [None req-6a6b652f-72de-4bf2-a29e-fb5cb5e8b1ef tempest-VolumesTestJSON-667073359 tempest-VolumesTestJSON-667073359-project] Task 'cinder.volume.flows.api.create_volume.VolumeCastTask;volume:create' (84c3b351-c7c7-41fe-97c3-b12190a3a109) transitioned into state 'SUCCESS' from state 'RUNNING' with result 'None' {{(pid=114184) _task_receiver /usr/local/lib/python3.8/dist-packages/taskflow/listeners/logging.py:178}}
Aug 22 17:18:38.399919 dv-cinder-853941-2-smb devstack@c-api.service[114184]: DEBUG cinder.volume.api [None req-6a6b652f-72de-4bf2-a29e-fb5cb5e8b1ef tempest-VolumesTestJSON-667073359 tempest-VolumesTestJSON-667073359-project] Flow 'volume_create_api' (e7a9be1b-aac3-4ca8-8e28-261e78df2899) transitioned into state 'SUCCESS' from state 'RUNNING' {{(pid=114184) _flow_receiver /usr/local/lib/python3.8/dist-packages/taskflow/listeners/logging.py:141}}
Aug 22 17:18:38.399919 dv-cinder-853941-2-smb devstack@c-api.service[114184]: INFO cinder.volume.api [None req-6a6b652f-72de-4bf2-a29e-fb5cb5e8b1ef tempest-VolumesTestJSON-667073359 tempest-VolumesTestJSON-667073359-project] Create volume request issued successfully.
Aug 22 17:18:38.420729 dv-cinder-853941-2-smb devstack@c-api.service[114184]: INFO cinder.api.openstack.wsgi [None req-6a6b652f-72de-4bf2-a29e-fb5cb5e8b1ef tempest-VolumesTestJSON-667073359 tempest-VolumesTestJSON-667073359-project] http://10.222.0.107/volume/v3/47aeadc48d394c9a910112404a0007d3/volumes returned with HTTP 202
Aug 22 17:18:38.424727 dv-cinder-853941-2-smb devstack@c-api.service[114184]: [pid: 114184|app: 0|req: 22/45] 10.222.0.107 () {60 vars in 1241 bytes} [Mon Aug 22 17:18:37 2022] POST /volume/v3/47aeadc48d394c9a910112404a0007d3/volumes => generated 831 bytes in 865 msecs (HTTP/1.1 202) 7 headers in 291 bytes (1 switches on core 0)
Aug 22 17:18:38.426649 dv-cinder-853941-2-smb devstack@c-api.service[114184]: DEBUG cinder.api.middleware.request_id [req-25caebe8-985c-4ad5-a458-84bf58d667d8 req-94d76b03-d2bb-481b-99ed-3e5d827e7ce4 None None] RequestId filter calling following filter/app {{(pid=114184) _context_setter /opt/stack/cinder/cinder/api/middleware/request_id.py:62}}
Aug 22 17:18:38.432500 dv-cinder-853941-2-smb devstack@c-api.service[114184]: INFO cinder.api.openstack.wsgi [req-25caebe8-985c-4ad5-a458-84bf58d667d8 req-94d76b03-d2bb-481b-99ed-3e5d827e7ce4 tempest-VolumesGetTestJSON-194714434 tempest-VolumesGetTestJSON-194714434-project] GET http://10.222.0.107/volume/v3/9d77ab41834a4193a29f94af8b6c2408/volumes/cb5f0ea9-d684-4b64-8466-abe0daa0c68f
Aug 22 17:18:38.433042 dv-cinder-853941-2-smb devstack@c-api.service[114184]: DEBUG cinder.api.openstack.wsgi [req-25caebe8-985c-4ad5-a458-84bf58d667d8 req-94d76b03-d2bb-481b-99ed-3e5d827e7ce4 tempest-VolumesGetTestJSON-194714434 tempest-VolumesGetTestJSON-194714434-project] Empty body provided in request {{(pid=114184) get_body /opt/stack/cinder/cinder/api/openstack/wsgi.py:715}}
Aug 22 17:18:38.433587 dv-cinder-853941-2-smb devstack@c-api.service[114184]: DEBUG cinder.api.openstack.wsgi [req-25caebe8-985c-4ad5-a458-84bf58d667d8 req-94d76b03-d2bb-481b-99ed-3e5d827e7ce4 tempest-VolumesGetTestJSON-194714434 tempest-VolumesGetTestJSON-194714434-project] Calling method 'show' {{(pid=114184) _process_stack /opt/stack/cinder/cinder/api/openstack/wsgi.py:868}}
Aug 22 17:18:38.449647 dv-cinder-853941-2-smb devstack@c-api.service[114184]: INFO cinder.api.openstack.wsgi [req-25caebe8-985c-4ad5-a458-84bf58d667d8 req-94d76b03-d2bb-481b-99ed-3e5d827e7ce4 tempest-VolumesGetTestJSON-194714434 tempest-VolumesGetTestJSON-194714434-project] http://10.222.0.107/volume/v3/9d77ab41834a4193a29f94af8b6c2408/volumes/cb5f0ea9-d684-4b64-8466-abe0daa0c68f returned with HTTP 404
Aug 22 17:18:38.450740 dv-cinder-853941-2-smb devstack@c-api.service[114184]: [pid: 114184|app: 0|req: 23/46] 10.222.0.107 () {60 vars in 1583 bytes} [Mon Aug 22 17:18:38 2022] GET /volume/v3/9d77ab41834a4193a29f94af8b6c2408/volumes/cb5f0ea9-d684-4b64-8466-abe0daa0c68f => generated 109 bytes in 25 msecs (HTTP/1.1 404) 7 headers in 292 bytes (1 switches on core 0)
Aug 22 17:18:38.453190 dv-cinder-853941-2-smb devstack@c-api.service[114184]: DEBUG cinder.api.middleware.request_id [None req-e99c17e7-61e6-42b4-92e3-44817580294a None None] RequestId filter calling following filter/app {{(pid=114184) _context_setter /opt/stack/cinder/cinder/api/middleware/request_id.py:62}}
Aug 22 17:18:38.465104 dv-cinder-853941-2-smb devstack@c-api.service[114185]: INFO cinder.api.openstack.wsgi [None req-41aa2437-d58f-4aed-843d-a82dff2466ef tempest-SnapshotsActionsTest-731984745 tempest-SnapshotsActionsTest-731984745-project-admin] http://10.222.0.107/volume/v3/73f89fe30779423ca0442dc9e52a861a/snapshots/93beb344-1292-498d-92ab-e096298107a4/action returned with HTTP 202
Aug 22 17:18:38.465104 dv-cinder-853941-2-smb devstack@c-api.service[114185]: [pid: 114185|app: 0|req: 24/47] 10.222.0.107 () {60 vars in 1378 bytes} [Mon Aug 22 17:18:38 2022] POST /volume/v3/73f89fe30779423ca0442dc9e52a861a/snapshots/93beb344-1292-498d-92ab-e096298107a4/action => generated 0 bytes in 397 msecs (HTTP/1.1 202) 7 headers in 289 bytes (1 switches on core 0)
Aug 22 17:18:38.480483 dv-cinder-853941-2-smb devstack@c-api.service[114184]: INFO cinder.api.openstack.wsgi [None req-e99c17e7-61e6-42b4-92e3-44817580294a tempest-VolumesTestJSON-667073359 tempest-VolumesTestJSON-667073359-project] GET http://10.222.0.107/volume/v3/47aeadc48d394c9a910112404a0007d3/volumes/78351392-eaab-4b67-879d-1a057e168213
Aug 22 17:18:38.481227 dv-cinder-853941-2-smb devstack@c-api.service[114184]: DEBUG cinder.api.openstack.wsgi [None req-e99c17e7-61e6-42b4-92e3-44817580294a tempest-VolumesTestJSON-667073359 tempest-VolumesTestJSON-667073359-project] Empty body provided in request {{(pid=114184) get_body /opt/stack/cinder/cinder/api/openstack/wsgi.py:715}}
Aug 22 17:18:38.491393 dv-cinder-853941-2-smb devstack@c-api.service[114185]: DEBUG cinder.api.middleware.request_id [None req-42b632e7-4501-432c-9100-5310b86fa665 None None] RequestId filter calling following filter/app {{(pid=114185) _context_setter /opt/stack/cinder/cinder/api/middleware/request_id.py:62}}
Aug 22 17:18:38.500979 dv-cinder-853941-2-smb devstack@c-api.service[114184]: DEBUG cinder.api.openstack.wsgi [None req-e99c17e7-61e6-42b4-92e3-44817580294a tempest-VolumesTestJSON-667073359 tempest-VolumesTestJSON-667073359-project] Calling method 'show' {{(pid=114184) _process_stack /opt/stack/cinder/cinder/api/openstack/wsgi.py:868}}
Aug 22 17:18:38.506725 dv-cinder-853941-2-smb devstack@c-api.service[114185]: INFO cinder.api.openstack.wsgi [None req-42b632e7-4501-432c-9100-5310b86fa665 tempest-SnapshotsActionsTest-1805040094 tempest-SnapshotsActionsTest-1805040094-project] GET http://10.222.0.107/volume/v3/8d877e55dcfe4418813afc4946853b03/snapshots/93beb344-1292-498d-92ab-e096298107a4
Aug 22 17:18:38.507201 dv-cinder-853941-2-smb devstack@c-api.service[114185]: DEBUG cinder.api.openstack.wsgi [None req-42b632e7-4501-432c-9100-5310b86fa665 tempest-SnapshotsActionsTest-1805040094 tempest-SnapshotsActionsTest-1805040094-project] Empty body provided in request {{(pid=114185) get_body /opt/stack/cinder/cinder/api/openstack/wsgi.py:715}}
Aug 22 17:18:38.508214 dv-cinder-853941-2-smb devstack@c-api.service[114185]: DEBUG cinder.api.openstack.wsgi [None req-42b632e7-4501-432c-9100-5310b86fa665 tempest-SnapshotsActionsTest-1805040094 tempest-SnapshotsActionsTest-1805040094-project] Calling method 'show' {{(pid=114185) _process_stack /opt/stack/cinder/cinder/api/openstack/wsgi.py:868}}
Aug 22 17:18:38.531474 dv-cinder-853941-2-smb devstack@c-api.service[114185]: /usr/local/lib/python3.8/dist-packages/oslo_context/context.py:100: DeprecationWarning: Policy enforcement is depending on the value of is_admin. This key is deprecated. Please update your policy file to use the standard policy values.
Aug 22 17:18:38.531474 dv-cinder-853941-2-smb devstack@c-api.service[114185]: warnings.warn('Policy enforcement is depending on the value of '
Aug 22 17:18:38.536567 dv-cinder-853941-2-smb devstack@c-api.service[114185]: INFO cinder.volume.api [None req-42b632e7-4501-432c-9100-5310b86fa665 tempest-SnapshotsActionsTest-1805040094 tempest-SnapshotsActionsTest-1805040094-project] Snapshot retrieved successfully.
Aug 22 17:18:38.538959 dv-cinder-853941-2-smb devstack@c-api.service[114185]: INFO cinder.api.openstack.wsgi [None req-42b632e7-4501-432c-9100-5310b86fa665 tempest-SnapshotsActionsTest-1805040094 tempest-SnapshotsActionsTest-1805040094-project] http://10.222.0.107/volume/v3/8d877e55dcfe4418813afc4946853b03/snapshots/93beb344-1292-498d-92ab-e096298107a4 returned with HTTP 200
Aug 22 17:18:38.541127 dv-cinder-853941-2-smb devstack@c-api.service[114185]: [pid: 114185|app: 0|req: 25/48] 10.222.0.107 () {58 vars in 1336 bytes} [Mon Aug 22 17:18:38 2022] GET /volume/v3/8d877e55dcfe4418813afc4946853b03/snapshots/93beb344-1292-498d-92ab-e096298107a4 => generated 531 bytes in 68 msecs (HTTP/1.1 200) 7 headers in 285 bytes (1 switches on core 0)
Aug 22 17:18:38.550410 dv-cinder-853941-2-smb devstack@c-api.service[114184]: /usr/local/lib/python3.8/dist-packages/oslo_context/context.py:100: DeprecationWarning: Policy enforcement is depending on the value of is_admin. This key is deprecated. Please update your policy file to use the standard policy values.
Aug 22 17:18:38.550410 dv-cinder-853941-2-smb devstack@c-api.service[114184]: warnings.warn('Policy enforcement is depending on the value of '
Aug 22 17:18:38.551048 dv-cinder-853941-2-smb devstack@c-api.service[114185]: DEBUG cinder.api.middleware.request_id [None req-18e1a42d-966a-4483-8488-d88479f5d444 None None] RequestId filter calling following filter/app {{(pid=114185) _context_setter /opt/stack/cinder/cinder/api/middleware/request_id.py:62}}
Aug 22 17:18:38.555747 dv-cinder-853941-2-smb devstack@c-api.service[114185]: INFO cinder.api.openstack.wsgi [None req-18e1a42d-966a-4483-8488-d88479f5d444 tempest-SnapshotsActionsTest-731984745 tempest-SnapshotsActionsTest-731984745-project-admin] POST http://10.222.0.107/volume/v3/73f89fe30779423ca0442dc9e52a861a/snapshots/93beb344-1292-498d-92ab-e096298107a4/action
Aug 22 17:18:38.556688 dv-cinder-853941-2-smb devstack@c-api.service[114185]: DEBUG cinder.api.openstack.wsgi [None req-18e1a42d-966a-4483-8488-d88479f5d444 tempest-SnapshotsActionsTest-731984745 tempest-SnapshotsActionsTest-731984745-project-admin] Action body: b'{"os-reset_status": {"status": "available"}}' {{(pid=114185) get_method /opt/stack/cinder/cinder/api/openstack/wsgi.py:983}}
Aug 22 17:18:38.557155 dv-cinder-853941-2-smb devstack@c-api.service[114185]: DEBUG cinder.api.openstack.wsgi [None req-18e1a42d-966a-4483-8488-d88479f5d444 tempest-SnapshotsActionsTest-731984745 tempest-SnapshotsActionsTest-731984745-project-admin] Action: 'action', calling method: _reset_status, body: {"os-reset_status": {"status": "available"}} {{(pid=114185) _process_stack /opt/stack/cinder/cinder/api/openstack/wsgi.py:866}}
Aug 22 17:18:38.564830 dv-cinder-853941-2-smb devstack@c-api.service[114185]: DEBUG cinder.api.contrib.admin_actions [None req-18e1a42d-966a-4483-8488-d88479f5d444 tempest-SnapshotsActionsTest-731984745 tempest-SnapshotsActionsTest-731984745-project-admin] Updating snapshot '93beb344-1292-498d-92ab-e096298107a4' with '{'status': 'available'}' {{(pid=114185) _reset_status /opt/stack/cinder/cinder/api/contrib/admin_actions.py:100}}
Aug 22 17:18:38.570449 dv-cinder-853941-2-smb devstack@c-api.service[114184]: INFO cinder.volume.api [None req-e99c17e7-61e6-42b4-92e3-44817580294a tempest-VolumesTestJSON-667073359 tempest-VolumesTestJSON-667073359-project] Volume info retrieved successfully.
Aug 22 17:18:38.604084 dv-cinder-853941-2-smb devstack@c-api.service[114185]: /usr/local/lib/python3.8/dist-packages/oslo_context/context.py:100: DeprecationWarning: Policy enforcement is depending on the value of is_admin. This key is deprecated. Please update your policy file to use the standard policy values.
Aug 22 17:18:38.604084 dv-cinder-853941-2-smb devstack@c-api.service[114185]: warnings.warn('Policy enforcement is depending on the value of '
Aug 22 17:18:38.605878 dv-cinder-853941-2-smb devstack@c-api.service[114184]: INFO cinder.api.openstack.wsgi [None req-e99c17e7-61e6-42b4-92e3-44817580294a tempest-VolumesTestJSON-667073359 tempest-VolumesTestJSON-667073359-project] http://10.222.0.107/volume/v3/47aeadc48d394c9a910112404a0007d3/volumes/78351392-eaab-4b67-879d-1a057e168213 returned with HTTP 200
Aug 22 17:18:38.617255 dv-cinder-853941-2-smb devstack@c-api.service[114184]: [pid: 114184|app: 0|req: 24/49] 10.222.0.107 () {58 vars in 1330 bytes} [Mon Aug 22 17:18:38 2022] GET /volume/v3/47aeadc48d394c9a910112404a0007d3/volumes/78351392-eaab-4b67-879d-1a057e168213 => generated 899 bytes in 166 msecs (HTTP/1.1 200) 7 headers in 285 bytes (1 switches on core 0)
Aug 22 17:18:38.809588 dv-cinder-853941-2-smb devstack@c-api.service[114185]: INFO cinder.api.openstack.wsgi [None req-18e1a42d-966a-4483-8488-d88479f5d444 tempest-SnapshotsActionsTest-731984745 tempest-SnapshotsActionsTest-731984745-project-admin] http://10.222.0.107/volume/v3/73f89fe30779423ca0442dc9e52a861a/snapshots/93beb344-1292-498d-92ab-e096298107a4/action returned with HTTP 202
Aug 22 17:18:38.810576 dv-cinder-853941-2-smb devstack@c-api.service[114185]: [pid: 114185|app: 0|req: 26/50] 10.222.0.107 () {60 vars in 1378 bytes} [Mon Aug 22 17:18:38 2022] POST /volume/v3/73f89fe30779423ca0442dc9e52a861a/snapshots/93beb344-1292-498d-92ab-e096298107a4/action => generated 0 bytes in 261 msecs (HTTP/1.1 202) 7 headers in 289 bytes (2 switches on core 0)
Aug 22 17:18:38.816136 dv-cinder-853941-2-smb devstack@c-api.service[114184]: DEBUG cinder.api.middleware.request_id [None req-1975668a-adfc-499a-b297-e7dd9f66ba25 None None] RequestId filter calling following filter/app {{(pid=114184) _context_setter /opt/stack/cinder/cinder/api/middleware/request_id.py:62}}
Aug 22 17:18:38.821404 dv-cinder-853941-2-smb devstack@c-api.service[114184]: INFO cinder.api.openstack.wsgi [None req-1975668a-adfc-499a-b297-e7dd9f66ba25 tempest-SnapshotsActionsTest-1805040094 tempest-SnapshotsActionsTest-1805040094-project] GET http://10.222.0.107/volume/v3/8d877e55dcfe4418813afc4946853b03/snapshots/93beb344-1292-498d-92ab-e096298107a4
Aug 22 17:18:38.821872 dv-cinder-853941-2-smb devstack@c-api.service[114184]: DEBUG cinder.api.openstack.wsgi [None req-1975668a-adfc-499a-b297-e7dd9f66ba25 tempest-SnapshotsActionsTest-1805040094 tempest-SnapshotsActionsTest-1805040094-project] Empty body provided in request {{(pid=114184) get_body /opt/stack/cinder/cinder/api/openstack/wsgi.py:715}}
Aug 22 17:18:38.825223 dv-cinder-853941-2-smb devstack@c-api.service[114184]: DEBUG cinder.api.openstack.wsgi [None req-1975668a-adfc-499a-b297-e7dd9f66ba25 tempest-SnapshotsActionsTest-1805040094 tempest-SnapshotsActionsTest-1805040094-project] Calling method 'show' {{(pid=114184) _process_stack /opt/stack/cinder/cinder/api/openstack/wsgi.py:868}}
Aug 22 17:18:38.849882 dv-cinder-853941-2-smb devstack@c-api.service[114184]: /usr/local/lib/python3.8/dist-packages/oslo_context/context.py:100: DeprecationWarning: Policy enforcement is depending on the value of is_admin. This key is deprecated. Please update your policy file to use the standard policy values.
Aug 22 17:18:38.849882 dv-cinder-853941-2-smb devstack@c-api.service[114184]: warnings.warn('Policy enforcement is depending on the value of '
Aug 22 17:18:38.851259 dv-cinder-853941-2-smb devstack@c-api.service[114184]: INFO cinder.volume.api [None req-1975668a-adfc-499a-b297-e7dd9f66ba25 tempest-SnapshotsActionsTest-1805040094 tempest-SnapshotsActionsTest-1805040094-project] Snapshot retrieved successfully.
Aug 22 17:18:38.860569 dv-cinder-853941-2-smb devstack@c-api.service[114184]: INFO cinder.api.openstack.wsgi [None req-1975668a-adfc-499a-b297-e7dd9f66ba25 tempest-SnapshotsActionsTest-1805040094 tempest-SnapshotsActionsTest-1805040094-project] http://10.222.0.107/volume/v3/8d877e55dcfe4418813afc4946853b03/snapshots/93beb344-1292-498d-92ab-e096298107a4 returned with HTTP 200
Aug 22 17:18:38.870009 dv-cinder-853941-2-smb devstack@c-api.service[114184]: [pid: 114184|app: 0|req: 25/51] 10.222.0.107 () {58 vars in 1336 bytes} [Mon Aug 22 17:18:38 2022] GET /volume/v3/8d877e55dcfe4418813afc4946853b03/snapshots/93beb344-1292-498d-92ab-e096298107a4 => generated 532 bytes in 46 msecs (HTTP/1.1 200) 7 headers in 285 bytes (2 switches on core 0)
Aug 22 17:18:38.871458 dv-cinder-853941-2-smb devstack@c-api.service[114185]: DEBUG cinder.api.middleware.request_id [None req-b745f117-2943-429a-8757-a9054f87a0b8 None None] RequestId filter calling following filter/app {{(pid=114185) _context_setter /opt/stack/cinder/cinder/api/middleware/request_id.py:62}}
Aug 22 17:18:38.877826 dv-cinder-853941-2-smb devstack@c-api.service[114185]: INFO cinder.api.openstack.wsgi [None req-b745f117-2943-429a-8757-a9054f87a0b8 tempest-SnapshotsActionsTest-1805040094 tempest-SnapshotsActionsTest-1805040094-project] POST http://10.222.0.107/volume/v3/8d877e55dcfe4418813afc4946853b03/snapshots
