Aug 30 04:55:43.015285 dv-cinder-853910-4-smb devstack@keystone.service[81675]: DEBUG keystone.server.flask.request_processing.req_logging [None req-955762dd-bf6a-4ec7-904d-ac3b38c267fe None admin] PATH_INFO: `/v3/users/4149212a50524852b6dbbdcbbc227d29` {{(pid=81675) log_request_info /opt/stack/keystone/keystone/server/flask/request_processing/req_logging.py:29}}
Aug 30 04:55:43.016539 dv-cinder-853910-4-smb devstack@keystone.service[81675]: DEBUG keystone.common.rbac_enforcer.enforcer [None req-955762dd-bf6a-4ec7-904d-ac3b38c267fe None admin] RBAC: Authorizing `identity:get_user(user_id=4149212a50524852b6dbbdcbbc227d29)` {{(pid=81675) enforce_call /opt/stack/keystone/keystone/common/rbac_enforcer/enforcer.py:449}}
Aug 30 04:55:43.018146 dv-cinder-853910-4-smb devstack@keystone.service[81675]: DEBUG keystone.common.rbac_enforcer.enforcer [None req-955762dd-bf6a-4ec7-904d-ac3b38c267fe None admin] RBAC: Authorization granted {{(pid=81675) enforce_call /opt/stack/keystone/keystone/common/rbac_enforcer/enforcer.py:457}}
Aug 30 04:55:43.020095 dv-cinder-853910-4-smb devstack@keystone.service[81675]: [pid: 81675|app: 0|req: 20/42] 10.222.0.48 () {56 vars in 1177 bytes} [Tue Aug 30 04:55:42 2022] GET /identity/v3/users/4149212a50524852b6dbbdcbbc227d29 => generated 247 bytes in 164 msecs (HTTP/1.1 200) 5 headers in 177 bytes (2 switches on core 0)
Aug 30 04:55:43.025702 dv-cinder-853910-4-smb devstack@keystone.service[81676]: DEBUG keystone.server.flask.request_processing.middleware.auth_context [None req-1cfd3988-5e39-42a6-8e8a-9a0ee2f5b17e None admin] Authenticating user token {{(pid=81676) process_request /usr/local/lib/python3.8/dist-packages/keystonemiddleware/auth_token/__init__.py:407}}
Aug 30 04:55:43.079641 dv-cinder-853910-4-smb devstack@keystone.service[81676]: DEBUG dbcounter [-] [81676] Writing DB stats keystone:SELECT=99,keystone:INSERT=1 {{(pid=81676) stat_writer /usr/local/lib/python3.8/dist-packages/dbcounter.py:114}}
Aug 30 04:55:43.080217 dv-cinder-853910-4-smb devstack@keystone.service[81675]: DEBUG keystone.server.flask.request_processing.middleware.auth_context [None req-955762dd-bf6a-4ec7-904d-ac3b38c267fe None admin] Authenticating user token {{(pid=81675) process_request /usr/local/lib/python3.8/dist-packages/keystonemiddleware/auth_token/__init__.py:407}}
Aug 30 04:55:43.156044 dv-cinder-853910-4-smb devstack@keystone.service[81676]: DEBUG keystone.server.flask.request_processing.middleware.auth_context [None req-1cfd3988-5e39-42a6-8e8a-9a0ee2f5b17e None admin] Validating token access rules against request {{(pid=81676) validate_allowed_request /usr/local/lib/python3.8/dist-packages/keystonemiddleware/auth_token/__init__.py:545}}
Aug 30 04:55:43.192696 dv-cinder-853910-4-smb devstack@keystone.service[81676]: DEBUG keystone.server.flask.request_processing.middleware.auth_context [None req-07fb3b4d-1573-4329-8691-8da93b21dcbf None admin] RBAC: auth_context: {'token': , 'domain_id': None, 'trust_id': None, 'trustor_id': None, 'trustee_id': None, 'domain_name': None, 'group_ids': [], 'user_id': '4149212a50524852b6dbbdcbbc227d29', 'user_domain_id': 'default', 'system_scope': 'all', 'project_id': None, 'project_domain_id': None, 'roles': ['admin', 'member', 'reader'], 'is_admin_project': True, 'service_user_id': None, 'service_user_domain_id': None, 'service_project_id': None, 'service_project_domain_id': None, 'service_roles': []} {{(pid=81676) fill_context /opt/stack/keystone/keystone/server/flask/request_processing/middleware/auth_context.py:478}}
Aug 30 04:55:43.193335 dv-cinder-853910-4-smb devstack@keystone.service[81676]: DEBUG keystone.server.flask.request_processing.req_logging [None req-07fb3b4d-1573-4329-8691-8da93b21dcbf None admin] REQUEST_METHOD: `GET` {{(pid=81676) log_request_info /opt/stack/keystone/keystone/server/flask/request_processing/req_logging.py:27}}
Aug 30 04:55:43.193661 dv-cinder-853910-4-smb devstack@keystone.service[81676]: DEBUG keystone.server.flask.request_processing.req_logging [None req-07fb3b4d-1573-4329-8691-8da93b21dcbf None admin] SCRIPT_NAME: `/identity` {{(pid=81676) log_request_info /opt/stack/keystone/keystone/server/flask/request_processing/req_logging.py:28}}
Aug 30 04:55:43.193974 dv-cinder-853910-4-smb devstack@keystone.service[81676]: DEBUG keystone.server.flask.request_processing.req_logging [None req-07fb3b4d-1573-4329-8691-8da93b21dcbf None admin] PATH_INFO: `/v3/domains/default` {{(pid=81676) log_request_info /opt/stack/keystone/keystone/server/flask/request_processing/req_logging.py:29}}
Aug 30 04:55:43.195085 dv-cinder-853910-4-smb devstack@keystone.service[81676]: DEBUG keystone.common.rbac_enforcer.enforcer [None req-07fb3b4d-1573-4329-8691-8da93b21dcbf None admin] RBAC: Authorizing `identity:get_domain(domain_id=default)` {{(pid=81676) enforce_call /opt/stack/keystone/keystone/common/rbac_enforcer/enforcer.py:449}}
Aug 30 04:55:43.196573 dv-cinder-853910-4-smb devstack@keystone.service[81676]: DEBUG keystone.common.rbac_enforcer.enforcer [None req-07fb3b4d-1573-4329-8691-8da93b21dcbf None admin] RBAC: Authorization granted {{(pid=81676) enforce_call /opt/stack/keystone/keystone/common/rbac_enforcer/enforcer.py:457}}
Aug 30 04:55:43.198139 dv-cinder-853910-4-smb devstack@keystone.service[81676]: [pid: 81676|app: 0|req: 23/43] 10.222.0.48 () {56 vars in 1108 bytes} [Tue Aug 30 04:55:43 2022] GET /identity/v3/domains/default => generated 199 bytes in 173 msecs (HTTP/1.1 200) 5 headers in 177 bytes (1 switches on core 0)
Aug 30 04:55:43.198244 dv-cinder-853910-4-smb devstack@keystone.service[81675]: DEBUG keystone.server.flask.request_processing.middleware.auth_context [None req-955762dd-bf6a-4ec7-904d-ac3b38c267fe None admin] Validating token access rules against request {{(pid=81675) validate_allowed_request /usr/local/lib/python3.8/dist-packages/keystonemiddleware/auth_token/__init__.py:545}}
Aug 30 04:55:43.203691 dv-cinder-853910-4-smb devstack@keystone.service[81676]: DEBUG keystone.server.flask.request_processing.middleware.auth_context [None req-07fb3b4d-1573-4329-8691-8da93b21dcbf None admin] Authenticating user token {{(pid=81676) process_request /usr/local/lib/python3.8/dist-packages/keystonemiddleware/auth_token/__init__.py:407}}
Aug 30 04:55:43.232072 dv-cinder-853910-4-smb devstack@keystone.service[81675]: DEBUG keystone.server.flask.request_processing.middleware.auth_context [None req-c6861954-1bc4-413a-bd12-4076707a2c9d None admin] RBAC: auth_context: {'token': , 'domain_id': None, 'trust_id': None, 'trustor_id': None, 'trustee_id': None, 'domain_name': None, 'group_ids': [], 'user_id': '4149212a50524852b6dbbdcbbc227d29', 'user_domain_id': 'default', 'system_scope': 'all', 'project_id': None, 'project_domain_id': None, 'roles': ['admin', 'member', 'reader'], 'is_admin_project': True, 'service_user_id': None, 'service_user_domain_id': None, 'service_project_id': None, 'service_project_domain_id': None, 'service_roles': []} {{(pid=81675) fill_context /opt/stack/keystone/keystone/server/flask/request_processing/middleware/auth_context.py:478}}
Aug 30 04:55:43.232706 dv-cinder-853910-4-smb devstack@keystone.service[81675]: DEBUG keystone.server.flask.request_processing.req_logging [None req-c6861954-1bc4-413a-bd12-4076707a2c9d None admin] REQUEST_METHOD: `GET` {{(pid=81675) log_request_info /opt/stack/keystone/keystone/server/flask/request_processing/req_logging.py:27}}
Aug 30 04:55:43.232989 dv-cinder-853910-4-smb devstack@keystone.service[81675]: DEBUG keystone.server.flask.request_processing.req_logging [None req-c6861954-1bc4-413a-bd12-4076707a2c9d None admin] SCRIPT_NAME: `/identity` {{(pid=81675) log_request_info /opt/stack/keystone/keystone/server/flask/request_processing/req_logging.py:28}}
Aug 30 04:55:43.233263 dv-cinder-853910-4-smb devstack@keystone.service[81675]: DEBUG keystone.server.flask.request_processing.req_logging [None req-c6861954-1bc4-413a-bd12-4076707a2c9d None admin] PATH_INFO: `/v3/domains/default` {{(pid=81675) log_request_info /opt/stack/keystone/keystone/server/flask/request_processing/req_logging.py:29}}
Aug 30 04:55:43.234892 dv-cinder-853910-4-smb devstack@keystone.service[81675]: DEBUG keystone.common.rbac_enforcer.enforcer [None req-c6861954-1bc4-413a-bd12-4076707a2c9d None admin] RBAC: Authorizing `identity:get_domain(domain_id=default)` {{(pid=81675) enforce_call /opt/stack/keystone/keystone/common/rbac_enforcer/enforcer.py:449}}
Aug 30 04:55:43.236378 dv-cinder-853910-4-smb devstack@keystone.service[81675]: DEBUG keystone.common.rbac_enforcer.enforcer [None req-c6861954-1bc4-413a-bd12-4076707a2c9d None admin] RBAC: Authorization granted {{(pid=81675) enforce_call /opt/stack/keystone/keystone/common/rbac_enforcer/enforcer.py:457}}
Aug 30 04:55:43.237992 dv-cinder-853910-4-smb devstack@keystone.service[81675]: [pid: 81675|app: 0|req: 21/44] 10.222.0.48 () {56 vars in 1108 bytes} [Tue Aug 30 04:55:43 2022] GET /identity/v3/domains/default => generated 199 bytes in 158 msecs (HTTP/1.1 200) 5 headers in 177 bytes (2 switches on core 0)
Aug 30 04:55:43.243474 dv-cinder-853910-4-smb devstack@keystone.service[81675]: DEBUG keystone.server.flask.request_processing.middleware.auth_context [None req-c6861954-1bc4-413a-bd12-4076707a2c9d None admin] Authenticating user token {{(pid=81675) process_request /usr/local/lib/python3.8/dist-packages/keystonemiddleware/auth_token/__init__.py:407}}
Aug 30 04:55:43.246121 dv-cinder-853910-4-smb devstack@keystone.service[81675]: DEBUG dbcounter [-] [81675] Writing DB stats keystone:SELECT=100 {{(pid=81675) stat_writer /usr/local/lib/python3.8/dist-packages/dbcounter.py:114}}
Aug 30 04:55:43.301741 dv-cinder-853910-4-smb devstack@keystone.service[81676]: DEBUG keystone.server.flask.request_processing.middleware.auth_context [None req-07fb3b4d-1573-4329-8691-8da93b21dcbf None admin] Validating token access rules against request {{(pid=81676) validate_allowed_request /usr/local/lib/python3.8/dist-packages/keystonemiddleware/auth_token/__init__.py:545}}
Aug 30 04:55:43.310536 dv-cinder-853910-4-smb devstack@keystone.service[81676]: DEBUG dbcounter [-] [81676] Writing DB stats keystone:SELECT=100 {{(pid=81676) stat_writer /usr/local/lib/python3.8/dist-packages/dbcounter.py:114}}
Aug 30 04:55:43.335185 dv-cinder-853910-4-smb devstack@keystone.service[81676]: DEBUG keystone.server.flask.request_processing.middleware.auth_context [None req-a7ccaff2-3ef3-4228-a2f4-4a94f7d7fb1c None admin] RBAC: auth_context: {'token': , 'domain_id': None, 'trust_id': None, 'trustor_id': None, 'trustee_id': None, 'domain_name': None, 'group_ids': [], 'user_id': '4149212a50524852b6dbbdcbbc227d29', 'user_domain_id': 'default', 'system_scope': 'all', 'project_id': None, 'project_domain_id': None, 'roles': ['admin', 'member', 'reader'], 'is_admin_project': True, 'service_user_id': None, 'service_user_domain_id': None, 'service_project_id': None, 'service_project_domain_id': None, 'service_roles': []} {{(pid=81676) fill_context /opt/stack/keystone/keystone/server/flask/request_processing/middleware/auth_context.py:478}}
Aug 30 04:55:43.335775 dv-cinder-853910-4-smb devstack@keystone.service[81676]: DEBUG keystone.server.flask.request_processing.req_logging [None req-a7ccaff2-3ef3-4228-a2f4-4a94f7d7fb1c None admin] REQUEST_METHOD: `PUT` {{(pid=81676) log_request_info /opt/stack/keystone/keystone/server/flask/request_processing/req_logging.py:27}}
Aug 30 04:55:43.336101 dv-cinder-853910-4-smb devstack@keystone.service[81676]: DEBUG keystone.server.flask.request_processing.req_logging [None req-a7ccaff2-3ef3-4228-a2f4-4a94f7d7fb1c None admin] SCRIPT_NAME: `/identity` {{(pid=81676) log_request_info /opt/stack/keystone/keystone/server/flask/request_processing/req_logging.py:28}}
Aug 30 04:55:43.336381 dv-cinder-853910-4-smb devstack@keystone.service[81676]: DEBUG keystone.server.flask.request_processing.req_logging [None req-a7ccaff2-3ef3-4228-a2f4-4a94f7d7fb1c None admin] PATH_INFO: `/v3/domains/default/users/4149212a50524852b6dbbdcbbc227d29/roles/5af25ecc20f6407189d4fe9923dcef98` {{(pid=81676) log_request_info /opt/stack/keystone/keystone/server/flask/request_processing/req_logging.py:29}}
Aug 30 04:55:43.338306 dv-cinder-853910-4-smb devstack@keystone.service[81676]: DEBUG keystone.common.rbac_enforcer.enforcer [None req-a7ccaff2-3ef3-4228-a2f4-4a94f7d7fb1c None admin] RBAC: Authorizing `identity:create_grant(domain_id=default, user_id=4149212a50524852b6dbbdcbbc227d29, role_id=5af25ecc20f6407189d4fe9923dcef98)` {{(pid=81676) enforce_call /opt/stack/keystone/keystone/common/rbac_enforcer/enforcer.py:449}}
Aug 30 04:55:43.339757 dv-cinder-853910-4-smb devstack@keystone.service[81676]: DEBUG keystone.common.rbac_enforcer.enforcer [None req-a7ccaff2-3ef3-4228-a2f4-4a94f7d7fb1c None admin] RBAC: Authorization granted {{(pid=81676) enforce_call /opt/stack/keystone/keystone/common/rbac_enforcer/enforcer.py:457}}
Aug 30 04:55:43.343912 dv-cinder-853910-4-smb devstack@keystone.service[81675]: DEBUG keystone.server.flask.request_processing.middleware.auth_context [None req-c6861954-1bc4-413a-bd12-4076707a2c9d None admin] Validating token access rules against request {{(pid=81675) validate_allowed_request /usr/local/lib/python3.8/dist-packages/keystonemiddleware/auth_token/__init__.py:545}}
Aug 30 04:55:43.353953 dv-cinder-853910-4-smb devstack@keystone.service[81676]: [pid: 81676|app: 0|req: 24/45] 10.222.0.48 () {58 vars in 1361 bytes} [Tue Aug 30 04:55:43 2022] PUT /identity/v3/domains/default/users/4149212a50524852b6dbbdcbbc227d29/roles/5af25ecc20f6407189d4fe9923dcef98 => generated 0 bytes in 151 msecs (HTTP/1.1 204) 3 headers in 132 bytes (1 switches on core 0)
Aug 30 04:55:43.380391 dv-cinder-853910-4-smb devstack@keystone.service[81675]: DEBUG keystone.server.flask.request_processing.middleware.auth_context [None req-dae612df-fc96-461e-ad48-5ef61f137d48 None admin] RBAC: auth_context: {'token': , 'domain_id': None, 'trust_id': None, 'trustor_id': None, 'trustee_id': None, 'domain_name': None, 'group_ids': [], 'user_id': '4149212a50524852b6dbbdcbbc227d29', 'user_domain_id': 'default', 'system_scope': 'all', 'project_id': None, 'project_domain_id': None, 'roles': ['admin', 'member', 'reader'], 'is_admin_project': True, 'service_user_id': None, 'service_user_domain_id': None, 'service_project_id': None, 'service_project_domain_id': None, 'service_roles': []} {{(pid=81675) fill_context /opt/stack/keystone/keystone/server/flask/request_processing/middleware/auth_context.py:478}}
Aug 30 04:55:43.381052 dv-cinder-853910-4-smb devstack@keystone.service[81675]: DEBUG keystone.server.flask.request_processing.req_logging [None req-dae612df-fc96-461e-ad48-5ef61f137d48 None admin] REQUEST_METHOD: `POST` {{(pid=81675) log_request_info /opt/stack/keystone/keystone/server/flask/request_processing/req_logging.py:27}}
Aug 30 04:55:43.381392 dv-cinder-853910-4-smb devstack@keystone.service[81675]: DEBUG keystone.server.flask.request_processing.req_logging [None req-dae612df-fc96-461e-ad48-5ef61f137d48 None admin] SCRIPT_NAME: `/identity` {{(pid=81675) log_request_info /opt/stack/keystone/keystone/server/flask/request_processing/req_logging.py:28}}
Aug 30 04:55:43.381604 dv-cinder-853910-4-smb devstack@keystone.service[81675]: DEBUG keystone.server.flask.request_processing.req_logging [None req-dae612df-fc96-461e-ad48-5ef61f137d48 None admin] PATH_INFO: `/v3/projects` {{(pid=81675) log_request_info /opt/stack/keystone/keystone/server/flask/request_processing/req_logging.py:29}}
Aug 30 04:55:43.382549 dv-cinder-853910-4-smb devstack@keystone.service[81675]: DEBUG keystone.common.rbac_enforcer.enforcer [None req-dae612df-fc96-461e-ad48-5ef61f137d48 None admin] RBAC: Authorizing `identity:create_project()` {{(pid=81675) enforce_call /opt/stack/keystone/keystone/common/rbac_enforcer/enforcer.py:449}}
Aug 30 04:55:43.384076 dv-cinder-853910-4-smb devstack@keystone.service[81675]: DEBUG keystone.common.rbac_enforcer.enforcer [None req-dae612df-fc96-461e-ad48-5ef61f137d48 None admin] RBAC: Authorization granted {{(pid=81675) enforce_call /opt/stack/keystone/keystone/common/rbac_enforcer/enforcer.py:457}}
Aug 30 04:55:43.417197 dv-cinder-853910-4-smb devstack@keystone.service[81675]: [pid: 81675|app: 0|req: 22/46] 10.222.0.48 () {60 vars in 1141 bytes} [Tue Aug 30 04:55:43 2022] POST /identity/v3/projects => generated 312 bytes in 174 msecs (HTTP/1.1 201) 5 headers in 182 bytes (2 switches on core 0)
Aug 30 04:55:45.246808 dv-cinder-853910-4-smb devstack@keystone.service[81676]: DEBUG keystone.server.flask.request_processing.req_logging [None req-91f40ccb-4fcc-4b73-af76-b9e355297285 None None] REQUEST_METHOD: `GET` {{(pid=81676) log_request_info /opt/stack/keystone/keystone/server/flask/request_processing/req_logging.py:27}}
Aug 30 04:55:45.247316 dv-cinder-853910-4-smb devstack@keystone.service[81676]: DEBUG keystone.server.flask.request_processing.req_logging [None req-91f40ccb-4fcc-4b73-af76-b9e355297285 None None] SCRIPT_NAME: `/identity` {{(pid=81676) log_request_info /opt/stack/keystone/keystone/server/flask/request_processing/req_logging.py:28}}
Aug 30 04:55:45.247316 dv-cinder-853910-4-smb devstack@keystone.service[81676]: DEBUG keystone.server.flask.request_processing.req_logging [None req-91f40ccb-4fcc-4b73-af76-b9e355297285 None None] PATH_INFO: `/` {{(pid=81676) log_request_info /opt/stack/keystone/keystone/server/flask/request_processing/req_logging.py:29}}
Aug 30 04:55:45.248665 dv-cinder-853910-4-smb devstack@keystone.service[81676]: [pid: 81676|app: 0|req: 25/47] 10.222.0.48 () {54 vars in 927 bytes} [Tue Aug 30 04:55:45 2022] GET /identity => generated 270 bytes in 3 msecs (HTTP/1.1 300) 6 headers in 234 bytes (1 switches on core 0)
Aug 30 04:55:45.253862 dv-cinder-853910-4-smb devstack@keystone.service[81675]: DEBUG keystone.server.flask.request_processing.req_logging [None req-e783803c-c08b-43a8-ad15-f61c5d4e1c6a None None] REQUEST_METHOD: `POST` {{(pid=81675) log_request_info /opt/stack/keystone/keystone/server/flask/request_processing/req_logging.py:27}}
Aug 30 04:55:45.254239 dv-cinder-853910-4-smb devstack@keystone.service[81675]: DEBUG keystone.server.flask.request_processing.req_logging [None req-e783803c-c08b-43a8-ad15-f61c5d4e1c6a None None] SCRIPT_NAME: `/identity` {{(pid=81675) log_request_info /opt/stack/keystone/keystone/server/flask/request_processing/req_logging.py:28}}
Aug 30 04:55:45.254550 dv-cinder-853910-4-smb devstack@keystone.service[81675]: DEBUG keystone.server.flask.request_processing.req_logging [None req-e783803c-c08b-43a8-ad15-f61c5d4e1c6a None None] PATH_INFO: `/v3/auth/tokens` {{(pid=81675) log_request_info /opt/stack/keystone/keystone/server/flask/request_processing/req_logging.py:29}}
Aug 30 04:55:45.381226 dv-cinder-853910-4-smb devstack@keystone.service[81675]: DEBUG keystone.auth.core [None req-e783803c-c08b-43a8-ad15-f61c5d4e1c6a None None] MFA Rules not processed for user `4149212a50524852b6dbbdcbbc227d29`. Rule list: `[]` (Enabled: `True`). {{(pid=81675) check_auth_methods_against_rules /opt/stack/keystone/keystone/auth/core.py:438}}
Aug 30 04:55:45.382695 dv-cinder-853910-4-smb devstack@keystone.service[81675]: DEBUG keystone.common.fernet_utils [None req-e783803c-c08b-43a8-ad15-f61c5d4e1c6a None None] Loaded 2 Fernet keys from /etc/keystone/fernet-keys/, but `[fernet_tokens] max_active_keys = 3`; perhaps there have not been enough key rotations to reach `max_active_keys` yet? {{(pid=81675) load_keys /opt/stack/keystone/keystone/common/fernet_utils.py:286}}
Aug 30 04:55:45.383116 dv-cinder-853910-4-smb devstack@keystone.service[81676]: DEBUG keystone.server.flask.request_processing.req_logging [None req-b0cbecd7-d070-477f-ac75-fc0d8ef523cd None None] REQUEST_METHOD: `GET` {{(pid=81676) log_request_info /opt/stack/keystone/keystone/server/flask/request_processing/req_logging.py:27}}
Aug 30 04:55:45.383397 dv-cinder-853910-4-smb devstack@keystone.service[81676]: DEBUG keystone.server.flask.request_processing.req_logging [None req-b0cbecd7-d070-477f-ac75-fc0d8ef523cd None None] SCRIPT_NAME: `/identity` {{(pid=81676) log_request_info /opt/stack/keystone/keystone/server/flask/request_processing/req_logging.py:28}}
Aug 30 04:55:45.383697 dv-cinder-853910-4-smb devstack@keystone.service[81676]: DEBUG keystone.server.flask.request_processing.req_logging [None req-b0cbecd7-d070-477f-ac75-fc0d8ef523cd None None] PATH_INFO: `/` {{(pid=81676) log_request_info /opt/stack/keystone/keystone/server/flask/request_processing/req_logging.py:29}}
Aug 30 04:55:45.385065 dv-cinder-853910-4-smb devstack@keystone.service[81676]: [pid: 81676|app: 0|req: 26/48] 10.222.0.48 () {54 vars in 927 bytes} [Tue Aug 30 04:55:45 2022] GET /identity => generated 270 bytes in 3 msecs (HTTP/1.1 300) 6 headers in 234 bytes (1 switches on core 0)
Aug 30 04:55:45.389965 dv-cinder-853910-4-smb devstack@keystone.service[81676]: DEBUG keystone.server.flask.request_processing.req_logging [None req-3cb52826-e1de-4c28-90a2-c8756073392c None None] REQUEST_METHOD: `POST` {{(pid=81676) log_request_info /opt/stack/keystone/keystone/server/flask/request_processing/req_logging.py:27}}
Aug 30 04:55:45.390842 dv-cinder-853910-4-smb devstack@keystone.service[81676]: DEBUG keystone.server.flask.request_processing.req_logging [None req-3cb52826-e1de-4c28-90a2-c8756073392c None None] SCRIPT_NAME: `/identity` {{(pid=81676) log_request_info /opt/stack/keystone/keystone/server/flask/request_processing/req_logging.py:28}}
Aug 30 04:55:45.391130 dv-cinder-853910-4-smb devstack@keystone.service[81676]: DEBUG keystone.server.flask.request_processing.req_logging [None req-3cb52826-e1de-4c28-90a2-c8756073392c None None] PATH_INFO: `/v3/auth/tokens` {{(pid=81676) log_request_info /opt/stack/keystone/keystone/server/flask/request_processing/req_logging.py:29}}
Aug 30 04:55:45.409612 dv-cinder-853910-4-smb devstack@keystone.service[81676]: DEBUG keystone.auth.core [None req-3cb52826-e1de-4c28-90a2-c8756073392c None None] MFA Rules not processed for user `4149212a50524852b6dbbdcbbc227d29`. Rule list: `[]` (Enabled: `True`). {{(pid=81676) check_auth_methods_against_rules /opt/stack/keystone/keystone/auth/core.py:438}}
Aug 30 04:55:45.410823 dv-cinder-853910-4-smb devstack@keystone.service[81676]: DEBUG keystone.common.fernet_utils [None req-3cb52826-e1de-4c28-90a2-c8756073392c None None] Loaded 2 Fernet keys from /etc/keystone/fernet-keys/, but `[fernet_tokens] max_active_keys = 3`; perhaps there have not been enough key rotations to reach `max_active_keys` yet? {{(pid=81676) load_keys /opt/stack/keystone/keystone/common/fernet_utils.py:286}}
Aug 30 04:55:45.437939 dv-cinder-853910-4-smb devstack@keystone.service[81675]: DEBUG dbcounter [-] [81675] Writing DB stats keystone:SELECT=99,keystone:INSERT=1 {{(pid=81675) stat_writer /usr/local/lib/python3.8/dist-packages/dbcounter.py:114}}
Aug 30 04:55:45.456935 dv-cinder-853910-4-smb devstack@keystone.service[81675]: [pid: 81675|app: 0|req: 23/49] 10.222.0.48 () {58 vars in 1024 bytes} [Tue Aug 30 04:55:45 2022] POST /identity/v3/auth/tokens => generated 799 bytes in 204 msecs (HTTP/1.1 201) 6 headers in 363 bytes (1 switches on core 0)
Aug 30 04:55:45.483227 dv-cinder-853910-4-smb devstack@keystone.service[81676]: [pid: 81676|app: 0|req: 27/50] 10.222.0.48 () {58 vars in 1024 bytes} [Tue Aug 30 04:55:45 2022] POST /identity/v3/auth/tokens => generated 799 bytes in 94 msecs (HTTP/1.1 201) 6 headers in 363 bytes (2 switches on core 0)
Aug 30 04:55:45.723314 dv-cinder-853910-4-smb devstack@keystone.service[81675]: DEBUG keystone.server.flask.request_processing.middleware.auth_context [None req-e783803c-c08b-43a8-ad15-f61c5d4e1c6a None None] Authenticating user token {{(pid=81675) process_request /usr/local/lib/python3.8/dist-packages/keystonemiddleware/auth_token/__init__.py:407}}
Aug 30 04:55:45.768729 dv-cinder-853910-4-smb devstack@keystone.service[81676]: DEBUG keystone.server.flask.request_processing.middleware.auth_context [None req-3cb52826-e1de-4c28-90a2-c8756073392c None None] Authenticating user token {{(pid=81676) process_request /usr/local/lib/python3.8/dist-packages/keystonemiddleware/auth_token/__init__.py:407}}
Aug 30 04:55:45.831370 dv-cinder-853910-4-smb devstack@keystone.service[81675]: DEBUG keystone.server.flask.request_processing.middleware.auth_context [None req-e783803c-c08b-43a8-ad15-f61c5d4e1c6a None None] Validating token access rules against request {{(pid=81675) validate_allowed_request /usr/local/lib/python3.8/dist-packages/keystonemiddleware/auth_token/__init__.py:545}}
Aug 30 04:55:45.868346 dv-cinder-853910-4-smb devstack@keystone.service[81675]: DEBUG keystone.server.flask.request_processing.middleware.auth_context [None req-8e452353-9eb0-4c82-a019-14d40fdb5d6c None admin] RBAC: auth_context: {'token': , 'domain_id': None, 'trust_id': None, 'trustor_id': None, 'trustee_id': None, 'domain_name': None, 'group_ids': [], 'user_id': '4149212a50524852b6dbbdcbbc227d29', 'user_domain_id': 'default', 'system_scope': 'all', 'project_id': None, 'project_domain_id': None, 'roles': ['admin', 'member', 'reader'], 'is_admin_project': True, 'service_user_id': None, 'service_user_domain_id': None, 'service_project_id': None, 'service_project_domain_id': None, 'service_roles': []} {{(pid=81675) fill_context /opt/stack/keystone/keystone/server/flask/request_processing/middleware/auth_context.py:478}}
Aug 30 04:55:45.869015 dv-cinder-853910-4-smb devstack@keystone.service[81675]: DEBUG keystone.server.flask.request_processing.req_logging [None req-8e452353-9eb0-4c82-a019-14d40fdb5d6c None admin] REQUEST_METHOD: `GET` {{(pid=81675) log_request_info /opt/stack/keystone/keystone/server/flask/request_processing/req_logging.py:27}}
Aug 30 04:55:45.869287 dv-cinder-853910-4-smb devstack@keystone.service[81675]: DEBUG keystone.server.flask.request_processing.req_logging [None req-8e452353-9eb0-4c82-a019-14d40fdb5d6c None admin] SCRIPT_NAME: `/identity` {{(pid=81675) log_request_info /opt/stack/keystone/keystone/server/flask/request_processing/req_logging.py:28}}
Aug 30 04:55:45.869556 dv-cinder-853910-4-smb devstack@keystone.service[81675]: DEBUG keystone.server.flask.request_processing.req_logging [None req-8e452353-9eb0-4c82-a019-14d40fdb5d6c None admin] PATH_INFO: `/v3/roles/admin` {{(pid=81675) log_request_info /opt/stack/keystone/keystone/server/flask/request_processing/req_logging.py:29}}
Aug 30 04:55:45.870009 dv-cinder-853910-4-smb devstack@keystone.service[81676]: DEBUG dbcounter [-] [81676] Writing DB stats keystone:SELECT=99,keystone:INSERT=1 {{(pid=81676) stat_writer /usr/local/lib/python3.8/dist-packages/dbcounter.py:114}}
Aug 30 04:55:45.876375 dv-cinder-853910-4-smb devstack@keystone.service[81676]: DEBUG keystone.server.flask.request_processing.middleware.auth_context [None req-3cb52826-e1de-4c28-90a2-c8756073392c None None] Validating token access rules against request {{(pid=81676) validate_allowed_request /usr/local/lib/python3.8/dist-packages/keystonemiddleware/auth_token/__init__.py:545}}
Aug 30 04:55:45.883230 dv-cinder-853910-4-smb devstack@keystone.service[81675]: DEBUG keystone.common.rbac_enforcer.enforcer [None req-8e452353-9eb0-4c82-a019-14d40fdb5d6c None admin] Extracting inferred target data resulted in "NOT FOUND (404)". {{(pid=81675) enforce_call /opt/stack/keystone/keystone/common/rbac_enforcer/enforcer.py:409}}
Aug 30 04:55:45.889585 dv-cinder-853910-4-smb devstack@keystone.service[81675]: ERROR keystone.server.flask.application [None req-8e452353-9eb0-4c82-a019-14d40fdb5d6c None admin] Could not find role: admin.: keystone.exception.RoleNotFound: Could not find role: admin.
Aug 30 04:55:45.889585 dv-cinder-853910-4-smb devstack@keystone.service[81675]: ERROR keystone.server.flask.application
Traceback (most recent call last):
Aug 30 04:55:45.889585 dv-cinder-853910-4-smb devstack@keystone.service[81675]: ERROR keystone.server.flask.application
File "/usr/local/lib/python3.8/dist-packages/flask/app.py", line 1820, in full_dispatch_request
Aug 30 04:55:45.889585 dv-cinder-853910-4-smb devstack@keystone.service[81675]: ERROR keystone.server.flask.application rv = self.dispatch_request()
Aug 30 04:55:45.889585 dv-cinder-853910-4-smb devstack@keystone.service[81675]: ERROR keystone.server.flask.application
File "/usr/local/lib/python3.8/dist-packages/flask/app.py", line 1796, in dispatch_request
Aug 30 04:55:45.889585 dv-cinder-853910-4-smb devstack@keystone.service[81675]: ERROR keystone.server.flask.application return self.ensure_sync(self.view_functions[rule.endpoint])(**view_args)
Aug 30 04:55:45.889585 dv-cinder-853910-4-smb devstack@keystone.service[81675]: ERROR keystone.server.flask.application
File "/usr/local/lib/python3.8/dist-packages/flask_restful/__init__.py", line 467, in wrapper
Aug 30 04:55:45.889585 dv-cinder-853910-4-smb devstack@keystone.service[81675]: ERROR keystone.server.flask.application resp = resource(*args, **kwargs)
Aug 30 04:55:45.889585 dv-cinder-853910-4-smb devstack@keystone.service[81675]: ERROR keystone.server.flask.application
File "/usr/local/lib/python3.8/dist-packages/flask/views.py", line 107, in view
Aug 30 04:55:45.889585 dv-cinder-853910-4-smb devstack@keystone.service[81675]: ERROR keystone.server.flask.application return current_app.ensure_sync(self.dispatch_request)(**kwargs)
Aug 30 04:55:45.889585 dv-cinder-853910-4-smb devstack@keystone.service[81675]: ERROR keystone.server.flask.application
File "/usr/local/lib/python3.8/dist-packages/flask_restful/__init__.py", line 582, in dispatch_request
Aug 30 04:55:45.889585 dv-cinder-853910-4-smb devstack@keystone.service[81675]: ERROR keystone.server.flask.application resp = meth(*args, **kwargs)
Aug 30 04:55:45.889585 dv-cinder-853910-4-smb devstack@keystone.service[81675]: ERROR keystone.server.flask.application
File "/opt/stack/keystone/keystone/api/roles.py", line 50, in get
Aug 30 04:55:45.889585 dv-cinder-853910-4-smb devstack@keystone.service[81675]: ERROR keystone.server.flask.application return self._get_role(role_id)
Aug 30 04:55:45.889585 dv-cinder-853910-4-smb devstack@keystone.service[81675]: ERROR keystone.server.flask.application
File "/opt/stack/keystone/keystone/api/roles.py", line 70, in _get_role
Aug 30 04:55:45.889585 dv-cinder-853910-4-smb devstack@keystone.service[81675]: ERROR keystone.server.flask.application ENFORCER.enforce_call(action='identity:get_role')
Aug 30 04:55:45.891126 dv-cinder-853910-4-smb devstack@keystone.service[81675]: ERROR keystone.server.flask.application
File "/opt/stack/keystone/keystone/common/rbac_enforcer/enforcer.py", line 402, in enforce_call
Aug 30 04:55:45.891126 dv-cinder-853910-4-smb devstack@keystone.service[81675]: ERROR keystone.server.flask.application policy_dict.update(cls._extract_member_target_data(
Aug 30 04:55:45.891126 dv-cinder-853910-4-smb devstack@keystone.service[81675]: ERROR keystone.server.flask.application
File "/opt/stack/keystone/keystone/common/rbac_enforcer/enforcer.py", line 234, in _extract_member_target_data
Aug 30 04:55:45.891126 dv-cinder-853910-4-smb devstack@keystone.service[81675]: ERROR keystone.server.flask.application member_name: func(flask.request.view_args[key])
Aug 30 04:55:45.891126 dv-cinder-853910-4-smb devstack@keystone.service[81675]: ERROR keystone.server.flask.application
File "/opt/stack/keystone/keystone/common/manager.py", line 115, in wrapped
Aug 30 04:55:45.891126 dv-cinder-853910-4-smb devstack@keystone.service[81675]: ERROR keystone.server.flask.application __ret_val = __f(*args, **kwargs)
Aug 30 04:55:45.891126 dv-cinder-853910-4-smb devstack@keystone.service[81675]: ERROR keystone.server.flask.application
File "/usr/local/lib/python3.8/dist-packages/decorator.py", line 232, in fun
Aug 30 04:55:45.891126 dv-cinder-853910-4-smb devstack@keystone.service[81675]: ERROR keystone.server.flask.application return caller(func, *(extras + args), **kw)
Aug 30 04:55:45.891126 dv-cinder-853910-4-smb devstack@keystone.service[81675]: ERROR keystone.server.flask.application
File "/usr/local/lib/python3.8/dist-packages/dogpile/cache/region.py", line 1577, in get_or_create_for_user_func
Aug 30 04:55:45.891126 dv-cinder-853910-4-smb devstack@keystone.service[81675]: ERROR keystone.server.flask.application return self.get_or_create(
Aug 30 04:55:45.891126 dv-cinder-853910-4-smb devstack@keystone.service[81675]: ERROR keystone.server.flask.application
File "/usr/local/lib/python3.8/dist-packages/dogpile/cache/region.py", line 1042, in get_or_create
Aug 30 04:55:45.891126 dv-cinder-853910-4-smb devstack@keystone.service[81675]: ERROR keystone.server.flask.application with Lock(
Aug 30 04:55:45.891126 dv-cinder-853910-4-smb devstack@keystone.service[81675]: ERROR keystone.server.flask.application
File "/usr/local/lib/python3.8/dist-packages/dogpile/lock.py", line 185, in __enter__
Aug 30 04:55:45.891126 dv-cinder-853910-4-smb devstack@keystone.service[81675]: ERROR keystone.server.flask.application return self._enter()
Aug 30 04:55:45.891126 dv-cinder-853910-4-smb devstack@keystone.service[81675]: ERROR keystone.server.flask.application
File "/usr/local/lib/python3.8/dist-packages/dogpile/lock.py", line 94, in _enter
Aug 30 04:55:45.891126 dv-cinder-853910-4-smb devstack@keystone.service[81675]: ERROR keystone.server.flask.application generated = self._enter_create(value, createdtime)
Aug 30 04:55:45.892126 dv-cinder-853910-4-smb devstack@keystone.service[81675]: ERROR keystone.server.flask.application
File "/usr/local/lib/python3.8/dist-packages/dogpile/lock.py", line 178, in _enter_create
Aug 30 04:55:45.892126 dv-cinder-853910-4-smb devstack@keystone.service[81675]: ERROR keystone.server.flask.application return self.creator()
Aug 30 04:55:45.892126 dv-cinder-853910-4-smb devstack@keystone.service[81675]: ERROR keystone.server.flask.application
File "/usr/local/lib/python3.8/dist-packages/dogpile/cache/region.py", line 995, in gen_value
Aug 30 04:55:45.892126 dv-cinder-853910-4-smb devstack@keystone.service[81675]: ERROR keystone.server.flask.application created_value = creator(
Aug 30 04:55:45.892126 dv-cinder-853910-4-smb devstack@keystone.service[81675]: ERROR keystone.server.flask.application
File "/opt/stack/keystone/keystone/assignment/core.py", line 1276, in get_role
Aug 30 04:55:45.892126 dv-cinder-853910-4-smb devstack@keystone.service[81675]: ERROR keystone.server.flask.application return self.driver.get_role(role_id)
Aug 30 04:55:45.892126 dv-cinder-853910-4-smb devstack@keystone.service[81675]: ERROR keystone.server.flask.application
File "/opt/stack/keystone/keystone/assignment/role_backends/sql.py", line 70, in get_role
Aug 30 04:55:45.892126 dv-cinder-853910-4-smb devstack@keystone.service[81675]: ERROR keystone.server.flask.application return self._get_role(session, role_id).to_dict()
Aug 30 04:55:45.892126 dv-cinder-853910-4-smb devstack@keystone.service[81675]: ERROR keystone.server.flask.application
File "/opt/stack/keystone/keystone/assignment/role_backends/sql.py", line 65, in _get_role
Aug 30 04:55:45.892126 dv-cinder-853910-4-smb devstack@keystone.service[81675]: ERROR keystone.server.flask.application raise exception.RoleNotFound(role_id=role_id)
Aug 30 04:55:45.892126 dv-cinder-853910-4-smb devstack@keystone.service[81675]: ERROR keystone.server.flask.application keystone.exception.RoleNotFound: Could not find role: admin.
Aug 30 04:55:45.892126 dv-cinder-853910-4-smb devstack@keystone.service[81675]: ERROR keystone.server.flask.application
Aug 30 04:55:45.892126 dv-cinder-853910-4-smb devstack@keystone.service[81675]: [pid: 81675|app: 0|req: 24/51] 10.222.0.48 () {56 vars in 1096 bytes} [Tue Aug 30 04:55:45 2022] GET /identity/v3/roles/admin => generated 83 bytes in 169 msecs (HTTP/1.1 404) 5 headers in 183 bytes (1 switches on core 0)
Aug 30 04:55:45.897164 dv-cinder-853910-4-smb devstack@keystone.service[81675]: DEBUG keystone.server.flask.request_processing.middleware.auth_context [None req-8e452353-9eb0-4c82-a019-14d40fdb5d6c None admin] Authenticating user token {{(pid=81675) process_request /usr/local/lib/python3.8/dist-packages/keystonemiddleware/auth_token/__init__.py:407}}
Aug 30 04:55:45.914562 dv-cinder-853910-4-smb devstack@keystone.service[81676]: DEBUG keystone.server.flask.request_processing.middleware.auth_context [None req-56d35468-035a-480d-acca-fe316e09f206 None admin] RBAC: auth_context: {'token': , 'domain_id': None, 'trust_id': None, 'trustor_id': None, 'trustee_id': None, 'domain_name': None, 'group_ids': [], 'user_id': '4149212a50524852b6dbbdcbbc227d29', 'user_domain_id': 'default', 'system_scope': 'all', 'project_id': None, 'project_domain_id': None, 'roles': ['admin', 'member', 'reader'], 'is_admin_project': True, 'service_user_id': None, 'service_user_domain_id': None, 'service_project_id': None, 'service_project_domain_id': None, 'service_roles': []} {{(pid=81676) fill_context /opt/stack/keystone/keystone/server/flask/request_processing/middleware/auth_context.py:478}}
Aug 30 04:55:45.915211 dv-cinder-853910-4-smb devstack@keystone.service[81676]: DEBUG keystone.server.flask.request_processing.req_logging [None req-56d35468-035a-480d-acca-fe316e09f206 None admin] REQUEST_METHOD: `GET` {{(pid=81676) log_request_info /opt/stack/keystone/keystone/server/flask/request_processing/req_logging.py:27}}
Aug 30 04:55:45.915486 dv-cinder-853910-4-smb devstack@keystone.service[81676]: DEBUG keystone.server.flask.request_processing.req_logging [None req-56d35468-035a-480d-acca-fe316e09f206 None admin] SCRIPT_NAME: `/identity` {{(pid=81676) log_request_info /opt/stack/keystone/keystone/server/flask/request_processing/req_logging.py:28}}
Aug 30 04:55:45.915760 dv-cinder-853910-4-smb devstack@keystone.service[81676]: DEBUG keystone.server.flask.request_processing.req_logging [None req-56d35468-035a-480d-acca-fe316e09f206 None admin] PATH_INFO: `/v3/domains/default` {{(pid=81676) log_request_info /opt/stack/keystone/keystone/server/flask/request_processing/req_logging.py:29}}
Aug 30 04:55:45.917342 dv-cinder-853910-4-smb devstack@keystone.service[81676]: DEBUG keystone.common.rbac_enforcer.enforcer [None req-56d35468-035a-480d-acca-fe316e09f206 None admin] RBAC: Authorizing `identity:get_domain(domain_id=default)` {{(pid=81676) enforce_call /opt/stack/keystone/keystone/common/rbac_enforcer/enforcer.py:449}}
Aug 30 04:55:45.918611 dv-cinder-853910-4-smb devstack@keystone.service[81676]: DEBUG keystone.common.rbac_enforcer.enforcer [None req-56d35468-035a-480d-acca-fe316e09f206 None admin] RBAC: Authorization granted {{(pid=81676) enforce_call /opt/stack/keystone/keystone/common/rbac_enforcer/enforcer.py:457}}
Aug 30 04:55:45.920003 dv-cinder-853910-4-smb devstack@keystone.service[81676]: [pid: 81676|app: 0|req: 28/52] 10.222.0.48 () {56 vars in 1108 bytes} [Tue Aug 30 04:55:45 2022] GET /identity/v3/domains/default => generated 199 bytes in 152 msecs (HTTP/1.1 200) 5 headers in 177 bytes (2 switches on core 0)
Aug 30 04:55:45.925781 dv-cinder-853910-4-smb devstack@keystone.service[81676]: DEBUG keystone.server.flask.request_processing.middleware.auth_context [None req-56d35468-035a-480d-acca-fe316e09f206 None admin] Authenticating user token {{(pid=81676) process_request /usr/local/lib/python3.8/dist-packages/keystonemiddleware/auth_token/__init__.py:407}}
Aug 30 04:55:45.952473 dv-cinder-853910-4-smb devstack@keystone.service[81675]: DEBUG dbcounter [-] [81675] Writing DB stats keystone:SELECT=100 {{(pid=81675) stat_writer /usr/local/lib/python3.8/dist-packages/dbcounter.py:114}}
Aug 30 04:55:46.013831 dv-cinder-853910-4-smb devstack@keystone.service[81675]: DEBUG keystone.server.flask.request_processing.middleware.auth_context [None req-8e452353-9eb0-4c82-a019-14d40fdb5d6c None admin] Validating token access rules against request {{(pid=81675) validate_allowed_request /usr/local/lib/python3.8/dist-packages/keystonemiddleware/auth_token/__init__.py:545}}
Aug 30 04:55:46.041507 dv-cinder-853910-4-smb devstack@keystone.service[81676]: DEBUG keystone.server.flask.request_processing.middleware.auth_context [None req-56d35468-035a-480d-acca-fe316e09f206 None admin] Validating token access rules against request {{(pid=81676) validate_allowed_request /usr/local/lib/python3.8/dist-packages/keystonemiddleware/auth_token/__init__.py:545}}
Aug 30 04:55:46.050407 dv-cinder-853910-4-smb devstack@keystone.service[81675]: DEBUG keystone.server.flask.request_processing.middleware.auth_context [None req-c45b3a5a-1b76-4f62-b41d-37de4ae15cef None admin] RBAC: auth_context: {'token': , 'domain_id': None, 'trust_id': None, 'trustor_id': None, 'trustee_id': None, 'domain_name': None, 'group_ids': [], 'user_id': '4149212a50524852b6dbbdcbbc227d29', 'user_domain_id': 'default', 'system_scope': 'all', 'project_id': None, 'project_domain_id': None, 'roles': ['admin', 'member', 'reader'], 'is_admin_project': True, 'service_user_id': None, 'service_user_domain_id': None, 'service_project_id': None, 'service_project_domain_id': None, 'service_roles': []} {{(pid=81675) fill_context /opt/stack/keystone/keystone/server/flask/request_processing/middleware/auth_context.py:478}}
Aug 30 04:55:46.051027 dv-cinder-853910-4-smb devstack@keystone.service[81675]: DEBUG keystone.server.flask.request_processing.req_logging [None req-c45b3a5a-1b76-4f62-b41d-37de4ae15cef None admin] REQUEST_METHOD: `GET` {{(pid=81675) log_request_info /opt/stack/keystone/keystone/server/flask/request_processing/req_logging.py:27}}
Aug 30 04:55:46.051301 dv-cinder-853910-4-smb devstack@keystone.service[81675]: DEBUG keystone.server.flask.request_processing.req_logging [None req-c45b3a5a-1b76-4f62-b41d-37de4ae15cef None admin] SCRIPT_NAME: `/identity` {{(pid=81675) log_request_info /opt/stack/keystone/keystone/server/flask/request_processing/req_logging.py:28}}
Aug 30 04:55:46.051572 dv-cinder-853910-4-smb devstack@keystone.service[81675]: DEBUG keystone.server.flask.request_processing.req_logging [None req-c45b3a5a-1b76-4f62-b41d-37de4ae15cef None admin] PATH_INFO: `/v3/roles` {{(pid=81675) log_request_info /opt/stack/keystone/keystone/server/flask/request_processing/req_logging.py:29}}
Aug 30 04:55:46.052269 dv-cinder-853910-4-smb devstack@keystone.service[81675]: DEBUG keystone.common.rbac_enforcer.enforcer [None req-c45b3a5a-1b76-4f62-b41d-37de4ae15cef None admin] RBAC: Adding query filter params (name=admin) {{(pid=81675) _extract_filter_values /opt/stack/keystone/keystone/common/rbac_enforcer/enforcer.py:167}}
Aug 30 04:55:46.052573 dv-cinder-853910-4-smb devstack@keystone.service[81675]: DEBUG keystone.common.rbac_enforcer.enforcer [None req-c45b3a5a-1b76-4f62-b41d-37de4ae15cef None admin] RBAC: Authorizing `identity:list_roles()` {{(pid=81675) enforce_call /opt/stack/keystone/keystone/common/rbac_enforcer/enforcer.py:449}}
Aug 30 04:55:46.053967 dv-cinder-853910-4-smb devstack@keystone.service[81675]: DEBUG keystone.common.rbac_enforcer.enforcer [None req-c45b3a5a-1b76-4f62-b41d-37de4ae15cef None admin] RBAC: Authorization granted {{(pid=81675) enforce_call /opt/stack/keystone/keystone/common/rbac_enforcer/enforcer.py:457}}
Aug 30 04:55:46.063000 dv-cinder-853910-4-smb devstack@keystone.service[81675]: [pid: 81675|app: 0|req: 25/53] 10.222.0.48 () {56 vars in 1099 bytes} [Tue Aug 30 04:55:45 2022] GET /identity/v3/roles?name=admin => generated 339 bytes in 166 msecs (HTTP/1.1 200) 5 headers in 177 bytes (2 switches on core 0)
Aug 30 04:55:46.068624 dv-cinder-853910-4-smb devstack@keystone.service[81675]: DEBUG keystone.server.flask.request_processing.middleware.auth_context [None req-c45b3a5a-1b76-4f62-b41d-37de4ae15cef None admin] Authenticating user token {{(pid=81675) process_request /usr/local/lib/python3.8/dist-packages/keystonemiddleware/auth_token/__init__.py:407}}
Aug 30 04:55:46.081670 dv-cinder-853910-4-smb devstack@keystone.service[81676]: DEBUG keystone.server.flask.request_processing.middleware.auth_context [None req-de4d55a8-b803-4c19-abdd-5cf9bcf27e07 None admin] RBAC: auth_context: {'token': , 'domain_id': None, 'trust_id': None, 'trustor_id': None, 'trustee_id': None, 'domain_name': None, 'group_ids': [], 'user_id': '4149212a50524852b6dbbdcbbc227d29', 'user_domain_id': 'default', 'system_scope': 'all', 'project_id': None, 'project_domain_id': None, 'roles': ['admin', 'member', 'reader'], 'is_admin_project': True, 'service_user_id': None, 'service_user_domain_id': None, 'service_project_id': None, 'service_project_domain_id': None, 'service_roles': []} {{(pid=81676) fill_context /opt/stack/keystone/keystone/server/flask/request_processing/middleware/auth_context.py:478}}
Aug 30 04:55:46.082281 dv-cinder-853910-4-smb devstack@keystone.service[81676]: DEBUG keystone.server.flask.request_processing.req_logging [None req-de4d55a8-b803-4c19-abdd-5cf9bcf27e07 None admin] REQUEST_METHOD: `POST` {{(pid=81676) log_request_info /opt/stack/keystone/keystone/server/flask/request_processing/req_logging.py:27}}
Aug 30 04:55:46.082560 dv-cinder-853910-4-smb devstack@keystone.service[81676]: DEBUG keystone.server.flask.request_processing.req_logging [None req-de4d55a8-b803-4c19-abdd-5cf9bcf27e07 None admin] SCRIPT_NAME: `/identity` {{(pid=81676) log_request_info /opt/stack/keystone/keystone/server/flask/request_processing/req_logging.py:28}}
Aug 30 04:55:46.082830 dv-cinder-853910-4-smb devstack@keystone.service[81676]: DEBUG keystone.server.flask.request_processing.req_logging [None req-de4d55a8-b803-4c19-abdd-5cf9bcf27e07 None admin] PATH_INFO: `/v3/projects` {{(pid=81676) log_request_info /opt/stack/keystone/keystone/server/flask/request_processing/req_logging.py:29}}
Aug 30 04:55:46.083479 dv-cinder-853910-4-smb devstack@keystone.service[81676]: DEBUG keystone.common.rbac_enforcer.enforcer [None req-de4d55a8-b803-4c19-abdd-5cf9bcf27e07 None admin] RBAC: Authorizing `identity:create_project()` {{(pid=81676) enforce_call /opt/stack/keystone/keystone/common/rbac_enforcer/enforcer.py:449}}
Aug 30 04:55:46.084981 dv-cinder-853910-4-smb devstack@keystone.service[81676]: DEBUG keystone.common.rbac_enforcer.enforcer [None req-de4d55a8-b803-4c19-abdd-5cf9bcf27e07 None admin] RBAC: Authorization granted {{(pid=81676) enforce_call /opt/stack/keystone/keystone/common/rbac_enforcer/enforcer.py:457}}
Aug 30 04:55:46.117204 dv-cinder-853910-4-smb devstack@keystone.service[81676]: [pid: 81676|app: 0|req: 29/54] 10.222.0.48 () {60 vars in 1140 bytes} [Tue Aug 30 04:55:45 2022] POST /identity/v3/projects => generated 298 bytes in 192 msecs (HTTP/1.1 201) 5 headers in 182 bytes (2 switches on core 0)
Aug 30 04:55:46.188641 dv-cinder-853910-4-smb devstack@keystone.service[81675]: DEBUG keystone.server.flask.request_processing.middleware.auth_context [None req-c45b3a5a-1b76-4f62-b41d-37de4ae15cef None admin] Validating token access rules against request {{(pid=81675) validate_allowed_request /usr/local/lib/python3.8/dist-packages/keystonemiddleware/auth_token/__init__.py:545}}
Aug 30 04:55:46.196582 dv-cinder-853910-4-smb devstack@keystone.service[81675]: DEBUG dbcounter [-] [81675] Writing DB stats keystone:SELECT=100 {{(pid=81675) stat_writer /usr/local/lib/python3.8/dist-packages/dbcounter.py:114}}
Aug 30 04:55:46.236101 dv-cinder-853910-4-smb devstack@keystone.service[81675]: DEBUG keystone.server.flask.request_processing.middleware.auth_context [None req-556c9a52-6d3f-45e3-b610-59cf2da261ff None admin] RBAC: auth_context: {'token': , 'domain_id': None, 'trust_id': None, 'trustor_id': None, 'trustee_id': None, 'domain_name': None, 'group_ids': [], 'user_id': '4149212a50524852b6dbbdcbbc227d29', 'user_domain_id': 'default', 'system_scope': 'all', 'project_id': None, 'project_domain_id': None, 'roles': ['admin', 'member', 'reader'], 'is_admin_project': True, 'service_user_id': None, 'service_user_domain_id': None, 'service_project_id': None, 'service_project_domain_id': None, 'service_roles': []} {{(pid=81675) fill_context /opt/stack/keystone/keystone/server/flask/request_processing/middleware/auth_context.py:478}}
Aug 30 04:55:46.236758 dv-cinder-853910-4-smb devstack@keystone.service[81675]: DEBUG keystone.server.flask.request_processing.req_logging [None req-556c9a52-6d3f-45e3-b610-59cf2da261ff None admin] REQUEST_METHOD: `GET` {{(pid=81675) log_request_info /opt/stack/keystone/keystone/server/flask/request_processing/req_logging.py:27}}
Aug 30 04:55:46.237036 dv-cinder-853910-4-smb devstack@keystone.service[81675]: DEBUG keystone.server.flask.request_processing.req_logging [None req-556c9a52-6d3f-45e3-b610-59cf2da261ff None admin] SCRIPT_NAME: `/identity` {{(pid=81675) log_request_info /opt/stack/keystone/keystone/server/flask/request_processing/req_logging.py:28}}
Aug 30 04:55:46.237305 dv-cinder-853910-4-smb devstack@keystone.service[81675]: DEBUG keystone.server.flask.request_processing.req_logging [None req-556c9a52-6d3f-45e3-b610-59cf2da261ff None admin] PATH_INFO: `/v3/users/4149212a50524852b6dbbdcbbc227d29` {{(pid=81675) log_request_info /opt/stack/keystone/keystone/server/flask/request_processing/req_logging.py:29}}
Aug 30 04:55:46.238597 dv-cinder-853910-4-smb devstack@keystone.service[81675]: DEBUG keystone.common.rbac_enforcer.enforcer [None req-556c9a52-6d3f-45e3-b610-59cf2da261ff None admin] RBAC: Authorizing `identity:get_user(user_id=4149212a50524852b6dbbdcbbc227d29)` {{(pid=81675) enforce_call /opt/stack/keystone/keystone/common/rbac_enforcer/enforcer.py:449}}
Aug 30 04:55:46.240063 dv-cinder-853910-4-smb devstack@keystone.service[81675]: DEBUG keystone.common.rbac_enforcer.enforcer [None req-556c9a52-6d3f-45e3-b610-59cf2da261ff None admin] RBAC: Authorization granted {{(pid=81675) enforce_call /opt/stack/keystone/keystone/common/rbac_enforcer/enforcer.py:457}}
Aug 30 04:55:46.241703 dv-cinder-853910-4-smb devstack@keystone.service[81675]: [pid: 81675|app: 0|req: 26/55] 10.222.0.48 () {56 vars in 1177 bytes} [Tue Aug 30 04:55:46 2022] GET /identity/v3/users/4149212a50524852b6dbbdcbbc227d29 => generated 247 bytes in 173 msecs (HTTP/1.1 200) 5 headers in 177 bytes (1 switches on core 0)
