Aug 24 18:11:03.083971 dv-cinder-853788-3-smb neutron-server[104045]: DEBUG neutron.pecan_wsgi.hooks.policy_enforcement [req-bc5760d1-7b90-44be-af19-972563b6d402 req-1d57ff47-0d47-4a35-88cc-31c950a7921a service neutron] Attributes excluded by policy engine: ['standard_attr_id'] {{(pid=104045) _exclude_attributes_by_policy /opt/stack/neutron/neutron/pecan_wsgi/hooks/policy_enforcement.py:259}}
Aug 24 18:11:03.085999 dv-cinder-853788-3-smb neutron-server[104045]: INFO neutron.wsgi [req-bc5760d1-7b90-44be-af19-972563b6d402 req-1d57ff47-0d47-4a35-88cc-31c950a7921a service neutron] 10.222.0.60 "GET /v2.0/ports?network_id=0cefd5eb-6f52-4777-9415-5d74dce76847&device_owner=network%3Adhcp HTTP/1.1" status: 200 len: 1210 time: 0.0830803
Aug 24 18:11:03.109948 dv-cinder-853788-3-smb neutron-server[104044]: INFO neutron.wsgi [req-7455c986-ee61-4a7d-8e7c-cdae181aa091 req-3ad7e4bd-07c1-4ff0-b71e-ef049e49a7ae tempest-AttachVolumeNegativeTest-1914824594 tempest-AttachVolumeNegativeTest-1914824594-project] 10.222.0.64 "GET /v2.0/security-groups?id=e0f5cdc2-41a8-4cf8-9efe-09670e22e990&fields=id&fields=name HTTP/1.1" status: 200 len: 313 time: 0.1955867
Aug 24 18:11:03.178684 dv-cinder-853788-3-smb neutron-server[104044]: INFO neutron.wsgi [req-25bc1093-91f7-4f83-8e22-21a79dd3462a req-a04883db-6336-429f-8a5d-541cd43ab68b tempest-DeleteServersTestJSON-92536476 tempest-DeleteServersTestJSON-92536476-project] 10.222.0.64 "GET /v2.0/security-groups?id=b4f48820-db0e-4dc8-835a-0bf6ac923611&fields=id&fields=name HTTP/1.1" status: 200 len: 286 time: 0.1050875
Aug 24 18:11:03.225166 dv-cinder-853788-3-smb neutron-server[104045]: INFO neutron.wsgi [req-bc5760d1-7b90-44be-af19-972563b6d402 req-ceb95fe5-7bb9-40f1-b26b-4495e4880fd0 service neutron] 10.222.0.60 "GET /v2.0/networks/0cefd5eb-6f52-4777-9415-5d74dce76847?fields=segments HTTP/1.1" status: 200 len: 212 time: 0.1249425
Aug 24 18:11:03.314312 dv-cinder-853788-3-smb neutron-server[104044]: DEBUG neutron.pecan_wsgi.hooks.policy_enforcement [req-5d4a8eee-c9d8-4e51-9d38-05155efee501 req-c5463db4-ab4c-4fb3-9318-6192748550de tempest-AttachVolumeTestJSON-1098631588 tempest-AttachVolumeTestJSON-1098631588-project] Attributes excluded by policy engine: ['standard_attr_id', 'binding:profile', 'binding:host_id', 'binding:vif_type', 'binding:vif_details'] {{(pid=104044) _exclude_attributes_by_policy /opt/stack/neutron/neutron/pecan_wsgi/hooks/policy_enforcement.py:259}}
Aug 24 18:11:03.319383 dv-cinder-853788-3-smb neutron-server[104044]: INFO neutron.wsgi [req-5d4a8eee-c9d8-4e51-9d38-05155efee501 req-c5463db4-ab4c-4fb3-9318-6192748550de tempest-AttachVolumeTestJSON-1098631588 tempest-AttachVolumeTestJSON-1098631588-project] 10.222.0.64 "GET /v2.0/ports?device_id=12db9a12-12ee-4390-999d-08da8f60edea HTTP/1.1" status: 200 len: 944 time: 0.1004899
Aug 24 18:11:03.352121 dv-cinder-853788-3-smb neutron-server[104045]: INFO neutron.wsgi [req-bc5760d1-7b90-44be-af19-972563b6d402 req-b6762a75-aba1-44e1-a0b2-60a990197ea9 service neutron] 10.222.0.60 "GET /v2.0/networks/0cefd5eb-6f52-4777-9415-5d74dce76847?fields=provider%3Aphysical_network&fields=provider%3Anetwork_type HTTP/1.1" status: 200 len: 281 time: 0.1121333
Aug 24 18:11:03.407832 dv-cinder-853788-3-smb neutron-server[104044]: INFO neutron.wsgi [req-5d4a8eee-c9d8-4e51-9d38-05155efee501 req-a7d9278c-0e0f-4912-a379-314b78f7afbe tempest-AttachVolumeTestJSON-1098631588 tempest-AttachVolumeTestJSON-1098631588-project] 10.222.0.64 "GET /v2.0/security-groups?id=4627ac12-7c14-42c4-9d50-013f5a912ec9&fields=id&fields=name HTTP/1.1" status: 200 len: 311 time: 0.0829928
Aug 24 18:11:03.488388 dv-cinder-853788-3-smb neutron-server[104045]: DEBUG neutron.pecan_wsgi.hooks.policy_enforcement [req-057ab428-5420-4716-a306-4a27d0b771f1 req-d909a4e1-8b9e-49fe-896e-f0dc0f60f537 service neutron] Attributes excluded by policy engine: ['standard_attr_id'] {{(pid=104045) _exclude_attributes_by_policy /opt/stack/neutron/neutron/pecan_wsgi/hooks/policy_enforcement.py:259}}
Aug 24 18:11:03.488388 dv-cinder-853788-3-smb neutron-server[104045]: INFO neutron.wsgi [req-057ab428-5420-4716-a306-4a27d0b771f1 req-d909a4e1-8b9e-49fe-896e-f0dc0f60f537 service neutron] 10.222.0.60 "GET /v2.0/ports?tenant_id=0c735b8839a24cad8f658f9ecb981dc8&device_id=dfb8d1f8-2e20-4b08-99cf-1d633f5fe2f5 HTTP/1.1" status: 200 len: 1128 time: 0.0550942
Aug 24 18:11:03.599151 dv-cinder-853788-3-smb neutron-server[104045]: DEBUG neutron.pecan_wsgi.hooks.policy_enforcement [req-057ab428-5420-4716-a306-4a27d0b771f1 req-f521adb7-10e9-42e9-904e-156689ba4201 service neutron] Attributes excluded by policy engine: ['standard_attr_id', 'vlan_transparent'] {{(pid=104045) _exclude_attributes_by_policy /opt/stack/neutron/neutron/pecan_wsgi/hooks/policy_enforcement.py:259}}
Aug 24 18:11:03.600621 dv-cinder-853788-3-smb neutron-server[104045]: INFO neutron.wsgi [req-057ab428-5420-4716-a306-4a27d0b771f1 req-f521adb7-10e9-42e9-904e-156689ba4201 service neutron] 10.222.0.60 "GET /v2.0/networks?id=0cefd5eb-6f52-4777-9415-5d74dce76847 HTTP/1.1" status: 200 len: 915 time: 0.1089368
Aug 24 18:11:03.642773 dv-cinder-853788-3-smb neutron-server[104045]: INFO neutron.wsgi [req-057ab428-5420-4716-a306-4a27d0b771f1 req-209a8f65-8d8b-41b5-824c-ccdc995044b4 service neutron] 10.222.0.60 "GET /v2.0/floatingips?fixed_ip_address=172.20.0.12&port_id=aa8bedc4-2789-46f1-989f-300f81790a9b HTTP/1.1" status: 200 len: 217 time: 0.0350168
Aug 24 18:11:03.672421 dv-cinder-853788-3-smb neutron-server[104044]: DEBUG neutron.pecan_wsgi.hooks.policy_enforcement [req-92be2bac-aa50-4560-961b-84e6b96d2a87 req-ed7dcc23-5576-4521-83d5-638d30de99a4 tempest-AttachVolumeShelveTestJSON-982896592 tempest-AttachVolumeShelveTestJSON-982896592-project] Attributes excluded by policy engine: ['standard_attr_id', 'binding:profile', 'binding:host_id', 'binding:vif_type', 'binding:vif_details'] {{(pid=104044) _exclude_attributes_by_policy /opt/stack/neutron/neutron/pecan_wsgi/hooks/policy_enforcement.py:259}}
Aug 24 18:11:03.673917 dv-cinder-853788-3-smb neutron-server[104044]: INFO neutron.wsgi [req-92be2bac-aa50-4560-961b-84e6b96d2a87 req-ed7dcc23-5576-4521-83d5-638d30de99a4 tempest-AttachVolumeShelveTestJSON-982896592 tempest-AttachVolumeShelveTestJSON-982896592-project] 10.222.0.64 "GET /v2.0/ports?device_id=8e59afa5-7245-41dc-a1fe-776e5acf5db9 HTTP/1.1" status: 200 len: 945 time: 0.0657375
Aug 24 18:11:03.698322 dv-cinder-853788-3-smb neutron-server[104045]: DEBUG neutron.pecan_wsgi.hooks.policy_enforcement [req-057ab428-5420-4716-a306-4a27d0b771f1 req-c14ad32d-29ed-4a96-8f91-342eaa2fa1e6 service neutron] Attributes excluded by policy engine: ['standard_attr_id', 'shared', 'segment_id'] {{(pid=104045) _exclude_attributes_by_policy /opt/stack/neutron/neutron/pecan_wsgi/hooks/policy_enforcement.py:259}}
Aug 24 18:11:03.699800 dv-cinder-853788-3-smb neutron-server[104045]: INFO neutron.wsgi [req-057ab428-5420-4716-a306-4a27d0b771f1 req-c14ad32d-29ed-4a96-8f91-342eaa2fa1e6 service neutron] 10.222.0.60 "GET /v2.0/subnets?id=f29567a9-d03f-4753-bc74-631fcc50d06f HTTP/1.1" status: 200 len: 853 time: 0.0511734
Aug 24 18:11:03.732388 dv-cinder-853788-3-smb neutron-server[104044]: INFO neutron.wsgi [req-92be2bac-aa50-4560-961b-84e6b96d2a87 req-4e72fe6d-71ff-4774-a415-fc83d702bb07 tempest-AttachVolumeShelveTestJSON-982896592 tempest-AttachVolumeShelveTestJSON-982896592-project] 10.222.0.64 "GET /v2.0/security-groups?id=51ecba9d-fad6-4cd6-a4c2-a2c5c7e5c789&fields=id&fields=name HTTP/1.1" status: 200 len: 313 time: 0.0509789
Aug 24 18:11:03.783575 dv-cinder-853788-3-smb neutron-server[104045]: DEBUG neutron.pecan_wsgi.hooks.policy_enforcement [req-057ab428-5420-4716-a306-4a27d0b771f1 req-442e6d73-a4eb-4be7-a0d7-837741b12b19 service neutron] Attributes excluded by policy engine: ['standard_attr_id'] {{(pid=104045) _exclude_attributes_by_policy /opt/stack/neutron/neutron/pecan_wsgi/hooks/policy_enforcement.py:259}}
Aug 24 18:11:03.785244 dv-cinder-853788-3-smb neutron-server[104045]: INFO neutron.wsgi [req-057ab428-5420-4716-a306-4a27d0b771f1 req-442e6d73-a4eb-4be7-a0d7-837741b12b19 service neutron] 10.222.0.60 "GET /v2.0/ports?network_id=0cefd5eb-6f52-4777-9415-5d74dce76847&device_owner=network%3Adhcp HTTP/1.1" status: 200 len: 1210 time: 0.0783455
Aug 24 18:11:03.901178 dv-cinder-853788-3-smb neutron-server[104045]: INFO neutron.wsgi [req-057ab428-5420-4716-a306-4a27d0b771f1 req-8ba49d94-4ddf-4708-8d06-d0132335e1f2 service neutron] 10.222.0.60 "GET /v2.0/networks/0cefd5eb-6f52-4777-9415-5d74dce76847?fields=segments HTTP/1.1" status: 200 len: 212 time: 0.1068633
Aug 24 18:11:04.035441 dv-cinder-853788-3-smb neutron-server[104045]: INFO neutron.wsgi [req-057ab428-5420-4716-a306-4a27d0b771f1 req-827a5dbb-a9a9-48fd-8333-5c15f6fbb14c service neutron] 10.222.0.60 "GET /v2.0/networks/0cefd5eb-6f52-4777-9415-5d74dce76847?fields=provider%3Aphysical_network&fields=provider%3Anetwork_type HTTP/1.1" status: 200 len: 281 time: 0.1276267
Aug 24 18:11:04.307256 dv-cinder-853788-3-smb neutron-server[104044]: DEBUG neutron.pecan_wsgi.hooks.policy_enforcement [req-f433a318-f8cc-4f2d-bf88-2385424996b7 req-8d03d118-7652-4b1e-8d99-ff77ba221624 tempest-AttachVolumeNegativeTest-1914824594 tempest-AttachVolumeNegativeTest-1914824594-project] Attributes excluded by policy engine: ['standard_attr_id', 'binding:profile', 'binding:host_id', 'binding:vif_type', 'binding:vif_details'] {{(pid=104044) _exclude_attributes_by_policy /opt/stack/neutron/neutron/pecan_wsgi/hooks/policy_enforcement.py:259}}
Aug 24 18:11:04.308879 dv-cinder-853788-3-smb neutron-server[104044]: INFO neutron.wsgi [req-f433a318-f8cc-4f2d-bf88-2385424996b7 req-8d03d118-7652-4b1e-8d99-ff77ba221624 tempest-AttachVolumeNegativeTest-1914824594 tempest-AttachVolumeNegativeTest-1914824594-project] 10.222.0.64 "GET /v2.0/ports?device_id=dfb8d1f8-2e20-4b08-99cf-1d633f5fe2f5 HTTP/1.1" status: 200 len: 944 time: 0.0961835
Aug 24 18:11:04.347240 dv-cinder-853788-3-smb neutron-server[104044]: DEBUG neutron.pecan_wsgi.hooks.policy_enforcement [req-93746bcd-167c-4ee9-a63f-6e61d4376ffd req-750cea76-e9b0-4a92-b68d-ea239a29edd3 tempest-DeleteServersTestJSON-92536476 tempest-DeleteServersTestJSON-92536476-project] Attributes excluded by policy engine: ['standard_attr_id', 'binding:profile', 'binding:host_id', 'binding:vif_type', 'binding:vif_details'] {{(pid=104044) _exclude_attributes_by_policy /opt/stack/neutron/neutron/pecan_wsgi/hooks/policy_enforcement.py:259}}
Aug 24 18:11:04.349823 dv-cinder-853788-3-smb neutron-server[104044]: INFO neutron.wsgi [req-93746bcd-167c-4ee9-a63f-6e61d4376ffd req-750cea76-e9b0-4a92-b68d-ea239a29edd3 tempest-DeleteServersTestJSON-92536476 tempest-DeleteServersTestJSON-92536476-project] 10.222.0.64 "GET /v2.0/ports?device_id=619ab8d2-3fe8-43e2-b997-11c6d8e24e78 HTTP/1.1" status: 200 len: 945 time: 0.0906587
Aug 24 18:11:04.396545 dv-cinder-853788-3-smb neutron-server[104044]: INFO neutron.wsgi [req-f433a318-f8cc-4f2d-bf88-2385424996b7 req-782448aa-3964-400e-bc81-9944c22b2972 tempest-AttachVolumeNegativeTest-1914824594 tempest-AttachVolumeNegativeTest-1914824594-project] 10.222.0.64 "GET /v2.0/security-groups?id=e0f5cdc2-41a8-4cf8-9efe-09670e22e990&fields=id&fields=name HTTP/1.1" status: 200 len: 313 time: 0.0797436
Aug 24 18:11:04.402176 dv-cinder-853788-3-smb neutron-server[104045]: DEBUG neutron.wsgi [-] (104045) accepted ('10.222.0.64', 36972) {{(pid=104045) server /usr/local/lib/python3.8/dist-packages/eventlet/wsgi.py:1004}}
Aug 24 18:11:04.427941 dv-cinder-853788-3-smb neutron-server[104044]: INFO neutron.wsgi [req-93746bcd-167c-4ee9-a63f-6e61d4376ffd req-832800ce-4e88-4876-9fe5-4967450033d4 tempest-DeleteServersTestJSON-92536476 tempest-DeleteServersTestJSON-92536476-project] 10.222.0.64 "GET /v2.0/security-groups?id=b4f48820-db0e-4dc8-835a-0bf6ac923611&fields=id&fields=name HTTP/1.1" status: 200 len: 286 time: 0.0713165
Aug 24 18:11:04.446940 dv-cinder-853788-3-smb neutron-server[104045]: DEBUG neutron.wsgi [-] (104045) accepted ('10.222.0.64', 36978) {{(pid=104045) server /usr/local/lib/python3.8/dist-packages/eventlet/wsgi.py:1004}}
Aug 24 18:11:04.565318 dv-cinder-853788-3-smb neutron-server[104045]: DEBUG neutron_lib.callbacks.manager [None req-9cf86933-50ff-4cc8-8372-3962a270c4e5 admin admin] Publish callbacks [] for security_group (None), before_create {{(pid=104045) _notify_loop /usr/local/lib/python3.8/dist-packages/neutron_lib/callbacks/manager.py:176}}
Aug 24 18:11:04.571243 dv-cinder-853788-3-smb neutron-server[104044]: DEBUG neutron.pecan_wsgi.hooks.policy_enforcement [req-cf62ddcd-c342-4a03-8b99-d6dc3d7ca5b4 req-667836a7-5b1e-4def-97e3-d10019b576bd tempest-AttachVolumeTestJSON-1098631588 tempest-AttachVolumeTestJSON-1098631588-project] Attributes excluded by policy engine: ['standard_attr_id', 'binding:profile', 'binding:host_id', 'binding:vif_type', 'binding:vif_details'] {{(pid=104044) _exclude_attributes_by_policy /opt/stack/neutron/neutron/pecan_wsgi/hooks/policy_enforcement.py:259}}
Aug 24 18:11:04.572784 dv-cinder-853788-3-smb neutron-server[104044]: INFO neutron.wsgi [req-cf62ddcd-c342-4a03-8b99-d6dc3d7ca5b4 req-667836a7-5b1e-4def-97e3-d10019b576bd tempest-AttachVolumeTestJSON-1098631588 tempest-AttachVolumeTestJSON-1098631588-project] 10.222.0.64 "GET /v2.0/ports?device_id=12db9a12-12ee-4390-999d-08da8f60edea HTTP/1.1" status: 200 len: 944 time: 0.0713611
Aug 24 18:11:04.629473 dv-cinder-853788-3-smb neutron-server[104044]: INFO neutron.wsgi [req-cf62ddcd-c342-4a03-8b99-d6dc3d7ca5b4 req-4b6c51d9-effe-4e8f-b754-4c9a31d6bbb2 tempest-AttachVolumeTestJSON-1098631588 tempest-AttachVolumeTestJSON-1098631588-project] 10.222.0.64 "GET /v2.0/security-groups?id=4627ac12-7c14-42c4-9d50-013f5a912ec9&fields=id&fields=name HTTP/1.1" status: 200 len: 311 time: 0.0471506
Aug 24 18:11:04.637620 dv-cinder-853788-3-smb neutron-server[104045]: DEBUG neutron_lib.callbacks.manager [None req-e4a4e9c5-9dab-4bae-93b0-617db944cf65 admin admin] Publish callbacks [] for security_group (None), before_create {{(pid=104045) _notify_loop /usr/local/lib/python3.8/dist-packages/neutron_lib/callbacks/manager.py:176}}
Aug 24 18:11:04.690039 dv-cinder-853788-3-smb neutron-server[104045]: DEBUG neutron_lib.callbacks.manager [None req-9cf86933-50ff-4cc8-8372-3962a270c4e5 admin admin] Publish callbacks [] for security_group (26136505-a1d3-43aa-b916-b62d8d654bad), precommit_create {{(pid=104045) _notify_loop /usr/local/lib/python3.8/dist-packages/neutron_lib/callbacks/manager.py:176}}
Aug 24 18:11:04.698938 dv-cinder-853788-3-smb neutron-server[104045]: DEBUG neutron_lib.callbacks.manager [None req-9cf86933-50ff-4cc8-8372-3962a270c4e5 admin admin] Publish callbacks ['neutron.plugins.ml2.ovo_rpc._ObjectChangeHandler.handle_event-7908596'] for security_group (26136505-a1d3-43aa-b916-b62d8d654bad), after_create {{(pid=104045) _notify_loop /usr/local/lib/python3.8/dist-packages/neutron_lib/callbacks/manager.py:176}}
Aug 24 18:11:04.752707 dv-cinder-853788-3-smb neutron-server[104045]: INFO neutron.wsgi [None req-9cf86933-50ff-4cc8-8372-3962a270c4e5 admin admin] 10.222.0.64 "GET /v2.0/security-groups?tenant_id=8eec17d4d73349c38292fb6c1914fb07&name=default HTTP/1.1" status: 200 len: 2996 time: 0.3466842
Aug 24 18:11:04.753509 dv-cinder-853788-3-smb neutron-server[104044]: DEBUG neutron.wsgi [-] (104044) accepted ('10.222.0.64', 36988) {{(pid=104044) server /usr/local/lib/python3.8/dist-packages/eventlet/wsgi.py:1004}}
Aug 24 18:11:04.753986 dv-cinder-853788-3-smb neutron-server[104045]: DEBUG neutron.api.rpc.handlers.resources_rpc [None req-9cf86933-50ff-4cc8-8372-3962a270c4e5 admin admin] Pushing event updated for resources: {'SecurityGroup': ['ID=26136505-a1d3-43aa-b916-b62d8d654bad,revision_number=1']} {{(pid=104045) push /opt/stack/neutron/neutron/api/rpc/handlers/resources_rpc.py:237}}
Aug 24 18:11:04.787704 dv-cinder-853788-3-smb neutron-server[104045]: DEBUG neutron_lib.callbacks.manager [None req-e4a4e9c5-9dab-4bae-93b0-617db944cf65 admin admin] Publish callbacks [] for security_group (40a8046f-700b-4caf-9bf3-433d8674420e), precommit_create {{(pid=104045) _notify_loop /usr/local/lib/python3.8/dist-packages/neutron_lib/callbacks/manager.py:176}}
Aug 24 18:11:04.797552 dv-cinder-853788-3-smb neutron-server[104045]: DEBUG neutron_lib.callbacks.manager [None req-e4a4e9c5-9dab-4bae-93b0-617db944cf65 admin admin] Publish callbacks ['neutron.plugins.ml2.ovo_rpc._ObjectChangeHandler.handle_event-7908596'] for security_group (40a8046f-700b-4caf-9bf3-433d8674420e), after_create {{(pid=104045) _notify_loop /usr/local/lib/python3.8/dist-packages/neutron_lib/callbacks/manager.py:176}}
Aug 24 18:11:04.814493 dv-cinder-853788-3-smb neutron-server[104044]: DEBUG neutron_lib.callbacks.manager [None req-baeeb138-d178-49f4-9819-6df705527574 admin admin] Publish callbacks [] for security_group (26136505-a1d3-43aa-b916-b62d8d654bad), before_delete {{(pid=104044) _notify_loop /usr/local/lib/python3.8/dist-packages/neutron_lib/callbacks/manager.py:176}}
Aug 24 18:11:04.834568 dv-cinder-853788-3-smb neutron-server[104045]: INFO neutron.wsgi [None req-e4a4e9c5-9dab-4bae-93b0-617db944cf65 admin admin] 10.222.0.64 "GET /v2.0/security-groups?tenant_id=969b8fcdad34419c871b6056a4635bb8&name=default HTTP/1.1" status: 200 len: 2996 time: 0.3865545
Aug 24 18:11:04.837161 dv-cinder-853788-3-smb neutron-server[104044]: DEBUG neutron.wsgi [-] (104044) accepted ('10.222.0.64', 36994) {{(pid=104044) server /usr/local/lib/python3.8/dist-packages/eventlet/wsgi.py:1004}}
Aug 24 18:11:04.851739 dv-cinder-853788-3-smb neutron-server[104045]: DEBUG neutron.api.rpc.handlers.resources_rpc [None req-e4a4e9c5-9dab-4bae-93b0-617db944cf65 admin admin] Pushing event updated for resources: {'SecurityGroup': ['ID=40a8046f-700b-4caf-9bf3-433d8674420e,revision_number=1']} {{(pid=104045) push /opt/stack/neutron/neutron/api/rpc/handlers/resources_rpc.py:237}}
Aug 24 18:11:04.869279 dv-cinder-853788-3-smb neutron-server[104044]: DEBUG neutron_lib.callbacks.manager [None req-baeeb138-d178-49f4-9819-6df705527574 admin admin] Publish callbacks [] for security_group (26136505-a1d3-43aa-b916-b62d8d654bad), precommit_delete {{(pid=104044) _notify_loop /usr/local/lib/python3.8/dist-packages/neutron_lib/callbacks/manager.py:176}}
Aug 24 18:11:04.967383 dv-cinder-853788-3-smb neutron-server[104044]: DEBUG neutron_lib.callbacks.manager [None req-68edb6a2-ec5e-442c-9bd4-c4478b1dfcda admin admin] Publish callbacks [] for security_group (40a8046f-700b-4caf-9bf3-433d8674420e), before_delete {{(pid=104044) _notify_loop /usr/local/lib/python3.8/dist-packages/neutron_lib/callbacks/manager.py:176}}
Aug 24 18:11:04.976410 dv-cinder-853788-3-smb neutron-server[104044]: DEBUG neutron.pecan_wsgi.hooks.policy_enforcement [req-d71e2503-3de4-4c18-b3cf-fbfad2db5575 req-59eb43d5-c453-4e95-bada-2b127382ae45 tempest-AttachVolumeShelveTestJSON-982896592 tempest-AttachVolumeShelveTestJSON-982896592-project] Attributes excluded by policy engine: ['standard_attr_id', 'binding:profile', 'binding:host_id', 'binding:vif_type', 'binding:vif_details'] {{(pid=104044) _exclude_attributes_by_policy /opt/stack/neutron/neutron/pecan_wsgi/hooks/policy_enforcement.py:259}}
Aug 24 18:11:04.977910 dv-cinder-853788-3-smb neutron-server[104044]: INFO neutron.wsgi [req-d71e2503-3de4-4c18-b3cf-fbfad2db5575 req-59eb43d5-c453-4e95-bada-2b127382ae45 tempest-AttachVolumeShelveTestJSON-982896592 tempest-AttachVolumeShelveTestJSON-982896592-project] 10.222.0.64 "GET /v2.0/ports?device_id=8e59afa5-7245-41dc-a1fe-776e5acf5db9 HTTP/1.1" status: 200 len: 945 time: 0.1291480
Aug 24 18:11:05.004150 dv-cinder-853788-3-smb neutron-server[104044]: DEBUG neutron_lib.callbacks.manager [None req-baeeb138-d178-49f4-9819-6df705527574 admin admin] Publish callbacks ['neutron.plugins.ml2.ovo_rpc._ObjectChangeHandler.handle_event-7908596'] for security_group (26136505-a1d3-43aa-b916-b62d8d654bad), after_delete {{(pid=104044) _notify_loop /usr/local/lib/python3.8/dist-packages/neutron_lib/callbacks/manager.py:176}}
Aug 24 18:11:05.006854 dv-cinder-853788-3-smb neutron-server[104044]: DEBUG neutron_lib.callbacks.manager [None req-baeeb138-d178-49f4-9819-6df705527574 admin admin] Publish callbacks [] for security_group (None), before_response {{(pid=104044) _notify_loop /usr/local/lib/python3.8/dist-packages/neutron_lib/callbacks/manager.py:176}}
Aug 24 18:11:05.008220 dv-cinder-853788-3-smb neutron-server[104044]: INFO neutron.wsgi [None req-baeeb138-d178-49f4-9819-6df705527574 admin admin] 10.222.0.64 "DELETE /v2.0/security-groups/26136505-a1d3-43aa-b916-b62d8d654bad HTTP/1.1" status: 204 len: 168 time: 0.2537401
Aug 24 18:11:05.019408 dv-cinder-853788-3-smb neutron-server[104044]: DEBUG neutron_lib.callbacks.manager [None req-68edb6a2-ec5e-442c-9bd4-c4478b1dfcda admin admin] Publish callbacks [] for security_group (40a8046f-700b-4caf-9bf3-433d8674420e), precommit_delete {{(pid=104044) _notify_loop /usr/local/lib/python3.8/dist-packages/neutron_lib/callbacks/manager.py:176}}
Aug 24 18:11:05.031546 dv-cinder-853788-3-smb neutron-server[104047]: DEBUG neutron.db.agents_db [None req-db4a2b40-3091-4446-8147-f5ed5dfb2c58 None None] Agent healthcheck: found 6 active agents {{(pid=104047) agent_health_check /opt/stack/neutron/neutron/db/agents_db.py:317}}
Aug 24 18:11:05.040662 dv-cinder-853788-3-smb neutron-server[104044]: DEBUG neutron.api.rpc.handlers.resources_rpc [None req-baeeb138-d178-49f4-9819-6df705527574 admin admin] Pushing event deleted for resources: {'SecurityGroup': ['ID=26136505-a1d3-43aa-b916-b62d8d654bad,revision_number=None']} {{(pid=104044) push /opt/stack/neutron/neutron/api/rpc/handlers/resources_rpc.py:237}}
Aug 24 18:11:05.082958 dv-cinder-853788-3-smb neutron-server[104044]: INFO neutron.wsgi [req-d71e2503-3de4-4c18-b3cf-fbfad2db5575 req-ba481a56-f5eb-48f8-8ea8-109aa8e15b17 tempest-AttachVolumeShelveTestJSON-982896592 tempest-AttachVolumeShelveTestJSON-982896592-project] 10.222.0.64 "GET /v2.0/security-groups?id=51ecba9d-fad6-4cd6-a4c2-a2c5c7e5c789&fields=id&fields=name HTTP/1.1" status: 200 len: 313 time: 0.0965273
Aug 24 18:11:05.116417 dv-cinder-853788-3-smb neutron-server[104044]: DEBUG neutron_lib.callbacks.manager [None req-68edb6a2-ec5e-442c-9bd4-c4478b1dfcda admin admin] Publish callbacks ['neutron.plugins.ml2.ovo_rpc._ObjectChangeHandler.handle_event-7908596'] for security_group (40a8046f-700b-4caf-9bf3-433d8674420e), after_delete {{(pid=104044) _notify_loop /usr/local/lib/python3.8/dist-packages/neutron_lib/callbacks/manager.py:176}}
Aug 24 18:11:05.121934 dv-cinder-853788-3-smb neutron-server[104044]: DEBUG neutron_lib.callbacks.manager [None req-68edb6a2-ec5e-442c-9bd4-c4478b1dfcda admin admin] Publish callbacks [] for security_group (None), before_response {{(pid=104044) _notify_loop /usr/local/lib/python3.8/dist-packages/neutron_lib/callbacks/manager.py:176}}
Aug 24 18:11:05.126316 dv-cinder-853788-3-smb neutron-server[104044]: INFO neutron.wsgi [None req-68edb6a2-ec5e-442c-9bd4-c4478b1dfcda admin admin] 10.222.0.64 "DELETE /v2.0/security-groups/40a8046f-700b-4caf-9bf3-433d8674420e HTTP/1.1" status: 204 len: 168 time: 0.2847066
Aug 24 18:11:05.140027 dv-cinder-853788-3-smb neutron-server[104044]: DEBUG neutron.api.rpc.handlers.resources_rpc [None req-68edb6a2-ec5e-442c-9bd4-c4478b1dfcda admin admin] Pushing event deleted for resources: {'SecurityGroup': ['ID=40a8046f-700b-4caf-9bf3-433d8674420e,revision_number=None']} {{(pid=104044) push /opt/stack/neutron/neutron/api/rpc/handlers/resources_rpc.py:237}}
Aug 24 18:11:05.145782 dv-cinder-853788-3-smb neutron-server[104046]: DEBUG neutron.plugins.ml2.rpc [None req-2abcde95-dbfd-4538-b861-95f5f440d280 None None] Device ea371da7-07ff-46d4-a296-68165e2416bd up at agent hyperv_hv-cinder-85378 {{(pid=104046) update_device_up /opt/stack/neutron/neutron/plugins/ml2/rpc.py:296}}
Aug 24 18:11:05.231350 dv-cinder-853788-3-smb neutron-server[104046]: DEBUG neutron.db.provisioning_blocks [None req-2abcde95-dbfd-4538-b861-95f5f440d280 None None] Provisioning for port ea371da7-07ff-46d4-a296-68165e2416bd completed by entity L2. {{(pid=104046) provisioning_complete /opt/stack/neutron/neutron/db/provisioning_blocks.py:134}}
Aug 24 18:11:05.237174 dv-cinder-853788-3-smb neutron-server[104046]: DEBUG neutron.db.provisioning_blocks [None req-2abcde95-dbfd-4538-b861-95f5f440d280 None None] Provisioning complete for port ea371da7-07ff-46d4-a296-68165e2416bd triggered by entity L2. {{(pid=104046) provisioning_complete /opt/stack/neutron/neutron/db/provisioning_blocks.py:140}}
Aug 24 18:11:05.237718 dv-cinder-853788-3-smb neutron-server[104046]: DEBUG neutron_lib.callbacks.manager [None req-2abcde95-dbfd-4538-b861-95f5f440d280 None None] Publish callbacks ['neutron.plugins.ml2.plugin.Ml2Plugin._port_provisioned-870340'] for port (ea371da7-07ff-46d4-a296-68165e2416bd), provisioning_complete {{(pid=104046) _notify_loop /usr/local/lib/python3.8/dist-packages/neutron_lib/callbacks/manager.py:176}}
Aug 24 18:11:05.341628 dv-cinder-853788-3-smb neutron-server[104046]: DEBUG neutron.plugins.ml2.plugin [None req-2abcde95-dbfd-4538-b861-95f5f440d280 None None] Current status of the port ea371da7-07ff-46d4-a296-68165e2416bd is: BUILD; New status is: ACTIVE {{(pid=104046) _update_individual_port_db_status /opt/stack/neutron/neutron/plugins/ml2/plugin.py:2268}}
Aug 24 18:11:05.342242 dv-cinder-853788-3-smb neutron-server[104046]: DEBUG neutron_lib.callbacks.manager [None req-2abcde95-dbfd-4538-b861-95f5f440d280 None None] Publish callbacks ['neutron.plugins.ml2.plugin.SecurityGroupDbMixin._ensure_default_security_group_handler-880483'] for port (ea371da7-07ff-46d4-a296-68165e2416bd), before_update {{(pid=104046) _notify_loop /usr/local/lib/python3.8/dist-packages/neutron_lib/callbacks/manager.py:176}}
Aug 24 18:11:05.369368 dv-cinder-853788-3-smb neutron-server[104046]: DEBUG neutron.notifiers.nova [-] Sending events: [{'server_uuid': '12db9a12-12ee-4390-999d-08da8f60edea', 'name': 'network-vif-plugged', 'status': 'completed', 'tag': 'ea371da7-07ff-46d4-a296-68165e2416bd'}] {{(pid=104046) send_events /opt/stack/neutron/neutron/notifiers/nova.py:271}}
Aug 24 18:11:05.452863 dv-cinder-853788-3-smb neutron-server[104046]: DEBUG neutron.plugins.ml2.db [None req-2abcde95-dbfd-4538-b861-95f5f440d280 None None] For port ea371da7-07ff-46d4-a296-68165e2416bd, host hv-cinder-85378, got binding levels [PortBindingLevel(driver='hyperv',host='hv-cinder-85378',level=0,port_id=ea371da7-07ff-46d4-a296-68165e2416bd,segment=NetworkSegment(01064441-539f-4a99-b27e-d99651b8dae5),segment_id=01064441-539f-4a99-b27e-d99651b8dae5)] {{(pid=104046) get_binding_level_objs /opt/stack/neutron/neutron/plugins/ml2/db.py:74}}
Aug 24 18:11:05.460204 dv-cinder-853788-3-smb neutron-server[104046]: DEBUG neutron_lib.callbacks.manager [None req-2abcde95-dbfd-4538-b861-95f5f440d280 None None] Publish callbacks ['neutron.plugins.ml2.plugin.SecurityGroupServerNotifierRpcMixin._notify_sg_on_port_change-992481', 'neutron.plugins.ml2.ovo_rpc._ObjectChangeHandler.handle_event-131433', 'neutron.api.rpc.agentnotifiers.dhcp_rpc_agent_api.DhcpAgentNotifyAPI._native_event_send_dhcp_notification-7937955', 'neutron.db.l3_db.L3RpcNotifierMixin._notify_gateway_port_ip_changed-8768498911582', 'neutron.db.l3_dvrscheduler_db._notify_l3_agent_port_update-8768498352303', 'neutron.db.l3_hascheduler_db._notify_l3_agent_ha_port_update-8768498352321'] for port (ea371da7-07ff-46d4-a296-68165e2416bd), after_update {{(pid=104046) _notify_loop /usr/local/lib/python3.8/dist-packages/neutron_lib/callbacks/manager.py:176}}
Aug 24 18:11:05.461369 dv-cinder-853788-3-smb neutron-server[104046]: DEBUG neutron.plugins.ml2.rpc [None req-2abcde95-dbfd-4538-b861-95f5f440d280 None None] Device 0b83bbc3-2f4e-44ee-ad38-5edd91614ec1 up at agent hyperv_hv-cinder-85378 {{(pid=104046) update_device_up /opt/stack/neutron/neutron/plugins/ml2/rpc.py:296}}
Aug 24 18:11:05.560305 dv-cinder-853788-3-smb neutron-server[104046]: DEBUG neutron.api.rpc.handlers.resources_rpc [None req-2abcde95-dbfd-4538-b861-95f5f440d280 None None] Pushing event updated for resources: {'Port': ['ID=ea371da7-07ff-46d4-a296-68165e2416bd,revision_number=5']} {{(pid=104046) push /opt/stack/neutron/neutron/api/rpc/handlers/resources_rpc.py:237}}
Aug 24 18:11:05.565606 dv-cinder-853788-3-smb neutron-server[104046]: DEBUG neutron.db.provisioning_blocks [None req-2abcde95-dbfd-4538-b861-95f5f440d280 None None] Provisioning for port 0b83bbc3-2f4e-44ee-ad38-5edd91614ec1 completed by entity L2. {{(pid=104046) provisioning_complete /opt/stack/neutron/neutron/db/provisioning_blocks.py:134}}
Aug 24 18:11:05.573765 dv-cinder-853788-3-smb neutron-server[104046]: DEBUG neutron.db.provisioning_blocks [None req-2abcde95-dbfd-4538-b861-95f5f440d280 None None] Provisioning complete for port 0b83bbc3-2f4e-44ee-ad38-5edd91614ec1 triggered by entity L2. {{(pid=104046) provisioning_complete /opt/stack/neutron/neutron/db/provisioning_blocks.py:140}}
Aug 24 18:11:05.574265 dv-cinder-853788-3-smb neutron-server[104046]: DEBUG neutron_lib.callbacks.manager [None req-2abcde95-dbfd-4538-b861-95f5f440d280 None None] Publish callbacks ['neutron.plugins.ml2.plugin.Ml2Plugin._port_provisioned-870340'] for port (0b83bbc3-2f4e-44ee-ad38-5edd91614ec1), provisioning_complete {{(pid=104046) _notify_loop /usr/local/lib/python3.8/dist-packages/neutron_lib/callbacks/manager.py:176}}
Aug 24 18:11:05.646170 dv-cinder-853788-3-smb neutron-server[104045]: DEBUG neutron.wsgi [-] (104045) accepted ('10.222.0.64', 37042) {{(pid=104045) server /usr/local/lib/python3.8/dist-packages/eventlet/wsgi.py:1004}}
Aug 24 18:11:05.663790 dv-cinder-853788-3-smb neutron-server[104045]: DEBUG neutron_lib.callbacks.manager [None req-9e04d125-8ab3-4084-8dcf-5826834b79db admin admin] Publish callbacks [] for security_group (None), before_create {{(pid=104045) _notify_loop /usr/local/lib/python3.8/dist-packages/neutron_lib/callbacks/manager.py:176}}
Aug 24 18:11:05.689879 dv-cinder-853788-3-smb neutron-server[104046]: DEBUG neutron.plugins.ml2.plugin [None req-2abcde95-dbfd-4538-b861-95f5f440d280 None None] Current status of the port 0b83bbc3-2f4e-44ee-ad38-5edd91614ec1 is: BUILD; New status is: ACTIVE {{(pid=104046) _update_individual_port_db_status /opt/stack/neutron/neutron/plugins/ml2/plugin.py:2268}}
Aug 24 18:11:05.693927 dv-cinder-853788-3-smb neutron-server[104046]: DEBUG neutron_lib.callbacks.manager [None req-2abcde95-dbfd-4538-b861-95f5f440d280 None None] Publish callbacks ['neutron.plugins.ml2.plugin.SecurityGroupDbMixin._ensure_default_security_group_handler-880483'] for port (0b83bbc3-2f4e-44ee-ad38-5edd91614ec1), before_update {{(pid=104046) _notify_loop /usr/local/lib/python3.8/dist-packages/neutron_lib/callbacks/manager.py:176}}
Aug 24 18:11:05.701785 dv-cinder-853788-3-smb neutron-server[104044]: DEBUG neutron.pecan_wsgi.hooks.policy_enforcement [req-8234480c-efb7-45aa-a991-676fc56eae1d req-f392505c-e4ae-4488-b711-86d9968b6e1a tempest-AttachVolumeNegativeTest-1914824594 tempest-AttachVolumeNegativeTest-1914824594-project] Attributes excluded by policy engine: ['standard_attr_id', 'binding:profile', 'binding:host_id', 'binding:vif_type', 'binding:vif_details'] {{(pid=104044) _exclude_attributes_by_policy /opt/stack/neutron/neutron/pecan_wsgi/hooks/policy_enforcement.py:259}}
Aug 24 18:11:05.710102 dv-cinder-853788-3-smb neutron-server[104044]: INFO neutron.wsgi [req-8234480c-efb7-45aa-a991-676fc56eae1d req-f392505c-e4ae-4488-b711-86d9968b6e1a tempest-AttachVolumeNegativeTest-1914824594 tempest-AttachVolumeNegativeTest-1914824594-project] 10.222.0.64 "GET /v2.0/ports?device_id=dfb8d1f8-2e20-4b08-99cf-1d633f5fe2f5 HTTP/1.1" status: 200 len: 944 time: 0.1254871
Aug 24 18:11:05.737096 dv-cinder-853788-3-smb neutron-server[104046]: DEBUG neutron.plugins.ml2.db [None req-2abcde95-dbfd-4538-b861-95f5f440d280 None None] For port 0b83bbc3-2f4e-44ee-ad38-5edd91614ec1, host hv-cinder-85378, got binding levels [PortBindingLevel(driver='hyperv',host='hv-cinder-85378',level=0,port_id=0b83bbc3-2f4e-44ee-ad38-5edd91614ec1,segment=NetworkSegment(8b800286-a10c-479e-83cf-7d39bd40fe63),segment_id=8b800286-a10c-479e-83cf-7d39bd40fe63)] {{(pid=104046) get_binding_level_objs /opt/stack/neutron/neutron/plugins/ml2/db.py:74}}
Aug 24 18:11:05.742108 dv-cinder-853788-3-smb neutron-server[104044]: DEBUG neutron.pecan_wsgi.hooks.policy_enforcement [req-0973d7e8-723b-4d29-943d-27dbd8e446c9 req-b2fe4e26-0e40-4563-bad7-77ad2a6629db tempest-DeleteServersTestJSON-92536476 tempest-DeleteServersTestJSON-92536476-project] Attributes excluded by policy engine: ['standard_attr_id', 'binding:profile', 'binding:host_id', 'binding:vif_type', 'binding:vif_details'] {{(pid=104044) _exclude_attributes_by_policy /opt/stack/neutron/neutron/pecan_wsgi/hooks/policy_enforcement.py:259}}
Aug 24 18:11:05.742486 dv-cinder-853788-3-smb neutron-server[104046]: DEBUG neutron_lib.callbacks.manager [None req-2abcde95-dbfd-4538-b861-95f5f440d280 None None] Publish callbacks ['neutron.plugins.ml2.plugin.SecurityGroupServerNotifierRpcMixin._notify_sg_on_port_change-992481', 'neutron.plugins.ml2.ovo_rpc._ObjectChangeHandler.handle_event-131433', 'neutron.api.rpc.agentnotifiers.dhcp_rpc_agent_api.DhcpAgentNotifyAPI._native_event_send_dhcp_notification-7937955', 'neutron.db.l3_db.L3RpcNotifierMixin._notify_gateway_port_ip_changed-8768498911582', 'neutron.db.l3_dvrscheduler_db._notify_l3_agent_port_update-8768498352303', 'neutron.db.l3_hascheduler_db._notify_l3_agent_ha_port_update-8768498352321'] for port (0b83bbc3-2f4e-44ee-ad38-5edd91614ec1), after_update {{(pid=104046) _notify_loop /usr/local/lib/python3.8/dist-packages/neutron_lib/callbacks/manager.py:176}}
Aug 24 18:11:05.746483 dv-cinder-853788-3-smb neutron-server[104046]: DEBUG neutron.plugins.ml2.rpc [None req-2abcde95-dbfd-4538-b861-95f5f440d280 None None] Device 1138c638-5fcd-42a5-96ee-e2e07aa2a411 up at agent hyperv_hv-cinder-85378 {{(pid=104046) update_device_up /opt/stack/neutron/neutron/plugins/ml2/rpc.py:296}}
Aug 24 18:11:05.752097 dv-cinder-853788-3-smb neutron-server[104044]: INFO neutron.wsgi [req-0973d7e8-723b-4d29-943d-27dbd8e446c9 req-b2fe4e26-0e40-4563-bad7-77ad2a6629db tempest-DeleteServersTestJSON-92536476 tempest-DeleteServersTestJSON-92536476-project] 10.222.0.64 "GET /v2.0/ports?device_id=619ab8d2-3fe8-43e2-b997-11c6d8e24e78 HTTP/1.1" status: 200 len: 945 time: 0.1821971
Aug 24 18:11:05.818574 dv-cinder-853788-3-smb neutron-server[104045]: DEBUG neutron_lib.callbacks.manager [None req-9e04d125-8ab3-4084-8dcf-5826834b79db admin admin] Publish callbacks [] for security_group (8d8a066d-0231-4000-892b-f502bbd71a25), precommit_create {{(pid=104045) _notify_loop /usr/local/lib/python3.8/dist-packages/neutron_lib/callbacks/manager.py:176}}
Aug 24 18:11:05.830638 dv-cinder-853788-3-smb neutron-server[104045]: DEBUG neutron_lib.callbacks.manager [None req-9e04d125-8ab3-4084-8dcf-5826834b79db admin admin] Publish callbacks ['neutron.plugins.ml2.ovo_rpc._ObjectChangeHandler.handle_event-7908596'] for security_group (8d8a066d-0231-4000-892b-f502bbd71a25), after_create {{(pid=104045) _notify_loop /usr/local/lib/python3.8/dist-packages/neutron_lib/callbacks/manager.py:176}}
Aug 24 18:11:05.834965 dv-cinder-853788-3-smb neutron-server[104044]: INFO neutron.wsgi [req-8234480c-efb7-45aa-a991-676fc56eae1d req-1d03dfbd-080c-4a3c-ab55-6648582822bd tempest-AttachVolumeNegativeTest-1914824594 tempest-AttachVolumeNegativeTest-1914824594-project] 10.222.0.64 "GET /v2.0/security-groups?id=e0f5cdc2-41a8-4cf8-9efe-09670e22e990&fields=id&fields=name HTTP/1.1" status: 200 len: 313 time: 0.1193106
Aug 24 18:11:05.853045 dv-cinder-853788-3-smb neutron-server[104044]: INFO neutron.wsgi [req-0973d7e8-723b-4d29-943d-27dbd8e446c9 req-c6c31725-420e-44b7-8406-6c05ccc9eec1 tempest-DeleteServersTestJSON-92536476 tempest-DeleteServersTestJSON-92536476-project] 10.222.0.64 "GET /v2.0/security-groups?id=b4f48820-db0e-4dc8-835a-0bf6ac923611&fields=id&fields=name HTTP/1.1" status: 200 len: 286 time: 0.0998714
Aug 24 18:11:05.880826 dv-cinder-853788-3-smb neutron-server[104045]: INFO neutron.wsgi [None req-9e04d125-8ab3-4084-8dcf-5826834b79db admin admin] 10.222.0.64 "GET /v2.0/security-groups?tenant_id=db33a59d15fd4bcc9aeac08bbf8ae9c3&name=default HTTP/1.1" status: 200 len: 2996 time: 0.2325053
Aug 24 18:11:05.881899 dv-cinder-853788-3-smb neutron-server[104044]: DEBUG neutron.wsgi [-] (104044) accepted ('10.222.0.64', 37046) {{(pid=104044) server /usr/local/lib/python3.8/dist-packages/eventlet/wsgi.py:1004}}
Aug 24 18:11:05.883362 dv-cinder-853788-3-smb neutron-server[104045]: DEBUG neutron.api.rpc.handlers.resources_rpc [None req-9e04d125-8ab3-4084-8dcf-5826834b79db admin admin] Pushing event updated for resources: {'SecurityGroup': ['ID=8d8a066d-0231-4000-892b-f502bbd71a25,revision_number=1']} {{(pid=104045) push /opt/stack/neutron/neutron/api/rpc/handlers/resources_rpc.py:237}}
Aug 24 18:11:05.886652 dv-cinder-853788-3-smb neutron-server[104046]: DEBUG neutron.api.rpc.handlers.resources_rpc [None req-2abcde95-dbfd-4538-b861-95f5f440d280 None None] Pushing event updated for resources: {'Port': ['ID=0b83bbc3-2f4e-44ee-ad38-5edd91614ec1,revision_number=5']} {{(pid=104046) push /opt/stack/neutron/neutron/api/rpc/handlers/resources_rpc.py:237}}
Aug 24 18:11:05.927866 dv-cinder-853788-3-smb neutron-server[104046]: DEBUG neutron.db.provisioning_blocks [None req-2abcde95-dbfd-4538-b861-95f5f440d280 None None] Provisioning for port 1138c638-5fcd-42a5-96ee-e2e07aa2a411 completed by entity L2. {{(pid=104046) provisioning_complete /opt/stack/neutron/neutron/db/provisioning_blocks.py:134}}
Aug 24 18:11:05.933770 dv-cinder-853788-3-smb neutron-server[104046]: DEBUG neutron.db.provisioning_blocks [None req-2abcde95-dbfd-4538-b861-95f5f440d280 None None] Provisioning complete for port 1138c638-5fcd-42a5-96ee-e2e07aa2a411 triggered by entity L2. {{(pid=104046) provisioning_complete /opt/stack/neutron/neutron/db/provisioning_blocks.py:140}}
Aug 24 18:11:05.934319 dv-cinder-853788-3-smb neutron-server[104046]: DEBUG neutron_lib.callbacks.manager [None req-2abcde95-dbfd-4538-b861-95f5f440d280 None None] Publish callbacks ['neutron.plugins.ml2.plugin.Ml2Plugin._port_provisioned-870340'] for port (1138c638-5fcd-42a5-96ee-e2e07aa2a411), provisioning_complete {{(pid=104046) _notify_loop /usr/local/lib/python3.8/dist-packages/neutron_lib/callbacks/manager.py:176}}
Aug 24 18:11:05.944592 dv-cinder-853788-3-smb neutron-server[104045]: DEBUG neutron.wsgi [-] (104045) accepted ('10.222.0.64', 37048) {{(pid=104045) server /usr/local/lib/python3.8/dist-packages/eventlet/wsgi.py:1004}}
Aug 24 18:11:05.975201 dv-cinder-853788-3-smb neutron-server[104045]: DEBUG neutron_lib.callbacks.manager [None req-a7dcf4f7-7f30-4562-aec9-c01d200f98bc admin admin] Publish callbacks [] for security_group (None), before_create {{(pid=104045) _notify_loop /usr/local/lib/python3.8/dist-packages/neutron_lib/callbacks/manager.py:176}}
Aug 24 18:11:06.026649 dv-cinder-853788-3-smb neutron-server[104046]: DEBUG neutron.plugins.ml2.plugin [None req-2abcde95-dbfd-4538-b861-95f5f440d280 None None] Current status of the port 1138c638-5fcd-42a5-96ee-e2e07aa2a411 is: BUILD; New status is: ACTIVE {{(pid=104046) _update_individual_port_db_status /opt/stack/neutron/neutron/plugins/ml2/plugin.py:2268}}
Aug 24 18:11:06.027178 dv-cinder-853788-3-smb neutron-server[104046]: DEBUG neutron_lib.callbacks.manager [None req-2abcde95-dbfd-4538-b861-95f5f440d280 None None] Publish callbacks ['neutron.plugins.ml2.plugin.SecurityGroupDbMixin._ensure_default_security_group_handler-880483'] for port (1138c638-5fcd-42a5-96ee-e2e07aa2a411), before_update {{(pid=104046) _notify_loop /usr/local/lib/python3.8/dist-packages/neutron_lib/callbacks/manager.py:176}}
Aug 24 18:11:06.044645 dv-cinder-853788-3-smb neutron-server[104044]: DEBUG neutron_lib.callbacks.manager [None req-b257c452-ed7a-410c-ac9b-abdc1de49cd1 admin admin] Publish callbacks [] for security_group (8d8a066d-0231-4000-892b-f502bbd71a25), before_delete {{(pid=104044) _notify_loop /usr/local/lib/python3.8/dist-packages/neutron_lib/callbacks/manager.py:176}}
Aug 24 18:11:06.070744 dv-cinder-853788-3-smb neutron-server[104046]: DEBUG neutron.plugins.ml2.db [None req-2abcde95-dbfd-4538-b861-95f5f440d280 None None] For port 1138c638-5fcd-42a5-96ee-e2e07aa2a411, host hv-cinder-85378, got binding levels [PortBindingLevel(driver='hyperv',host='hv-cinder-85378',level=0,port_id=1138c638-5fcd-42a5-96ee-e2e07aa2a411,segment=NetworkSegment(0a75ad68-b384-4d45-b8e5-4793be8c9344),segment_id=0a75ad68-b384-4d45-b8e5-4793be8c9344)] {{(pid=104046) get_binding_level_objs /opt/stack/neutron/neutron/plugins/ml2/db.py:74}}
Aug 24 18:11:06.080007 dv-cinder-853788-3-smb neutron-server[104046]: DEBUG neutron_lib.callbacks.manager [None req-2abcde95-dbfd-4538-b861-95f5f440d280 None None] Publish callbacks ['neutron.plugins.ml2.plugin.SecurityGroupServerNotifierRpcMixin._notify_sg_on_port_change-992481', 'neutron.plugins.ml2.ovo_rpc._ObjectChangeHandler.handle_event-131433', 'neutron.api.rpc.agentnotifiers.dhcp_rpc_agent_api.DhcpAgentNotifyAPI._native_event_send_dhcp_notification-7937955', 'neutron.db.l3_db.L3RpcNotifierMixin._notify_gateway_port_ip_changed-8768498911582', 'neutron.db.l3_dvrscheduler_db._notify_l3_agent_port_update-8768498352303', 'neutron.db.l3_hascheduler_db._notify_l3_agent_ha_port_update-8768498352321'] for port (1138c638-5fcd-42a5-96ee-e2e07aa2a411), after_update {{(pid=104046) _notify_loop /usr/local/lib/python3.8/dist-packages/neutron_lib/callbacks/manager.py:176}}
Aug 24 18:11:06.086290 dv-cinder-853788-3-smb neutron-server[104044]: DEBUG neutron.pecan_wsgi.hooks.policy_enforcement [req-03e3ba44-4918-48ff-b698-0d14052af234 req-aec1dc40-4f57-49b1-84ce-b4b5181585b4 tempest-AttachVolumeTestJSON-1098631588 tempest-AttachVolumeTestJSON-1098631588-project] Attributes excluded by policy engine: ['standard_attr_id', 'binding:profile', 'binding:host_id', 'binding:vif_type', 'binding:vif_details'] {{(pid=104044) _exclude_attributes_by_policy /opt/stack/neutron/neutron/pecan_wsgi/hooks/policy_enforcement.py:259}}
Aug 24 18:11:06.087845 dv-cinder-853788-3-smb neutron-server[104044]: INFO neutron.wsgi [req-03e3ba44-4918-48ff-b698-0d14052af234 req-aec1dc40-4f57-49b1-84ce-b4b5181585b4 tempest-AttachVolumeTestJSON-1098631588 tempest-AttachVolumeTestJSON-1098631588-project] 10.222.0.64 "GET /v2.0/ports?device_id=12db9a12-12ee-4390-999d-08da8f60edea HTTP/1.1" status: 200 len: 945 time: 0.1678438
Aug 24 18:11:06.089913 dv-cinder-853788-3-smb neutron-server[104044]: DEBUG neutron_lib.callbacks.manager [None req-b257c452-ed7a-410c-ac9b-abdc1de49cd1 admin admin] Publish callbacks [] for security_group (8d8a066d-0231-4000-892b-f502bbd71a25), precommit_delete {{(pid=104044) _notify_loop /usr/local/lib/python3.8/dist-packages/neutron_lib/callbacks/manager.py:176}}
Aug 24 18:11:06.096799 dv-cinder-853788-3-smb neutron-server[104045]: DEBUG neutron.wsgi [-] (104045) accepted ('10.222.0.64', 37052) {{(pid=104045) server /usr/local/lib/python3.8/dist-packages/eventlet/wsgi.py:1004}}
Aug 24 18:11:06.112051 dv-cinder-853788-3-smb neutron-server[104046]: DEBUG novaclient.v2.client [-] REQ: curl -g -i --cacert "/opt/stack/data/ca-bundle.pem" -X POST http://10.222.0.64/compute/v2.1/os-server-external-events -H "Accept: application/json" -H "Content-Type: application/json" -H "User-Agent: python-novaclient" -H "X-Auth-Token: {SHA256}c7acfff4e1639df602491e0218d1b93686252456fcb31c6dc85d3f08467f68f1" -H "X-OpenStack-Nova-API-Version: 2.1" -H "X-OpenStack-Request-ID: req-0a8d9886-c01f-4325-b722-b6d9e562ae1c" -d '{"events": [{"server_uuid": "12db9a12-12ee-4390-999d-08da8f60edea", "name": "network-vif-plugged", "status": "completed", "tag": "ea371da7-07ff-46d4-a296-68165e2416bd"}]}' {{(pid=104046) _http_log_request /usr/local/lib/python3.8/dist-packages/keystoneauth1/session.py:519}}
Aug 24 18:11:06.162842 dv-cinder-853788-3-smb neutron-server[104045]: DEBUG neutron_lib.callbacks.manager [None req-a7dcf4f7-7f30-4562-aec9-c01d200f98bc admin admin] Publish callbacks [] for security_group (e569e6d8-3ddf-40aa-9cdc-0d2bbe1c8fad), precommit_create {{(pid=104045) _notify_loop /usr/local/lib/python3.8/dist-packages/neutron_lib/callbacks/manager.py:176}}
Aug 24 18:11:06.163614 dv-cinder-853788-3-smb neutron-server[104046]: DEBUG neutron.api.rpc.handlers.resources_rpc [None req-2abcde95-dbfd-4538-b861-95f5f440d280 None None] Pushing event updated for resources: {'Port': ['ID=1138c638-5fcd-42a5-96ee-e2e07aa2a411,revision_number=5']} {{(pid=104046) push /opt/stack/neutron/neutron/api/rpc/handlers/resources_rpc.py:237}}
Aug 24 18:11:06.171753 dv-cinder-853788-3-smb neutron-server[104045]: DEBUG neutron_lib.callbacks.manager [None req-a7dcf4f7-7f30-4562-aec9-c01d200f98bc admin admin] Publish callbacks ['neutron.plugins.ml2.ovo_rpc._ObjectChangeHandler.handle_event-7908596'] for security_group (e569e6d8-3ddf-40aa-9cdc-0d2bbe1c8fad), after_create {{(pid=104045) _notify_loop /usr/local/lib/python3.8/dist-packages/neutron_lib/callbacks/manager.py:176}}
Aug 24 18:11:06.194006 dv-cinder-853788-3-smb neutron-server[104044]: INFO neutron.wsgi [req-03e3ba44-4918-48ff-b698-0d14052af234 req-64f62687-ed34-4215-912a-4be5ace94e4c tempest-AttachVolumeTestJSON-1098631588 tempest-AttachVolumeTestJSON-1098631588-project] 10.222.0.64 "GET /v2.0/security-groups?id=4627ac12-7c14-42c4-9d50-013f5a912ec9&fields=id&fields=name HTTP/1.1" status: 200 len: 311 time: 0.0859029
Aug 24 18:11:06.196482 dv-cinder-853788-3-smb neutron-server[104044]: DEBUG neutron_lib.callbacks.manager [None req-b257c452-ed7a-410c-ac9b-abdc1de49cd1 admin admin] Publish callbacks ['neutron.plugins.ml2.ovo_rpc._ObjectChangeHandler.handle_event-7908596'] for security_group (8d8a066d-0231-4000-892b-f502bbd71a25), after_delete {{(pid=104044) _notify_loop /usr/local/lib/python3.8/dist-packages/neutron_lib/callbacks/manager.py:176}}
Aug 24 18:11:06.199845 dv-cinder-853788-3-smb neutron-server[104044]: DEBUG neutron_lib.callbacks.manager [None req-b257c452-ed7a-410c-ac9b-abdc1de49cd1 admin admin] Publish callbacks [] for security_group (None), before_response {{(pid=104044) _notify_loop /usr/local/lib/python3.8/dist-packages/neutron_lib/callbacks/manager.py:176}}
Aug 24 18:11:06.201226 dv-cinder-853788-3-smb neutron-server[104044]: INFO neutron.wsgi [None req-b257c452-ed7a-410c-ac9b-abdc1de49cd1 admin admin] 10.222.0.64 "DELETE /v2.0/security-groups/8d8a066d-0231-4000-892b-f502bbd71a25 HTTP/1.1" status: 204 len: 168 time: 0.3170252
Aug 24 18:11:06.211083 dv-cinder-853788-3-smb neutron-server[104044]: DEBUG neutron.api.rpc.handlers.resources_rpc [None req-b257c452-ed7a-410c-ac9b-abdc1de49cd1 admin admin] Pushing event deleted for resources: {'SecurityGroup': ['ID=8d8a066d-0231-4000-892b-f502bbd71a25,revision_number=None']} {{(pid=104044) push /opt/stack/neutron/neutron/api/rpc/handlers/resources_rpc.py:237}}
Aug 24 18:11:06.232286 dv-cinder-853788-3-smb neutron-server[104045]: INFO neutron.wsgi [None req-a7dcf4f7-7f30-4562-aec9-c01d200f98bc admin admin] 10.222.0.64 "GET /v2.0/security-groups?tenant_id=f3490377f56d4663b46c538d04d659f7&name=default HTTP/1.1" status: 200 len: 2996 time: 0.2863677
Aug 24 18:11:06.233007 dv-cinder-853788-3-smb neutron-server[104045]: DEBUG neutron.api.rpc.handlers.resources_rpc [None req-a7dcf4f7-7f30-4562-aec9-c01d200f98bc admin admin] Pushing event updated for resources: {'SecurityGroup': ['ID=e569e6d8-3ddf-40aa-9cdc-0d2bbe1c8fad,revision_number=1']} {{(pid=104045) push /opt/stack/neutron/neutron/api/rpc/handlers/resources_rpc.py:237}}
Aug 24 18:11:06.234984 dv-cinder-853788-3-smb neutron-server[104044]: DEBUG neutron.wsgi [-] (104044) accepted ('10.222.0.64', 37064) {{(pid=104044) server /usr/local/lib/python3.8/dist-packages/eventlet/wsgi.py:1004}}
Aug 24 18:11:06.273695 dv-cinder-853788-3-smb neutron-server[104045]: DEBUG neutron_lib.callbacks.manager [None req-1c187af6-6306-4249-9a4a-c9836a883229 admin admin] Publish callbacks [] for security_group (None), before_create {{(pid=104045) _notify_loop /usr/local/lib/python3.8/dist-packages/neutron_lib/callbacks/manager.py:176}}
Aug 24 18:11:06.287665 dv-cinder-853788-3-smb neutron-server[104046]: DEBUG novaclient.v2.client [-] RESP: [200] Connection: close Content-Length: 183 Content-Type: application/json Date: Wed, 24 Aug 2022 18:11:06 GMT OpenStack-API-Version: compute 2.1 Server: Apache/2.4.41 (Ubuntu) Vary: OpenStack-API-Version,X-OpenStack-Nova-API-Version X-OpenStack-Nova-API-Version: 2.1 x-compute-request-id: req-546fb5d2-46bf-4757-acff-d08e2dc69b7c x-openstack-request-id: req-546fb5d2-46bf-4757-acff-d08e2dc69b7c {{(pid=104046) _http_log_response /usr/local/lib/python3.8/dist-packages/keystoneauth1/session.py:550}}
Aug 24 18:11:06.287665 dv-cinder-853788-3-smb neutron-server[104046]: DEBUG novaclient.v2.client [-] RESP BODY: {"events": [{"server_uuid": "12db9a12-12ee-4390-999d-08da8f60edea", "name": "network-vif-plugged", "status": "completed", "tag": "ea371da7-07ff-46d4-a296-68165e2416bd", "code": 200}]} {{(pid=104046) _http_log_response /usr/local/lib/python3.8/dist-packages/keystoneauth1/session.py:582}}
Aug 24 18:11:06.287665 dv-cinder-853788-3-smb neutron-server[104046]: DEBUG novaclient.v2.client [-] POST call to compute for http://10.222.0.64/compute/v2.1/os-server-external-events used request id req-546fb5d2-46bf-4757-acff-d08e2dc69b7c {{(pid=104046) request /usr/local/lib/python3.8/dist-packages/keystoneauth1/session.py:954}}
Aug 24 18:11:06.287665 dv-cinder-853788-3-smb neutron-server[104046]: INFO neutron.notifiers.nova [-] Nova event matching ['req-546fb5d2-46bf-4757-acff-d08e2dc69b7c'] response: {'server_uuid': '12db9a12-12ee-4390-999d-08da8f60edea', 'name': 'network-vif-plugged', 'status': 'completed', 'tag': 'ea371da7-07ff-46d4-a296-68165e2416bd', 'code': 200}
