Aug 24 18:10:56.761673 dv-cinder-853788-3-smb neutron-server[104044]: DEBUG novaclient.v2.client [-] RESP: [200] Connection: close Content-Length: 179 Content-Type: application/json Date: Wed, 24 Aug 2022 18:10:55 GMT OpenStack-API-Version: compute 2.1 Server: Apache/2.4.41 (Ubuntu) Vary: OpenStack-API-Version,X-OpenStack-Nova-API-Version X-OpenStack-Nova-API-Version: 2.1 x-compute-request-id: req-c75d2f29-6dc2-4882-91f0-e41686378c00 x-openstack-request-id: req-c75d2f29-6dc2-4882-91f0-e41686378c00 {{(pid=104044) _http_log_response /usr/local/lib/python3.8/dist-packages/keystoneauth1/session.py:550}}
Aug 24 18:10:56.762410 dv-cinder-853788-3-smb neutron-server[104044]: DEBUG novaclient.v2.client [-] RESP BODY: {"events": [{"name": "network-changed", "server_uuid": "619ab8d2-3fe8-43e2-b997-11c6d8e24e78", "tag": "1138c638-5fcd-42a5-96ee-e2e07aa2a411", "status": "completed", "code": 200}]} {{(pid=104044) _http_log_response /usr/local/lib/python3.8/dist-packages/keystoneauth1/session.py:582}}
Aug 24 18:10:56.762410 dv-cinder-853788-3-smb neutron-server[104044]: DEBUG novaclient.v2.client [-] POST call to compute for http://10.222.0.64/compute/v2.1/os-server-external-events used request id req-c75d2f29-6dc2-4882-91f0-e41686378c00 {{(pid=104044) request /usr/local/lib/python3.8/dist-packages/keystoneauth1/session.py:954}}
Aug 24 18:10:56.763201 dv-cinder-853788-3-smb neutron-server[104044]: INFO neutron.notifiers.nova [-] Nova event matching ['req-c75d2f29-6dc2-4882-91f0-e41686378c00'] response: {'name': 'network-changed', 'server_uuid': '619ab8d2-3fe8-43e2-b997-11c6d8e24e78', 'tag': '1138c638-5fcd-42a5-96ee-e2e07aa2a411', 'status': 'completed', 'code': 200}
Aug 24 18:10:56.845634 dv-cinder-853788-3-smb neutron-server[104045]: DEBUG neutron.pecan_wsgi.hooks.policy_enforcement [req-a5c10fbf-ce64-498f-b370-d2b243eb3fb0 req-818c7696-33a3-4b26-a46d-4ce5e26aebcf service neutron] Attributes excluded by policy engine: ['standard_attr_id'] {{(pid=104045) _exclude_attributes_by_policy /opt/stack/neutron/neutron/pecan_wsgi/hooks/policy_enforcement.py:259}}
Aug 24 18:10:56.847723 dv-cinder-853788-3-smb neutron-server[104045]: INFO neutron.wsgi [req-a5c10fbf-ce64-498f-b370-d2b243eb3fb0 req-818c7696-33a3-4b26-a46d-4ce5e26aebcf service neutron] 10.222.0.60 "GET /v2.0/ports?tenant_id=89106d1e28c9462aa2e7d0f77235b677&device_id=12db9a12-12ee-4390-999d-08da8f60edea HTTP/1.1" status: 200 len: 1127 time: 0.3206844
Aug 24 18:10:56.916317 dv-cinder-853788-3-smb neutron-server[104045]: INFO neutron.wsgi [req-b22de858-82b3-46b9-a10d-00a57b9d8cb6 req-aba0605b-f549-487f-b1ec-8eaf1dd5bc58 service neutron] 10.222.0.60 "GET /v2.0/networks/6d4d44ad-0d3a-41f5-b709-2961bf157225?fields=segments HTTP/1.1" status: 200 len: 212 time: 0.5257223
Aug 24 18:10:56.994205 dv-cinder-853788-3-smb neutron-server[104044]: INFO neutron.wsgi [req-bc5760d1-7b90-44be-af19-972563b6d402 req-5336d83e-59aa-4e52-986e-0454e52aba54 tempest-AttachVolumeNegativeTest-1914824594 tempest-AttachVolumeNegativeTest-1914824594-project] 10.222.0.64 "GET /v2.0/ports?tenant_id=0c735b8839a24cad8f658f9ecb981dc8&fields=id HTTP/1.1" status: 200 len: 302 time: 0.4188900
Aug 24 18:10:56.996512 dv-cinder-853788-3-smb neutron-server[104044]: DEBUG neutron.pecan_wsgi.hooks.policy_enforcement [req-734dc0c1-9b4d-4a1f-a15a-5b431e6ea7f4 req-391499bb-a501-4a2c-bbc8-936d2f3db80b service neutron] Attributes excluded by policy engine: ['standard_attr_id'] {{(pid=104044) _exclude_attributes_by_policy /opt/stack/neutron/neutron/pecan_wsgi/hooks/policy_enforcement.py:259}}
Aug 24 18:10:56.998046 dv-cinder-853788-3-smb neutron-server[104044]: INFO neutron.wsgi [req-734dc0c1-9b4d-4a1f-a15a-5b431e6ea7f4 req-391499bb-a501-4a2c-bbc8-936d2f3db80b service neutron] 10.222.0.60 "GET /v2.0/ports?network_id=425056c2-33b7-4395-b416-248edddf6302&device_owner=network%3Adhcp HTTP/1.1" status: 200 len: 1210 time: 0.6415374
Aug 24 18:10:57.202194 dv-cinder-853788-3-smb neutron-server[104046]: DEBUG neutron_lib.callbacks.manager [None req-fe107762-1f71-4a39-99da-b53475375051 None None] Publish callbacks ['neutron.services.segments.db._update_segment_host_mapping_for_agent-8768498863580', 'neutron.plugins.ml2.plugin.Ml2Plugin._retry_binding_revived_agents-869482'] for agent (37ae9b3c-30ec-49b7-9dfa-c40f49fec072), after_update {{(pid=104046) _notify_loop /usr/local/lib/python3.8/dist-packages/neutron_lib/callbacks/manager.py:176}}
Aug 24 18:10:57.318001 dv-cinder-853788-3-smb neutron-server[104045]: DEBUG neutron.notifiers.nova [-] Sending events: [{'name': 'network-changed', 'server_uuid': '8e59afa5-7245-41dc-a1fe-776e5acf5db9', 'tag': '0b83bbc3-2f4e-44ee-ad38-5edd91614ec1'}] {{(pid=104045) send_events /opt/stack/neutron/neutron/notifiers/nova.py:271}}
Aug 24 18:10:57.320462 dv-cinder-853788-3-smb neutron-server[104045]: DEBUG novaclient.v2.client [-] REQ: curl -g -i --cacert "/opt/stack/data/ca-bundle.pem" -X POST http://10.222.0.64/compute/v2.1/os-server-external-events -H "Accept: application/json" -H "Content-Type: application/json" -H "User-Agent: python-novaclient" -H "X-Auth-Token: {SHA256}76ddbedb78f14b8137a424e383056c6f69002d665da651a97678c3f5a63a7125" -H "X-OpenStack-Nova-API-Version: 2.1" -H "X-OpenStack-Request-ID: req-44447b0b-2ad9-4666-91c9-3f92fbf9e5fb" -d '{"events": [{"name": "network-changed", "server_uuid": "8e59afa5-7245-41dc-a1fe-776e5acf5db9", "tag": "0b83bbc3-2f4e-44ee-ad38-5edd91614ec1"}]}' {{(pid=104045) _http_log_request /usr/local/lib/python3.8/dist-packages/keystoneauth1/session.py:519}}
Aug 24 18:10:57.324005 dv-cinder-853788-3-smb neutron-server[104045]: DEBUG neutron.pecan_wsgi.hooks.policy_enforcement [req-a5c10fbf-ce64-498f-b370-d2b243eb3fb0 req-e006c440-6ecd-4f14-b884-04c33d85fee0 service neutron] Attributes excluded by policy engine: ['standard_attr_id', 'vlan_transparent'] {{(pid=104045) _exclude_attributes_by_policy /opt/stack/neutron/neutron/pecan_wsgi/hooks/policy_enforcement.py:259}}
Aug 24 18:10:57.325606 dv-cinder-853788-3-smb neutron-server[104045]: INFO neutron.wsgi [req-a5c10fbf-ce64-498f-b370-d2b243eb3fb0 req-e006c440-6ecd-4f14-b884-04c33d85fee0 service neutron] 10.222.0.60 "GET /v2.0/networks?id=4065f731-d469-4f08-8168-67d8a03c44e8 HTTP/1.1" status: 200 len: 911 time: 0.3990901
Aug 24 18:10:57.478389 dv-cinder-853788-3-smb neutron-server[104045]: INFO neutron.wsgi [req-b22de858-82b3-46b9-a10d-00a57b9d8cb6 req-8b9ee03b-cdd4-4fc3-baef-ba43eb66c474 service neutron] 10.222.0.60 "GET /v2.0/networks/6d4d44ad-0d3a-41f5-b709-2961bf157225?fields=provider%3Aphysical_network&fields=provider%3Anetwork_type HTTP/1.1" status: 200 len: 281 time: 0.5143211
Aug 24 18:10:57.511942 dv-cinder-853788-3-smb neutron-server[104044]: DEBUG neutron.pecan_wsgi.hooks.policy_enforcement [req-986bea4a-150c-44e3-ab9f-c28314a4fb02 req-755025a2-0b98-41b8-abf6-8579761215ad tempest-AttachVolumeTestJSON-1098631588 tempest-AttachVolumeTestJSON-1098631588-project] Attributes excluded by policy engine: ['standard_attr_id', 'binding:profile', 'binding:host_id', 'binding:vif_type', 'binding:vif_details'] {{(pid=104044) _exclude_attributes_by_policy /opt/stack/neutron/neutron/pecan_wsgi/hooks/policy_enforcement.py:259}}
Aug 24 18:10:57.532006 dv-cinder-853788-3-smb neutron-server[104044]: INFO neutron.wsgi [req-986bea4a-150c-44e3-ab9f-c28314a4fb02 req-755025a2-0b98-41b8-abf6-8579761215ad tempest-AttachVolumeTestJSON-1098631588 tempest-AttachVolumeTestJSON-1098631588-project] 10.222.0.64 "GET /v2.0/ports?device_id=12db9a12-12ee-4390-999d-08da8f60edea HTTP/1.1" status: 200 len: 943 time: 0.6939900
Aug 24 18:10:57.617279 dv-cinder-853788-3-smb neutron-server[104045]: INFO neutron.wsgi [req-a5c10fbf-ce64-498f-b370-d2b243eb3fb0 req-49f357d7-a4fc-4012-890c-cf262653795f service neutron] 10.222.0.60 "GET /v2.0/floatingips?fixed_ip_address=172.20.0.4&port_id=ea371da7-07ff-46d4-a296-68165e2416bd HTTP/1.1" status: 200 len: 217 time: 0.1478019
Aug 24 18:10:57.621062 dv-cinder-853788-3-smb neutron-server[104044]: INFO neutron.wsgi [req-bc5760d1-7b90-44be-af19-972563b6d402 req-4827a9bc-bbaa-489f-9df3-fd8e36697f0c service neutron] 10.222.0.64 "GET /v2.0/networks/0cefd5eb-6f52-4777-9415-5d74dce76847?fields=segments HTTP/1.1" status: 200 len: 212 time: 0.5595908
Aug 24 18:10:57.749747 dv-cinder-853788-3-smb neutron-server[104045]: DEBUG neutron.pecan_wsgi.hooks.policy_enforcement [req-a5c10fbf-ce64-498f-b370-d2b243eb3fb0 req-4a82448e-4dbf-489a-b39f-a101aeb35115 service neutron] Attributes excluded by policy engine: ['standard_attr_id', 'shared', 'segment_id'] {{(pid=104045) _exclude_attributes_by_policy /opt/stack/neutron/neutron/pecan_wsgi/hooks/policy_enforcement.py:259}}
Aug 24 18:10:57.753185 dv-cinder-853788-3-smb neutron-server[104045]: INFO neutron.wsgi [req-a5c10fbf-ce64-498f-b370-d2b243eb3fb0 req-4a82448e-4dbf-489a-b39f-a101aeb35115 service neutron] 10.222.0.60 "GET /v2.0/subnets?id=836b95a9-4e78-433e-b664-bb756d4f0a89 HTTP/1.1" status: 200 len: 849 time: 0.0911939
Aug 24 18:10:57.761912 dv-cinder-853788-3-smb neutron-server[104045]: DEBUG neutron.pecan_wsgi.hooks.policy_enforcement [req-e05c7c34-ebfa-4e9a-8e3b-9b993045c286 req-57f6bda1-1881-48ab-b549-3b1ccab13f62 service neutron] Attributes excluded by policy engine: ['standard_attr_id'] {{(pid=104045) _exclude_attributes_by_policy /opt/stack/neutron/neutron/pecan_wsgi/hooks/policy_enforcement.py:259}}
Aug 24 18:10:57.763656 dv-cinder-853788-3-smb neutron-server[104045]: INFO neutron.wsgi [req-e05c7c34-ebfa-4e9a-8e3b-9b993045c286 req-57f6bda1-1881-48ab-b549-3b1ccab13f62 service neutron] 10.222.0.60 "GET /v2.0/ports?tenant_id=8322a8c25f4a43c58df6075aca0aef88&device_id=619ab8d2-3fe8-43e2-b997-11c6d8e24e78 HTTP/1.1" status: 200 len: 1128 time: 0.1750932
Aug 24 18:10:57.906860 dv-cinder-853788-3-smb neutron-server[104044]: INFO neutron.wsgi [req-734dc0c1-9b4d-4a1f-a15a-5b431e6ea7f4 req-b31206e4-004e-4a8a-8168-83873ab5c378 service neutron] 10.222.0.60 "GET /v2.0/networks/425056c2-33b7-4395-b416-248edddf6302?fields=segments HTTP/1.1" status: 200 len: 212 time: 0.6699502
Aug 24 18:10:57.945253 dv-cinder-853788-3-smb neutron-server[104045]: DEBUG neutron.pecan_wsgi.hooks.policy_enforcement [req-e05c7c34-ebfa-4e9a-8e3b-9b993045c286 req-929a5f20-ac6a-4450-944c-bafbafa3d953 service neutron] Attributes excluded by policy engine: ['standard_attr_id', 'vlan_transparent'] {{(pid=104045) _exclude_attributes_by_policy /opt/stack/neutron/neutron/pecan_wsgi/hooks/policy_enforcement.py:259}}
Aug 24 18:10:57.946924 dv-cinder-853788-3-smb neutron-server[104045]: INFO neutron.wsgi [req-e05c7c34-ebfa-4e9a-8e3b-9b993045c286 req-929a5f20-ac6a-4450-944c-bafbafa3d953 service neutron] 10.222.0.60 "GET /v2.0/networks?id=6d4d44ad-0d3a-41f5-b709-2961bf157225 HTTP/1.1" status: 200 len: 912 time: 0.1659071
Aug 24 18:10:57.991036 dv-cinder-853788-3-smb neutron-server[104044]: INFO neutron.wsgi [req-986bea4a-150c-44e3-ab9f-c28314a4fb02 req-908ea86d-192d-4740-a874-0aa14e1b6051 tempest-AttachVolumeTestJSON-1098631588 tempest-AttachVolumeTestJSON-1098631588-project] 10.222.0.64 "GET /v2.0/security-groups?id=4627ac12-7c14-42c4-9d50-013f5a912ec9&fields=id&fields=name HTTP/1.1" status: 200 len: 311 time: 0.4571805
Aug 24 18:10:58.013627 dv-cinder-853788-3-smb neutron-server[104045]: INFO neutron.wsgi [req-e05c7c34-ebfa-4e9a-8e3b-9b993045c286 req-5851c7c4-3fbe-4bd2-9ea4-45bd29fa7c5d service neutron] 10.222.0.60 "GET /v2.0/floatingips?fixed_ip_address=172.20.0.13&port_id=1138c638-5fcd-42a5-96ee-e2e07aa2a411 HTTP/1.1" status: 200 len: 217 time: 0.0441132
Aug 24 18:10:58.036006 dv-cinder-853788-3-smb neutron-server[104045]: DEBUG neutron.wsgi [-] (104045) accepted ('10.222.0.64', 36640) {{(pid=104045) server /usr/local/lib/python3.8/dist-packages/eventlet/wsgi.py:1004}}
Aug 24 18:10:58.100787 dv-cinder-853788-3-smb neutron-server[104045]: DEBUG neutron.pecan_wsgi.hooks.policy_enforcement [req-a5c10fbf-ce64-498f-b370-d2b243eb3fb0 req-8be6b7f8-73e8-41ea-a0af-151e602321c3 service neutron] Attributes excluded by policy engine: ['standard_attr_id'] {{(pid=104045) _exclude_attributes_by_policy /opt/stack/neutron/neutron/pecan_wsgi/hooks/policy_enforcement.py:259}}
Aug 24 18:10:58.102246 dv-cinder-853788-3-smb neutron-server[104045]: INFO neutron.wsgi [req-a5c10fbf-ce64-498f-b370-d2b243eb3fb0 req-8be6b7f8-73e8-41ea-a0af-151e602321c3 service neutron] 10.222.0.60 "GET /v2.0/ports?network_id=4065f731-d469-4f08-8168-67d8a03c44e8&device_owner=network%3Adhcp HTTP/1.1" status: 200 len: 1210 time: 0.3378398
Aug 24 18:10:58.113958 dv-cinder-853788-3-smb neutron-server[104044]: INFO neutron.wsgi [req-bc5760d1-7b90-44be-af19-972563b6d402 req-45bd810d-3109-4309-94bf-e0ef52bde40b service neutron] 10.222.0.64 "GET /v2.0/networks/0cefd5eb-6f52-4777-9415-5d74dce76847?fields=provider%3Aphysical_network&fields=provider%3Anetwork_type HTTP/1.1" status: 200 len: 281 time: 0.4839020
Aug 24 18:10:58.161178 dv-cinder-853788-3-smb neutron-server[104045]: DEBUG neutron.pecan_wsgi.hooks.policy_enforcement [req-e05c7c34-ebfa-4e9a-8e3b-9b993045c286 req-6fa75658-0df3-4bf6-9f07-8c9faf389cf7 service neutron] Attributes excluded by policy engine: ['standard_attr_id', 'shared', 'segment_id'] {{(pid=104045) _exclude_attributes_by_policy /opt/stack/neutron/neutron/pecan_wsgi/hooks/policy_enforcement.py:259}}
Aug 24 18:10:58.163429 dv-cinder-853788-3-smb neutron-server[104045]: INFO neutron.wsgi [req-e05c7c34-ebfa-4e9a-8e3b-9b993045c286 req-6fa75658-0df3-4bf6-9f07-8c9faf389cf7 service neutron] 10.222.0.60 "GET /v2.0/subnets?id=de982b30-d733-4593-bbc7-b6398a748418 HTTP/1.1" status: 200 len: 850 time: 0.1441853
Aug 24 18:10:58.163613 dv-cinder-853788-3-smb neutron-server[104044]: INFO neutron.wsgi [req-734dc0c1-9b4d-4a1f-a15a-5b431e6ea7f4 req-6640eba4-8418-48f0-bac8-f1b5aa1e014c service neutron] 10.222.0.60 "GET /v2.0/networks/425056c2-33b7-4395-b416-248edddf6302?fields=provider%3Aphysical_network&fields=provider%3Anetwork_type HTTP/1.1" status: 200 len: 281 time: 0.2084973
Aug 24 18:10:58.181222 dv-cinder-853788-3-smb neutron-server[104044]: DEBUG neutron.pecan_wsgi.hooks.policy_enforcement [req-db80325a-a404-4c62-9c5d-cd820b44c6c0 req-f9df737a-66c9-4396-bf3c-ec2a8fbff412 tempest-AttachVolumeShelveTestJSON-982896592 tempest-AttachVolumeShelveTestJSON-982896592-project] Attributes excluded by policy engine: ['standard_attr_id', 'binding:profile', 'binding:host_id', 'binding:vif_type', 'binding:vif_details'] {{(pid=104044) _exclude_attributes_by_policy /opt/stack/neutron/neutron/pecan_wsgi/hooks/policy_enforcement.py:259}}
Aug 24 18:10:58.190131 dv-cinder-853788-3-smb neutron-server[104044]: INFO neutron.wsgi [req-db80325a-a404-4c62-9c5d-cd820b44c6c0 req-f9df737a-66c9-4396-bf3c-ec2a8fbff412 tempest-AttachVolumeShelveTestJSON-982896592 tempest-AttachVolumeShelveTestJSON-982896592-project] 10.222.0.64 "GET /v2.0/ports?device_id=8e59afa5-7245-41dc-a1fe-776e5acf5db9 HTTP/1.1" status: 200 len: 944 time: 0.0951087
Aug 24 18:10:58.298647 dv-cinder-853788-3-smb neutron-server[104044]: INFO neutron.wsgi [req-db80325a-a404-4c62-9c5d-cd820b44c6c0 req-7358832e-a352-4f71-b167-decf77e6d3b5 tempest-AttachVolumeShelveTestJSON-982896592 tempest-AttachVolumeShelveTestJSON-982896592-project] 10.222.0.64 "GET /v2.0/security-groups?id=51ecba9d-fad6-4cd6-a4c2-a2c5c7e5c789&fields=id&fields=name HTTP/1.1" status: 200 len: 313 time: 0.1034997
Aug 24 18:10:58.324227 dv-cinder-853788-3-smb neutron-server[104045]: DEBUG neutron_lib.callbacks.manager [None req-242de40f-b5e2-4d38-9175-4a1935197644 admin admin] Publish callbacks [] for security_group (None), before_create {{(pid=104045) _notify_loop /usr/local/lib/python3.8/dist-packages/neutron_lib/callbacks/manager.py:176}}
Aug 24 18:10:58.331266 dv-cinder-853788-3-smb neutron-server[104045]: DEBUG neutron.pecan_wsgi.hooks.policy_enforcement [req-e05c7c34-ebfa-4e9a-8e3b-9b993045c286 req-2881bf44-4beb-445e-96c9-33021416908c service neutron] Attributes excluded by policy engine: ['standard_attr_id'] {{(pid=104045) _exclude_attributes_by_policy /opt/stack/neutron/neutron/pecan_wsgi/hooks/policy_enforcement.py:259}}
Aug 24 18:10:58.332776 dv-cinder-853788-3-smb neutron-server[104045]: INFO neutron.wsgi [req-e05c7c34-ebfa-4e9a-8e3b-9b993045c286 req-2881bf44-4beb-445e-96c9-33021416908c service neutron] 10.222.0.60 "GET /v2.0/ports?network_id=6d4d44ad-0d3a-41f5-b709-2961bf157225&device_owner=network%3Adhcp HTTP/1.1" status: 200 len: 1210 time: 0.1216738
Aug 24 18:10:58.370099 dv-cinder-853788-3-smb neutron-server[104045]: INFO neutron.wsgi [req-a5c10fbf-ce64-498f-b370-d2b243eb3fb0 req-5d5a1bb6-aed2-4d06-95f8-755e43615ca4 service neutron] 10.222.0.60 "GET /v2.0/networks/4065f731-d469-4f08-8168-67d8a03c44e8?fields=segments HTTP/1.1" status: 200 len: 212 time: 0.2421536
Aug 24 18:10:58.422190 dv-cinder-853788-3-smb neutron-server[104046]: DEBUG neutron_lib.callbacks.manager [None req-89b80e0b-75fd-48e2-a682-b251726d04ef None None] Publish callbacks ['neutron.services.segments.db._update_segment_host_mapping_for_agent-8768498863580', 'neutron.plugins.ml2.plugin.Ml2Plugin._retry_binding_revived_agents-869482'] for agent (f6314ab6-fa31-42c7-b920-269a645460bd), after_update {{(pid=104046) _notify_loop /usr/local/lib/python3.8/dist-packages/neutron_lib/callbacks/manager.py:176}}
Aug 24 18:10:58.496110 dv-cinder-853788-3-smb neutron-server[104044]: DEBUG neutron.pecan_wsgi.hooks.policy_enforcement [req-73a275ac-fb45-4fbf-aafa-76de745d5c8e req-492a2730-3536-46e6-8ef6-87971b23d68a tempest-DeleteServersTestJSON-92536476 tempest-DeleteServersTestJSON-92536476-project] Attributes excluded by policy engine: ['standard_attr_id', 'binding:profile', 'binding:host_id', 'binding:vif_type', 'binding:vif_details'] {{(pid=104044) _exclude_attributes_by_policy /opt/stack/neutron/neutron/pecan_wsgi/hooks/policy_enforcement.py:259}}
Aug 24 18:10:58.498289 dv-cinder-853788-3-smb neutron-server[104044]: INFO neutron.wsgi [req-73a275ac-fb45-4fbf-aafa-76de745d5c8e req-492a2730-3536-46e6-8ef6-87971b23d68a tempest-DeleteServersTestJSON-92536476 tempest-DeleteServersTestJSON-92536476-project] 10.222.0.64 "GET /v2.0/ports?device_id=619ab8d2-3fe8-43e2-b997-11c6d8e24e78 HTTP/1.1" status: 200 len: 944 time: 0.0853596
Aug 24 18:10:58.521793 dv-cinder-853788-3-smb neutron-server[104045]: DEBUG novaclient.v2.client [-] RESP: [200] Connection: close Content-Length: 179 Content-Type: application/json Date: Wed, 24 Aug 2022 18:10:57 GMT OpenStack-API-Version: compute 2.1 Server: Apache/2.4.41 (Ubuntu) Vary: OpenStack-API-Version,X-OpenStack-Nova-API-Version X-OpenStack-Nova-API-Version: 2.1 x-compute-request-id: req-a8b61f31-fe5c-4671-9183-99d6a6b6e836 x-openstack-request-id: req-a8b61f31-fe5c-4671-9183-99d6a6b6e836 {{(pid=104045) _http_log_response /usr/local/lib/python3.8/dist-packages/keystoneauth1/session.py:550}}
Aug 24 18:10:58.522133 dv-cinder-853788-3-smb neutron-server[104045]: DEBUG novaclient.v2.client [-] RESP BODY: {"events": [{"name": "network-changed", "server_uuid": "8e59afa5-7245-41dc-a1fe-776e5acf5db9", "tag": "0b83bbc3-2f4e-44ee-ad38-5edd91614ec1", "status": "completed", "code": 200}]} {{(pid=104045) _http_log_response /usr/local/lib/python3.8/dist-packages/keystoneauth1/session.py:582}}
Aug 24 18:10:58.522326 dv-cinder-853788-3-smb neutron-server[104045]: DEBUG novaclient.v2.client [-] POST call to compute for http://10.222.0.64/compute/v2.1/os-server-external-events used request id req-a8b61f31-fe5c-4671-9183-99d6a6b6e836 {{(pid=104045) request /usr/local/lib/python3.8/dist-packages/keystoneauth1/session.py:954}}
Aug 24 18:10:58.522725 dv-cinder-853788-3-smb neutron-server[104045]: INFO neutron.notifiers.nova [-] Nova event matching ['req-a8b61f31-fe5c-4671-9183-99d6a6b6e836'] response: {'name': 'network-changed', 'server_uuid': '8e59afa5-7245-41dc-a1fe-776e5acf5db9', 'tag': '0b83bbc3-2f4e-44ee-ad38-5edd91614ec1', 'status': 'completed', 'code': 200}
Aug 24 18:10:58.649537 dv-cinder-853788-3-smb neutron-server[104045]: INFO neutron.wsgi [req-e05c7c34-ebfa-4e9a-8e3b-9b993045c286 req-2d4d8890-8b3b-420c-90c5-42b9d7d21158 service neutron] 10.222.0.60 "GET /v2.0/networks/6d4d44ad-0d3a-41f5-b709-2961bf157225?fields=segments HTTP/1.1" status: 200 len: 212 time: 0.3050840
Aug 24 18:10:58.693316 dv-cinder-853788-3-smb neutron-server[104045]: INFO neutron.wsgi [req-a5c10fbf-ce64-498f-b370-d2b243eb3fb0 req-62c45efa-4883-4578-83d9-28782438b19f service neutron] 10.222.0.60 "GET /v2.0/networks/4065f731-d469-4f08-8168-67d8a03c44e8?fields=provider%3Aphysical_network&fields=provider%3Anetwork_type HTTP/1.1" status: 200 len: 281 time: 0.2678678
Aug 24 18:10:58.735262 dv-cinder-853788-3-smb neutron-server[104045]: DEBUG neutron_lib.callbacks.manager [None req-242de40f-b5e2-4d38-9175-4a1935197644 admin admin] Publish callbacks [] for security_group (bfea40f3-6177-4b62-8ab6-a3c0c903d3bf), precommit_create {{(pid=104045) _notify_loop /usr/local/lib/python3.8/dist-packages/neutron_lib/callbacks/manager.py:176}}
Aug 24 18:10:58.749781 dv-cinder-853788-3-smb neutron-server[104045]: DEBUG neutron_lib.callbacks.manager [None req-242de40f-b5e2-4d38-9175-4a1935197644 admin admin] Publish callbacks ['neutron.plugins.ml2.ovo_rpc._ObjectChangeHandler.handle_event-7908596'] for security_group (bfea40f3-6177-4b62-8ab6-a3c0c903d3bf), after_create {{(pid=104045) _notify_loop /usr/local/lib/python3.8/dist-packages/neutron_lib/callbacks/manager.py:176}}
Aug 24 18:10:58.821234 dv-cinder-853788-3-smb neutron-server[104045]: DEBUG neutron.api.rpc.handlers.resources_rpc [None req-242de40f-b5e2-4d38-9175-4a1935197644 admin admin] Pushing event updated for resources: {'SecurityGroup': ['ID=bfea40f3-6177-4b62-8ab6-a3c0c903d3bf,revision_number=1']} {{(pid=104045) push /opt/stack/neutron/neutron/api/rpc/handlers/resources_rpc.py:237}}
Aug 24 18:10:58.847753 dv-cinder-853788-3-smb neutron-server[104045]: INFO neutron.wsgi [None req-242de40f-b5e2-4d38-9175-4a1935197644 admin admin] 10.222.0.64 "GET /v2.0/security-groups?tenant_id=2b2448a077d94de1b20a5506ac068205&name=default HTTP/1.1" status: 200 len: 2996 time: 0.8073850
Aug 24 18:10:58.852477 dv-cinder-853788-3-smb neutron-server[104045]: DEBUG neutron.wsgi [-] (104045) accepted ('10.222.0.64', 36684) {{(pid=104045) server /usr/local/lib/python3.8/dist-packages/eventlet/wsgi.py:1004}}
Aug 24 18:10:58.864999 dv-cinder-853788-3-smb neutron-server[104045]: INFO neutron.wsgi [req-e05c7c34-ebfa-4e9a-8e3b-9b993045c286 req-bed130ab-37d3-4163-845d-419625a74f32 service neutron] 10.222.0.60 "GET /v2.0/networks/6d4d44ad-0d3a-41f5-b709-2961bf157225?fields=provider%3Aphysical_network&fields=provider%3Anetwork_type HTTP/1.1" status: 200 len: 281 time: 0.2048779
Aug 24 18:10:58.889809 dv-cinder-853788-3-smb neutron-server[104044]: INFO neutron.wsgi [req-884c21a2-6642-45ab-8566-5fd3588df9dc req-d425663e-5a0f-479b-b3a3-a465f0736e52 tempest-AttachVolumeNegativeTest-1914824594 tempest-AttachVolumeNegativeTest-1914824594-project] 10.222.0.64 "GET /v2.0/ports?device_id=dfb8d1f8-2e20-4b08-99cf-1d633f5fe2f5 HTTP/1.1" status: 200 len: 210 time: 0.0568075
Aug 24 18:10:58.965255 dv-cinder-853788-3-smb neutron-server[104044]: INFO neutron.wsgi [req-73a275ac-fb45-4fbf-aafa-76de745d5c8e req-dcd521a2-d883-4dde-a77f-1bbc3f853435 tempest-DeleteServersTestJSON-92536476 tempest-DeleteServersTestJSON-92536476-project] 10.222.0.64 "GET /v2.0/security-groups?id=b4f48820-db0e-4dc8-835a-0bf6ac923611&fields=id&fields=name HTTP/1.1" status: 200 len: 286 time: 0.4565253
Aug 24 18:10:58.980257 dv-cinder-853788-3-smb neutron-server[104044]: DEBUG neutron.pecan_wsgi.hooks.policy_enforcement [req-44447b0b-2ad9-4666-91c9-3f92fbf9e5fb req-25064b08-aed2-499b-87c0-157225175a51 service neutron] Attributes excluded by policy engine: ['standard_attr_id'] {{(pid=104044) _exclude_attributes_by_policy /opt/stack/neutron/neutron/pecan_wsgi/hooks/policy_enforcement.py:259}}
Aug 24 18:10:58.982311 dv-cinder-853788-3-smb neutron-server[104044]: INFO neutron.wsgi [req-44447b0b-2ad9-4666-91c9-3f92fbf9e5fb req-25064b08-aed2-499b-87c0-157225175a51 service neutron] 10.222.0.60 "GET /v2.0/ports?tenant_id=aa9d3d00a19a42ffb34336d18b1e2257&device_id=8e59afa5-7245-41dc-a1fe-776e5acf5db9 HTTP/1.1" status: 200 len: 1128 time: 0.4487793
Aug 24 18:10:58.999179 dv-cinder-853788-3-smb neutron-server[104045]: DEBUG neutron_lib.callbacks.manager [None req-f1d54270-ad37-4b98-aba3-9210384e0d72 admin admin] Publish callbacks [] for security_group (bfea40f3-6177-4b62-8ab6-a3c0c903d3bf), before_delete {{(pid=104045) _notify_loop /usr/local/lib/python3.8/dist-packages/neutron_lib/callbacks/manager.py:176}}
Aug 24 18:10:59.060368 dv-cinder-853788-3-smb neutron-server[104045]: DEBUG neutron_lib.callbacks.manager [None req-f1d54270-ad37-4b98-aba3-9210384e0d72 admin admin] Publish callbacks [] for security_group (bfea40f3-6177-4b62-8ab6-a3c0c903d3bf), precommit_delete {{(pid=104045) _notify_loop /usr/local/lib/python3.8/dist-packages/neutron_lib/callbacks/manager.py:176}}
Aug 24 18:10:59.083097 dv-cinder-853788-3-smb neutron-server[104045]: DEBUG neutron.wsgi [-] (104045) accepted ('10.222.0.64', 36698) {{(pid=104045) server /usr/local/lib/python3.8/dist-packages/eventlet/wsgi.py:1004}}
Aug 24 18:10:59.165297 dv-cinder-853788-3-smb neutron-server[104045]: DEBUG neutron_lib.callbacks.manager [None req-f1d54270-ad37-4b98-aba3-9210384e0d72 admin admin] Publish callbacks ['neutron.plugins.ml2.ovo_rpc._ObjectChangeHandler.handle_event-7908596'] for security_group (bfea40f3-6177-4b62-8ab6-a3c0c903d3bf), after_delete {{(pid=104045) _notify_loop /usr/local/lib/python3.8/dist-packages/neutron_lib/callbacks/manager.py:176}}
Aug 24 18:10:59.169563 dv-cinder-853788-3-smb neutron-server[104045]: DEBUG neutron_lib.callbacks.manager [None req-f1d54270-ad37-4b98-aba3-9210384e0d72 admin admin] Publish callbacks [] for security_group (None), before_response {{(pid=104045) _notify_loop /usr/local/lib/python3.8/dist-packages/neutron_lib/callbacks/manager.py:176}}
Aug 24 18:10:59.175677 dv-cinder-853788-3-smb neutron-server[104045]: INFO neutron.wsgi [None req-f1d54270-ad37-4b98-aba3-9210384e0d72 admin admin] 10.222.0.64 "DELETE /v2.0/security-groups/bfea40f3-6177-4b62-8ab6-a3c0c903d3bf HTTP/1.1" status: 204 len: 168 time: 0.3182282
Aug 24 18:10:59.191623 dv-cinder-853788-3-smb neutron-server[104045]: DEBUG neutron.api.rpc.handlers.resources_rpc [None req-f1d54270-ad37-4b98-aba3-9210384e0d72 admin admin] Pushing event deleted for resources: {'SecurityGroup': ['ID=bfea40f3-6177-4b62-8ab6-a3c0c903d3bf,revision_number=None']} {{(pid=104045) push /opt/stack/neutron/neutron/api/rpc/handlers/resources_rpc.py:237}}
Aug 24 18:10:59.315668 dv-cinder-853788-3-smb neutron-server[104045]: DEBUG neutron_lib.callbacks.manager [None req-c87f2897-13bd-48fb-924b-dfc6c7191fb2 admin admin] Publish callbacks [] for security_group (None), before_create {{(pid=104045) _notify_loop /usr/local/lib/python3.8/dist-packages/neutron_lib/callbacks/manager.py:176}}
Aug 24 18:10:59.327646 dv-cinder-853788-3-smb neutron-server[104044]: DEBUG neutron.pecan_wsgi.hooks.policy_enforcement [req-f59b2484-45df-468d-8f4c-f2917696219d req-e91034e3-6c73-42bf-8f65-145872f05b7b tempest-AttachVolumeTestJSON-1098631588 tempest-AttachVolumeTestJSON-1098631588-project] Attributes excluded by policy engine: ['standard_attr_id', 'binding:profile', 'binding:host_id', 'binding:vif_type', 'binding:vif_details'] {{(pid=104044) _exclude_attributes_by_policy /opt/stack/neutron/neutron/pecan_wsgi/hooks/policy_enforcement.py:259}}
Aug 24 18:10:59.330848 dv-cinder-853788-3-smb neutron-server[104044]: INFO neutron.wsgi [req-f59b2484-45df-468d-8f4c-f2917696219d req-e91034e3-6c73-42bf-8f65-145872f05b7b tempest-AttachVolumeTestJSON-1098631588 tempest-AttachVolumeTestJSON-1098631588-project] 10.222.0.64 "GET /v2.0/ports?device_id=12db9a12-12ee-4390-999d-08da8f60edea HTTP/1.1" status: 200 len: 943 time: 0.1881604
Aug 24 18:10:59.483336 dv-cinder-853788-3-smb neutron-server[104044]: INFO neutron.wsgi [req-f59b2484-45df-468d-8f4c-f2917696219d req-22d53dbd-813f-4869-89cc-636a3058345f tempest-AttachVolumeTestJSON-1098631588 tempest-AttachVolumeTestJSON-1098631588-project] 10.222.0.64 "GET /v2.0/security-groups?id=4627ac12-7c14-42c4-9d50-013f5a912ec9&fields=id&fields=name HTTP/1.1" status: 200 len: 311 time: 0.1309659
Aug 24 18:10:59.499948 dv-cinder-853788-3-smb neutron-server[104044]: DEBUG neutron.pecan_wsgi.hooks.policy_enforcement [req-44447b0b-2ad9-4666-91c9-3f92fbf9e5fb req-9aaabc99-577e-48c6-b79b-9be4b76b39ab service neutron] Attributes excluded by policy engine: ['standard_attr_id', 'vlan_transparent'] {{(pid=104044) _exclude_attributes_by_policy /opt/stack/neutron/neutron/pecan_wsgi/hooks/policy_enforcement.py:259}}
Aug 24 18:10:59.501957 dv-cinder-853788-3-smb neutron-server[104044]: INFO neutron.wsgi [req-44447b0b-2ad9-4666-91c9-3f92fbf9e5fb req-9aaabc99-577e-48c6-b79b-9be4b76b39ab service neutron] 10.222.0.60 "GET /v2.0/networks?id=425056c2-33b7-4395-b416-248edddf6302 HTTP/1.1" status: 200 len: 917 time: 0.5117071
Aug 24 18:10:59.569247 dv-cinder-853788-3-smb neutron-server[104044]: INFO neutron.wsgi [req-44447b0b-2ad9-4666-91c9-3f92fbf9e5fb req-93884808-1aca-409d-b316-2ed2bde13ade service neutron] 10.222.0.60 "GET /v2.0/floatingips?fixed_ip_address=172.20.0.14&port_id=0b83bbc3-2f4e-44ee-ad38-5edd91614ec1 HTTP/1.1" status: 200 len: 217 time: 0.0436192
Aug 24 18:10:59.639012 dv-cinder-853788-3-smb neutron-server[104044]: DEBUG neutron.pecan_wsgi.hooks.policy_enforcement [req-603f0981-4be4-4d95-aa17-a211c26721a6 req-712a2828-0a9a-47b7-8657-a797a69fd26b tempest-AttachVolumeShelveTestJSON-982896592 tempest-AttachVolumeShelveTestJSON-982896592-project] Attributes excluded by policy engine: ['standard_attr_id', 'binding:profile', 'binding:host_id', 'binding:vif_type', 'binding:vif_details'] {{(pid=104044) _exclude_attributes_by_policy /opt/stack/neutron/neutron/pecan_wsgi/hooks/policy_enforcement.py:259}}
Aug 24 18:10:59.640863 dv-cinder-853788-3-smb neutron-server[104044]: INFO neutron.wsgi [req-603f0981-4be4-4d95-aa17-a211c26721a6 req-712a2828-0a9a-47b7-8657-a797a69fd26b tempest-AttachVolumeShelveTestJSON-982896592 tempest-AttachVolumeShelveTestJSON-982896592-project] 10.222.0.64 "GET /v2.0/ports?device_id=8e59afa5-7245-41dc-a1fe-776e5acf5db9 HTTP/1.1" status: 200 len: 944 time: 0.1871104
Aug 24 18:10:59.659336 dv-cinder-853788-3-smb neutron-server[104044]: DEBUG neutron.pecan_wsgi.hooks.policy_enforcement [req-44447b0b-2ad9-4666-91c9-3f92fbf9e5fb req-2d393c39-b171-4bd7-b174-72c826ad7602 service neutron] Attributes excluded by policy engine: ['standard_attr_id', 'shared', 'segment_id'] {{(pid=104044) _exclude_attributes_by_policy /opt/stack/neutron/neutron/pecan_wsgi/hooks/policy_enforcement.py:259}}
Aug 24 18:10:59.661240 dv-cinder-853788-3-smb neutron-server[104044]: INFO neutron.wsgi [req-44447b0b-2ad9-4666-91c9-3f92fbf9e5fb req-2d393c39-b171-4bd7-b174-72c826ad7602 service neutron] 10.222.0.60 "GET /v2.0/subnets?id=9b6503c8-6e1e-4805-ac22-d1ac2d64ff77 HTTP/1.1" status: 200 len: 855 time: 0.0836277
Aug 24 18:10:59.694482 dv-cinder-853788-3-smb neutron-server[104045]: DEBUG neutron_lib.callbacks.manager [None req-c87f2897-13bd-48fb-924b-dfc6c7191fb2 admin admin] Publish callbacks [] for security_group (1c134ea6-6a80-4fa1-bc3e-54f0bb5b6ef4), precommit_create {{(pid=104045) _notify_loop /usr/local/lib/python3.8/dist-packages/neutron_lib/callbacks/manager.py:176}}
Aug 24 18:10:59.695760 dv-cinder-853788-3-smb neutron-server[104045]: DEBUG neutron.wsgi [-] (104045) accepted ('10.222.0.64', 36722) {{(pid=104045) server /usr/local/lib/python3.8/dist-packages/eventlet/wsgi.py:1004}}
Aug 24 18:10:59.704042 dv-cinder-853788-3-smb neutron-server[104045]: DEBUG neutron_lib.callbacks.manager [None req-c87f2897-13bd-48fb-924b-dfc6c7191fb2 admin admin] Publish callbacks ['neutron.plugins.ml2.ovo_rpc._ObjectChangeHandler.handle_event-7908596'] for security_group (1c134ea6-6a80-4fa1-bc3e-54f0bb5b6ef4), after_create {{(pid=104045) _notify_loop /usr/local/lib/python3.8/dist-packages/neutron_lib/callbacks/manager.py:176}}
Aug 24 18:10:59.744563 dv-cinder-853788-3-smb neutron-server[104045]: INFO neutron.wsgi [None req-c87f2897-13bd-48fb-924b-dfc6c7191fb2 admin admin] 10.222.0.64 "GET /v2.0/security-groups?tenant_id=6803ae47d49e48439b000dffbee61ff9&name=default HTTP/1.1" status: 200 len: 2996 time: 0.6603563
Aug 24 18:10:59.752276 dv-cinder-853788-3-smb neutron-server[104044]: INFO neutron.wsgi [req-603f0981-4be4-4d95-aa17-a211c26721a6 req-273b23aa-d37f-4a54-9cea-671bad7d055f tempest-AttachVolumeShelveTestJSON-982896592 tempest-AttachVolumeShelveTestJSON-982896592-project] 10.222.0.64 "GET /v2.0/security-groups?id=51ecba9d-fad6-4cd6-a4c2-a2c5c7e5c789&fields=id&fields=name HTTP/1.1" status: 200 len: 313 time: 0.0911651
Aug 24 18:10:59.752671 dv-cinder-853788-3-smb neutron-server[104045]: DEBUG neutron_lib.callbacks.manager [None req-91b61abd-2797-47ed-93e2-b25ef80d2b05 admin admin] Publish callbacks [] for security_group (None), before_create {{(pid=104045) _notify_loop /usr/local/lib/python3.8/dist-packages/neutron_lib/callbacks/manager.py:176}}
Aug 24 18:10:59.752767 dv-cinder-853788-3-smb neutron-server[104044]: DEBUG neutron.wsgi [-] (104044) accepted ('10.222.0.64', 36726) {{(pid=104044) server /usr/local/lib/python3.8/dist-packages/eventlet/wsgi.py:1004}}
Aug 24 18:10:59.770160 dv-cinder-853788-3-smb neutron-server[104045]: DEBUG neutron.api.rpc.handlers.resources_rpc [None req-c87f2897-13bd-48fb-924b-dfc6c7191fb2 admin admin] Pushing event updated for resources: {'SecurityGroup': ['ID=1c134ea6-6a80-4fa1-bc3e-54f0bb5b6ef4,revision_number=1']} {{(pid=104045) push /opt/stack/neutron/neutron/api/rpc/handlers/resources_rpc.py:237}}
Aug 24 18:10:59.785380 dv-cinder-853788-3-smb neutron-server[104044]: DEBUG neutron.pecan_wsgi.hooks.policy_enforcement [req-44447b0b-2ad9-4666-91c9-3f92fbf9e5fb req-e5bb4d2d-7992-4404-939a-5e727082dc2a service neutron] Attributes excluded by policy engine: ['standard_attr_id'] {{(pid=104044) _exclude_attributes_by_policy /opt/stack/neutron/neutron/pecan_wsgi/hooks/policy_enforcement.py:259}}
Aug 24 18:10:59.785380 dv-cinder-853788-3-smb neutron-server[104044]: INFO neutron.wsgi [req-44447b0b-2ad9-4666-91c9-3f92fbf9e5fb req-e5bb4d2d-7992-4404-939a-5e727082dc2a service neutron] 10.222.0.60 "GET /v2.0/ports?network_id=425056c2-33b7-4395-b416-248edddf6302&device_owner=network%3Adhcp HTTP/1.1" status: 200 len: 1210 time: 0.1033943
Aug 24 18:10:59.845936 dv-cinder-853788-3-smb neutron-server[104045]: DEBUG neutron_lib.callbacks.manager [None req-91b61abd-2797-47ed-93e2-b25ef80d2b05 admin admin] Publish callbacks [] for security_group (9f8693a4-4fba-4663-a972-2a98d5c97d9e), precommit_create {{(pid=104045) _notify_loop /usr/local/lib/python3.8/dist-packages/neutron_lib/callbacks/manager.py:176}}
Aug 24 18:10:59.851433 dv-cinder-853788-3-smb neutron-server[104045]: DEBUG neutron_lib.callbacks.manager [None req-91b61abd-2797-47ed-93e2-b25ef80d2b05 admin admin] Publish callbacks ['neutron.plugins.ml2.ovo_rpc._ObjectChangeHandler.handle_event-7908596'] for security_group (9f8693a4-4fba-4663-a972-2a98d5c97d9e), after_create {{(pid=104045) _notify_loop /usr/local/lib/python3.8/dist-packages/neutron_lib/callbacks/manager.py:176}}
Aug 24 18:10:59.862855 dv-cinder-853788-3-smb neutron-server[104044]: DEBUG neutron_lib.callbacks.manager [None req-cba2fe79-ad8d-401f-b715-19d396ebc624 admin admin] Publish callbacks [] for security_group (1c134ea6-6a80-4fa1-bc3e-54f0bb5b6ef4), before_delete {{(pid=104044) _notify_loop /usr/local/lib/python3.8/dist-packages/neutron_lib/callbacks/manager.py:176}}
Aug 24 18:10:59.882608 dv-cinder-853788-3-smb neutron-server[104046]: DEBUG neutron_lib.callbacks.manager [None req-cf910a55-4da3-4327-b07c-adf460ae8c45 None None] Publish callbacks ['neutron.services.segments.db._update_segment_host_mapping_for_agent-8768498863580', 'neutron.plugins.ml2.plugin.Ml2Plugin._retry_binding_revived_agents-869482'] for agent (6b89549d-ccea-47f1-a1b0-ff05b233bc66), after_update {{(pid=104046) _notify_loop /usr/local/lib/python3.8/dist-packages/neutron_lib/callbacks/manager.py:176}}
Aug 24 18:10:59.902109 dv-cinder-853788-3-smb neutron-server[104045]: DEBUG neutron.api.rpc.handlers.resources_rpc [None req-91b61abd-2797-47ed-93e2-b25ef80d2b05 admin admin] Pushing event updated for resources: {'SecurityGroup': ['ID=9f8693a4-4fba-4663-a972-2a98d5c97d9e,revision_number=1']} {{(pid=104045) push /opt/stack/neutron/neutron/api/rpc/handlers/resources_rpc.py:237}}
Aug 24 18:10:59.904250 dv-cinder-853788-3-smb neutron-server[104044]: DEBUG neutron_lib.callbacks.manager [None req-cba2fe79-ad8d-401f-b715-19d396ebc624 admin admin] Publish callbacks [] for security_group (1c134ea6-6a80-4fa1-bc3e-54f0bb5b6ef4), precommit_delete {{(pid=104044) _notify_loop /usr/local/lib/python3.8/dist-packages/neutron_lib/callbacks/manager.py:176}}
Aug 24 18:10:59.909260 dv-cinder-853788-3-smb neutron-server[104045]: INFO neutron.wsgi [None req-91b61abd-2797-47ed-93e2-b25ef80d2b05 admin admin] 10.222.0.64 "GET /v2.0/security-groups?tenant_id=a07395f026294a889b18d60497cfc9b6&name=default HTTP/1.1" status: 200 len: 2996 time: 0.2122412
Aug 24 18:10:59.915558 dv-cinder-853788-3-smb neutron-server[104045]: DEBUG neutron.wsgi [-] (104045) accepted ('10.222.0.64', 36730) {{(pid=104045) server /usr/local/lib/python3.8/dist-packages/eventlet/wsgi.py:1004}}
Aug 24 18:10:59.919034 dv-cinder-853788-3-smb neutron-server[104044]: INFO neutron.wsgi [req-44447b0b-2ad9-4666-91c9-3f92fbf9e5fb req-422cdb0b-a24d-482c-82f2-666e992bf768 service neutron] 10.222.0.60 "GET /v2.0/networks/425056c2-33b7-4395-b416-248edddf6302?fields=segments HTTP/1.1" status: 200 len: 212 time: 0.1307673
Aug 24 18:10:59.997048 dv-cinder-853788-3-smb neutron-server[104045]: DEBUG neutron_lib.callbacks.manager [None req-9de3c10c-4a18-4eca-b1fb-d6cbeba4521e admin admin] Publish callbacks [] for security_group (9f8693a4-4fba-4663-a972-2a98d5c97d9e), before_delete {{(pid=104045) _notify_loop /usr/local/lib/python3.8/dist-packages/neutron_lib/callbacks/manager.py:176}}
Aug 24 18:11:00.024678 dv-cinder-853788-3-smb neutron-server[104045]: DEBUG neutron_lib.callbacks.manager [None req-9de3c10c-4a18-4eca-b1fb-d6cbeba4521e admin admin] Publish callbacks [] for security_group (9f8693a4-4fba-4663-a972-2a98d5c97d9e), precommit_delete {{(pid=104045) _notify_loop /usr/local/lib/python3.8/dist-packages/neutron_lib/callbacks/manager.py:176}}
Aug 24 18:11:00.080670 dv-cinder-853788-3-smb neutron-server[104044]: INFO neutron.wsgi [req-c65d90ca-eca2-476a-bea3-5c79276e4db9 req-0aba619f-9ed0-4d3d-9881-59ca4205f16d tempest-AttachVolumeNegativeTest-1914824594 tempest-AttachVolumeNegativeTest-1914824594-project] 10.222.0.64 "GET /v2.0/ports?device_id=dfb8d1f8-2e20-4b08-99cf-1d633f5fe2f5 HTTP/1.1" status: 200 len: 210 time: 0.1000407
Aug 24 18:11:00.177439 dv-cinder-853788-3-smb neutron-server[104044]: DEBUG neutron_lib.callbacks.manager [None req-cba2fe79-ad8d-401f-b715-19d396ebc624 admin admin] Publish callbacks ['neutron.plugins.ml2.ovo_rpc._ObjectChangeHandler.handle_event-7908596'] for security_group (1c134ea6-6a80-4fa1-bc3e-54f0bb5b6ef4), after_delete {{(pid=104044) _notify_loop /usr/local/lib/python3.8/dist-packages/neutron_lib/callbacks/manager.py:176}}
Aug 24 18:11:00.179241 dv-cinder-853788-3-smb neutron-server[104045]: DEBUG neutron_lib.callbacks.manager [None req-9de3c10c-4a18-4eca-b1fb-d6cbeba4521e admin admin] Publish callbacks ['neutron.plugins.ml2.ovo_rpc._ObjectChangeHandler.handle_event-7908596'] for security_group (9f8693a4-4fba-4663-a972-2a98d5c97d9e), after_delete {{(pid=104045) _notify_loop /usr/local/lib/python3.8/dist-packages/neutron_lib/callbacks/manager.py:176}}
Aug 24 18:11:00.181162 dv-cinder-853788-3-smb neutron-server[104044]: DEBUG neutron_lib.callbacks.manager [None req-cba2fe79-ad8d-401f-b715-19d396ebc624 admin admin] Publish callbacks [] for security_group (None), before_response {{(pid=104044) _notify_loop /usr/local/lib/python3.8/dist-packages/neutron_lib/callbacks/manager.py:176}}
Aug 24 18:11:00.181810 dv-cinder-853788-3-smb neutron-server[104045]: DEBUG neutron_lib.callbacks.manager [None req-9de3c10c-4a18-4eca-b1fb-d6cbeba4521e admin admin] Publish callbacks [] for security_group (None), before_response {{(pid=104045) _notify_loop /usr/local/lib/python3.8/dist-packages/neutron_lib/callbacks/manager.py:176}}
Aug 24 18:11:00.185610 dv-cinder-853788-3-smb neutron-server[104044]: INFO neutron.wsgi [None req-cba2fe79-ad8d-401f-b715-19d396ebc624 admin admin] 10.222.0.64 "DELETE /v2.0/security-groups/1c134ea6-6a80-4fa1-bc3e-54f0bb5b6ef4 HTTP/1.1" status: 204 len: 168 time: 0.4344513
Aug 24 18:11:00.185774 dv-cinder-853788-3-smb neutron-server[104045]: INFO neutron.wsgi [None req-9de3c10c-4a18-4eca-b1fb-d6cbeba4521e admin admin] 10.222.0.64 "DELETE /v2.0/security-groups/9f8693a4-4fba-4663-a972-2a98d5c97d9e HTTP/1.1" status: 204 len: 168 time: 0.2692032
Aug 24 18:11:00.195716 dv-cinder-853788-3-smb neutron-server[104044]: DEBUG neutron.pecan_wsgi.hooks.policy_enforcement [req-9d5a77a4-5d9d-4ab5-a454-04b8443c908e req-8189ec79-aac1-4a14-8fa5-bd0dc1c802f1 tempest-DeleteServersTestJSON-92536476 tempest-DeleteServersTestJSON-92536476-project] Attributes excluded by policy engine: ['standard_attr_id', 'binding:profile', 'binding:host_id', 'binding:vif_type', 'binding:vif_details'] {{(pid=104044) _exclude_attributes_by_policy /opt/stack/neutron/neutron/pecan_wsgi/hooks/policy_enforcement.py:259}}
Aug 24 18:11:00.198140 dv-cinder-853788-3-smb neutron-server[104045]: DEBUG neutron.api.rpc.handlers.resources_rpc [None req-9de3c10c-4a18-4eca-b1fb-d6cbeba4521e admin admin] Pushing event deleted for resources: {'SecurityGroup': ['ID=9f8693a4-4fba-4663-a972-2a98d5c97d9e,revision_number=None']} {{(pid=104045) push /opt/stack/neutron/neutron/api/rpc/handlers/resources_rpc.py:237}}
Aug 24 18:11:00.204631 dv-cinder-853788-3-smb neutron-server[104044]: INFO neutron.wsgi [req-9d5a77a4-5d9d-4ab5-a454-04b8443c908e req-8189ec79-aac1-4a14-8fa5-bd0dc1c802f1 tempest-DeleteServersTestJSON-92536476 tempest-DeleteServersTestJSON-92536476-project] 10.222.0.64 "GET /v2.0/ports?device_id=619ab8d2-3fe8-43e2-b997-11c6d8e24e78 HTTP/1.1" status: 200 len: 944 time: 0.1511352
Aug 24 18:11:00.220629 dv-cinder-853788-3-smb neutron-server[104045]: DEBUG neutron.pecan_wsgi.hooks.policy_enforcement [req-bc5760d1-7b90-44be-af19-972563b6d402 req-492d09fc-90b2-465d-9684-390da7739865 tempest-AttachVolumeNegativeTest-1914824594 tempest-AttachVolumeNegativeTest-1914824594-project] Attributes excluded by policy engine: ['standard_attr_id', 'vlan_transparent', 'provider:network_type', 'provider:physical_network', 'provider:segmentation_id'] {{(pid=104045) _exclude_attributes_by_policy /opt/stack/neutron/neutron/pecan_wsgi/hooks/policy_enforcement.py:259}}
Aug 24 18:11:00.222696 dv-cinder-853788-3-smb neutron-server[104045]: INFO neutron.wsgi [req-bc5760d1-7b90-44be-af19-972563b6d402 req-492d09fc-90b2-465d-9684-390da7739865 tempest-AttachVolumeNegativeTest-1914824594 tempest-AttachVolumeNegativeTest-1914824594-project] 10.222.0.60 "GET /v2.0/networks?id=0cefd5eb-6f52-4777-9415-5d74dce76847 HTTP/1.1" status: 200 len: 814 time: 0.1647041
Aug 24 18:11:00.243586 dv-cinder-853788-3-smb neutron-server[104044]: DEBUG neutron.api.rpc.handlers.resources_rpc [None req-cba2fe79-ad8d-401f-b715-19d396ebc624 admin admin] Pushing event deleted for resources: {'SecurityGroup': ['ID=1c134ea6-6a80-4fa1-bc3e-54f0bb5b6ef4,revision_number=None']} {{(pid=104044) push /opt/stack/neutron/neutron/api/rpc/handlers/resources_rpc.py:237}}
Aug 24 18:11:00.254257 dv-cinder-853788-3-smb neutron-server[104044]: INFO neutron.wsgi [req-44447b0b-2ad9-4666-91c9-3f92fbf9e5fb req-844fe2a1-7977-4f39-ab24-498e949f6954 service neutron] 10.222.0.60 "GET /v2.0/networks/425056c2-33b7-4395-b416-248edddf6302?fields=provider%3Aphysical_network&fields=provider%3Anetwork_type HTTP/1.1" status: 200 len: 281 time: 0.3175387
Aug 24 18:11:00.291894 dv-cinder-853788-3-smb neutron-server[104044]: INFO neutron.wsgi [req-9d5a77a4-5d9d-4ab5-a454-04b8443c908e req-7fed36c6-a9b2-46c6-8a2d-223dfb0f5898 tempest-DeleteServersTestJSON-92536476 tempest-DeleteServersTestJSON-92536476-project] 10.222.0.64 "GET /v2.0/security-groups?id=b4f48820-db0e-4dc8-835a-0bf6ac923611&fields=id&fields=name HTTP/1.1" status: 200 len: 286 time: 0.0857320
Aug 24 18:11:00.332747 dv-cinder-853788-3-smb neutron-server[104045]: INFO neutron.wsgi [req-bc5760d1-7b90-44be-af19-972563b6d402 req-d97ed32e-64dc-44a3-b781-ef9623d12368 tempest-AttachVolumeNegativeTest-1914824594 tempest-AttachVolumeNegativeTest-1914824594-project] 10.222.0.60 "GET /v2.0/security-groups?fields=id&fields=name&tenant_id=0c735b8839a24cad8f658f9ecb981dc8 HTTP/1.1" status: 200 len: 380 time: 0.1015885
Aug 24 18:11:00.346723 dv-cinder-853788-3-smb neutron-server[104045]: DEBUG neutron.api.v2.base [req-bc5760d1-7b90-44be-af19-972563b6d402 req-61de6b04-227c-48c8-b126-17bea50d9fff tempest-AttachVolumeNegativeTest-1914824594 tempest-AttachVolumeNegativeTest-1914824594-project] Request body: {'port': {'device_id': 'dfb8d1f8-2e20-4b08-99cf-1d633f5fe2f5', 'network_id': '0cefd5eb-6f52-4777-9415-5d74dce76847', 'admin_state_up': True, 'tenant_id': '0c735b8839a24cad8f658f9ecb981dc8', 'security_groups': ['e0f5cdc2-41a8-4cf8-9efe-09670e22e990']}} {{(pid=104045) prepare_request_body /opt/stack/neutron/neutron/api/v2/base.py:730}}
Aug 24 18:11:00.511706 dv-cinder-853788-3-smb neutron-server[104045]: DEBUG neutron.pecan_wsgi.hooks.quota_enforcement [req-bc5760d1-7b90-44be-af19-972563b6d402 req-61de6b04-227c-48c8-b126-17bea50d9fff tempest-AttachVolumeNegativeTest-1914824594 tempest-AttachVolumeNegativeTest-1914824594-project] Made reservation on behalf of 0c735b8839a24cad8f658f9ecb981dc8 for: {'port': 1} {{(pid=104045) before /opt/stack/neutron/neutron/pecan_wsgi/hooks/quota_enforcement.py:53}}
Aug 24 18:11:00.516083 dv-cinder-853788-3-smb neutron-server[104045]: DEBUG neutron_lib.callbacks.manager [req-bc5760d1-7b90-44be-af19-972563b6d402 req-61de6b04-227c-48c8-b126-17bea50d9fff tempest-AttachVolumeNegativeTest-1914824594 tempest-AttachVolumeNegativeTest-1914824594-project] Publish callbacks ['neutron.plugins.ml2.plugin.SecurityGroupDbMixin._ensure_default_security_group_handler-880483'] for port (None), before_create {{(pid=104045) _notify_loop /usr/local/lib/python3.8/dist-packages/neutron_lib/callbacks/manager.py:176}}
Aug 24 18:11:00.637697 dv-cinder-853788-3-smb neutron-server[104044]: DEBUG neutron.pecan_wsgi.hooks.policy_enforcement [req-175f2e59-a634-45d0-8bcc-d4df67ec8c1b req-88298682-97b0-4242-bf91-b149d01bf977 tempest-AttachVolumeTestJSON-1098631588 tempest-AttachVolumeTestJSON-1098631588-project] Attributes excluded by policy engine: ['standard_attr_id', 'binding:profile', 'binding:host_id', 'binding:vif_type', 'binding:vif_details'] {{(pid=104044) _exclude_attributes_by_policy /opt/stack/neutron/neutron/pecan_wsgi/hooks/policy_enforcement.py:259}}
Aug 24 18:11:00.639452 dv-cinder-853788-3-smb neutron-server[104044]: INFO neutron.wsgi [req-175f2e59-a634-45d0-8bcc-d4df67ec8c1b req-88298682-97b0-4242-bf91-b149d01bf977 tempest-AttachVolumeTestJSON-1098631588 tempest-AttachVolumeTestJSON-1098631588-project] 10.222.0.64 "GET /v2.0/ports?device_id=12db9a12-12ee-4390-999d-08da8f60edea HTTP/1.1" status: 200 len: 943 time: 0.0726848
Aug 24 18:11:00.745193 dv-cinder-853788-3-smb neutron-server[104044]: INFO neutron.wsgi [req-175f2e59-a634-45d0-8bcc-d4df67ec8c1b req-9cc6696f-b2fc-4194-b3f3-1f3ea40ed5a8 tempest-AttachVolumeTestJSON-1098631588 tempest-AttachVolumeTestJSON-1098631588-project] 10.222.0.64 "GET /v2.0/security-groups?id=4627ac12-7c14-42c4-9d50-013f5a912ec9&fields=id&fields=name HTTP/1.1" status: 200 len: 311 time: 0.0972514
Aug 24 18:11:00.758645 dv-cinder-853788-3-smb neutron-server[104045]: DEBUG neutron.db.db_base_plugin_common [req-bc5760d1-7b90-44be-af19-972563b6d402 req-61de6b04-227c-48c8-b126-17bea50d9fff tempest-AttachVolumeNegativeTest-1914824594 tempest-AttachVolumeNegativeTest-1914824594-project] Allocated IP 172.20.0.12 (0cefd5eb-6f52-4777-9415-5d74dce76847/f29567a9-d03f-4753-bc74-631fcc50d06f/aa8bedc4-2789-46f1-989f-300f81790a9b) {{(pid=104045) _store_ip_allocation /opt/stack/neutron/neutron/db/db_base_plugin_common.py:131}}
Aug 24 18:11:00.975795 dv-cinder-853788-3-smb neutron-server[104045]: DEBUG neutron.wsgi [-] (104045) accepted ('10.222.0.64', 36792) {{(pid=104045) server /usr/local/lib/python3.8/dist-packages/eventlet/wsgi.py:1004}}
Aug 24 18:11:01.005650 dv-cinder-853788-3-smb neutron-server[104044]: DEBUG neutron.pecan_wsgi.hooks.policy_enforcement [req-d8af3209-8bd4-491f-a748-50e4b946c838 req-2805c326-f7b6-4ac8-9db3-022b233161a7 tempest-AttachVolumeShelveTestJSON-982896592 tempest-AttachVolumeShelveTestJSON-982896592-project] Attributes excluded by policy engine: ['standard_attr_id', 'binding:profile', 'binding:host_id', 'binding:vif_type', 'binding:vif_details'] {{(pid=104044) _exclude_attributes_by_policy /opt/stack/neutron/neutron/pecan_wsgi/hooks/policy_enforcement.py:259}}
Aug 24 18:11:01.011602 dv-cinder-853788-3-smb neutron-server[104045]: DEBUG neutron_lib.callbacks.manager [None req-cc2e76a7-6843-4772-b936-b161cead6974 admin admin] Publish callbacks [] for security_group (None), before_create {{(pid=104045) _notify_loop /usr/local/lib/python3.8/dist-packages/neutron_lib/callbacks/manager.py:176}}
Aug 24 18:11:01.019003 dv-cinder-853788-3-smb neutron-server[104044]: INFO neutron.wsgi [req-d8af3209-8bd4-491f-a748-50e4b946c838 req-2805c326-f7b6-4ac8-9db3-022b233161a7 tempest-AttachVolumeShelveTestJSON-982896592 tempest-AttachVolumeShelveTestJSON-982896592-project] 10.222.0.64 "GET /v2.0/ports?device_id=8e59afa5-7245-41dc-a1fe-776e5acf5db9 HTTP/1.1" status: 200 len: 944 time: 0.1401920
