Aug 24 18:10:49.801224 dv-cinder-853788-3-smb neutron-server[104044]: INFO neutron.wsgi [req-840e13fe-48f9-4dd5-aae6-7316f27160f5 req-eccb346d-18fa-4456-ba71-6caeb56c5983 tempest-DeleteServersTestJSON-92536476 tempest-DeleteServersTestJSON-92536476-project] 10.222.0.64 "GET /v2.0/security-groups?id=b4f48820-db0e-4dc8-835a-0bf6ac923611&fields=id&fields=name HTTP/1.1" status: 200 len: 286 time: 0.6508312
Aug 24 18:10:49.884775 dv-cinder-853788-3-smb neutron-server[104046]: DEBUG neutron.plugins.ml2.plugin [None req-cf910a55-4da3-4327-b07c-adf460ae8c45 None None] Current status of the port b82236d5-2b9f-486b-a58b-cab79f303e43 is: DOWN; New status is: ACTIVE {{(pid=104046) _update_individual_port_db_status /opt/stack/neutron/neutron/plugins/ml2/plugin.py:2268}}
Aug 24 18:10:49.885562 dv-cinder-853788-3-smb neutron-server[104046]: DEBUG neutron_lib.callbacks.manager [None req-cf910a55-4da3-4327-b07c-adf460ae8c45 None None] Publish callbacks ['neutron.plugins.ml2.plugin.SecurityGroupDbMixin._ensure_default_security_group_handler-880483'] for port (b82236d5-2b9f-486b-a58b-cab79f303e43), before_update {{(pid=104046) _notify_loop /usr/local/lib/python3.8/dist-packages/neutron_lib/callbacks/manager.py:176}}
Aug 24 18:10:49.896701 dv-cinder-853788-3-smb neutron-server[104044]: DEBUG neutron_lib.callbacks.manager [None req-a933e4fe-3eed-4cb2-a7d5-b3a6380ee5a8 tempest-AttachVolumeNegativeTest-1914824594 tempest-AttachVolumeNegativeTest-1914824594-project] Publish callbacks ['neutron.plugins.ml2.plugin.SecurityGroupServerNotifierRpcMixin._notify_sg_on_port_change-992481', 'neutron.plugins.ml2.ovo_rpc._ObjectChangeHandler.handle_event-131433', 'neutron.api.rpc.agentnotifiers.dhcp_rpc_agent_api.DhcpAgentNotifyAPI._native_event_send_dhcp_notification-7937955', 'neutron.db.l3_dvrscheduler_db._notify_l3_agent_new_port-8768498352285', 'neutron.services.segments.plugin.NovaSegmentNotifier._notify_port_created_or_deleted-4980336'] for port (412be6f3-89b0-4ef4-9434-9eb1d9a83db3), after_create {{(pid=104044) _notify_loop /usr/local/lib/python3.8/dist-packages/neutron_lib/callbacks/manager.py:176}}
Aug 24 18:10:49.957155 dv-cinder-853788-3-smb neutron-server[104046]: DEBUG neutron.plugins.ml2.db [None req-cf910a55-4da3-4327-b07c-adf460ae8c45 None None] For port b82236d5-2b9f-486b-a58b-cab79f303e43, host dv-cinder-853788-3-smb, got binding levels [PortBindingLevel(driver='openvswitch',host='dv-cinder-853788-3-smb',level=0,port_id=b82236d5-2b9f-486b-a58b-cab79f303e43,segment=NetworkSegment(02eb8965-fd11-45c3-91c2-7a04f5fe0df8),segment_id=02eb8965-fd11-45c3-91c2-7a04f5fe0df8)] {{(pid=104046) get_binding_level_objs /opt/stack/neutron/neutron/plugins/ml2/db.py:74}}
Aug 24 18:10:49.966051 dv-cinder-853788-3-smb neutron-server[104046]: DEBUG neutron_lib.callbacks.manager [None req-cf910a55-4da3-4327-b07c-adf460ae8c45 None None] Publish callbacks ['neutron.plugins.ml2.plugin.SecurityGroupServerNotifierRpcMixin._notify_sg_on_port_change-992481', 'neutron.plugins.ml2.ovo_rpc._ObjectChangeHandler.handle_event-131433', 'neutron.api.rpc.agentnotifiers.dhcp_rpc_agent_api.DhcpAgentNotifyAPI._native_event_send_dhcp_notification-7937955', 'neutron.db.l3_db.L3RpcNotifierMixin._notify_gateway_port_ip_changed-8768498911582', 'neutron.db.l3_dvrscheduler_db._notify_l3_agent_port_update-8768498352303', 'neutron.db.l3_hascheduler_db._notify_l3_agent_ha_port_update-8768498352321'] for port (b82236d5-2b9f-486b-a58b-cab79f303e43), after_update {{(pid=104046) _notify_loop /usr/local/lib/python3.8/dist-packages/neutron_lib/callbacks/manager.py:176}}
Aug 24 18:10:49.967831 dv-cinder-853788-3-smb neutron-server[104046]: DEBUG neutron.plugins.ml2.rpc [None req-cf910a55-4da3-4327-b07c-adf460ae8c45 None None] Device df77a5de-9a55-42c1-ad57-f10cfc7afcc2 up at agent ovs-agent-dv-cinder-853788-3-smb {{(pid=104046) update_device_up /opt/stack/neutron/neutron/plugins/ml2/rpc.py:296}}
Aug 24 18:10:49.986660 dv-cinder-853788-3-smb neutron-server[104045]: DEBUG neutron.wsgi [-] (104045) accepted ('10.222.0.64', 36358) {{(pid=104045) server /usr/local/lib/python3.8/dist-packages/eventlet/wsgi.py:1004}}
Aug 24 18:10:50.000360 dv-cinder-853788-3-smb neutron-server[104045]: DEBUG neutron_lib.callbacks.manager [req-36aefcb7-6634-4639-8e8f-c7e4a2fbb02f req-82c6daf0-b0c5-4ad3-9032-2af279ca7cd1 tempest-AttachVolumeTestJSON-1098631588 tempest-AttachVolumeTestJSON-1098631588-project] Publish callbacks [] for port (ea371da7-07ff-46d4-a296-68165e2416bd), precommit_create {{(pid=104045) _notify_loop /usr/local/lib/python3.8/dist-packages/neutron_lib/callbacks/manager.py:176}}
Aug 24 18:10:50.026615 dv-cinder-853788-3-smb neutron-server[104044]: DEBUG neutron.api.v2.base [req-b22de858-82b3-46b9-a10d-00a57b9d8cb6 req-cb37357b-93e8-4d53-ba82-f816703a2a49 service neutron] Request body: {'port': {'device_id': '619ab8d2-3fe8-43e2-b997-11c6d8e24e78', 'device_owner': 'compute:nova', 'binding:host_id': 'hv-cinder-85378'}} {{(pid=104044) prepare_request_body /opt/stack/neutron/neutron/api/v2/base.py:730}}
Aug 24 18:10:50.070584 dv-cinder-853788-3-smb neutron-server[104045]: DEBUG neutron.scheduler.dhcp_agent_scheduler [req-734dc0c1-9b4d-4a1f-a15a-5b431e6ea7f4 req-9c674134-ab14-4902-9a97-91c34f964456 tempest-AttachVolumeShelveTestJSON-982896592 tempest-AttachVolumeShelveTestJSON-982896592-project] Network 425056c2-33b7-4395-b416-248edddf6302 is already hosted by enough agents. {{(pid=104045) _get_dhcp_agents_hosting_network /opt/stack/neutron/neutron/scheduler/dhcp_agent_scheduler.py:275}}
Aug 24 18:10:50.101270 dv-cinder-853788-3-smb neutron-server[104046]: DEBUG neutron.api.rpc.handlers.resources_rpc [None req-cf910a55-4da3-4327-b07c-adf460ae8c45 None None] Pushing event updated for resources: {'Port': ['ID=b82236d5-2b9f-486b-a58b-cab79f303e43,revision_number=5']} {{(pid=104046) push /opt/stack/neutron/neutron/api/rpc/handlers/resources_rpc.py:237}}
Aug 24 18:10:50.131629 dv-cinder-853788-3-smb neutron-server[104044]: DEBUG neutron.scheduler.dhcp_agent_scheduler [None req-a933e4fe-3eed-4cb2-a7d5-b3a6380ee5a8 tempest-AttachVolumeNegativeTest-1914824594 tempest-AttachVolumeNegativeTest-1914824594-project] Network 66e2c097-4807-44f1-8ded-1ecd7221ce23 is already hosted by enough agents. {{(pid=104044) _get_dhcp_agents_hosting_network /opt/stack/neutron/neutron/scheduler/dhcp_agent_scheduler.py:275}}
Aug 24 18:10:50.135383 dv-cinder-853788-3-smb neutron-server[104045]: DEBUG neutron.scheduler.base_scheduler [req-734dc0c1-9b4d-4a1f-a15a-5b431e6ea7f4 req-9c674134-ab14-4902-9a97-91c34f964456 tempest-AttachVolumeShelveTestJSON-982896592 tempest-AttachVolumeShelveTestJSON-982896592-project] Resources bound (agent type, host, resource id): {{(pid=104045) schedule /opt/stack/neutron/neutron/scheduler/base_scheduler.py:57}}
Aug 24 18:10:50.138001 dv-cinder-853788-3-smb neutron-server[104046]: DEBUG neutron.db.provisioning_blocks [None req-cf910a55-4da3-4327-b07c-adf460ae8c45 None None] Provisioning complete for port df77a5de-9a55-42c1-ad57-f10cfc7afcc2 triggered by entity L2. {{(pid=104046) provisioning_complete /opt/stack/neutron/neutron/db/provisioning_blocks.py:140}}
Aug 24 18:10:50.138415 dv-cinder-853788-3-smb neutron-server[104046]: DEBUG neutron_lib.callbacks.manager [None req-cf910a55-4da3-4327-b07c-adf460ae8c45 None None] Publish callbacks ['neutron.plugins.ml2.plugin.Ml2Plugin._port_provisioned-870340'] for port (df77a5de-9a55-42c1-ad57-f10cfc7afcc2), provisioning_complete {{(pid=104046) _notify_loop /usr/local/lib/python3.8/dist-packages/neutron_lib/callbacks/manager.py:176}}
Aug 24 18:10:50.156970 dv-cinder-853788-3-smb neutron-server[104044]: DEBUG neutron.scheduler.base_scheduler [None req-a933e4fe-3eed-4cb2-a7d5-b3a6380ee5a8 tempest-AttachVolumeNegativeTest-1914824594 tempest-AttachVolumeNegativeTest-1914824594-project] Resources bound (agent type, host, resource id): {{(pid=104044) schedule /opt/stack/neutron/neutron/scheduler/base_scheduler.py:57}}
Aug 24 18:10:50.157304 dv-cinder-853788-3-smb neutron-server[104045]: DEBUG neutron.db.l3_dvrscheduler_db [req-734dc0c1-9b4d-4a1f-a15a-5b431e6ea7f4 req-9c674134-ab14-4902-9a97-91c34f964456 tempest-AttachVolumeShelveTestJSON-982896592 tempest-AttachVolumeShelveTestJSON-982896592-project] Received port after_create {{(pid=104045) _notify_l3_agent_new_port /opt/stack/neutron/neutron/db/l3_dvrscheduler_db.py:532}}
Aug 24 18:10:50.160902 dv-cinder-853788-3-smb neutron-server[104044]: DEBUG neutron.api.rpc.handlers.resources_rpc [None req-a933e4fe-3eed-4cb2-a7d5-b3a6380ee5a8 tempest-AttachVolumeNegativeTest-1914824594 tempest-AttachVolumeNegativeTest-1914824594-project] Pushing event updated for resources: {'Port': ['ID=412be6f3-89b0-4ef4-9434-9eb1d9a83db3,revision_number=1']} {{(pid=104044) push /opt/stack/neutron/neutron/api/rpc/handlers/resources_rpc.py:237}}
Aug 24 18:10:50.182616 dv-cinder-853788-3-smb neutron-server[104044]: DEBUG neutron.db.l3_dvrscheduler_db [None req-a933e4fe-3eed-4cb2-a7d5-b3a6380ee5a8 tempest-AttachVolumeNegativeTest-1914824594 tempest-AttachVolumeNegativeTest-1914824594-project] Received port after_create {{(pid=104044) _notify_l3_agent_new_port /opt/stack/neutron/neutron/db/l3_dvrscheduler_db.py:532}}
Aug 24 18:10:50.190698 dv-cinder-853788-3-smb neutron-server[104045]: DEBUG neutron.api.rpc.handlers.resources_rpc [None req-9c674134-ab14-4902-9a97-91c34f964456 tempest-AttachVolumeShelveTestJSON-982896592 tempest-AttachVolumeShelveTestJSON-982896592-project] Pushing event updated for resources: {'Port': ['ID=0b83bbc3-2f4e-44ee-ad38-5edd91614ec1,revision_number=1']} {{(pid=104045) push /opt/stack/neutron/neutron/api/rpc/handlers/resources_rpc.py:237}}
Aug 24 18:10:50.320715 dv-cinder-853788-3-smb neutron-server[104045]: INFO neutron.wsgi [None req-c4383aab-5231-4031-9921-61ff7891d619 admin admin] 10.222.0.64 "GET /v2.0/security-groups?tenant_id=49750ea635414b5c88d8feb170757341&name=default HTTP/1.1" status: 200 len: 2996 time: 0.6187699
Aug 24 18:10:50.331326 dv-cinder-853788-3-smb neutron-server[104044]: DEBUG neutron.wsgi [-] (104044) accepted ('10.222.0.64', 36366) {{(pid=104044) server /usr/local/lib/python3.8/dist-packages/eventlet/wsgi.py:1004}}
Aug 24 18:10:50.364783 dv-cinder-853788-3-smb neutron-server[104044]: INFO neutron.wsgi [req-4738e48c-9971-4a13-b6b7-9fdc45f4e3ce req-94524624-96a2-4c1f-9d29-b90dbc7b757f tempest-AttachVolumeTestJSON-1098631588 tempest-AttachVolumeTestJSON-1098631588-project] 10.222.0.64 "GET /v2.0/ports?device_id=12db9a12-12ee-4390-999d-08da8f60edea HTTP/1.1" status: 200 len: 210 time: 0.1591003
Aug 24 18:10:50.418144 dv-cinder-853788-3-smb neutron-server[104044]: DEBUG neutron_lib.callbacks.manager [req-b22de858-82b3-46b9-a10d-00a57b9d8cb6 req-cb37357b-93e8-4d53-ba82-f816703a2a49 service neutron] Publish callbacks ['neutron.plugins.ml2.plugin.SecurityGroupDbMixin._ensure_default_security_group_handler-880483'] for port (1138c638-5fcd-42a5-96ee-e2e07aa2a411), before_update {{(pid=104044) _notify_loop /usr/local/lib/python3.8/dist-packages/neutron_lib/callbacks/manager.py:176}}
Aug 24 18:10:50.426033 dv-cinder-853788-3-smb neutron-server[104045]: DEBUG neutron_lib.callbacks.manager [req-36aefcb7-6634-4639-8e8f-c7e4a2fbb02f req-82c6daf0-b0c5-4ad3-9032-2af279ca7cd1 tempest-AttachVolumeTestJSON-1098631588 tempest-AttachVolumeTestJSON-1098631588-project] Publish callbacks ['neutron.plugins.ml2.plugin.SecurityGroupServerNotifierRpcMixin._notify_sg_on_port_change-992481', 'neutron.plugins.ml2.ovo_rpc._ObjectChangeHandler.handle_event-131433', 'neutron.api.rpc.agentnotifiers.dhcp_rpc_agent_api.DhcpAgentNotifyAPI._native_event_send_dhcp_notification-7937955', 'neutron.db.l3_dvrscheduler_db._notify_l3_agent_new_port-8768498352285', 'neutron.services.segments.plugin.NovaSegmentNotifier._notify_port_created_or_deleted-6170358'] for port (ea371da7-07ff-46d4-a296-68165e2416bd), after_create {{(pid=104045) _notify_loop /usr/local/lib/python3.8/dist-packages/neutron_lib/callbacks/manager.py:176}}
Aug 24 18:10:50.464651 dv-cinder-853788-3-smb neutron-server[104046]: DEBUG neutron.plugins.ml2.plugin [None req-cf910a55-4da3-4327-b07c-adf460ae8c45 None None] Current status of the port df77a5de-9a55-42c1-ad57-f10cfc7afcc2 is: DOWN; New status is: ACTIVE {{(pid=104046) _update_individual_port_db_status /opt/stack/neutron/neutron/plugins/ml2/plugin.py:2268}}
Aug 24 18:10:50.465054 dv-cinder-853788-3-smb neutron-server[104046]: DEBUG neutron_lib.callbacks.manager [None req-cf910a55-4da3-4327-b07c-adf460ae8c45 None None] Publish callbacks ['neutron.plugins.ml2.plugin.SecurityGroupDbMixin._ensure_default_security_group_handler-880483'] for port (df77a5de-9a55-42c1-ad57-f10cfc7afcc2), before_update {{(pid=104046) _notify_loop /usr/local/lib/python3.8/dist-packages/neutron_lib/callbacks/manager.py:176}}
Aug 24 18:10:50.477397 dv-cinder-853788-3-smb neutron-server[104045]: DEBUG neutron.pecan_wsgi.hooks.policy_enforcement [req-734dc0c1-9b4d-4a1f-a15a-5b431e6ea7f4 req-9c674134-ab14-4902-9a97-91c34f964456 tempest-AttachVolumeShelveTestJSON-982896592 tempest-AttachVolumeShelveTestJSON-982896592-project] Attributes excluded by policy engine: ['standard_attr_id', 'binding:profile', 'binding:host_id', 'binding:vif_type', 'binding:vif_details', 'network'] {{(pid=104045) _exclude_attributes_by_policy /opt/stack/neutron/neutron/pecan_wsgi/hooks/policy_enforcement.py:259}}
Aug 24 18:10:50.478096 dv-cinder-853788-3-smb neutron-server[104045]: DEBUG neutron_lib.callbacks.manager [req-734dc0c1-9b4d-4a1f-a15a-5b431e6ea7f4 req-9c674134-ab14-4902-9a97-91c34f964456 tempest-AttachVolumeShelveTestJSON-982896592 tempest-AttachVolumeShelveTestJSON-982896592-project] Publish callbacks ['neutron.notifiers.nova.Notifier._send_nova_notification-37555', 'neutron.api.rpc.agentnotifiers.dhcp_rpc_agent_api.DhcpAgentNotifyAPI._send_dhcp_notification-7937873'] for port (None), before_response {{(pid=104045) _notify_loop /usr/local/lib/python3.8/dist-packages/neutron_lib/callbacks/manager.py:176}}
Aug 24 18:10:50.616136 dv-cinder-853788-3-smb neutron-server[104046]: DEBUG neutron.plugins.ml2.db [None req-cf910a55-4da3-4327-b07c-adf460ae8c45 None None] For port df77a5de-9a55-42c1-ad57-f10cfc7afcc2, host dv-cinder-853788-3-smb, got binding levels [PortBindingLevel(driver='openvswitch',host='dv-cinder-853788-3-smb',level=0,port_id=df77a5de-9a55-42c1-ad57-f10cfc7afcc2,segment=NetworkSegment(0a75ad68-b384-4d45-b8e5-4793be8c9344),segment_id=0a75ad68-b384-4d45-b8e5-4793be8c9344)] {{(pid=104046) get_binding_level_objs /opt/stack/neutron/neutron/plugins/ml2/db.py:74}}
Aug 24 18:10:50.641235 dv-cinder-853788-3-smb neutron-server[104046]: DEBUG neutron_lib.callbacks.manager [None req-cf910a55-4da3-4327-b07c-adf460ae8c45 None None] Publish callbacks ['neutron.plugins.ml2.plugin.SecurityGroupServerNotifierRpcMixin._notify_sg_on_port_change-992481', 'neutron.plugins.ml2.ovo_rpc._ObjectChangeHandler.handle_event-131433', 'neutron.api.rpc.agentnotifiers.dhcp_rpc_agent_api.DhcpAgentNotifyAPI._native_event_send_dhcp_notification-7937955', 'neutron.db.l3_db.L3RpcNotifierMixin._notify_gateway_port_ip_changed-8768498911582', 'neutron.db.l3_dvrscheduler_db._notify_l3_agent_port_update-8768498352303', 'neutron.db.l3_hascheduler_db._notify_l3_agent_ha_port_update-8768498352321'] for port (df77a5de-9a55-42c1-ad57-f10cfc7afcc2), after_update {{(pid=104046) _notify_loop /usr/local/lib/python3.8/dist-packages/neutron_lib/callbacks/manager.py:176}}
Aug 24 18:10:50.741851 dv-cinder-853788-3-smb neutron-server[104045]: DEBUG neutron_lib.callbacks.manager [None req-4b2fecbd-16fd-4bf2-a230-d4c1715b87b0 admin admin] Publish callbacks [] for security_group (None), before_create {{(pid=104045) _notify_loop /usr/local/lib/python3.8/dist-packages/neutron_lib/callbacks/manager.py:176}}
Aug 24 18:10:50.746471 dv-cinder-853788-3-smb neutron-server[104045]: DEBUG neutron.scheduler.dhcp_agent_scheduler [req-36aefcb7-6634-4639-8e8f-c7e4a2fbb02f req-82c6daf0-b0c5-4ad3-9032-2af279ca7cd1 tempest-AttachVolumeTestJSON-1098631588 tempest-AttachVolumeTestJSON-1098631588-project] Network 4065f731-d469-4f08-8168-67d8a03c44e8 is already hosted by enough agents. {{(pid=104045) _get_dhcp_agents_hosting_network /opt/stack/neutron/neutron/scheduler/dhcp_agent_scheduler.py:275}}
Aug 24 18:10:50.772744 dv-cinder-853788-3-smb neutron-server[104045]: INFO neutron.wsgi [req-734dc0c1-9b4d-4a1f-a15a-5b431e6ea7f4 req-9c674134-ab14-4902-9a97-91c34f964456 tempest-AttachVolumeShelveTestJSON-982896592 tempest-AttachVolumeShelveTestJSON-982896592-project] 10.222.0.60 "POST /v2.0/ports HTTP/1.1" status: 201 len: 934 time: 4.3644085
Aug 24 18:10:50.775073 dv-cinder-853788-3-smb neutron-server[104046]: DEBUG neutron.db.provisioning_blocks [None req-ac69ad0a-e919-418c-a831-0cbd4b74d93c None None] Provisioning complete for port 0b83bbc3-2f4e-44ee-ad38-5edd91614ec1 triggered by entity DHCP. {{(pid=104046) provisioning_complete /opt/stack/neutron/neutron/db/provisioning_blocks.py:140}}
Aug 24 18:10:50.775465 dv-cinder-853788-3-smb neutron-server[104046]: DEBUG neutron_lib.callbacks.manager [None req-ac69ad0a-e919-418c-a831-0cbd4b74d93c None None] Publish callbacks ['neutron.plugins.ml2.plugin.Ml2Plugin._port_provisioned-870340'] for port (0b83bbc3-2f4e-44ee-ad38-5edd91614ec1), provisioning_complete {{(pid=104046) _notify_loop /usr/local/lib/python3.8/dist-packages/neutron_lib/callbacks/manager.py:176}}
Aug 24 18:10:50.794889 dv-cinder-853788-3-smb neutron-server[104045]: DEBUG neutron.scheduler.base_scheduler [req-36aefcb7-6634-4639-8e8f-c7e4a2fbb02f req-82c6daf0-b0c5-4ad3-9032-2af279ca7cd1 tempest-AttachVolumeTestJSON-1098631588 tempest-AttachVolumeTestJSON-1098631588-project] Resources bound (agent type, host, resource id): {{(pid=104045) schedule /opt/stack/neutron/neutron/scheduler/base_scheduler.py:57}}
Aug 24 18:10:50.797427 dv-cinder-853788-3-smb neutron-server[104045]: DEBUG neutron.api.rpc.handlers.resources_rpc [None req-82c6daf0-b0c5-4ad3-9032-2af279ca7cd1 tempest-AttachVolumeTestJSON-1098631588 tempest-AttachVolumeTestJSON-1098631588-project] Pushing event updated for resources: {'Port': ['ID=ea371da7-07ff-46d4-a296-68165e2416bd,revision_number=1']} {{(pid=104045) push /opt/stack/neutron/neutron/api/rpc/handlers/resources_rpc.py:237}}
Aug 24 18:10:50.805661 dv-cinder-853788-3-smb neutron-server[104045]: DEBUG neutron.db.l3_dvrscheduler_db [req-36aefcb7-6634-4639-8e8f-c7e4a2fbb02f req-82c6daf0-b0c5-4ad3-9032-2af279ca7cd1 tempest-AttachVolumeTestJSON-1098631588 tempest-AttachVolumeTestJSON-1098631588-project] Received port after_create {{(pid=104045) _notify_l3_agent_new_port /opt/stack/neutron/neutron/db/l3_dvrscheduler_db.py:532}}
Aug 24 18:10:50.817492 dv-cinder-853788-3-smb neutron-server[104045]: DEBUG neutron.api.v2.base [req-734dc0c1-9b4d-4a1f-a15a-5b431e6ea7f4 req-cb7e1ded-7234-497c-9ff5-8cd2db151d52 service neutron] Request body: {'port': {'device_id': '8e59afa5-7245-41dc-a1fe-776e5acf5db9', 'device_owner': 'compute:nova', 'binding:host_id': 'hv-cinder-85378'}} {{(pid=104045) prepare_request_body /opt/stack/neutron/neutron/api/v2/base.py:730}}
Aug 24 18:10:50.861780 dv-cinder-853788-3-smb neutron-server[104044]: DEBUG neutron_lib.callbacks.manager [None req-004b2341-1980-413b-8217-077aea62cac2 admin admin] Publish callbacks [] for security_group (fe757ad0-80fb-42db-ae38-88b35335909f), before_delete {{(pid=104044) _notify_loop /usr/local/lib/python3.8/dist-packages/neutron_lib/callbacks/manager.py:176}}
Aug 24 18:10:50.935263 dv-cinder-853788-3-smb neutron-server[104044]: DEBUG neutron_lib.callbacks.manager [None req-004b2341-1980-413b-8217-077aea62cac2 admin admin] Publish callbacks [] for security_group (fe757ad0-80fb-42db-ae38-88b35335909f), precommit_delete {{(pid=104044) _notify_loop /usr/local/lib/python3.8/dist-packages/neutron_lib/callbacks/manager.py:176}}
Aug 24 18:10:50.935425 dv-cinder-853788-3-smb neutron-server[104046]: DEBUG neutron.api.rpc.handlers.resources_rpc [None req-cf910a55-4da3-4327-b07c-adf460ae8c45 None None] Pushing event updated for resources: {'Port': ['ID=df77a5de-9a55-42c1-ad57-f10cfc7afcc2,revision_number=5']} {{(pid=104046) push /opt/stack/neutron/neutron/api/rpc/handlers/resources_rpc.py:237}}
Aug 24 18:10:50.961162 dv-cinder-853788-3-smb neutron-server[104046]: DEBUG neutron.plugins.ml2.plugin [None req-ac69ad0a-e919-418c-a831-0cbd4b74d93c None None] Port 0b83bbc3-2f4e-44ee-ad38-5edd91614ec1 cannot update to ACTIVE because it is not bound. {{(pid=104046) _port_provisioned /opt/stack/neutron/neutron/plugins/ml2/plugin.py:345}}
Aug 24 18:10:51.076890 dv-cinder-853788-3-smb neutron-server[104045]: DEBUG neutron.pecan_wsgi.hooks.policy_enforcement [req-36aefcb7-6634-4639-8e8f-c7e4a2fbb02f req-82c6daf0-b0c5-4ad3-9032-2af279ca7cd1 tempest-AttachVolumeTestJSON-1098631588 tempest-AttachVolumeTestJSON-1098631588-project] Attributes excluded by policy engine: ['standard_attr_id', 'binding:profile', 'binding:host_id', 'binding:vif_type', 'binding:vif_details', 'network'] {{(pid=104045) _exclude_attributes_by_policy /opt/stack/neutron/neutron/pecan_wsgi/hooks/policy_enforcement.py:259}}
Aug 24 18:10:51.077958 dv-cinder-853788-3-smb neutron-server[104045]: DEBUG neutron_lib.callbacks.manager [req-36aefcb7-6634-4639-8e8f-c7e4a2fbb02f req-82c6daf0-b0c5-4ad3-9032-2af279ca7cd1 tempest-AttachVolumeTestJSON-1098631588 tempest-AttachVolumeTestJSON-1098631588-project] Publish callbacks ['neutron.notifiers.nova.Notifier._send_nova_notification-37555', 'neutron.api.rpc.agentnotifiers.dhcp_rpc_agent_api.DhcpAgentNotifyAPI._send_dhcp_notification-7937873'] for port (None), before_response {{(pid=104045) _notify_loop /usr/local/lib/python3.8/dist-packages/neutron_lib/callbacks/manager.py:176}}
Aug 24 18:10:51.135126 dv-cinder-853788-3-smb neutron-server[104046]: DEBUG neutron.plugins.ml2.rpc [None req-cf910a55-4da3-4327-b07c-adf460ae8c45 None None] Device b82236d5-2b9f-486b-a58b-cab79f303e43 up at agent ovs-agent-dv-cinder-853788-3-smb {{(pid=104046) update_device_up /opt/stack/neutron/neutron/plugins/ml2/rpc.py:296}}
Aug 24 18:10:51.187771 dv-cinder-853788-3-smb neutron-server[104044]: DEBUG neutron_lib.callbacks.manager [None req-004b2341-1980-413b-8217-077aea62cac2 admin admin] Publish callbacks ['neutron.plugins.ml2.ovo_rpc._ObjectChangeHandler.handle_event-7908596'] for security_group (fe757ad0-80fb-42db-ae38-88b35335909f), after_delete {{(pid=104044) _notify_loop /usr/local/lib/python3.8/dist-packages/neutron_lib/callbacks/manager.py:176}}
Aug 24 18:10:51.199910 dv-cinder-853788-3-smb neutron-server[104044]: DEBUG neutron_lib.callbacks.manager [None req-004b2341-1980-413b-8217-077aea62cac2 admin admin] Publish callbacks [] for security_group (None), before_response {{(pid=104044) _notify_loop /usr/local/lib/python3.8/dist-packages/neutron_lib/callbacks/manager.py:176}}
Aug 24 18:10:51.202609 dv-cinder-853788-3-smb neutron-server[104044]: INFO neutron.wsgi [None req-004b2341-1980-413b-8217-077aea62cac2 admin admin] 10.222.0.64 "DELETE /v2.0/security-groups/fe757ad0-80fb-42db-ae38-88b35335909f HTTP/1.1" status: 204 len: 168 time: 0.8669076
Aug 24 18:10:51.317956 dv-cinder-853788-3-smb neutron-server[104044]: DEBUG neutron_lib.callbacks.manager [None req-a933e4fe-3eed-4cb2-a7d5-b3a6380ee5a8 tempest-AttachVolumeNegativeTest-1914824594 tempest-AttachVolumeNegativeTest-1914824594-project] Publish callbacks [] for floatingip (0ba96950-cef8-4b57-8537-9b77defbb2a8), precommit_create {{(pid=104044) _notify_loop /usr/local/lib/python3.8/dist-packages/neutron_lib/callbacks/manager.py:176}}
Aug 24 18:10:51.348211 dv-cinder-853788-3-smb neutron-server[104046]: DEBUG neutron.db.provisioning_blocks [None req-cf910a55-4da3-4327-b07c-adf460ae8c45 None None] Provisioning complete for port b82236d5-2b9f-486b-a58b-cab79f303e43 triggered by entity L2. {{(pid=104046) provisioning_complete /opt/stack/neutron/neutron/db/provisioning_blocks.py:140}}
Aug 24 18:10:51.348765 dv-cinder-853788-3-smb neutron-server[104046]: DEBUG neutron_lib.callbacks.manager [None req-cf910a55-4da3-4327-b07c-adf460ae8c45 None None] Publish callbacks ['neutron.plugins.ml2.plugin.Ml2Plugin._port_provisioned-870340'] for port (b82236d5-2b9f-486b-a58b-cab79f303e43), provisioning_complete {{(pid=104046) _notify_loop /usr/local/lib/python3.8/dist-packages/neutron_lib/callbacks/manager.py:176}}
Aug 24 18:10:51.353377 dv-cinder-853788-3-smb neutron-server[104045]: DEBUG neutron_lib.callbacks.manager [req-734dc0c1-9b4d-4a1f-a15a-5b431e6ea7f4 req-cb7e1ded-7234-497c-9ff5-8cd2db151d52 service neutron] Publish callbacks ['neutron.plugins.ml2.plugin.SecurityGroupDbMixin._ensure_default_security_group_handler-880483'] for port (0b83bbc3-2f4e-44ee-ad38-5edd91614ec1), before_update {{(pid=104045) _notify_loop /usr/local/lib/python3.8/dist-packages/neutron_lib/callbacks/manager.py:176}}
Aug 24 18:10:51.360751 dv-cinder-853788-3-smb neutron-server[104045]: INFO neutron.wsgi [req-36aefcb7-6634-4639-8e8f-c7e4a2fbb02f req-82c6daf0-b0c5-4ad3-9032-2af279ca7cd1 tempest-AttachVolumeTestJSON-1098631588 tempest-AttachVolumeTestJSON-1098631588-project] 10.222.0.60 "POST /v2.0/ports HTTP/1.1" status: 201 len: 933 time: 4.1677413
Aug 24 18:10:51.383421 dv-cinder-853788-3-smb neutron-server[104045]: DEBUG neutron.api.v2.base [req-36aefcb7-6634-4639-8e8f-c7e4a2fbb02f req-20ff8943-45f6-41c1-be4d-d54f07eebf21 service neutron] Request body: {'port': {'device_id': '12db9a12-12ee-4390-999d-08da8f60edea', 'device_owner': 'compute:nova', 'binding:host_id': 'hv-cinder-85378'}} {{(pid=104045) prepare_request_body /opt/stack/neutron/neutron/api/v2/base.py:730}}
Aug 24 18:10:51.412233 dv-cinder-853788-3-smb neutron-server[104046]: DEBUG neutron.db.provisioning_blocks [None req-a0ae7de9-9404-4ee5-8010-d8c0c2b6f668 None None] Provisioning complete for port ea371da7-07ff-46d4-a296-68165e2416bd triggered by entity DHCP. {{(pid=104046) provisioning_complete /opt/stack/neutron/neutron/db/provisioning_blocks.py:140}}
Aug 24 18:10:51.412909 dv-cinder-853788-3-smb neutron-server[104046]: DEBUG neutron_lib.callbacks.manager [None req-a0ae7de9-9404-4ee5-8010-d8c0c2b6f668 None None] Publish callbacks ['neutron.plugins.ml2.plugin.Ml2Plugin._port_provisioned-870340'] for port (ea371da7-07ff-46d4-a296-68165e2416bd), provisioning_complete {{(pid=104046) _notify_loop /usr/local/lib/python3.8/dist-packages/neutron_lib/callbacks/manager.py:176}}
Aug 24 18:10:51.465690 dv-cinder-853788-3-smb neutron-server[104046]: DEBUG neutron.plugins.ml2.plugin [None req-a0ae7de9-9404-4ee5-8010-d8c0c2b6f668 None None] Port ea371da7-07ff-46d4-a296-68165e2416bd cannot update to ACTIVE because it is not bound. {{(pid=104046) _port_provisioned /opt/stack/neutron/neutron/plugins/ml2/plugin.py:345}}
Aug 24 18:10:51.504375 dv-cinder-853788-3-smb neutron-server[104044]: DEBUG neutron.api.rpc.handlers.resources_rpc [None req-004b2341-1980-413b-8217-077aea62cac2 admin admin] Pushing event deleted for resources: {'SecurityGroup': ['ID=fe757ad0-80fb-42db-ae38-88b35335909f,revision_number=None']} {{(pid=104044) push /opt/stack/neutron/neutron/api/rpc/handlers/resources_rpc.py:237}}
Aug 24 18:10:51.614441 dv-cinder-853788-3-smb neutron-server[104045]: DEBUG neutron_lib.callbacks.manager [None req-4b2fecbd-16fd-4bf2-a230-d4c1715b87b0 admin admin] Publish callbacks [] for security_group (c2032a08-de46-4e5b-a1a1-54420206df87), precommit_create {{(pid=104045) _notify_loop /usr/local/lib/python3.8/dist-packages/neutron_lib/callbacks/manager.py:176}}
Aug 24 18:10:51.637559 dv-cinder-853788-3-smb neutron-server[104045]: DEBUG neutron_lib.callbacks.manager [None req-4b2fecbd-16fd-4bf2-a230-d4c1715b87b0 admin admin] Publish callbacks ['neutron.plugins.ml2.ovo_rpc._ObjectChangeHandler.handle_event-7908596'] for security_group (c2032a08-de46-4e5b-a1a1-54420206df87), after_create {{(pid=104045) _notify_loop /usr/local/lib/python3.8/dist-packages/neutron_lib/callbacks/manager.py:176}}
Aug 24 18:10:51.698170 dv-cinder-853788-3-smb neutron-server[104046]: DEBUG neutron.plugins.ml2.plugin [None req-cf910a55-4da3-4327-b07c-adf460ae8c45 None None] Current status of the port b82236d5-2b9f-486b-a58b-cab79f303e43 is: ACTIVE; New status is: ACTIVE {{(pid=104046) _update_individual_port_db_status /opt/stack/neutron/neutron/plugins/ml2/plugin.py:2268}}
Aug 24 18:10:51.704101 dv-cinder-853788-3-smb neutron-server[104046]: DEBUG neutron.plugins.ml2.rpc [None req-cf910a55-4da3-4327-b07c-adf460ae8c45 None None] Device 872573be-524b-4ba4-bd65-364548b240c6 up at agent ovs-agent-dv-cinder-853788-3-smb {{(pid=104046) update_device_up /opt/stack/neutron/neutron/plugins/ml2/rpc.py:296}}
Aug 24 18:10:51.786913 dv-cinder-853788-3-smb neutron-server[104046]: DEBUG neutron.db.provisioning_blocks [None req-cf910a55-4da3-4327-b07c-adf460ae8c45 None None] Provisioning complete for port 872573be-524b-4ba4-bd65-364548b240c6 triggered by entity L2. {{(pid=104046) provisioning_complete /opt/stack/neutron/neutron/db/provisioning_blocks.py:140}}
Aug 24 18:10:51.787545 dv-cinder-853788-3-smb neutron-server[104046]: DEBUG neutron_lib.callbacks.manager [None req-cf910a55-4da3-4327-b07c-adf460ae8c45 None None] Publish callbacks ['neutron.plugins.ml2.plugin.Ml2Plugin._port_provisioned-870340'] for port (872573be-524b-4ba4-bd65-364548b240c6), provisioning_complete {{(pid=104046) _notify_loop /usr/local/lib/python3.8/dist-packages/neutron_lib/callbacks/manager.py:176}}
Aug 24 18:10:51.844021 dv-cinder-853788-3-smb neutron-server[104044]: DEBUG neutron_lib.callbacks.manager [None req-a933e4fe-3eed-4cb2-a7d5-b3a6380ee5a8 tempest-AttachVolumeNegativeTest-1914824594 tempest-AttachVolumeNegativeTest-1914824594-project] Publish callbacks ['neutron.plugins.ml2.plugin.SecurityGroupDbMixin._ensure_default_security_group_handler-880483'] for port (412be6f3-89b0-4ef4-9434-9eb1d9a83db3), before_update {{(pid=104044) _notify_loop /usr/local/lib/python3.8/dist-packages/neutron_lib/callbacks/manager.py:176}}
Aug 24 18:10:51.852800 dv-cinder-853788-3-smb neutron-server[104045]: DEBUG neutron.api.rpc.handlers.resources_rpc [None req-4b2fecbd-16fd-4bf2-a230-d4c1715b87b0 admin admin] Pushing event updated for resources: {'SecurityGroup': ['ID=c2032a08-de46-4e5b-a1a1-54420206df87,revision_number=1']} {{(pid=104045) push /opt/stack/neutron/neutron/api/rpc/handlers/resources_rpc.py:237}}
Aug 24 18:10:51.911207 dv-cinder-853788-3-smb neutron-server[104045]: INFO neutron.wsgi [None req-4b2fecbd-16fd-4bf2-a230-d4c1715b87b0 admin admin] 10.222.0.64 "GET /v2.0/security-groups?tenant_id=ed51af7905754043a0d7456c0aab642e&name=default HTTP/1.1" status: 200 len: 2996 time: 1.9064422
Aug 24 18:10:51.913155 dv-cinder-853788-3-smb neutron-server[104045]: DEBUG neutron_lib.callbacks.manager [req-36aefcb7-6634-4639-8e8f-c7e4a2fbb02f req-20ff8943-45f6-41c1-be4d-d54f07eebf21 service neutron] Publish callbacks ['neutron.plugins.ml2.plugin.SecurityGroupDbMixin._ensure_default_security_group_handler-880483'] for port (ea371da7-07ff-46d4-a296-68165e2416bd), before_update {{(pid=104045) _notify_loop /usr/local/lib/python3.8/dist-packages/neutron_lib/callbacks/manager.py:176}}
Aug 24 18:10:51.916876 dv-cinder-853788-3-smb neutron-server[104045]: DEBUG neutron.wsgi [-] (104045) accepted ('10.222.0.64', 36404) {{(pid=104045) server /usr/local/lib/python3.8/dist-packages/eventlet/wsgi.py:1004}}
Aug 24 18:10:51.947307 dv-cinder-853788-3-smb neutron-server[104046]: DEBUG neutron.plugins.ml2.plugin [None req-cf910a55-4da3-4327-b07c-adf460ae8c45 None None] Current status of the port 872573be-524b-4ba4-bd65-364548b240c6 is: ACTIVE; New status is: ACTIVE {{(pid=104046) _update_individual_port_db_status /opt/stack/neutron/neutron/plugins/ml2/plugin.py:2268}}
Aug 24 18:10:52.267062 dv-cinder-853788-3-smb neutron-server[104045]: DEBUG neutron_lib.callbacks.manager [None req-aef4a438-eda7-4d38-bf49-2ce6bc121fc3 admin admin] Publish callbacks [] for security_group (c2032a08-de46-4e5b-a1a1-54420206df87), before_delete {{(pid=104045) _notify_loop /usr/local/lib/python3.8/dist-packages/neutron_lib/callbacks/manager.py:176}}
Aug 24 18:10:52.277535 dv-cinder-853788-3-smb neutron-server[104044]: DEBUG neutron.pecan_wsgi.hooks.policy_enforcement [req-6418f8ad-a229-4e86-ab9d-40ff35ba5414 req-864754ed-cf63-42ff-897b-3378d4e387c0 tempest-DeleteServersTestJSON-92536476 tempest-DeleteServersTestJSON-92536476-project] Attributes excluded by policy engine: ['standard_attr_id', 'binding:profile', 'binding:host_id', 'binding:vif_type', 'binding:vif_details'] {{(pid=104044) _exclude_attributes_by_policy /opt/stack/neutron/neutron/pecan_wsgi/hooks/policy_enforcement.py:259}}
Aug 24 18:10:52.302930 dv-cinder-853788-3-smb neutron-server[104044]: INFO neutron.wsgi [req-6418f8ad-a229-4e86-ab9d-40ff35ba5414 req-864754ed-cf63-42ff-897b-3378d4e387c0 tempest-DeleteServersTestJSON-92536476 tempest-DeleteServersTestJSON-92536476-project] 10.222.0.64 "GET /v2.0/ports?device_id=619ab8d2-3fe8-43e2-b997-11c6d8e24e78 HTTP/1.1" status: 200 len: 932 time: 1.1904719
Aug 24 18:10:52.359997 dv-cinder-853788-3-smb neutron-server[104044]: DEBUG neutron.pecan_wsgi.hooks.policy_enforcement [req-19c2437a-29e6-4933-80ea-63bc25c5f335 req-83ed6ffa-6685-4aac-8e34-81057005273d tempest-AttachVolumeShelveTestJSON-982896592 tempest-AttachVolumeShelveTestJSON-982896592-project] Attributes excluded by policy engine: ['standard_attr_id', 'binding:profile', 'binding:host_id', 'binding:vif_type', 'binding:vif_details'] {{(pid=104044) _exclude_attributes_by_policy /opt/stack/neutron/neutron/pecan_wsgi/hooks/policy_enforcement.py:259}}
Aug 24 18:10:52.362146 dv-cinder-853788-3-smb neutron-server[104044]: INFO neutron.wsgi [req-19c2437a-29e6-4933-80ea-63bc25c5f335 req-83ed6ffa-6685-4aac-8e34-81057005273d tempest-AttachVolumeShelveTestJSON-982896592 tempest-AttachVolumeShelveTestJSON-982896592-project] 10.222.0.64 "GET /v2.0/ports?device_id=8e59afa5-7245-41dc-a1fe-776e5acf5db9 HTTP/1.1" status: 200 len: 932 time: 1.5137472
Aug 24 18:10:52.421317 dv-cinder-853788-3-smb neutron-server[104045]: DEBUG neutron_lib.callbacks.manager [None req-aef4a438-eda7-4d38-bf49-2ce6bc121fc3 admin admin] Publish callbacks [] for security_group (c2032a08-de46-4e5b-a1a1-54420206df87), precommit_delete {{(pid=104045) _notify_loop /usr/local/lib/python3.8/dist-packages/neutron_lib/callbacks/manager.py:176}}
Aug 24 18:10:52.730632 dv-cinder-853788-3-smb neutron-server[104045]: DEBUG neutron.notifiers.nova [req-734dc0c1-9b4d-4a1f-a15a-5b431e6ea7f4 req-cb7e1ded-7234-497c-9ff5-8cd2db151d52 service neutron] Ignoring state change previous_port_status: DOWN current_port_status: DOWN port_id 0b83bbc3-2f4e-44ee-ad38-5edd91614ec1 {{(pid=104045) record_port_status_changed /opt/stack/neutron/neutron/notifiers/nova.py:233}}
Aug 24 18:10:52.774155 dv-cinder-853788-3-smb neutron-server[104045]: DEBUG neutron_lib.callbacks.manager [req-734dc0c1-9b4d-4a1f-a15a-5b431e6ea7f4 req-cb7e1ded-7234-497c-9ff5-8cd2db151d52 service neutron] Publish callbacks [] for port (0b83bbc3-2f4e-44ee-ad38-5edd91614ec1), precommit_update {{(pid=104045) _notify_loop /usr/local/lib/python3.8/dist-packages/neutron_lib/callbacks/manager.py:176}}
Aug 24 18:10:52.838146 dv-cinder-853788-3-smb neutron-server[104045]: DEBUG neutron_lib.callbacks.manager [None req-aef4a438-eda7-4d38-bf49-2ce6bc121fc3 admin admin] Publish callbacks ['neutron.plugins.ml2.ovo_rpc._ObjectChangeHandler.handle_event-7908596'] for security_group (c2032a08-de46-4e5b-a1a1-54420206df87), after_delete {{(pid=104045) _notify_loop /usr/local/lib/python3.8/dist-packages/neutron_lib/callbacks/manager.py:176}}
Aug 24 18:10:52.843309 dv-cinder-853788-3-smb neutron-server[104045]: DEBUG neutron_lib.callbacks.manager [None req-aef4a438-eda7-4d38-bf49-2ce6bc121fc3 admin admin] Publish callbacks [] for security_group (None), before_response {{(pid=104045) _notify_loop /usr/local/lib/python3.8/dist-packages/neutron_lib/callbacks/manager.py:176}}
Aug 24 18:10:52.845268 dv-cinder-853788-3-smb neutron-server[104045]: INFO neutron.wsgi [None req-aef4a438-eda7-4d38-bf49-2ce6bc121fc3 admin admin] 10.222.0.64 "DELETE /v2.0/security-groups/c2032a08-de46-4e5b-a1a1-54420206df87 HTTP/1.1" status: 204 len: 168 time: 0.9028418
Aug 24 18:10:52.888635 dv-cinder-853788-3-smb neutron-server[104045]: DEBUG neutron.api.rpc.handlers.resources_rpc [None req-aef4a438-eda7-4d38-bf49-2ce6bc121fc3 admin admin] Pushing event deleted for resources: {'SecurityGroup': ['ID=c2032a08-de46-4e5b-a1a1-54420206df87,revision_number=None']} {{(pid=104045) push /opt/stack/neutron/neutron/api/rpc/handlers/resources_rpc.py:237}}
Aug 24 18:10:52.904277 dv-cinder-853788-3-smb neutron-server[104045]: DEBUG neutron.db.provisioning_blocks [req-734dc0c1-9b4d-4a1f-a15a-5b431e6ea7f4 req-cb7e1ded-7234-497c-9ff5-8cd2db151d52 service neutron] Transition to ACTIVE for port object 0b83bbc3-2f4e-44ee-ad38-5edd91614ec1 will not be triggered until provisioned by entity L2. {{(pid=104045) add_provisioning_component /opt/stack/neutron/neutron/db/provisioning_blocks.py:74}}
Aug 24 18:10:52.920199 dv-cinder-853788-3-smb neutron-server[104045]: DEBUG neutron_lib.callbacks.manager [req-734dc0c1-9b4d-4a1f-a15a-5b431e6ea7f4 req-cb7e1ded-7234-497c-9ff5-8cd2db151d52 service neutron] Publish callbacks ['neutron.plugins.ml2.plugin.SecurityGroupServerNotifierRpcMixin._notify_sg_on_port_change-992481', 'neutron.plugins.ml2.ovo_rpc._ObjectChangeHandler.handle_event-131433', 'neutron.api.rpc.agentnotifiers.dhcp_rpc_agent_api.DhcpAgentNotifyAPI._native_event_send_dhcp_notification-7937955', 'neutron.db.l3_db.L3RpcNotifierMixin._notify_gateway_port_ip_changed-8768498911582', 'neutron.db.l3_dvrscheduler_db._notify_l3_agent_port_update-8768498352303', 'neutron.db.l3_hascheduler_db._notify_l3_agent_ha_port_update-8768498352321', 'neutron.services.segments.plugin.NovaSegmentNotifier._notify_port_updated-6170361'] for port (0b83bbc3-2f4e-44ee-ad38-5edd91614ec1), after_update {{(pid=104045) _notify_loop /usr/local/lib/python3.8/dist-packages/neutron_lib/callbacks/manager.py:176}}
Aug 24 18:10:53.060046 dv-cinder-853788-3-smb neutron-server[104045]: DEBUG neutron.notifiers.nova [req-36aefcb7-6634-4639-8e8f-c7e4a2fbb02f req-20ff8943-45f6-41c1-be4d-d54f07eebf21 service neutron] Ignoring state change previous_port_status: DOWN current_port_status: DOWN port_id ea371da7-07ff-46d4-a296-68165e2416bd {{(pid=104045) record_port_status_changed /opt/stack/neutron/neutron/notifiers/nova.py:233}}
Aug 24 18:10:53.081414 dv-cinder-853788-3-smb neutron-server[104046]: DEBUG neutron.plugins.ml2.rpc [None req-cf910a55-4da3-4327-b07c-adf460ae8c45 None None] Device df77a5de-9a55-42c1-ad57-f10cfc7afcc2 up at agent ovs-agent-dv-cinder-853788-3-smb {{(pid=104046) update_device_up /opt/stack/neutron/neutron/plugins/ml2/rpc.py:296}}
Aug 24 18:10:53.105379 dv-cinder-853788-3-smb neutron-server[104045]: DEBUG neutron_lib.callbacks.manager [req-36aefcb7-6634-4639-8e8f-c7e4a2fbb02f req-20ff8943-45f6-41c1-be4d-d54f07eebf21 service neutron] Publish callbacks [] for port (ea371da7-07ff-46d4-a296-68165e2416bd), precommit_update {{(pid=104045) _notify_loop /usr/local/lib/python3.8/dist-packages/neutron_lib/callbacks/manager.py:176}}
Aug 24 18:10:53.145873 dv-cinder-853788-3-smb neutron-server[104045]: DEBUG neutron.db.provisioning_blocks [req-36aefcb7-6634-4639-8e8f-c7e4a2fbb02f req-20ff8943-45f6-41c1-be4d-d54f07eebf21 service neutron] Transition to ACTIVE for port object ea371da7-07ff-46d4-a296-68165e2416bd will not be triggered until provisioned by entity L2. {{(pid=104045) add_provisioning_component /opt/stack/neutron/neutron/db/provisioning_blocks.py:74}}
Aug 24 18:10:53.148554 dv-cinder-853788-3-smb neutron-server[104046]: DEBUG neutron.db.provisioning_blocks [None req-cf910a55-4da3-4327-b07c-adf460ae8c45 None None] Provisioning complete for port df77a5de-9a55-42c1-ad57-f10cfc7afcc2 triggered by entity L2. {{(pid=104046) provisioning_complete /opt/stack/neutron/neutron/db/provisioning_blocks.py:140}}
Aug 24 18:10:53.149280 dv-cinder-853788-3-smb neutron-server[104046]: DEBUG neutron_lib.callbacks.manager [None req-cf910a55-4da3-4327-b07c-adf460ae8c45 None None] Publish callbacks ['neutron.plugins.ml2.plugin.Ml2Plugin._port_provisioned-870340'] for port (df77a5de-9a55-42c1-ad57-f10cfc7afcc2), provisioning_complete {{(pid=104046) _notify_loop /usr/local/lib/python3.8/dist-packages/neutron_lib/callbacks/manager.py:176}}
Aug 24 18:10:53.192257 dv-cinder-853788-3-smb neutron-server[104045]: DEBUG neutron_lib.callbacks.manager [req-36aefcb7-6634-4639-8e8f-c7e4a2fbb02f req-20ff8943-45f6-41c1-be4d-d54f07eebf21 service neutron] Publish callbacks ['neutron.plugins.ml2.plugin.SecurityGroupServerNotifierRpcMixin._notify_sg_on_port_change-992481', 'neutron.plugins.ml2.ovo_rpc._ObjectChangeHandler.handle_event-131433', 'neutron.api.rpc.agentnotifiers.dhcp_rpc_agent_api.DhcpAgentNotifyAPI._native_event_send_dhcp_notification-7937955', 'neutron.db.l3_db.L3RpcNotifierMixin._notify_gateway_port_ip_changed-8768498911582', 'neutron.db.l3_dvrscheduler_db._notify_l3_agent_port_update-8768498352303', 'neutron.db.l3_hascheduler_db._notify_l3_agent_ha_port_update-8768498352321', 'neutron.services.segments.plugin.NovaSegmentNotifier._notify_port_updated-6170361'] for port (ea371da7-07ff-46d4-a296-68165e2416bd), after_update {{(pid=104045) _notify_loop /usr/local/lib/python3.8/dist-packages/neutron_lib/callbacks/manager.py:176}}
Aug 24 18:10:53.240811 dv-cinder-853788-3-smb neutron-server[104044]: INFO neutron.wsgi [req-19c2437a-29e6-4933-80ea-63bc25c5f335 req-5215131a-c2c9-4b6f-b153-37af20e53f16 tempest-AttachVolumeShelveTestJSON-982896592 tempest-AttachVolumeShelveTestJSON-982896592-project] 10.222.0.64 "GET /v2.0/security-groups?id=51ecba9d-fad6-4cd6-a4c2-a2c5c7e5c789&fields=id&fields=name HTTP/1.1" status: 200 len: 313 time: 0.8493724
Aug 24 18:10:53.270539 dv-cinder-853788-3-smb neutron-server[104044]: DEBUG neutron.notifiers.nova [req-b22de858-82b3-46b9-a10d-00a57b9d8cb6 req-cb37357b-93e8-4d53-ba82-f816703a2a49 service neutron] Ignoring state change previous_port_status: DOWN current_port_status: DOWN port_id 1138c638-5fcd-42a5-96ee-e2e07aa2a411 {{(pid=104044) record_port_status_changed /opt/stack/neutron/neutron/notifiers/nova.py:233}}
Aug 24 18:10:53.291430 dv-cinder-853788-3-smb neutron-server[104046]: DEBUG neutron.plugins.ml2.plugin [None req-cf910a55-4da3-4327-b07c-adf460ae8c45 None None] Current status of the port df77a5de-9a55-42c1-ad57-f10cfc7afcc2 is: ACTIVE; New status is: ACTIVE {{(pid=104046) _update_individual_port_db_status /opt/stack/neutron/neutron/plugins/ml2/plugin.py:2268}}
Aug 24 18:10:53.320339 dv-cinder-853788-3-smb neutron-server[104044]: DEBUG neutron_lib.callbacks.manager [req-b22de858-82b3-46b9-a10d-00a57b9d8cb6 req-cb37357b-93e8-4d53-ba82-f816703a2a49 service neutron] Publish callbacks [] for port (1138c638-5fcd-42a5-96ee-e2e07aa2a411), precommit_update {{(pid=104044) _notify_loop /usr/local/lib/python3.8/dist-packages/neutron_lib/callbacks/manager.py:176}}
Aug 24 18:10:53.386206 dv-cinder-853788-3-smb neutron-server[104045]: DEBUG neutron.api.rpc.handlers.resources_rpc [None req-cb7e1ded-7234-497c-9ff5-8cd2db151d52 service neutron] Pushing event updated for resources: {'Port': ['ID=0b83bbc3-2f4e-44ee-ad38-5edd91614ec1,revision_number=2']} {{(pid=104045) push /opt/stack/neutron/neutron/api/rpc/handlers/resources_rpc.py:237}}
Aug 24 18:10:53.409110 dv-cinder-853788-3-smb neutron-server[104044]: INFO neutron.wsgi [req-6418f8ad-a229-4e86-ab9d-40ff35ba5414 req-b9b40e67-95bb-4482-b54d-b03555fd7dae tempest-DeleteServersTestJSON-92536476 tempest-DeleteServersTestJSON-92536476-project] 10.222.0.64 "GET /v2.0/security-groups?id=b4f48820-db0e-4dc8-835a-0bf6ac923611&fields=id&fields=name HTTP/1.1" status: 200 len: 286 time: 1.0689070
Aug 24 18:10:53.424177 dv-cinder-853788-3-smb neutron-server[104044]: DEBUG neutron.db.provisioning_blocks [req-b22de858-82b3-46b9-a10d-00a57b9d8cb6 req-cb37357b-93e8-4d53-ba82-f816703a2a49 service neutron] Transition to ACTIVE for port object 1138c638-5fcd-42a5-96ee-e2e07aa2a411 will not be triggered until provisioned by entity L2. {{(pid=104044) add_provisioning_component /opt/stack/neutron/neutron/db/provisioning_blocks.py:74}}
Aug 24 18:10:53.482097 dv-cinder-853788-3-smb neutron-server[104045]: DEBUG neutron.api.rpc.handlers.resources_rpc [None req-20ff8943-45f6-41c1-be4d-d54f07eebf21 service neutron] Pushing event updated for resources: {'Port': ['ID=ea371da7-07ff-46d4-a296-68165e2416bd,revision_number=2']} {{(pid=104045) push /opt/stack/neutron/neutron/api/rpc/handlers/resources_rpc.py:237}}
Aug 24 18:10:53.487598 dv-cinder-853788-3-smb neutron-server[104045]: DEBUG neutron.plugins.ml2.managers [req-36aefcb7-6634-4639-8e8f-c7e4a2fbb02f req-20ff8943-45f6-41c1-be4d-d54f07eebf21 service neutron] Attempting to bind port ea371da7-07ff-46d4-a296-68165e2416bd on host hv-cinder-85378 for vnic_type normal with profile {{(pid=104045) bind_port /opt/stack/neutron/neutron/plugins/ml2/managers.py:811}}
Aug 24 18:10:53.488037 dv-cinder-853788-3-smb neutron-server[104045]: DEBUG neutron.plugins.ml2.managers [req-36aefcb7-6634-4639-8e8f-c7e4a2fbb02f req-20ff8943-45f6-41c1-be4d-d54f07eebf21 service neutron] Attempting to bind port ea371da7-07ff-46d4-a296-68165e2416bd by drivers openvswitch,hyperv on host hv-cinder-85378 at level 0 using segments [{'id': '01064441-539f-4a99-b27e-d99651b8dae5', 'network_type': 'vlan', 'physical_network': 'physnet1', 'segmentation_id': 403, 'network_id': '4065f731-d469-4f08-8168-67d8a03c44e8'}] {{(pid=104045) _bind_port_level /opt/stack/neutron/neutron/plugins/ml2/managers.py:836}}
Aug 24 18:10:53.488457 dv-cinder-853788-3-smb neutron-server[104045]: DEBUG neutron.plugins.ml2.drivers.mech_agent [req-36aefcb7-6634-4639-8e8f-c7e4a2fbb02f req-20ff8943-45f6-41c1-be4d-d54f07eebf21 service neutron] Attempting to bind port ea371da7-07ff-46d4-a296-68165e2416bd on network 4065f731-d469-4f08-8168-67d8a03c44e8 {{(pid=104045) bind_port /opt/stack/neutron/neutron/plugins/ml2/drivers/mech_agent.py:91}}
Aug 24 18:10:53.491597 dv-cinder-853788-3-smb neutron-server[104044]: DEBUG neutron_lib.callbacks.manager [req-b22de858-82b3-46b9-a10d-00a57b9d8cb6 req-cb37357b-93e8-4d53-ba82-f816703a2a49 service neutron] Publish callbacks ['neutron.plugins.ml2.plugin.SecurityGroupServerNotifierRpcMixin._notify_sg_on_port_change-992481', 'neutron.plugins.ml2.ovo_rpc._ObjectChangeHandler.handle_event-131433', 'neutron.api.rpc.agentnotifiers.dhcp_rpc_agent_api.DhcpAgentNotifyAPI._native_event_send_dhcp_notification-7937955', 'neutron.db.l3_db.L3RpcNotifierMixin._notify_gateway_port_ip_changed-8768498911582', 'neutron.db.l3_dvrscheduler_db._notify_l3_agent_port_update-8768498352303', 'neutron.db.l3_hascheduler_db._notify_l3_agent_ha_port_update-8768498352321', 'neutron.services.segments.plugin.NovaSegmentNotifier._notify_port_updated-4980351'] for port (1138c638-5fcd-42a5-96ee-e2e07aa2a411), after_update {{(pid=104044) _notify_loop /usr/local/lib/python3.8/dist-packages/neutron_lib/callbacks/manager.py:176}}
Aug 24 18:10:53.495702 dv-cinder-853788-3-smb neutron-server[104045]: DEBUG neutron.plugins.ml2.drivers.mech_agent [req-36aefcb7-6634-4639-8e8f-c7e4a2fbb02f req-20ff8943-45f6-41c1-be4d-d54f07eebf21 service neutron] Port ea371da7-07ff-46d4-a296-68165e2416bd on network 4065f731-d469-4f08-8168-67d8a03c44e8 not bound, no agent of type Open vSwitch agent registered on host hv-cinder-85378 {{(pid=104045) bind_port /opt/stack/neutron/neutron/plugins/ml2/drivers/mech_agent.py:103}}
Aug 24 18:10:53.496109 dv-cinder-853788-3-smb neutron-server[104045]: DEBUG neutron.plugins.ml2.drivers.mech_agent [req-36aefcb7-6634-4639-8e8f-c7e4a2fbb02f req-20ff8943-45f6-41c1-be4d-d54f07eebf21 service neutron] Attempting to bind port ea371da7-07ff-46d4-a296-68165e2416bd on network 4065f731-d469-4f08-8168-67d8a03c44e8 {{(pid=104045) bind_port /opt/stack/neutron/neutron/plugins/ml2/drivers/mech_agent.py:91}}
Aug 24 18:10:53.499498 dv-cinder-853788-3-smb neutron-server[104045]: DEBUG neutron.plugins.ml2.managers [req-734dc0c1-9b4d-4a1f-a15a-5b431e6ea7f4 req-cb7e1ded-7234-497c-9ff5-8cd2db151d52 service neutron] Attempting to bind port 0b83bbc3-2f4e-44ee-ad38-5edd91614ec1 on host hv-cinder-85378 for vnic_type normal with profile {{(pid=104045) bind_port /opt/stack/neutron/neutron/plugins/ml2/managers.py:811}}
Aug 24 18:10:53.499841 dv-cinder-853788-3-smb neutron-server[104045]: DEBUG neutron.plugins.ml2.managers [req-734dc0c1-9b4d-4a1f-a15a-5b431e6ea7f4 req-cb7e1ded-7234-497c-9ff5-8cd2db151d52 service neutron] Attempting to bind port 0b83bbc3-2f4e-44ee-ad38-5edd91614ec1 by drivers openvswitch,hyperv on host hv-cinder-85378 at level 0 using segments [{'id': '8b800286-a10c-479e-83cf-7d39bd40fe63', 'network_type': 'vlan', 'physical_network': 'physnet1', 'segmentation_id': 442, 'network_id': '425056c2-33b7-4395-b416-248edddf6302'}] {{(pid=104045) _bind_port_level /opt/stack/neutron/neutron/plugins/ml2/managers.py:836}}
Aug 24 18:10:53.500297 dv-cinder-853788-3-smb neutron-server[104045]: DEBUG neutron.plugins.ml2.drivers.mech_agent [req-734dc0c1-9b4d-4a1f-a15a-5b431e6ea7f4 req-cb7e1ded-7234-497c-9ff5-8cd2db151d52 service neutron] Attempting to bind port 0b83bbc3-2f4e-44ee-ad38-5edd91614ec1 on network 425056c2-33b7-4395-b416-248edddf6302 {{(pid=104045) bind_port /opt/stack/neutron/neutron/plugins/ml2/drivers/mech_agent.py:91}}
