Aug 22 18:11:30.814772 dv-cinder-853788-1-smb devstack@c-api.service[111602]: DEBUG cinder.volume.api [None req-cccb1147-d76c-435a-b026-fccbbe3d7594 tempest-VolumeTypesTest-882099252 tempest-VolumeTypesTest-882099252-project] Task 'cinder.volume.flows.api.create_volume.EntryCreateTask;volume:create' (f17c36f1-c0ae-44fd-83ca-9204104d5030) transitioned into state 'SUCCESS' from state 'RUNNING' with result '{'volume_id': '35d81aa7-a13e-423c-b41e-597907b82aad', 'volume_properties': VolumeProperties(attach_status='detached',availability_zone='nova',cgsnapshot_id=None,consistencygroup_id=None,display_description=None,display_name='tempest-VolumeTypesTest-volume-1926372126',encryption_key_id=None,group_id=None,group_type_id=,metadata={},multiattach=False,project_id='7ef1ae42f4e9453fa957f7e583d772f6',qos_specs=None,replication_status=,reservations=['1100de21-13e1-49c4-9c39-9db1fe094d44','de3e85d1-fbcf-46d3-820a-ab506ae99639','73c0fef0-d534-4e08-98db-6937f1b635c8','c03f45c1-afe2-47c2-8584-d9c57e5be1ef'],size=1,snapshot_id=None,source_replicaid=,source_volid=None,status='creating',user_id='9025f5ed56e14aea968d88ab3e50edd5',volume_type_id=650ce2c4-334e-4e5c-9eeb-db9b5042bf65), 'volume': Volume(_name_id=None,admin_metadata=,attach_status='detached',availability_zone='nova',bootable=False,cluster=,cluster_name=None,consistencygroup=,consistencygroup_id=None,created_at=2022-08-22T18:11:30Z,deleted=False,deleted_at=None,display_description=None,display_name='tempest-VolumeTypesTest-volume-1926372126',ec2_id=None,encryption_key_id=None,glance_metadata=,group=,group_id=None,host=None,id=35d81aa7-a13e-423c-b41e-597907b82aad,launched_at=None,metadata={},migration_status=None,multiattach=False,previous_status=None,project_id='7ef1ae42f4e9453fa957f7e583d772f6',provider_auth=None,provider_geometry=None,provider_id=None,provider_location=None,replication_driver_data=None,replication_extended_status=None,replication_status=None,scheduled_at=None,service_uuid=None,shared_targets=True,size=1,snapshot_id=None,snapshots=,source_volid=None,status='creating',terminated_at=None,updated_at=None,use_quota=True,user_id='9025f5ed56e14aea968d88ab3e50edd5',volume_attachment=VolumeAttachmentList,volume_type=VolumeType(650ce2c4-334e-4e5c-9eeb-db9b5042bf65),volume_type_id=650ce2c4-334e-4e5c-9eeb-db9b5042bf65)}' {{(pid=111602) _task_receiver /usr/local/lib/python3.8/dist-packages/taskflow/listeners/logging.py:178}}
Aug 22 18:11:30.816705 dv-cinder-853788-1-smb devstack@c-api.service[111602]: DEBUG cinder.volume.api [None req-cccb1147-d76c-435a-b026-fccbbe3d7594 tempest-VolumeTypesTest-882099252 tempest-VolumeTypesTest-882099252-project] Task 'cinder.volume.flows.api.create_volume.QuotaCommitTask;volume:create' (43f71dc5-91af-4692-af10-8d11d3a98ad0) transitioned into state 'RUNNING' from state 'PENDING' {{(pid=111602) _task_receiver /usr/local/lib/python3.8/dist-packages/taskflow/listeners/logging.py:190}}
Aug 22 18:11:30.938112 dv-cinder-853788-1-smb devstack@c-api.service[111602]: DEBUG cinder.volume.api [None req-cccb1147-d76c-435a-b026-fccbbe3d7594 tempest-VolumeTypesTest-882099252 tempest-VolumeTypesTest-882099252-project] Task 'cinder.volume.flows.api.create_volume.QuotaCommitTask;volume:create' (43f71dc5-91af-4692-af10-8d11d3a98ad0) transitioned into state 'SUCCESS' from state 'RUNNING' with result '{'volume_properties': VolumeProperties(attach_status='detached',availability_zone='nova',cgsnapshot_id=None,consistencygroup_id=None,display_description=None,display_name='tempest-VolumeTypesTest-volume-1926372126',encryption_key_id=None,group_id=None,group_type_id=,metadata={},multiattach=False,project_id='7ef1ae42f4e9453fa957f7e583d772f6',qos_specs=None,replication_status=,reservations=['1100de21-13e1-49c4-9c39-9db1fe094d44','de3e85d1-fbcf-46d3-820a-ab506ae99639','73c0fef0-d534-4e08-98db-6937f1b635c8','c03f45c1-afe2-47c2-8584-d9c57e5be1ef'],size=1,snapshot_id=None,source_replicaid=,source_volid=None,status='creating',user_id='9025f5ed56e14aea968d88ab3e50edd5',volume_type_id=650ce2c4-334e-4e5c-9eeb-db9b5042bf65)}' {{(pid=111602) _task_receiver /usr/local/lib/python3.8/dist-packages/taskflow/listeners/logging.py:178}}
Aug 22 18:11:30.947396 dv-cinder-853788-1-smb devstack@c-api.service[111602]: DEBUG cinder.volume.api [None req-cccb1147-d76c-435a-b026-fccbbe3d7594 tempest-VolumeTypesTest-882099252 tempest-VolumeTypesTest-882099252-project] Task 'cinder.volume.flows.api.create_volume.VolumeCastTask;volume:create' (87cf6838-8180-4c0c-810f-d3b3d40746f0) transitioned into state 'RUNNING' from state 'PENDING' {{(pid=111602) _task_receiver /usr/local/lib/python3.8/dist-packages/taskflow/listeners/logging.py:190}}
Aug 22 18:11:30.983443 dv-cinder-853788-1-smb devstack@c-api.service[111603]: DEBUG cinder.api.middleware.request_id [None req-51bece14-0022-47a5-8ae6-7e92ead38faa None None] RequestId filter calling following filter/app {{(pid=111603) _context_setter /opt/stack/cinder/cinder/api/middleware/request_id.py:62}}
Aug 22 18:11:30.987286 dv-cinder-853788-1-smb devstack@c-api.service[111603]: INFO cinder.api.openstack.wsgi [None req-51bece14-0022-47a5-8ae6-7e92ead38faa tempest-VolumesMetadataTest-900838503 tempest-VolumesMetadataTest-900838503-project] GET http://10.222.0.58/volume/v3/e7bdef58bbcc4bd29387c057c3f9a1b0/volumes/8fffc30a-3c0f-449e-b94b-33b16ccfd457
Aug 22 18:11:30.987957 dv-cinder-853788-1-smb devstack@c-api.service[111603]: DEBUG cinder.api.openstack.wsgi [None req-51bece14-0022-47a5-8ae6-7e92ead38faa tempest-VolumesMetadataTest-900838503 tempest-VolumesMetadataTest-900838503-project] Empty body provided in request {{(pid=111603) get_body /opt/stack/cinder/cinder/api/openstack/wsgi.py:715}}
Aug 22 18:11:30.988414 dv-cinder-853788-1-smb devstack@c-api.service[111603]: DEBUG cinder.api.openstack.wsgi [None req-51bece14-0022-47a5-8ae6-7e92ead38faa tempest-VolumesMetadataTest-900838503 tempest-VolumesMetadataTest-900838503-project] Calling method 'show' {{(pid=111603) _process_stack /opt/stack/cinder/cinder/api/openstack/wsgi.py:868}}
Aug 22 18:11:31.001979 dv-cinder-853788-1-smb devstack@c-api.service[111603]: INFO cinder.api.openstack.wsgi [None req-51bece14-0022-47a5-8ae6-7e92ead38faa tempest-VolumesMetadataTest-900838503 tempest-VolumesMetadataTest-900838503-project] http://10.222.0.58/volume/v3/e7bdef58bbcc4bd29387c057c3f9a1b0/volumes/8fffc30a-3c0f-449e-b94b-33b16ccfd457 returned with HTTP 404
Aug 22 18:11:31.002887 dv-cinder-853788-1-smb devstack@c-api.service[111603]: [pid: 111603|app: 0|req: 149/276] 10.222.0.58 () {58 vars in 1325 bytes} [Mon Aug 22 18:11:30 2022] GET /volume/v3/e7bdef58bbcc4bd29387c057c3f9a1b0/volumes/8fffc30a-3c0f-449e-b94b-33b16ccfd457 => generated 109 bytes in 21 msecs (HTTP/1.1 404) 7 headers in 292 bytes (2 switches on core 0)
Aug 22 18:11:31.053442 dv-cinder-853788-1-smb devstack@c-api.service[111602]: DEBUG cinder.volume.api [None req-cccb1147-d76c-435a-b026-fccbbe3d7594 tempest-VolumeTypesTest-882099252 tempest-VolumeTypesTest-882099252-project] Task 'cinder.volume.flows.api.create_volume.VolumeCastTask;volume:create' (87cf6838-8180-4c0c-810f-d3b3d40746f0) transitioned into state 'SUCCESS' from state 'RUNNING' with result 'None' {{(pid=111602) _task_receiver /usr/local/lib/python3.8/dist-packages/taskflow/listeners/logging.py:178}}
Aug 22 18:11:31.055823 dv-cinder-853788-1-smb devstack@c-api.service[111602]: DEBUG cinder.volume.api [None req-cccb1147-d76c-435a-b026-fccbbe3d7594 tempest-VolumeTypesTest-882099252 tempest-VolumeTypesTest-882099252-project] Flow 'volume_create_api' (fbdcc405-1ecc-4ada-b1d5-41fb8f2dfc90) transitioned into state 'SUCCESS' from state 'RUNNING' {{(pid=111602) _flow_receiver /usr/local/lib/python3.8/dist-packages/taskflow/listeners/logging.py:141}}
Aug 22 18:11:31.056588 dv-cinder-853788-1-smb devstack@c-api.service[111602]: INFO cinder.volume.api [None req-cccb1147-d76c-435a-b026-fccbbe3d7594 tempest-VolumeTypesTest-882099252 tempest-VolumeTypesTest-882099252-project] Create volume request issued successfully.
Aug 22 18:11:31.057942 dv-cinder-853788-1-smb devstack@c-api.service[111602]: INFO cinder.api.openstack.wsgi [None req-cccb1147-d76c-435a-b026-fccbbe3d7594 tempest-VolumeTypesTest-882099252 tempest-VolumeTypesTest-882099252-project] http://10.222.0.58/volume/v3/7ef1ae42f4e9453fa957f7e583d772f6/volumes returned with HTTP 202
Aug 22 18:11:31.058834 dv-cinder-853788-1-smb devstack@c-api.service[111602]: [pid: 111602|app: 0|req: 128/277] 10.222.0.58 () {60 vars in 1236 bytes} [Mon Aug 22 18:11:30 2022] POST /volume/v3/7ef1ae42f4e9453fa957f7e583d772f6/volumes => generated 850 bytes in 840 msecs (HTTP/1.1 202) 7 headers in 291 bytes (2 switches on core 0)
Aug 22 18:11:31.072470 dv-cinder-853788-1-smb devstack@c-api.service[111603]: DEBUG cinder.api.middleware.request_id [None req-0a73f6cc-5ff3-4838-b660-b20e91077eda None None] RequestId filter calling following filter/app {{(pid=111603) _context_setter /opt/stack/cinder/cinder/api/middleware/request_id.py:62}}
Aug 22 18:11:31.076490 dv-cinder-853788-1-smb devstack@c-api.service[111603]: INFO cinder.api.openstack.wsgi [None req-0a73f6cc-5ff3-4838-b660-b20e91077eda tempest-VolumeTypesTest-882099252 tempest-VolumeTypesTest-882099252-project] GET http://10.222.0.58/volume/v3/7ef1ae42f4e9453fa957f7e583d772f6/volumes/35d81aa7-a13e-423c-b41e-597907b82aad
Aug 22 18:11:31.076933 dv-cinder-853788-1-smb devstack@c-api.service[111603]: DEBUG cinder.api.openstack.wsgi [None req-0a73f6cc-5ff3-4838-b660-b20e91077eda tempest-VolumeTypesTest-882099252 tempest-VolumeTypesTest-882099252-project] Empty body provided in request {{(pid=111603) get_body /opt/stack/cinder/cinder/api/openstack/wsgi.py:715}}
Aug 22 18:11:31.077415 dv-cinder-853788-1-smb devstack@c-api.service[111603]: DEBUG cinder.api.openstack.wsgi [None req-0a73f6cc-5ff3-4838-b660-b20e91077eda tempest-VolumeTypesTest-882099252 tempest-VolumeTypesTest-882099252-project] Calling method 'show' {{(pid=111603) _process_stack /opt/stack/cinder/cinder/api/openstack/wsgi.py:868}}
Aug 22 18:11:31.092015 dv-cinder-853788-1-smb devstack@c-api.service[111603]: /usr/local/lib/python3.8/dist-packages/oslo_context/context.py:100: DeprecationWarning: Policy enforcement is depending on the value of is_admin. This key is deprecated. Please update your policy file to use the standard policy values.
Aug 22 18:11:31.092015 dv-cinder-853788-1-smb devstack@c-api.service[111603]: warnings.warn('Policy enforcement is depending on the value of '
Aug 22 18:11:31.099663 dv-cinder-853788-1-smb devstack@c-api.service[111603]: INFO cinder.volume.api [None req-0a73f6cc-5ff3-4838-b660-b20e91077eda tempest-VolumeTypesTest-882099252 tempest-VolumeTypesTest-882099252-project] Volume info retrieved successfully.
Aug 22 18:11:31.111140 dv-cinder-853788-1-smb devstack@c-api.service[111603]: INFO cinder.api.openstack.wsgi [None req-0a73f6cc-5ff3-4838-b660-b20e91077eda tempest-VolumeTypesTest-882099252 tempest-VolumeTypesTest-882099252-project] http://10.222.0.58/volume/v3/7ef1ae42f4e9453fa957f7e583d772f6/volumes/35d81aa7-a13e-423c-b41e-597907b82aad returned with HTTP 200
Aug 22 18:11:31.112384 dv-cinder-853788-1-smb devstack@c-api.service[111603]: [pid: 111603|app: 0|req: 150/278] 10.222.0.58 () {58 vars in 1325 bytes} [Mon Aug 22 18:11:31 2022] GET /volume/v3/7ef1ae42f4e9453fa957f7e583d772f6/volumes/35d81aa7-a13e-423c-b41e-597907b82aad => generated 918 bytes in 41 msecs (HTTP/1.1 200) 7 headers in 285 bytes (1 switches on core 0)
Aug 22 18:11:32.128582 dv-cinder-853788-1-smb devstack@c-api.service[111602]: DEBUG cinder.api.middleware.request_id [None req-41344edb-e579-43d6-a0dc-3bf9ef0ab7a2 None None] RequestId filter calling following filter/app {{(pid=111602) _context_setter /opt/stack/cinder/cinder/api/middleware/request_id.py:62}}
Aug 22 18:11:32.132670 dv-cinder-853788-1-smb devstack@c-api.service[111602]: INFO cinder.api.openstack.wsgi [None req-41344edb-e579-43d6-a0dc-3bf9ef0ab7a2 tempest-VolumeTypesTest-882099252 tempest-VolumeTypesTest-882099252-project] GET http://10.222.0.58/volume/v3/7ef1ae42f4e9453fa957f7e583d772f6/volumes/35d81aa7-a13e-423c-b41e-597907b82aad
Aug 22 18:11:32.133109 dv-cinder-853788-1-smb devstack@c-api.service[111602]: DEBUG cinder.api.openstack.wsgi [None req-41344edb-e579-43d6-a0dc-3bf9ef0ab7a2 tempest-VolumeTypesTest-882099252 tempest-VolumeTypesTest-882099252-project] Empty body provided in request {{(pid=111602) get_body /opt/stack/cinder/cinder/api/openstack/wsgi.py:715}}
Aug 22 18:11:32.133562 dv-cinder-853788-1-smb devstack@c-api.service[111602]: DEBUG cinder.api.openstack.wsgi [None req-41344edb-e579-43d6-a0dc-3bf9ef0ab7a2 tempest-VolumeTypesTest-882099252 tempest-VolumeTypesTest-882099252-project] Calling method 'show' {{(pid=111602) _process_stack /opt/stack/cinder/cinder/api/openstack/wsgi.py:868}}
Aug 22 18:11:32.149110 dv-cinder-853788-1-smb devstack@c-api.service[111602]: /usr/local/lib/python3.8/dist-packages/oslo_context/context.py:100: DeprecationWarning: Policy enforcement is depending on the value of is_admin. This key is deprecated. Please update your policy file to use the standard policy values.
Aug 22 18:11:32.149110 dv-cinder-853788-1-smb devstack@c-api.service[111602]: warnings.warn('Policy enforcement is depending on the value of '
Aug 22 18:11:32.156923 dv-cinder-853788-1-smb devstack@c-api.service[111602]: INFO cinder.volume.api [None req-41344edb-e579-43d6-a0dc-3bf9ef0ab7a2 tempest-VolumeTypesTest-882099252 tempest-VolumeTypesTest-882099252-project] Volume info retrieved successfully.
Aug 22 18:11:32.167148 dv-cinder-853788-1-smb devstack@c-api.service[111602]: INFO cinder.api.openstack.wsgi [None req-41344edb-e579-43d6-a0dc-3bf9ef0ab7a2 tempest-VolumeTypesTest-882099252 tempest-VolumeTypesTest-882099252-project] http://10.222.0.58/volume/v3/7ef1ae42f4e9453fa957f7e583d772f6/volumes/35d81aa7-a13e-423c-b41e-597907b82aad returned with HTTP 200
Aug 22 18:11:32.168986 dv-cinder-853788-1-smb devstack@c-api.service[111602]: [pid: 111602|app: 0|req: 129/279] 10.222.0.58 () {58 vars in 1325 bytes} [Mon Aug 22 18:11:32 2022] GET /volume/v3/7ef1ae42f4e9453fa957f7e583d772f6/volumes/35d81aa7-a13e-423c-b41e-597907b82aad => generated 943 bytes in 42 msecs (HTTP/1.1 200) 7 headers in 285 bytes (1 switches on core 0)
Aug 22 18:11:32.185189 dv-cinder-853788-1-smb devstack@c-api.service[111603]: DEBUG cinder.api.middleware.request_id [None req-3708719b-939e-4008-bfb7-85fff6f397ff None None] RequestId filter calling following filter/app {{(pid=111603) _context_setter /opt/stack/cinder/cinder/api/middleware/request_id.py:62}}
Aug 22 18:11:32.190692 dv-cinder-853788-1-smb devstack@c-api.service[111603]: INFO cinder.api.openstack.wsgi [None req-3708719b-939e-4008-bfb7-85fff6f397ff tempest-VolumeTypesTest-882099252 tempest-VolumeTypesTest-882099252-project] POST http://10.222.0.58/volume/v3/7ef1ae42f4e9453fa957f7e583d772f6/volumes/35d81aa7-a13e-423c-b41e-597907b82aad/action
Aug 22 18:11:32.191489 dv-cinder-853788-1-smb devstack@c-api.service[111603]: DEBUG cinder.api.openstack.wsgi [None req-3708719b-939e-4008-bfb7-85fff6f397ff tempest-VolumeTypesTest-882099252 tempest-VolumeTypesTest-882099252-project] Action body: b'{"os-retype": {"new_type": "57112a63-a3ea-41ea-aa28-69172e57a41e"}}' {{(pid=111603) get_method /opt/stack/cinder/cinder/api/openstack/wsgi.py:983}}
Aug 22 18:11:32.191902 dv-cinder-853788-1-smb devstack@c-api.service[111603]: DEBUG cinder.api.openstack.wsgi [None req-3708719b-939e-4008-bfb7-85fff6f397ff tempest-VolumeTypesTest-882099252 tempest-VolumeTypesTest-882099252-project] Action: 'action', calling method: _retype, body: {"os-retype": {"new_type": "57112a63-a3ea-41ea-aa28-69172e57a41e"}} {{(pid=111603) _process_stack /opt/stack/cinder/cinder/api/openstack/wsgi.py:866}}
Aug 22 18:11:32.207302 dv-cinder-853788-1-smb devstack@c-api.service[111603]: /usr/local/lib/python3.8/dist-packages/oslo_context/context.py:100: DeprecationWarning: Policy enforcement is depending on the value of is_admin. This key is deprecated. Please update your policy file to use the standard policy values.
Aug 22 18:11:32.207302 dv-cinder-853788-1-smb devstack@c-api.service[111603]: warnings.warn('Policy enforcement is depending on the value of '
Aug 22 18:11:32.208469 dv-cinder-853788-1-smb devstack@c-api.service[111603]: INFO cinder.volume.api [None req-3708719b-939e-4008-bfb7-85fff6f397ff tempest-VolumeTypesTest-882099252 tempest-VolumeTypesTest-882099252-project] Volume info retrieved successfully.
Aug 22 18:11:32.243919 dv-cinder-853788-1-smb devstack@c-api.service[111603]: WARNING cinder.quota [None req-3708719b-939e-4008-bfb7-85fff6f397ff tempest-VolumeTypesTest-882099252 tempest-VolumeTypesTest-882099252-project] Deprecated: Default quota for resource: volumes_tempest-VolumeTypesTest-volume-type-675452736 is set by the default quota flag: quota_volumes_tempest-VolumeTypesTest-volume-type-675452736, it is now deprecated. Please use the default quota class for default quota.
Aug 22 18:11:32.244680 dv-cinder-853788-1-smb devstack@c-api.service[111603]: WARNING cinder.quota [None req-3708719b-939e-4008-bfb7-85fff6f397ff tempest-VolumeTypesTest-882099252 tempest-VolumeTypesTest-882099252-project] Deprecated: Default quota for resource: gigabytes_tempest-VolumeTypesTest-volume-type-675452736 is set by the default quota flag: quota_gigabytes_tempest-VolumeTypesTest-volume-type-675452736, it is now deprecated. Please use the default quota class for default quota.
Aug 22 18:11:32.440055 dv-cinder-853788-1-smb devstack@c-api.service[111603]: DEBUG cinder.quota [None req-3708719b-939e-4008-bfb7-85fff6f397ff tempest-VolumeTypesTest-882099252 tempest-VolumeTypesTest-882099252-project] Created reservations ['6e8ac1c0-b2d2-4854-a83b-6e71b6a21eea', 'c8d52d1d-dba3-45e5-b501-646e78ba6555'] {{(pid=111603) reserve /opt/stack/cinder/cinder/quota.py:755}}
Aug 22 18:11:32.461958 dv-cinder-853788-1-smb devstack@c-api.service[111603]: WARNING cinder.quota [None req-3708719b-939e-4008-bfb7-85fff6f397ff tempest-VolumeTypesTest-882099252 tempest-VolumeTypesTest-882099252-project] Deprecated: Default quota for resource: volumes_tempest-VolumeTypesTest-volume-type-1810741015 is set by the default quota flag: quota_volumes_tempest-VolumeTypesTest-volume-type-1810741015, it is now deprecated. Please use the default quota class for default quota.
Aug 22 18:11:32.462991 dv-cinder-853788-1-smb devstack@c-api.service[111603]: WARNING cinder.quota [None req-3708719b-939e-4008-bfb7-85fff6f397ff tempest-VolumeTypesTest-882099252 tempest-VolumeTypesTest-882099252-project] Deprecated: Default quota for resource: gigabytes_tempest-VolumeTypesTest-volume-type-1810741015 is set by the default quota flag: quota_gigabytes_tempest-VolumeTypesTest-volume-type-1810741015, it is now deprecated. Please use the default quota class for default quota.
Aug 22 18:11:32.531098 dv-cinder-853788-1-smb devstack@c-api.service[111603]: DEBUG cinder.quota [None req-3708719b-939e-4008-bfb7-85fff6f397ff tempest-VolumeTypesTest-882099252 tempest-VolumeTypesTest-882099252-project] Created reservations ['e9d8f249-e37a-4f09-a1dc-2e52a37de5bc', 'b20cc232-e549-420e-9150-7ba8f24d2f3a'] {{(pid=111603) reserve /opt/stack/cinder/cinder/quota.py:755}}
Aug 22 18:11:32.556439 dv-cinder-853788-1-smb devstack@c-api.service[111603]: /opt/stack/cinder/cinder/db/sqlalchemy/api.py:2955: SADeprecationWarning: The SelectBase.as_scalar() method is deprecated and will be removed in a future release. Please refer to SelectBase.scalar_subquery(). (deprecated since: 1.4)
Aug 22 18:11:32.556439 dv-cinder-853788-1-smb devstack@c-api.service[111603]: models.VolumeType.qos_specs_id == q.as_scalar())),
Aug 22 18:11:32.740653 dv-cinder-853788-1-smb devstack@c-api.service[111603]: INFO cinder.volume.api [None req-3708719b-939e-4008-bfb7-85fff6f397ff tempest-VolumeTypesTest-882099252 tempest-VolumeTypesTest-882099252-project] Retype volume request issued successfully.
Aug 22 18:11:32.741201 dv-cinder-853788-1-smb devstack@c-api.service[111603]: INFO cinder.api.openstack.wsgi [None req-3708719b-939e-4008-bfb7-85fff6f397ff tempest-VolumeTypesTest-882099252 tempest-VolumeTypesTest-882099252-project] http://10.222.0.58/volume/v3/7ef1ae42f4e9453fa957f7e583d772f6/volumes/35d81aa7-a13e-423c-b41e-597907b82aad/action returned with HTTP 202
Aug 22 18:11:32.742207 dv-cinder-853788-1-smb devstack@c-api.service[111603]: [pid: 111603|app: 0|req: 151/280] 10.222.0.58 () {60 vars in 1367 bytes} [Mon Aug 22 18:11:32 2022] POST /volume/v3/7ef1ae42f4e9453fa957f7e583d772f6/volumes/35d81aa7-a13e-423c-b41e-597907b82aad/action => generated 0 bytes in 558 msecs (HTTP/1.1 202) 7 headers in 289 bytes (1 switches on core 0)
Aug 22 18:11:32.746804 dv-cinder-853788-1-smb devstack@c-api.service[111602]: DEBUG cinder.api.middleware.request_id [None req-b20fccac-d380-4db0-8720-20527941bd27 None None] RequestId filter calling following filter/app {{(pid=111602) _context_setter /opt/stack/cinder/cinder/api/middleware/request_id.py:62}}
Aug 22 18:11:32.750395 dv-cinder-853788-1-smb devstack@c-api.service[111602]: INFO cinder.api.openstack.wsgi [None req-b20fccac-d380-4db0-8720-20527941bd27 tempest-VolumeTypesTest-882099252 tempest-VolumeTypesTest-882099252-project] GET http://10.222.0.58/volume/v3/7ef1ae42f4e9453fa957f7e583d772f6/volumes/35d81aa7-a13e-423c-b41e-597907b82aad
Aug 22 18:11:32.750855 dv-cinder-853788-1-smb devstack@c-api.service[111602]: DEBUG cinder.api.openstack.wsgi [None req-b20fccac-d380-4db0-8720-20527941bd27 tempest-VolumeTypesTest-882099252 tempest-VolumeTypesTest-882099252-project] Empty body provided in request {{(pid=111602) get_body /opt/stack/cinder/cinder/api/openstack/wsgi.py:715}}
Aug 22 18:11:32.751262 dv-cinder-853788-1-smb devstack@c-api.service[111602]: DEBUG cinder.api.openstack.wsgi [None req-b20fccac-d380-4db0-8720-20527941bd27 tempest-VolumeTypesTest-882099252 tempest-VolumeTypesTest-882099252-project] Calling method 'show' {{(pid=111602) _process_stack /opt/stack/cinder/cinder/api/openstack/wsgi.py:868}}
Aug 22 18:11:32.766269 dv-cinder-853788-1-smb devstack@c-api.service[111602]: /usr/local/lib/python3.8/dist-packages/oslo_context/context.py:100: DeprecationWarning: Policy enforcement is depending on the value of is_admin. This key is deprecated. Please update your policy file to use the standard policy values.
Aug 22 18:11:32.766269 dv-cinder-853788-1-smb devstack@c-api.service[111602]: warnings.warn('Policy enforcement is depending on the value of '
Aug 22 18:11:32.774161 dv-cinder-853788-1-smb devstack@c-api.service[111602]: INFO cinder.volume.api [None req-b20fccac-d380-4db0-8720-20527941bd27 tempest-VolumeTypesTest-882099252 tempest-VolumeTypesTest-882099252-project] Volume info retrieved successfully.
Aug 22 18:11:32.785406 dv-cinder-853788-1-smb devstack@c-api.service[111602]: INFO cinder.api.openstack.wsgi [None req-b20fccac-d380-4db0-8720-20527941bd27 tempest-VolumeTypesTest-882099252 tempest-VolumeTypesTest-882099252-project] http://10.222.0.58/volume/v3/7ef1ae42f4e9453fa957f7e583d772f6/volumes/35d81aa7-a13e-423c-b41e-597907b82aad returned with HTTP 200
Aug 22 18:11:32.786540 dv-cinder-853788-1-smb devstack@c-api.service[111602]: [pid: 111602|app: 0|req: 130/281] 10.222.0.58 () {58 vars in 1325 bytes} [Mon Aug 22 18:11:32 2022] GET /volume/v3/7ef1ae42f4e9453fa957f7e583d772f6/volumes/35d81aa7-a13e-423c-b41e-597907b82aad => generated 942 bytes in 41 msecs (HTTP/1.1 200) 7 headers in 285 bytes (1 switches on core 0)
Aug 22 18:11:33.255671 dv-cinder-853788-1-smb devstack@c-api.service[111603]: DEBUG cinder.api.middleware.request_id [None req-0c6f4d13-7e9b-4d00-b6ab-c9cb82f8ecc3 None None] RequestId filter calling following filter/app {{(pid=111603) _context_setter /opt/stack/cinder/cinder/api/middleware/request_id.py:62}}
Aug 22 18:11:33.259531 dv-cinder-853788-1-smb devstack@c-api.service[111603]: INFO cinder.api.openstack.wsgi [None req-0c6f4d13-7e9b-4d00-b6ab-c9cb82f8ecc3 tempest-VolumesCloneTest-92358618 tempest-VolumesCloneTest-92358618-project] POST http://10.222.0.58/volume/v3/22d98154a2be43c284368e370073dc54/volumes
Aug 22 18:11:33.260303 dv-cinder-853788-1-smb devstack@c-api.service[111603]: DEBUG cinder.api.openstack.wsgi [None req-0c6f4d13-7e9b-4d00-b6ab-c9cb82f8ecc3 tempest-VolumesCloneTest-92358618 tempest-VolumesCloneTest-92358618-project] Action: 'create', calling method: create, body: {"volume": {"imageRef": "df81efe5-f7a6-4a0f-bc70-9b90ef727dae", "size": 1, "name": "tempest-VolumesCloneTest-Volume-432863051"}} {{(pid=111603) _process_stack /opt/stack/cinder/cinder/api/openstack/wsgi.py:866}}
Aug 22 18:11:33.261547 dv-cinder-853788-1-smb devstack@c-api.service[111603]: DEBUG cinder.api.v3.volumes [None req-0c6f4d13-7e9b-4d00-b6ab-c9cb82f8ecc3 tempest-VolumesCloneTest-92358618 tempest-VolumesCloneTest-92358618-project] Create volume request body: {'volume': {'imageRef': 'df81efe5-f7a6-4a0f-bc70-9b90ef727dae', 'size': 1, 'name': 'tempest-VolumesCloneTest-Volume-432863051'}} {{(pid=111603) create /opt/stack/cinder/cinder/api/v3/volumes.py:298}}
Aug 22 18:11:33.370996 dv-cinder-853788-1-smb devstack@c-api.service[111603]: INFO cinder.api.v3.volumes [None req-0c6f4d13-7e9b-4d00-b6ab-c9cb82f8ecc3 tempest-VolumesCloneTest-92358618 tempest-VolumesCloneTest-92358618-project] Create volume of 1 GB
Aug 22 18:11:33.371724 dv-cinder-853788-1-smb devstack@c-api.service[111603]: /usr/local/lib/python3.8/dist-packages/oslo_context/context.py:100: DeprecationWarning: Policy enforcement is depending on the value of is_admin. This key is deprecated. Please update your policy file to use the standard policy values.
Aug 22 18:11:33.371724 dv-cinder-853788-1-smb devstack@c-api.service[111603]: warnings.warn('Policy enforcement is depending on the value of '
Aug 22 18:11:33.377850 dv-cinder-853788-1-smb devstack@c-api.service[111603]: INFO cinder.volume.api [None req-0c6f4d13-7e9b-4d00-b6ab-c9cb82f8ecc3 tempest-VolumesCloneTest-92358618 tempest-VolumesCloneTest-92358618-project] Availability Zones retrieved successfully.
Aug 22 18:11:33.393279 dv-cinder-853788-1-smb devstack@c-api.service[111603]: DEBUG cinder.volume.api [None req-0c6f4d13-7e9b-4d00-b6ab-c9cb82f8ecc3 tempest-VolumesCloneTest-92358618 tempest-VolumesCloneTest-92358618-project] Flow 'volume_create_api' (75eaa058-d0f8-46ec-a527-6c4123ddecf4) transitioned into state 'RUNNING' from state 'PENDING' {{(pid=111603) _flow_receiver /usr/local/lib/python3.8/dist-packages/taskflow/listeners/logging.py:141}}
Aug 22 18:11:33.395764 dv-cinder-853788-1-smb devstack@c-api.service[111603]: DEBUG cinder.volume.api [None req-0c6f4d13-7e9b-4d00-b6ab-c9cb82f8ecc3 tempest-VolumesCloneTest-92358618 tempest-VolumesCloneTest-92358618-project] Task 'cinder.volume.flows.api.create_volume.ExtractVolumeRequestTask;volume:create' (64c1de87-17f2-47ca-94a1-0d93321595f4) transitioned into state 'RUNNING' from state 'PENDING' {{(pid=111603) _task_receiver /usr/local/lib/python3.8/dist-packages/taskflow/listeners/logging.py:190}}
Aug 22 18:11:33.398380 dv-cinder-853788-1-smb devstack@c-api.service[111603]: DEBUG cinder.volume.flows.api.create_volume [None req-0c6f4d13-7e9b-4d00-b6ab-c9cb82f8ecc3 tempest-VolumesCloneTest-92358618 tempest-VolumesCloneTest-92358618-project] Validating volume size '1' using validate_int {{(pid=111603) _extract_size /opt/stack/cinder/cinder/volume/flows/api/create_volume.py:225}}
Aug 22 18:11:33.474009 dv-cinder-853788-1-smb devstack@c-api.service[111603]: DEBUG cinder.volume.api [None req-0c6f4d13-7e9b-4d00-b6ab-c9cb82f8ecc3 tempest-VolumesCloneTest-92358618 tempest-VolumesCloneTest-92358618-project] Task 'cinder.volume.flows.api.create_volume.ExtractVolumeRequestTask;volume:create' (64c1de87-17f2-47ca-94a1-0d93321595f4) transitioned into state 'SUCCESS' from state 'RUNNING' with result '{'size': 1, 'snapshot_id': None, 'source_volid': None, 'volume_type': VolumeType(created_at=2022-08-22T17:52:40Z,deleted=False,deleted_at=None,description='Default Volume Type',extra_specs={},id=e02a2a31-2a63-4f95-b712-84c552782098,is_public=True,name='__DEFAULT__',projects=[],qos_specs=,qos_specs_id=None,updated_at=2022-08-22T17:52:40Z), 'volume_type_id': 'e02a2a31-2a63-4f95-b712-84c552782098', 'encryption_key_id': None, 'qos_specs': None, 'consistencygroup_id': None, 'cgsnapshot_id': None, 'group_id': None, 'replication_status': 'disabled', 'refresh_az': False, 'backup_id': None, 'multiattach': False, 'availability_zones': ['nova']}' {{(pid=111603) _task_receiver /usr/local/lib/python3.8/dist-packages/taskflow/listeners/logging.py:178}}
Aug 22 18:11:33.476089 dv-cinder-853788-1-smb devstack@c-api.service[111603]: DEBUG cinder.volume.api [None req-0c6f4d13-7e9b-4d00-b6ab-c9cb82f8ecc3 tempest-VolumesCloneTest-92358618 tempest-VolumesCloneTest-92358618-project] Task 'cinder.volume.flows.api.create_volume.QuotaReserveTask;volume:create' (e0543ff8-53e5-43e4-bee2-c08bbd842c43) transitioned into state 'RUNNING' from state 'PENDING' {{(pid=111603) _task_receiver /usr/local/lib/python3.8/dist-packages/taskflow/listeners/logging.py:190}}
Aug 22 18:11:33.691227 dv-cinder-853788-1-smb devstack@c-api.service[111603]: DEBUG cinder.quota [None req-0c6f4d13-7e9b-4d00-b6ab-c9cb82f8ecc3 tempest-VolumesCloneTest-92358618 tempest-VolumesCloneTest-92358618-project] Created reservations ['93db1526-3d83-455c-92dc-b4d89be42131', '78f61fc9-ae8c-47eb-a43f-1445fcf03cda', '10197f69-dc8c-4144-a7b7-4ec627f00452', '77a68f16-c557-48b1-859f-b3ccd4f1966a'] {{(pid=111603) reserve /opt/stack/cinder/cinder/quota.py:755}}
Aug 22 18:11:33.693218 dv-cinder-853788-1-smb devstack@c-api.service[111603]: DEBUG cinder.volume.api [None req-0c6f4d13-7e9b-4d00-b6ab-c9cb82f8ecc3 tempest-VolumesCloneTest-92358618 tempest-VolumesCloneTest-92358618-project] Task 'cinder.volume.flows.api.create_volume.QuotaReserveTask;volume:create' (e0543ff8-53e5-43e4-bee2-c08bbd842c43) transitioned into state 'SUCCESS' from state 'RUNNING' with result '{'reservations': ['93db1526-3d83-455c-92dc-b4d89be42131', '78f61fc9-ae8c-47eb-a43f-1445fcf03cda', '10197f69-dc8c-4144-a7b7-4ec627f00452', '77a68f16-c557-48b1-859f-b3ccd4f1966a']}' {{(pid=111603) _task_receiver /usr/local/lib/python3.8/dist-packages/taskflow/listeners/logging.py:178}}
Aug 22 18:11:33.696238 dv-cinder-853788-1-smb devstack@c-api.service[111603]: DEBUG cinder.volume.api [None req-0c6f4d13-7e9b-4d00-b6ab-c9cb82f8ecc3 tempest-VolumesCloneTest-92358618 tempest-VolumesCloneTest-92358618-project] Task 'cinder.volume.flows.api.create_volume.EntryCreateTask;volume:create' (e384dd7b-d23d-483c-90ac-168a14b7d148) transitioned into state 'RUNNING' from state 'PENDING' {{(pid=111603) _task_receiver /usr/local/lib/python3.8/dist-packages/taskflow/listeners/logging.py:190}}
Aug 22 18:11:33.797624 dv-cinder-853788-1-smb devstack@c-api.service[111603]: DEBUG cinder.volume.api [None req-0c6f4d13-7e9b-4d00-b6ab-c9cb82f8ecc3 tempest-VolumesCloneTest-92358618 tempest-VolumesCloneTest-92358618-project] Task 'cinder.volume.flows.api.create_volume.EntryCreateTask;volume:create' (e384dd7b-d23d-483c-90ac-168a14b7d148) transitioned into state 'SUCCESS' from state 'RUNNING' with result '{'volume_id': '2f1443fa-fc13-4b5c-9e2a-6b443b9ccf34', 'volume_properties': VolumeProperties(attach_status='detached',availability_zone='nova',cgsnapshot_id=None,consistencygroup_id=None,display_description=None,display_name='tempest-VolumesCloneTest-Volume-432863051',encryption_key_id=None,group_id=None,group_type_id=,metadata={},multiattach=False,project_id='22d98154a2be43c284368e370073dc54',qos_specs=None,replication_status=,reservations=['93db1526-3d83-455c-92dc-b4d89be42131','78f61fc9-ae8c-47eb-a43f-1445fcf03cda','10197f69-dc8c-4144-a7b7-4ec627f00452','77a68f16-c557-48b1-859f-b3ccd4f1966a'],size=1,snapshot_id=None,source_replicaid=,source_volid=None,status='creating',user_id='0e35bebdc0fe4710ae65ac082aaab2cd',volume_type_id=e02a2a31-2a63-4f95-b712-84c552782098), 'volume': Volume(_name_id=None,admin_metadata=,attach_status='detached',availability_zone='nova',bootable=False,cluster=,cluster_name=None,consistencygroup=,consistencygroup_id=None,created_at=2022-08-22T18:11:33Z,deleted=False,deleted_at=None,display_description=None,display_name='tempest-VolumesCloneTest-Volume-432863051',ec2_id=None,encryption_key_id=None,glance_metadata=,group=,group_id=None,host=None,id=2f1443fa-fc13-4b5c-9e2a-6b443b9ccf34,launched_at=None,metadata={},migration_status=None,multiattach=False,previous_status=None,project_id='22d98154a2be43c284368e370073dc54',provider_auth=None,provider_geometry=None,provider_id=None,provider_location=None,replication_driver_data=None,replication_extended_status=None,replication_status=None,scheduled_at=None,service_uuid=None,shared_targets=True,size=1,snapshot_id=None,snapshots=,source_volid=None,status='creating',terminated_at=None,updated_at=None,use_quota=True,user_id='0e35bebdc0fe4710ae65ac082aaab2cd',volume_attachment=VolumeAttachmentList,volume_type=VolumeType(e02a2a31-2a63-4f95-b712-84c552782098),volume_type_id=e02a2a31-2a63-4f95-b712-84c552782098)}' {{(pid=111603) _task_receiver /usr/local/lib/python3.8/dist-packages/taskflow/listeners/logging.py:178}}
Aug 22 18:11:33.801214 dv-cinder-853788-1-smb devstack@c-api.service[111603]: DEBUG cinder.volume.api [None req-0c6f4d13-7e9b-4d00-b6ab-c9cb82f8ecc3 tempest-VolumesCloneTest-92358618 tempest-VolumesCloneTest-92358618-project] Task 'cinder.volume.flows.api.create_volume.QuotaCommitTask;volume:create' (09044316-174b-44fd-8c37-22ec0f05a497) transitioned into state 'RUNNING' from state 'PENDING' {{(pid=111603) _task_receiver /usr/local/lib/python3.8/dist-packages/taskflow/listeners/logging.py:190}}
Aug 22 18:11:33.803036 dv-cinder-853788-1-smb devstack@c-api.service[111602]: DEBUG cinder.api.middleware.request_id [None req-1cacaff2-b00f-4512-9e61-0b2ea0b91729 None None] RequestId filter calling following filter/app {{(pid=111602) _context_setter /opt/stack/cinder/cinder/api/middleware/request_id.py:62}}
Aug 22 18:11:33.812449 dv-cinder-853788-1-smb devstack@c-api.service[111602]: INFO cinder.api.openstack.wsgi [None req-1cacaff2-b00f-4512-9e61-0b2ea0b91729 tempest-VolumeTypesTest-882099252 tempest-VolumeTypesTest-882099252-project] GET http://10.222.0.58/volume/v3/7ef1ae42f4e9453fa957f7e583d772f6/volumes/35d81aa7-a13e-423c-b41e-597907b82aad
Aug 22 18:11:33.813245 dv-cinder-853788-1-smb devstack@c-api.service[111602]: DEBUG cinder.api.openstack.wsgi [None req-1cacaff2-b00f-4512-9e61-0b2ea0b91729 tempest-VolumeTypesTest-882099252 tempest-VolumeTypesTest-882099252-project] Empty body provided in request {{(pid=111602) get_body /opt/stack/cinder/cinder/api/openstack/wsgi.py:715}}
Aug 22 18:11:33.814849 dv-cinder-853788-1-smb devstack@c-api.service[111602]: DEBUG cinder.api.openstack.wsgi [None req-1cacaff2-b00f-4512-9e61-0b2ea0b91729 tempest-VolumeTypesTest-882099252 tempest-VolumeTypesTest-882099252-project] Calling method 'show' {{(pid=111602) _process_stack /opt/stack/cinder/cinder/api/openstack/wsgi.py:868}}
Aug 22 18:11:33.837804 dv-cinder-853788-1-smb devstack@c-api.service[111602]: /usr/local/lib/python3.8/dist-packages/oslo_context/context.py:100: DeprecationWarning: Policy enforcement is depending on the value of is_admin. This key is deprecated. Please update your policy file to use the standard policy values.
Aug 22 18:11:33.837804 dv-cinder-853788-1-smb devstack@c-api.service[111602]: warnings.warn('Policy enforcement is depending on the value of '
Aug 22 18:11:33.845319 dv-cinder-853788-1-smb devstack@c-api.service[111602]: INFO cinder.volume.api [None req-1cacaff2-b00f-4512-9e61-0b2ea0b91729 tempest-VolumeTypesTest-882099252 tempest-VolumeTypesTest-882099252-project] Volume info retrieved successfully.
Aug 22 18:11:33.854258 dv-cinder-853788-1-smb devstack@c-api.service[111602]: INFO cinder.api.openstack.wsgi [None req-1cacaff2-b00f-4512-9e61-0b2ea0b91729 tempest-VolumeTypesTest-882099252 tempest-VolumeTypesTest-882099252-project] http://10.222.0.58/volume/v3/7ef1ae42f4e9453fa957f7e583d772f6/volumes/35d81aa7-a13e-423c-b41e-597907b82aad returned with HTTP 200
Aug 22 18:11:33.854991 dv-cinder-853788-1-smb devstack@c-api.service[111602]: [pid: 111602|app: 0|req: 131/282] 10.222.0.58 () {58 vars in 1325 bytes} [Mon Aug 22 18:11:33 2022] GET /volume/v3/7ef1ae42f4e9453fa957f7e583d772f6/volumes/35d81aa7-a13e-423c-b41e-597907b82aad => generated 942 bytes in 53 msecs (HTTP/1.1 200) 7 headers in 285 bytes (2 switches on core 0)
Aug 22 18:11:33.885390 dv-cinder-853788-1-smb devstack@c-api.service[111602]: DEBUG cinder.api.middleware.request_id [None req-7458c1a3-6e27-48e4-b326-b023db3cfc42 None None] RequestId filter calling following filter/app {{(pid=111602) _context_setter /opt/stack/cinder/cinder/api/middleware/request_id.py:62}}
Aug 22 18:11:33.889769 dv-cinder-853788-1-smb devstack@c-api.service[111602]: INFO cinder.api.openstack.wsgi [None req-7458c1a3-6e27-48e4-b326-b023db3cfc42 tempest-VolumeTypesTest-882099252 tempest-VolumeTypesTest-882099252-project] GET http://10.222.0.58/volume/v3/7ef1ae42f4e9453fa957f7e583d772f6/volumes/35d81aa7-a13e-423c-b41e-597907b82aad
Aug 22 18:11:33.890208 dv-cinder-853788-1-smb devstack@c-api.service[111602]: DEBUG cinder.api.openstack.wsgi [None req-7458c1a3-6e27-48e4-b326-b023db3cfc42 tempest-VolumeTypesTest-882099252 tempest-VolumeTypesTest-882099252-project] Empty body provided in request {{(pid=111602) get_body /opt/stack/cinder/cinder/api/openstack/wsgi.py:715}}
Aug 22 18:11:33.890799 dv-cinder-853788-1-smb devstack@c-api.service[111602]: DEBUG cinder.api.openstack.wsgi [None req-7458c1a3-6e27-48e4-b326-b023db3cfc42 tempest-VolumeTypesTest-882099252 tempest-VolumeTypesTest-882099252-project] Calling method 'show' {{(pid=111602) _process_stack /opt/stack/cinder/cinder/api/openstack/wsgi.py:868}}
Aug 22 18:11:33.906286 dv-cinder-853788-1-smb devstack@c-api.service[111602]: /usr/local/lib/python3.8/dist-packages/oslo_context/context.py:100: DeprecationWarning: Policy enforcement is depending on the value of is_admin. This key is deprecated. Please update your policy file to use the standard policy values.
Aug 22 18:11:33.906286 dv-cinder-853788-1-smb devstack@c-api.service[111602]: warnings.warn('Policy enforcement is depending on the value of '
Aug 22 18:11:33.914733 dv-cinder-853788-1-smb devstack@c-api.service[111602]: INFO cinder.volume.api [None req-7458c1a3-6e27-48e4-b326-b023db3cfc42 tempest-VolumeTypesTest-882099252 tempest-VolumeTypesTest-882099252-project] Volume info retrieved successfully.
Aug 22 18:11:33.923816 dv-cinder-853788-1-smb devstack@c-api.service[111602]: INFO cinder.api.openstack.wsgi [None req-7458c1a3-6e27-48e4-b326-b023db3cfc42 tempest-VolumeTypesTest-882099252 tempest-VolumeTypesTest-882099252-project] http://10.222.0.58/volume/v3/7ef1ae42f4e9453fa957f7e583d772f6/volumes/35d81aa7-a13e-423c-b41e-597907b82aad returned with HTTP 200
Aug 22 18:11:33.924639 dv-cinder-853788-1-smb devstack@c-api.service[111602]: [pid: 111602|app: 0|req: 132/283] 10.222.0.58 () {58 vars in 1325 bytes} [Mon Aug 22 18:11:33 2022] GET /volume/v3/7ef1ae42f4e9453fa957f7e583d772f6/volumes/35d81aa7-a13e-423c-b41e-597907b82aad => generated 942 bytes in 40 msecs (HTTP/1.1 200) 7 headers in 285 bytes (2 switches on core 0)
Aug 22 18:11:33.940234 dv-cinder-853788-1-smb devstack@c-api.service[111603]: DEBUG cinder.volume.api [None req-0c6f4d13-7e9b-4d00-b6ab-c9cb82f8ecc3 tempest-VolumesCloneTest-92358618 tempest-VolumesCloneTest-92358618-project] Task 'cinder.volume.flows.api.create_volume.QuotaCommitTask;volume:create' (09044316-174b-44fd-8c37-22ec0f05a497) transitioned into state 'SUCCESS' from state 'RUNNING' with result '{'volume_properties': VolumeProperties(attach_status='detached',availability_zone='nova',cgsnapshot_id=None,consistencygroup_id=None,display_description=None,display_name='tempest-VolumesCloneTest-Volume-432863051',encryption_key_id=None,group_id=None,group_type_id=,metadata={},multiattach=False,project_id='22d98154a2be43c284368e370073dc54',qos_specs=None,replication_status=,reservations=['93db1526-3d83-455c-92dc-b4d89be42131','78f61fc9-ae8c-47eb-a43f-1445fcf03cda','10197f69-dc8c-4144-a7b7-4ec627f00452','77a68f16-c557-48b1-859f-b3ccd4f1966a'],size=1,snapshot_id=None,source_replicaid=,source_volid=None,status='creating',user_id='0e35bebdc0fe4710ae65ac082aaab2cd',volume_type_id=e02a2a31-2a63-4f95-b712-84c552782098)}' {{(pid=111603) _task_receiver /usr/local/lib/python3.8/dist-packages/taskflow/listeners/logging.py:178}}
Aug 22 18:11:33.941083 dv-cinder-853788-1-smb devstack@c-api.service[111602]: DEBUG cinder.api.middleware.request_id [None req-66fa37bf-1a83-4ad6-8d75-6a6fb162b5b5 None None] RequestId filter calling following filter/app {{(pid=111602) _context_setter /opt/stack/cinder/cinder/api/middleware/request_id.py:62}}
Aug 22 18:11:33.942284 dv-cinder-853788-1-smb devstack@c-api.service[111603]: DEBUG cinder.volume.api [None req-0c6f4d13-7e9b-4d00-b6ab-c9cb82f8ecc3 tempest-VolumesCloneTest-92358618 tempest-VolumesCloneTest-92358618-project] Task 'cinder.volume.flows.api.create_volume.VolumeCastTask;volume:create' (3c9f3c6c-87bb-404c-b268-3650e1d8f5c4) transitioned into state 'RUNNING' from state 'PENDING' {{(pid=111603) _task_receiver /usr/local/lib/python3.8/dist-packages/taskflow/listeners/logging.py:190}}
Aug 22 18:11:33.944759 dv-cinder-853788-1-smb devstack@c-api.service[111602]: INFO cinder.api.openstack.wsgi [None req-66fa37bf-1a83-4ad6-8d75-6a6fb162b5b5 tempest-VolumeTypesTest-1858721591 tempest-VolumeTypesTest-1858721591-project-admin] POST http://10.222.0.58/volume/v3/be71de07046245cf81e387b50f968698/types
Aug 22 18:11:33.945488 dv-cinder-853788-1-smb devstack@c-api.service[111602]: DEBUG cinder.api.openstack.wsgi [None req-66fa37bf-1a83-4ad6-8d75-6a6fb162b5b5 tempest-VolumeTypesTest-1858721591 tempest-VolumeTypesTest-1858721591-project-admin] Action: 'create', calling method: _create, body: {"volume_type": {"name": "tempest-VolumeTypesTest-volume-type-1946520080", "description": "tempest-volume-type-description-503743494", "extra_specs": {"storage_protocol": "smbfs", "vendor_name": "Open Source"}, "os-volume-type-access:is_public": true}} {{(pid=111602) _process_stack /opt/stack/cinder/cinder/api/openstack/wsgi.py:866}}
Aug 22 18:11:34.039372 dv-cinder-853788-1-smb devstack@c-api.service[111603]: DEBUG cinder.volume.api [None req-0c6f4d13-7e9b-4d00-b6ab-c9cb82f8ecc3 tempest-VolumesCloneTest-92358618 tempest-VolumesCloneTest-92358618-project] Task 'cinder.volume.flows.api.create_volume.VolumeCastTask;volume:create' (3c9f3c6c-87bb-404c-b268-3650e1d8f5c4) transitioned into state 'SUCCESS' from state 'RUNNING' with result 'None' {{(pid=111603) _task_receiver /usr/local/lib/python3.8/dist-packages/taskflow/listeners/logging.py:178}}
Aug 22 18:11:34.042426 dv-cinder-853788-1-smb devstack@c-api.service[111603]: DEBUG cinder.volume.api [None req-0c6f4d13-7e9b-4d00-b6ab-c9cb82f8ecc3 tempest-VolumesCloneTest-92358618 tempest-VolumesCloneTest-92358618-project] Flow 'volume_create_api' (75eaa058-d0f8-46ec-a527-6c4123ddecf4) transitioned into state 'SUCCESS' from state 'RUNNING' {{(pid=111603) _flow_receiver /usr/local/lib/python3.8/dist-packages/taskflow/listeners/logging.py:141}}
Aug 22 18:11:34.042770 dv-cinder-853788-1-smb devstack@c-api.service[111603]: INFO cinder.volume.api [None req-0c6f4d13-7e9b-4d00-b6ab-c9cb82f8ecc3 tempest-VolumesCloneTest-92358618 tempest-VolumesCloneTest-92358618-project] Create volume request issued successfully.
Aug 22 18:11:34.044228 dv-cinder-853788-1-smb devstack@c-api.service[111603]: INFO cinder.api.openstack.wsgi [None req-0c6f4d13-7e9b-4d00-b6ab-c9cb82f8ecc3 tempest-VolumesCloneTest-92358618 tempest-VolumesCloneTest-92358618-project] http://10.222.0.58/volume/v3/22d98154a2be43c284368e370073dc54/volumes returned with HTTP 202
Aug 22 18:11:34.049971 dv-cinder-853788-1-smb devstack@c-api.service[111603]: [pid: 111603|app: 0|req: 152/284] 10.222.0.58 () {60 vars in 1236 bytes} [Mon Aug 22 18:11:33 2022] POST /volume/v3/22d98154a2be43c284368e370073dc54/volumes => generated 815 bytes in 791 msecs (HTTP/1.1 202) 7 headers in 291 bytes (1 switches on core 0)
Aug 22 18:11:34.059476 dv-cinder-853788-1-smb devstack@c-api.service[111603]: DEBUG cinder.api.middleware.request_id [None req-30ef36c9-db43-4491-90d2-c240e05b87db None None] RequestId filter calling following filter/app {{(pid=111603) _context_setter /opt/stack/cinder/cinder/api/middleware/request_id.py:62}}
Aug 22 18:11:34.063681 dv-cinder-853788-1-smb devstack@c-api.service[111603]: INFO cinder.api.openstack.wsgi [None req-30ef36c9-db43-4491-90d2-c240e05b87db tempest-VolumesCloneTest-92358618 tempest-VolumesCloneTest-92358618-project] GET http://10.222.0.58/volume/v3/22d98154a2be43c284368e370073dc54/volumes/2f1443fa-fc13-4b5c-9e2a-6b443b9ccf34
Aug 22 18:11:34.064192 dv-cinder-853788-1-smb devstack@c-api.service[111603]: DEBUG cinder.api.openstack.wsgi [None req-30ef36c9-db43-4491-90d2-c240e05b87db tempest-VolumesCloneTest-92358618 tempest-VolumesCloneTest-92358618-project] Empty body provided in request {{(pid=111603) get_body /opt/stack/cinder/cinder/api/openstack/wsgi.py:715}}
Aug 22 18:11:34.064751 dv-cinder-853788-1-smb devstack@c-api.service[111603]: DEBUG cinder.api.openstack.wsgi [None req-30ef36c9-db43-4491-90d2-c240e05b87db tempest-VolumesCloneTest-92358618 tempest-VolumesCloneTest-92358618-project] Calling method 'show' {{(pid=111603) _process_stack /opt/stack/cinder/cinder/api/openstack/wsgi.py:868}}
Aug 22 18:11:34.068454 dv-cinder-853788-1-smb devstack@c-api.service[111602]: INFO cinder.api.openstack.wsgi [None req-66fa37bf-1a83-4ad6-8d75-6a6fb162b5b5 tempest-VolumeTypesTest-1858721591 tempest-VolumeTypesTest-1858721591-project-admin] http://10.222.0.58/volume/v3/be71de07046245cf81e387b50f968698/types returned with HTTP 200
Aug 22 18:11:34.069224 dv-cinder-853788-1-smb devstack@c-api.service[111602]: [pid: 111602|app: 0|req: 133/285] 10.222.0.58 () {60 vars in 1230 bytes} [Mon Aug 22 18:11:33 2022] POST /volume/v3/be71de07046245cf81e387b50f968698/types => generated 317 bytes in 129 msecs (HTTP/1.1 200) 7 headers in 285 bytes (2 switches on core 0)
Aug 22 18:11:34.077361 dv-cinder-853788-1-smb devstack@c-api.service[111602]: DEBUG cinder.api.middleware.request_id [None req-1e49c855-dc26-42c4-957b-ed37ddc8bbbb None None] RequestId filter calling following filter/app {{(pid=111602) _context_setter /opt/stack/cinder/cinder/api/middleware/request_id.py:62}}
Aug 22 18:11:34.080825 dv-cinder-853788-1-smb devstack@c-api.service[111603]: /usr/local/lib/python3.8/dist-packages/oslo_context/context.py:100: DeprecationWarning: Policy enforcement is depending on the value of is_admin. This key is deprecated. Please update your policy file to use the standard policy values.
Aug 22 18:11:34.080825 dv-cinder-853788-1-smb devstack@c-api.service[111603]: warnings.warn('Policy enforcement is depending on the value of '
Aug 22 18:11:34.081774 dv-cinder-853788-1-smb devstack@c-api.service[111602]: INFO cinder.api.openstack.wsgi [None req-1e49c855-dc26-42c4-957b-ed37ddc8bbbb tempest-VolumeTypesTest-1858721591 tempest-VolumeTypesTest-1858721591-project-admin] GET http://10.222.0.58/volume/v3/be71de07046245cf81e387b50f968698/types/2d72c76e-90b6-427a-bf29-ec55a75bfa49
Aug 22 18:11:34.082471 dv-cinder-853788-1-smb devstack@c-api.service[111602]: DEBUG cinder.api.openstack.wsgi [None req-1e49c855-dc26-42c4-957b-ed37ddc8bbbb tempest-VolumeTypesTest-1858721591 tempest-VolumeTypesTest-1858721591-project-admin] Empty body provided in request {{(pid=111602) get_body /opt/stack/cinder/cinder/api/openstack/wsgi.py:715}}
Aug 22 18:11:34.083100 dv-cinder-853788-1-smb devstack@c-api.service[111602]: DEBUG cinder.api.openstack.wsgi [None req-1e49c855-dc26-42c4-957b-ed37ddc8bbbb tempest-VolumeTypesTest-1858721591 tempest-VolumeTypesTest-1858721591-project-admin] Calling method 'show' {{(pid=111602) _process_stack /opt/stack/cinder/cinder/api/openstack/wsgi.py:868}}
Aug 22 18:11:34.090471 dv-cinder-853788-1-smb devstack@c-api.service[111603]: INFO cinder.volume.api [None req-30ef36c9-db43-4491-90d2-c240e05b87db tempest-VolumesCloneTest-92358618 tempest-VolumesCloneTest-92358618-project] Volume info retrieved successfully.
Aug 22 18:11:34.094259 dv-cinder-853788-1-smb devstack@c-api.service[111602]: INFO cinder.api.openstack.wsgi [None req-1e49c855-dc26-42c4-957b-ed37ddc8bbbb tempest-VolumeTypesTest-1858721591 tempest-VolumeTypesTest-1858721591-project-admin] http://10.222.0.58/volume/v3/be71de07046245cf81e387b50f968698/types/2d72c76e-90b6-427a-bf29-ec55a75bfa49 returned with HTTP 200
Aug 22 18:11:34.095118 dv-cinder-853788-1-smb devstack@c-api.service[111602]: [pid: 111602|app: 0|req: 134/286] 10.222.0.58 () {58 vars in 1319 bytes} [Mon Aug 22 18:11:34 2022] GET /volume/v3/be71de07046245cf81e387b50f968698/types/2d72c76e-90b6-427a-bf29-ec55a75bfa49 => generated 339 bytes in 19 msecs (HTTP/1.1 200) 7 headers in 285 bytes (2 switches on core 0)
Aug 22 18:11:34.100414 dv-cinder-853788-1-smb devstack@c-api.service[111603]: INFO cinder.api.openstack.wsgi [None req-30ef36c9-db43-4491-90d2-c240e05b87db tempest-VolumesCloneTest-92358618 tempest-VolumesCloneTest-92358618-project] http://10.222.0.58/volume/v3/22d98154a2be43c284368e370073dc54/volumes/2f1443fa-fc13-4b5c-9e2a-6b443b9ccf34 returned with HTTP 200
Aug 22 18:11:34.109222 dv-cinder-853788-1-smb devstack@c-api.service[111603]: [pid: 111603|app: 0|req: 153/287] 10.222.0.58 () {58 vars in 1325 bytes} [Mon Aug 22 18:11:34 2022] GET /volume/v3/22d98154a2be43c284368e370073dc54/volumes/2f1443fa-fc13-4b5c-9e2a-6b443b9ccf34 => generated 883 bytes in 44 msecs (HTTP/1.1 200) 7 headers in 285 bytes (2 switches on core 0)
Aug 22 18:11:34.110556 dv-cinder-853788-1-smb devstack@c-api.service[111602]: DEBUG cinder.api.middleware.request_id [None req-2151ba13-866c-4ce4-8a18-10608629a1f5 None None] RequestId filter calling following filter/app {{(pid=111602) _context_setter /opt/stack/cinder/cinder/api/middleware/request_id.py:62}}
