Aug 17 11:21:14.323515 dv-cinder-853450-1-iscsi neutron-server[106277]: DEBUG neutron.api.rpc.callbacks.version_manager [None req-06f5b602-9164-4d70-81fd-b87f0ef1a1c9 admin admin] Version for resource type Network changed None to 1.1 on consumer Open vSwitch agent@dv-cinder-853450-1-iscsi {{(pid=106277) _set_version /opt/stack/neutron/neutron/api/rpc/callbacks/version_manager.py:113}}
Aug 17 11:21:14.324588 dv-cinder-853450-1-iscsi neutron-server[106277]: DEBUG neutron.api.rpc.callbacks.version_manager [None req-06f5b602-9164-4d70-81fd-b87f0ef1a1c9 admin admin] Version for resource type Port changed None to 1.7 on consumer Open vSwitch agent@dv-cinder-853450-1-iscsi {{(pid=106277) _set_version /opt/stack/neutron/neutron/api/rpc/callbacks/version_manager.py:113}}
Aug 17 11:21:14.324928 dv-cinder-853450-1-iscsi neutron-server[106277]: DEBUG neutron.api.rpc.callbacks.version_manager [None req-06f5b602-9164-4d70-81fd-b87f0ef1a1c9 admin admin] Version for resource type PortForwarding changed None to 1.3 on consumer Open vSwitch agent@dv-cinder-853450-1-iscsi {{(pid=106277) _set_version /opt/stack/neutron/neutron/api/rpc/callbacks/version_manager.py:113}}
Aug 17 11:21:14.325311 dv-cinder-853450-1-iscsi neutron-server[106277]: DEBUG neutron.api.rpc.callbacks.version_manager [None req-06f5b602-9164-4d70-81fd-b87f0ef1a1c9 admin admin] Version for resource type QosPolicy changed None to 1.10 on consumer Open vSwitch agent@dv-cinder-853450-1-iscsi {{(pid=106277) _set_version /opt/stack/neutron/neutron/api/rpc/callbacks/version_manager.py:113}}
Aug 17 11:21:14.326758 dv-cinder-853450-1-iscsi neutron-server[106277]: DEBUG neutron.api.rpc.callbacks.version_manager [None req-06f5b602-9164-4d70-81fd-b87f0ef1a1c9 admin admin] Version for resource type SecurityGroup changed None to 1.5 on consumer Open vSwitch agent@dv-cinder-853450-1-iscsi {{(pid=106277) _set_version /opt/stack/neutron/neutron/api/rpc/callbacks/version_manager.py:113}}
Aug 17 11:21:14.327117 dv-cinder-853450-1-iscsi neutron-server[106277]: DEBUG neutron.api.rpc.callbacks.version_manager [None req-06f5b602-9164-4d70-81fd-b87f0ef1a1c9 admin admin] Version for resource type SecurityGroupRule changed None to 1.2 on consumer Open vSwitch agent@dv-cinder-853450-1-iscsi {{(pid=106277) _set_version /opt/stack/neutron/neutron/api/rpc/callbacks/version_manager.py:113}}
Aug 17 11:21:14.327851 dv-cinder-853450-1-iscsi neutron-server[106277]: DEBUG neutron.api.rpc.callbacks.version_manager [None req-06f5b602-9164-4d70-81fd-b87f0ef1a1c9 admin admin] Version for resource type SubPort changed None to 1.0 on consumer Open vSwitch agent@dv-cinder-853450-1-iscsi {{(pid=106277) _set_version /opt/stack/neutron/neutron/api/rpc/callbacks/version_manager.py:113}}
Aug 17 11:21:14.329937 dv-cinder-853450-1-iscsi neutron-server[106277]: DEBUG neutron.api.rpc.callbacks.version_manager [None req-06f5b602-9164-4d70-81fd-b87f0ef1a1c9 admin admin] Version for resource type Subnet changed None to 1.1 on consumer Open vSwitch agent@dv-cinder-853450-1-iscsi {{(pid=106277) _set_version /opt/stack/neutron/neutron/api/rpc/callbacks/version_manager.py:113}}
Aug 17 11:21:14.330779 dv-cinder-853450-1-iscsi neutron-server[106277]: DEBUG neutron.api.rpc.callbacks.version_manager [None req-06f5b602-9164-4d70-81fd-b87f0ef1a1c9 admin admin] Version for resource type Trunk changed None to 1.1 on consumer Open vSwitch agent@dv-cinder-853450-1-iscsi {{(pid=106277) _set_version /opt/stack/neutron/neutron/api/rpc/callbacks/version_manager.py:113}}
Aug 17 11:21:14.330890 dv-cinder-853450-1-iscsi neutron-server[106278]: DEBUG neutron_lib.callbacks.manager [None req-21f97246-843e-40fb-b9cd-c00942043d9f admin admin] Publish callbacks ['neutron.plugins.ml2.plugin.Ml2Plugin._handle_segment_change-3495654'] for segment (f3265de3-f911-44a4-a903-255c20ead326), precommit_create {{(pid=106278) _notify_loop /usr/local/lib/python3.8/dist-packages/neutron_lib/callbacks/manager.py:176}}
Aug 17 11:21:14.330890 dv-cinder-853450-1-iscsi neutron-server[106278]: INFO neutron.db.segments_db [None req-21f97246-843e-40fb-b9cd-c00942043d9f admin admin] Added segment f3265de3-f911-44a4-a903-255c20ead326 of type vlan for network 43691234-0e70-4705-a16e-85460708cc3e
Aug 17 11:21:14.331489 dv-cinder-853450-1-iscsi neutron-server[106277]: DEBUG neutron.api.rpc.callbacks.version_manager [None req-06f5b602-9164-4d70-81fd-b87f0ef1a1c9 admin admin] Tracked resource versions report:
Aug 17 11:21:14.331489 dv-cinder-853450-1-iscsi neutron-server[106277]: pushed versions:
Aug 17 11:21:14.331489 dv-cinder-853450-1-iscsi neutron-server[106277]: { 'AddressGroup': {'1.2'},
Aug 17 11:21:14.331489 dv-cinder-853450-1-iscsi neutron-server[106277]: 'Agent': {'1.1'},
Aug 17 11:21:14.331489 dv-cinder-853450-1-iscsi neutron-server[106277]: 'ConntrackHelper': {'1.0'},
Aug 17 11:21:14.331489 dv-cinder-853450-1-iscsi neutron-server[106277]: 'LocalIPAssociation': {'1.0'},
Aug 17 11:21:14.331489 dv-cinder-853450-1-iscsi neutron-server[106277]: 'Log': {'1.0'},
Aug 17 11:21:14.331489 dv-cinder-853450-1-iscsi neutron-server[106277]: 'NDPProxy': {'1.0'},
Aug 17 11:21:14.331489 dv-cinder-853450-1-iscsi neutron-server[106277]: 'Network': {'1.1'},
Aug 17 11:21:14.331489 dv-cinder-853450-1-iscsi neutron-server[106277]: 'Port': {'1.7'},
Aug 17 11:21:14.331489 dv-cinder-853450-1-iscsi neutron-server[106277]: 'PortForwarding': {'1.3'},
Aug 17 11:21:14.331489 dv-cinder-853450-1-iscsi neutron-server[106277]: 'QosPolicy': {'1.10'},
Aug 17 11:21:14.331489 dv-cinder-853450-1-iscsi neutron-server[106277]: 'SecurityGroup': {'1.5'},
Aug 17 11:21:14.331489 dv-cinder-853450-1-iscsi neutron-server[106277]: 'SecurityGroupRule': {'1.2'},
Aug 17 11:21:14.331489 dv-cinder-853450-1-iscsi neutron-server[106277]: 'SubPort': {'1.0'},
Aug 17 11:21:14.331489 dv-cinder-853450-1-iscsi neutron-server[106277]: 'Subnet': {'1.1'},
Aug 17 11:21:14.331489 dv-cinder-853450-1-iscsi neutron-server[106277]: 'Trunk': {'1.1'}}
Aug 17 11:21:14.331489 dv-cinder-853450-1-iscsi neutron-server[106277]: consumer versions:
Aug 17 11:21:14.331489 dv-cinder-853450-1-iscsi neutron-server[106277]: { DHCP agent@dv-cinder-853450-1-iscsi: {},
Aug 17 11:21:14.331489 dv-cinder-853450-1-iscsi neutron-server[106277]: HyperV agent@hv-cinder-85345: {},
Aug 17 11:21:14.331489 dv-cinder-853450-1-iscsi neutron-server[106277]: L3 agent@dv-cinder-853450-1-iscsi: {},
Aug 17 11:21:14.331489 dv-cinder-853450-1-iscsi neutron-server[106277]: Metadata agent@dv-cinder-853450-1-iscsi: {},
Aug 17 11:21:14.331489 dv-cinder-853450-1-iscsi neutron-server[106277]: Metering agent@dv-cinder-853450-1-iscsi: {},
Aug 17 11:21:14.331489 dv-cinder-853450-1-iscsi neutron-server[106277]: Open vSwitch agent@dv-cinder-853450-1-iscsi: { 'AddressGroup': '1.2',
Aug 17 11:21:14.331489 dv-cinder-853450-1-iscsi neutron-server[106277]: 'Agent': '1.1',
Aug 17 11:21:14.331489 dv-cinder-853450-1-iscsi neutron-server[106277]: 'ConntrackHelper': '1.0',
Aug 17 11:21:14.331489 dv-cinder-853450-1-iscsi neutron-server[106277]: 'LocalIPAssociation': '1.0',
Aug 17 11:21:14.331489 dv-cinder-853450-1-iscsi neutron-server[106277]: 'Log': '1.0',
Aug 17 11:21:14.331489 dv-cinder-853450-1-iscsi neutron-server[106277]: 'NDPProxy': '1.0',
Aug 17 11:21:14.331489 dv-cinder-853450-1-iscsi neutron-server[106277]: 'Network': '1.1',
Aug 17 11:21:14.331489 dv-cinder-853450-1-iscsi neutron-server[106277]: 'Port': '1.7',
Aug 17 11:21:14.331489 dv-cinder-853450-1-iscsi neutron-server[106277]: 'PortForwarding': '1.3',
Aug 17 11:21:14.331489 dv-cinder-853450-1-iscsi neutron-server[106277]: 'QosPolicy': '1.10',
Aug 17 11:21:14.331489 dv-cinder-853450-1-iscsi neutron-server[106277]: 'SecurityGroup': '1.5',
Aug 17 11:21:14.331489 dv-cinder-853450-1-iscsi neutron-server[106277]: 'SecurityGroupRule': '1.2',
Aug 17 11:21:14.331489 dv-cinder-853450-1-iscsi neutron-server[106277]: 'SubPort': '1.0',
Aug 17 11:21:14.331489 dv-cinder-853450-1-iscsi neutron-server[106277]: 'Subnet': '1.1',
Aug 17 11:21:14.331489 dv-cinder-853450-1-iscsi neutron-server[106277]: 'Trunk': '1.1'}}
Aug 17 11:21:14.331489 dv-cinder-853450-1-iscsi neutron-server[106277]: {{(pid=106277) report /opt/stack/neutron/neutron/api/rpc/callbacks/version_manager.py:175}}
Aug 17 11:21:14.349244 dv-cinder-853450-1-iscsi neutron-server[106277]: DEBUG neutron.api.v2.base [None req-d81365ca-1a19-4cb6-b194-505d3afbc164 admin admin] Request body: {'subnet': {'network_id': 'c99a7c7d-a900-430a-9acd-4f865168a5eb', 'cidr': '172.20.0.0/28', 'name': 'tempest-DeleteServersTestJSON-878160247-subnet', 'tenant_id': '489c5e5efcdb4ffbb51513e79efcb4a2', 'enable_dhcp': True, 'ip_version': 4}} {{(pid=106277) prepare_request_body /opt/stack/neutron/neutron/api/v2/base.py:730}}
Aug 17 11:21:14.360504 dv-cinder-853450-1-iscsi neutron-server[106279]: DEBUG neutron.plugins.ml2.rpc [None req-d56c3c41-59e3-4a27-9d24-f1b2e636d777 None None] Network c99a7c7d-a900-430a-9acd-4f865168a5eb details requested by agent ovs-agent-dv-cinder-853450-1-iscsi with host dv-cinder-853450-1-iscsi {{(pid=106279) get_network_details /opt/stack/neutron/neutron/plugins/ml2/rpc.py:248}}
Aug 17 11:21:14.420352 dv-cinder-853450-1-iscsi neutron-server[106278]: DEBUG neutron_lib.callbacks.manager [None req-21f97246-843e-40fb-b9cd-c00942043d9f admin admin] Publish callbacks ['neutron.services.auto_allocate.db._ensure_external_network_default_value_callback-8771016277068'] for network (43691234-0e70-4705-a16e-85460708cc3e), precommit_create {{(pid=106278) _notify_loop /usr/local/lib/python3.8/dist-packages/neutron_lib/callbacks/manager.py:176}}
Aug 17 11:21:14.422872 dv-cinder-853450-1-iscsi neutron-server[106277]: DEBUG neutron.pecan_wsgi.hooks.quota_enforcement [None req-d81365ca-1a19-4cb6-b194-505d3afbc164 admin admin] Made reservation on behalf of 489c5e5efcdb4ffbb51513e79efcb4a2 for: {'subnet': 1} {{(pid=106277) before /opt/stack/neutron/neutron/pecan_wsgi/hooks/quota_enforcement.py:53}}
Aug 17 11:21:14.428471 dv-cinder-853450-1-iscsi neutron-server[106277]: DEBUG neutron_lib.callbacks.manager [None req-d81365ca-1a19-4cb6-b194-505d3afbc164 admin admin] Publish callbacks [] for subnet (None), before_create {{(pid=106277) _notify_loop /usr/local/lib/python3.8/dist-packages/neutron_lib/callbacks/manager.py:176}}
Aug 17 11:21:14.483750 dv-cinder-853450-1-iscsi neutron-server[106278]: DEBUG neutron_lib.callbacks.manager [None req-21f97246-843e-40fb-b9cd-c00942043d9f admin admin] Publish callbacks ['neutron.plugins.ml2.ovo_rpc._ObjectChangeHandler.handle_event-1663324', 'neutron.api.rpc.agentnotifiers.dhcp_rpc_agent_api.DhcpAgentNotifyAPI._native_event_send_dhcp_notification-520544'] for network (43691234-0e70-4705-a16e-85460708cc3e), after_create {{(pid=106278) _notify_loop /usr/local/lib/python3.8/dist-packages/neutron_lib/callbacks/manager.py:176}}
Aug 17 11:21:14.484788 dv-cinder-853450-1-iscsi neutron-server[106278]: DEBUG neutron.pecan_wsgi.hooks.policy_enforcement [None req-21f97246-843e-40fb-b9cd-c00942043d9f admin admin] Attributes excluded by policy engine: ['standard_attr_id', 'vlan_transparent'] {{(pid=106278) _exclude_attributes_by_policy /opt/stack/neutron/neutron/pecan_wsgi/hooks/policy_enforcement.py:259}}
Aug 17 11:21:14.485363 dv-cinder-853450-1-iscsi neutron-server[106278]: DEBUG neutron_lib.callbacks.manager [None req-21f97246-843e-40fb-b9cd-c00942043d9f admin admin] Publish callbacks ['neutron.api.rpc.agentnotifiers.dhcp_rpc_agent_api.DhcpAgentNotifyAPI._send_dhcp_notification-520562'] for network (None), before_response {{(pid=106278) _notify_loop /usr/local/lib/python3.8/dist-packages/neutron_lib/callbacks/manager.py:176}}
Aug 17 11:21:14.695080 dv-cinder-853450-1-iscsi neutron-server[106278]: DEBUG neutron.api.rpc.handlers.resources_rpc [None req-21f97246-843e-40fb-b9cd-c00942043d9f admin admin] Pushing event updated for resources: {'Network': ['ID=43691234-0e70-4705-a16e-85460708cc3e,revision_number=1']} {{(pid=106278) push /opt/stack/neutron/neutron/api/rpc/handlers/resources_rpc.py:237}}
Aug 17 11:21:14.695080 dv-cinder-853450-1-iscsi neutron-server[106278]: INFO neutron.wsgi [None req-21f97246-843e-40fb-b9cd-c00942043d9f admin admin] 10.222.0.15 "POST /networking/v2.0/networks HTTP/1.1" status: 201 len: 890 time: 1.0460215
Aug 17 11:21:14.695080 dv-cinder-853450-1-iscsi neutron-server[106278]: DEBUG neutron.wsgi [-] (106278) accepted ('10.222.0.15', 41648) {{(pid=106278) server /usr/local/lib/python3.8/dist-packages/eventlet/wsgi.py:1004}}
Aug 17 11:21:14.697780 dv-cinder-853450-1-iscsi neutron-server[106279]: DEBUG neutron.plugins.ml2.rpc [None req-d56c3c41-59e3-4a27-9d24-f1b2e636d777 None None] Network 43691234-0e70-4705-a16e-85460708cc3e details requested by agent ovs-agent-dv-cinder-853450-1-iscsi with host dv-cinder-853450-1-iscsi {{(pid=106279) get_network_details /opt/stack/neutron/neutron/plugins/ml2/rpc.py:248}}
Aug 17 11:21:14.698028 dv-cinder-853450-1-iscsi neutron-server[106278]: DEBUG neutron.api.v2.base [None req-e13ee57e-71df-454c-815b-fca082498f57 admin admin] Request body: {'subnet': {'network_id': '43691234-0e70-4705-a16e-85460708cc3e', 'cidr': '172.20.0.0/28', 'name': 'tempest-AttachVolumeShelveTestJSON-1931169546-subnet', 'tenant_id': 'e247a3ec0a244abf9d11299cc53b9311', 'enable_dhcp': True, 'ip_version': 4}} {{(pid=106278) prepare_request_body /opt/stack/neutron/neutron/api/v2/base.py:730}}
Aug 17 11:21:14.736852 dv-cinder-853450-1-iscsi neutron-server[106278]: DEBUG neutron.pecan_wsgi.hooks.quota_enforcement [None req-e13ee57e-71df-454c-815b-fca082498f57 admin admin] Made reservation on behalf of e247a3ec0a244abf9d11299cc53b9311 for: {'subnet': 1} {{(pid=106278) before /opt/stack/neutron/neutron/pecan_wsgi/hooks/quota_enforcement.py:53}}
Aug 17 11:21:14.742359 dv-cinder-853450-1-iscsi neutron-server[106278]: DEBUG neutron_lib.callbacks.manager [None req-e13ee57e-71df-454c-815b-fca082498f57 admin admin] Publish callbacks [] for subnet (None), before_create {{(pid=106278) _notify_loop /usr/local/lib/python3.8/dist-packages/neutron_lib/callbacks/manager.py:176}}
Aug 17 11:21:14.838837 dv-cinder-853450-1-iscsi neutron-server[106279]: DEBUG dbcounter [-] [106279] Writing DB stats neutron:SELECT=92,neutron:INSERT=3,neutron:UPDATE=5 {{(pid=106279) stat_writer /usr/local/lib/python3.8/dist-packages/dbcounter.py:114}}
Aug 17 11:21:14.941740 dv-cinder-853450-1-iscsi neutron-server[106277]: DEBUG dbcounter [-] [106277] Writing DB stats neutron:SELECT=84,neutron:INSERT=12,neutron:UPDATE=2,neutron:DELETE=2 {{(pid=106277) stat_writer /usr/local/lib/python3.8/dist-packages/dbcounter.py:114}}
Aug 17 11:21:14.956338 dv-cinder-853450-1-iscsi neutron-server[106277]: DEBUG neutron_lib.callbacks.manager [None req-d81365ca-1a19-4cb6-b194-505d3afbc164 admin admin] Publish callbacks ['neutron.plugins.ml2.ovo_rpc._ObjectChangeHandler.handle_event-55121', 'neutron.api.rpc.agentnotifiers.dhcp_rpc_agent_api.DhcpAgentNotifyAPI._native_event_send_dhcp_notification-520544'] for subnet (f0c0467a-5851-480b-927e-8152ed41366b), after_create {{(pid=106277) _notify_loop /usr/local/lib/python3.8/dist-packages/neutron_lib/callbacks/manager.py:176}}
Aug 17 11:21:14.980264 dv-cinder-853450-1-iscsi neutron-server[106277]: DEBUG neutron_lib.callbacks.manager [None req-05c6c02a-9b08-4632-a033-a8c8650ad58a admin admin] Publish callbacks [] for router_gateway (bc1c7e13-f58f-4c77-a931-45a8e83403ee), before_create {{(pid=106277) _notify_loop /usr/local/lib/python3.8/dist-packages/neutron_lib/callbacks/manager.py:176}}
Aug 17 11:21:15.010534 dv-cinder-853450-1-iscsi neutron-server[106278]: DEBUG neutron_lib.callbacks.manager [None req-e13ee57e-71df-454c-815b-fca082498f57 admin admin] Publish callbacks ['neutron.plugins.ml2.ovo_rpc._ObjectChangeHandler.handle_event-55121', 'neutron.api.rpc.agentnotifiers.dhcp_rpc_agent_api.DhcpAgentNotifyAPI._native_event_send_dhcp_notification-520544'] for subnet (5777d03f-24ee-4761-ae81-7f3780f1d038), after_create {{(pid=106278) _notify_loop /usr/local/lib/python3.8/dist-packages/neutron_lib/callbacks/manager.py:176}}
Aug 17 11:21:15.017725 dv-cinder-853450-1-iscsi neutron-server[106277]: DEBUG neutron.api.rpc.handlers.resources_rpc [None req-06f5b602-9164-4d70-81fd-b87f0ef1a1c9 admin admin] Pushing event updated for resources: {'SecurityGroup': ['ID=90e8719e-7b30-436c-9065-0c6a9ccc4047,revision_number=1']} {{(pid=106277) push /opt/stack/neutron/neutron/api/rpc/handlers/resources_rpc.py:237}}
Aug 17 11:21:15.052018 dv-cinder-853450-1-iscsi neutron-server[106277]: DEBUG neutron_lib.callbacks.manager [None req-05c6c02a-9b08-4632-a033-a8c8650ad58a admin admin] Publish callbacks ['neutron.plugins.ml2.plugin.SecurityGroupDbMixin._ensure_default_security_group_handler-3624953'] for port (None), before_create {{(pid=106277) _notify_loop /usr/local/lib/python3.8/dist-packages/neutron_lib/callbacks/manager.py:176}}
Aug 17 11:21:15.068311 dv-cinder-853450-1-iscsi neutron-server[106277]: DEBUG neutron.plugins.ml2.drivers.mech_agent [None req-d81365ca-1a19-4cb6-b194-505d3afbc164 admin admin] Checking segment: {'id': '0ff693bd-5fbd-4683-94f8-835e2628db37', 'network_type': 'vlan', 'physical_network': 'physnet1', 'segmentation_id': 116, 'network_id': 'c99a7c7d-a900-430a-9acd-4f865168a5eb'} for mappings: {'physnet1': 'br-data'} with network types: ['local', 'flat', 'vlan'] {{(pid=106277) check_segment_for_agent /opt/stack/neutron/neutron/plugins/ml2/drivers/mech_agent.py:373}}
Aug 17 11:21:15.068983 dv-cinder-853450-1-iscsi neutron-server[106277]: DEBUG neutron.scheduler.dhcp_agent_scheduler [None req-d81365ca-1a19-4cb6-b194-505d3afbc164 admin admin] Network hostable DHCP agents. Network: c99a7c7d-a900-430a-9acd-4f865168a5eb, hostable agents: ['6d49ef07-2b9d-48dd-8a02-914baaa73276'], hosted agents: [] {{(pid=106277) _get_network_hostable_dhcp_agents /opt/stack/neutron/neutron/scheduler/dhcp_agent_scheduler.py:329}}
Aug 17 11:21:15.109122 dv-cinder-853450-1-iscsi neutron-server[106278]: DEBUG neutron.plugins.ml2.drivers.mech_agent [None req-e13ee57e-71df-454c-815b-fca082498f57 admin admin] Checking segment: {'id': 'f3265de3-f911-44a4-a903-255c20ead326', 'network_type': 'vlan', 'physical_network': 'physnet1', 'segmentation_id': 122, 'network_id': '43691234-0e70-4705-a16e-85460708cc3e'} for mappings: {'physnet1': 'br-data'} with network types: ['local', 'flat', 'vlan'] {{(pid=106278) check_segment_for_agent /opt/stack/neutron/neutron/plugins/ml2/drivers/mech_agent.py:373}}
Aug 17 11:21:15.109649 dv-cinder-853450-1-iscsi neutron-server[106278]: DEBUG neutron.scheduler.dhcp_agent_scheduler [None req-e13ee57e-71df-454c-815b-fca082498f57 admin admin] Network hostable DHCP agents. Network: 43691234-0e70-4705-a16e-85460708cc3e, hostable agents: ['6d49ef07-2b9d-48dd-8a02-914baaa73276'], hosted agents: [] {{(pid=106278) _get_network_hostable_dhcp_agents /opt/stack/neutron/neutron/scheduler/dhcp_agent_scheduler.py:329}}
Aug 17 11:21:15.126632 dv-cinder-853450-1-iscsi neutron-server[106277]: DEBUG neutron.api.rpc.handlers.resources_rpc [None req-d81365ca-1a19-4cb6-b194-505d3afbc164 admin admin] Pushing event updated for resources: {'Subnet': ['ID=f0c0467a-5851-480b-927e-8152ed41366b,revision_number=0']} {{(pid=106277) push /opt/stack/neutron/neutron/api/rpc/handlers/resources_rpc.py:237}}
Aug 17 11:21:15.130240 dv-cinder-853450-1-iscsi neutron-server[106278]: DEBUG dbcounter [-] [106278] Writing DB stats neutron:SELECT=78,neutron:INSERT=16,neutron:UPDATE=4,neutron:DELETE=2 {{(pid=106278) stat_writer /usr/local/lib/python3.8/dist-packages/dbcounter.py:114}}
Aug 17 11:21:15.142986 dv-cinder-853450-1-iscsi neutron-server[106278]: DEBUG neutron.api.rpc.handlers.resources_rpc [None req-e13ee57e-71df-454c-815b-fca082498f57 admin admin] Pushing event updated for resources: {'Subnet': ['ID=5777d03f-24ee-4761-ae81-7f3780f1d038,revision_number=0']} {{(pid=106278) push /opt/stack/neutron/neutron/api/rpc/handlers/resources_rpc.py:237}}
Aug 17 11:21:15.153451 dv-cinder-853450-1-iscsi neutron-server[106278]: DEBUG neutron.scheduler.dhcp_agent_scheduler [None req-e13ee57e-71df-454c-815b-fca082498f57 admin admin] Network 43691234-0e70-4705-a16e-85460708cc3e is scheduled to be hosted by DHCP agent 6d49ef07-2b9d-48dd-8a02-914baaa73276 with binding_index 1 {{(pid=106278) bind /opt/stack/neutron/neutron/scheduler/dhcp_agent_scheduler.py:227}}
Aug 17 11:21:15.155055 dv-cinder-853450-1-iscsi neutron-server[106277]: DEBUG neutron.scheduler.dhcp_agent_scheduler [None req-d81365ca-1a19-4cb6-b194-505d3afbc164 admin admin] Network c99a7c7d-a900-430a-9acd-4f865168a5eb is scheduled to be hosted by DHCP agent 6d49ef07-2b9d-48dd-8a02-914baaa73276 with binding_index 1 {{(pid=106277) bind /opt/stack/neutron/neutron/scheduler/dhcp_agent_scheduler.py:227}}
Aug 17 11:21:15.176456 dv-cinder-853450-1-iscsi neutron-server[106278]: DEBUG neutron.scheduler.base_scheduler [None req-e13ee57e-71df-454c-815b-fca082498f57 admin admin] Resources bound (agent type, host, resource id): (DHCP agent, dv-cinder-853450-1-iscsi, 43691234-0e70-4705-a16e-85460708cc3e) {{(pid=106278) schedule /opt/stack/neutron/neutron/scheduler/base_scheduler.py:57}}
Aug 17 11:21:15.180849 dv-cinder-853450-1-iscsi neutron-server[106278]: DEBUG neutron.pecan_wsgi.hooks.policy_enforcement [None req-e13ee57e-71df-454c-815b-fca082498f57 admin admin] Attributes excluded by policy engine: ['standard_attr_id', 'shared', 'network'] {{(pid=106278) _exclude_attributes_by_policy /opt/stack/neutron/neutron/pecan_wsgi/hooks/policy_enforcement.py:259}}
Aug 17 11:21:15.181525 dv-cinder-853450-1-iscsi neutron-server[106278]: DEBUG neutron_lib.callbacks.manager [None req-e13ee57e-71df-454c-815b-fca082498f57 admin admin] Publish callbacks ['neutron.api.rpc.agentnotifiers.dhcp_rpc_agent_api.DhcpAgentNotifyAPI._send_dhcp_notification-520562'] for subnet (None), before_response {{(pid=106278) _notify_loop /usr/local/lib/python3.8/dist-packages/neutron_lib/callbacks/manager.py:176}}
Aug 17 11:21:15.189216 dv-cinder-853450-1-iscsi neutron-server[106279]: DEBUG neutron.api.rpc.handlers.dhcp_rpc [None req-c196f44e-acc2-4aa7-ba03-0041dbce3bdc None None] Network 43691234-0e70-4705-a16e-85460708cc3e requested from dv-cinder-853450-1-iscsi {{(pid=106279) get_network_info /opt/stack/neutron/neutron/api/rpc/handlers/dhcp_rpc.py:191}}
Aug 17 11:21:15.207109 dv-cinder-853450-1-iscsi neutron-server[106277]: DEBUG neutron.scheduler.base_scheduler [None req-d81365ca-1a19-4cb6-b194-505d3afbc164 admin admin] Resources bound (agent type, host, resource id): (DHCP agent, dv-cinder-853450-1-iscsi, c99a7c7d-a900-430a-9acd-4f865168a5eb) {{(pid=106277) schedule /opt/stack/neutron/neutron/scheduler/base_scheduler.py:57}}
Aug 17 11:21:15.211985 dv-cinder-853450-1-iscsi neutron-server[106278]: INFO neutron.wsgi [None req-e13ee57e-71df-454c-815b-fca082498f57 admin admin] 10.222.0.15 "POST /networking/v2.0/subnets HTTP/1.1" status: 201 len: 853 time: 0.5558431
Aug 17 11:21:15.212880 dv-cinder-853450-1-iscsi neutron-server[106278]: DEBUG neutron.wsgi [-] (106278) accepted ('10.222.0.15', 41678) {{(pid=106278) server /usr/local/lib/python3.8/dist-packages/eventlet/wsgi.py:1004}}
Aug 17 11:21:15.218335 dv-cinder-853450-1-iscsi neutron-server[106278]: DEBUG neutron.api.v2.base [None req-c76a665b-3364-4e2f-83d1-bf7294cec5b9 admin admin] Request body: {'router': {'name': 'tempest-AttachVolumeShelveTestJSON-1931169546-router', 'tenant_id': 'e247a3ec0a244abf9d11299cc53b9311', 'external_gateway_info': {'network_id': '8e9c8aea-b059-484b-b119-aa4e6829b7fa'}}} {{(pid=106278) prepare_request_body /opt/stack/neutron/neutron/api/v2/base.py:730}}
Aug 17 11:21:15.219447 dv-cinder-853450-1-iscsi neutron-server[106277]: DEBUG neutron.pecan_wsgi.hooks.policy_enforcement [None req-d81365ca-1a19-4cb6-b194-505d3afbc164 admin admin] Attributes excluded by policy engine: ['standard_attr_id', 'shared', 'network'] {{(pid=106277) _exclude_attributes_by_policy /opt/stack/neutron/neutron/pecan_wsgi/hooks/policy_enforcement.py:259}}
Aug 17 11:21:15.220040 dv-cinder-853450-1-iscsi neutron-server[106277]: DEBUG neutron_lib.callbacks.manager [None req-d81365ca-1a19-4cb6-b194-505d3afbc164 admin admin] Publish callbacks ['neutron.api.rpc.agentnotifiers.dhcp_rpc_agent_api.DhcpAgentNotifyAPI._send_dhcp_notification-520562'] for subnet (None), before_response {{(pid=106277) _notify_loop /usr/local/lib/python3.8/dist-packages/neutron_lib/callbacks/manager.py:176}}
Aug 17 11:21:15.254175 dv-cinder-853450-1-iscsi neutron-server[106277]: INFO neutron.wsgi [None req-d81365ca-1a19-4cb6-b194-505d3afbc164 admin admin] 10.222.0.15 "POST /networking/v2.0/subnets HTTP/1.1" status: 201 len: 847 time: 0.9094713
Aug 17 11:21:15.257852 dv-cinder-853450-1-iscsi neutron-server[106278]: DEBUG neutron.wsgi [-] (106278) accepted ('10.222.0.15', 41680) {{(pid=106278) server /usr/local/lib/python3.8/dist-packages/eventlet/wsgi.py:1004}}
Aug 17 11:21:15.268412 dv-cinder-853450-1-iscsi neutron-server[106278]: DEBUG neutron.api.v2.base [None req-875027c7-7f67-4103-a885-c070df9259bc admin admin] Request body: {'router': {'name': 'tempest-DeleteServersTestJSON-878160247-router', 'tenant_id': '489c5e5efcdb4ffbb51513e79efcb4a2', 'external_gateway_info': {'network_id': '8e9c8aea-b059-484b-b119-aa4e6829b7fa'}}} {{(pid=106278) prepare_request_body /opt/stack/neutron/neutron/api/v2/base.py:730}}
Aug 17 11:21:15.272976 dv-cinder-853450-1-iscsi neutron-server[106277]: DEBUG neutron.db.db_base_plugin_common [None req-05c6c02a-9b08-4632-a033-a8c8650ad58a admin admin] Allocated IP 172.27.1.47 (8e9c8aea-b059-484b-b119-aa4e6829b7fa/8d652a3a-d652-47e0-b4c9-bfc8e8297d6b/0954be45-5a6e-4d28-beac-a66ef630aefe) {{(pid=106277) _store_ip_allocation /opt/stack/neutron/neutron/db/db_base_plugin_common.py:131}}
Aug 17 11:21:15.317443 dv-cinder-853450-1-iscsi neutron-server[106279]: DEBUG dbcounter [-] [106279] Writing DB stats neutron:SELECT=93,neutron:INSERT=4,neutron:UPDATE=3 {{(pid=106279) stat_writer /usr/local/lib/python3.8/dist-packages/dbcounter.py:114}}
Aug 17 11:21:15.319510 dv-cinder-853450-1-iscsi neutron-server[106278]: DEBUG neutron_lib.callbacks.manager [None req-c76a665b-3364-4e2f-83d1-bf7294cec5b9 admin admin] Publish callbacks ['neutron.services.l3_router.l3_router_plugin.L3_HA_NAT_db_mixin._before_router_create_handler-501296', 'neutron.services.l3_router.service_providers.driver_controller.DriverController._check_router_request-29811'] for router (f346af96-56e3-4d97-8667-5eb4ee63c135), before_create {{(pid=106278) _notify_loop /usr/local/lib/python3.8/dist-packages/neutron_lib/callbacks/manager.py:176}}
Aug 17 11:21:15.322041 dv-cinder-853450-1-iscsi neutron-server[106278]: DEBUG neutron_lib.callbacks.manager [None req-c76a665b-3364-4e2f-83d1-bf7294cec5b9 admin admin] Publish callbacks ['neutron.services.l3_router.l3_router_plugin.L3_HA_NAT_db_mixin._precommit_router_create-501606', 'neutron.services.l3_router.l3_router_plugin.DVRResourceOperationHandler._set_distributed_flag-492866', 'neutron.services.l3_router.l3_router_plugin.RouterAvailabilityZoneMixin._process_az_request-367801', 'neutron.services.l3_router.service_providers.driver_controller.DriverController._set_router_provider-29706'] for router (f346af96-56e3-4d97-8667-5eb4ee63c135), precommit_create {{(pid=106278) _notify_loop /usr/local/lib/python3.8/dist-packages/neutron_lib/callbacks/manager.py:176}}
Aug 17 11:21:15.322417 dv-cinder-853450-1-iscsi neutron-server[106279]: DEBUG neutron.api.rpc.handlers.dhcp_rpc [None req-bce52451-96c3-4e5b-849b-804be27a47fc None None] Network c99a7c7d-a900-430a-9acd-4f865168a5eb requested from dv-cinder-853450-1-iscsi {{(pid=106279) get_network_info /opt/stack/neutron/neutron/api/rpc/handlers/dhcp_rpc.py:191}}
Aug 17 11:21:15.341483 dv-cinder-853450-1-iscsi neutron-server[106278]: DEBUG neutron_lib.callbacks.manager [None req-875027c7-7f67-4103-a885-c070df9259bc admin admin] Publish callbacks ['neutron.services.l3_router.l3_router_plugin.L3_HA_NAT_db_mixin._before_router_create_handler-501296', 'neutron.services.l3_router.service_providers.driver_controller.DriverController._check_router_request-29811'] for router (f5a80868-430f-46b8-8b68-e698a7d43e68), before_create {{(pid=106278) _notify_loop /usr/local/lib/python3.8/dist-packages/neutron_lib/callbacks/manager.py:176}}
Aug 17 11:21:15.343787 dv-cinder-853450-1-iscsi neutron-server[106278]: DEBUG neutron_lib.callbacks.manager [None req-875027c7-7f67-4103-a885-c070df9259bc admin admin] Publish callbacks ['neutron.services.l3_router.l3_router_plugin.L3_HA_NAT_db_mixin._precommit_router_create-501606', 'neutron.services.l3_router.l3_router_plugin.DVRResourceOperationHandler._set_distributed_flag-492866', 'neutron.services.l3_router.l3_router_plugin.RouterAvailabilityZoneMixin._process_az_request-367801', 'neutron.services.l3_router.service_providers.driver_controller.DriverController._set_router_provider-29706'] for router (f5a80868-430f-46b8-8b68-e698a7d43e68), precommit_create {{(pid=106278) _notify_loop /usr/local/lib/python3.8/dist-packages/neutron_lib/callbacks/manager.py:176}}
Aug 17 11:21:15.424515 dv-cinder-853450-1-iscsi neutron-server[106279]: DEBUG neutron.api.rpc.handlers.dhcp_rpc [None req-b644df2f-2365-445e-abb4-4a1a40caa51a None None] Create dhcp port {'port': {'name': '', 'admin_state_up': True, 'device_id': 'dhcpd696fdae-5999-5a36-b69f-4408d35c3867-43691234-0e70-4705-a16e-85460708cc3e', 'network_id': '43691234-0e70-4705-a16e-85460708cc3e', 'project_id': 'e247a3ec0a244abf9d11299cc53b9311', 'fixed_ips': [{'subnet_id': '5777d03f-24ee-4761-ae81-7f3780f1d038'}]}} from dv-cinder-853450-1-iscsi. {{(pid=106279) create_dhcp_port /opt/stack/neutron/neutron/api/rpc/handlers/dhcp_rpc.py:268}}
Aug 17 11:21:15.426269 dv-cinder-853450-1-iscsi neutron-server[106279]: DEBUG neutron_lib.callbacks.manager [None req-b644df2f-2365-445e-abb4-4a1a40caa51a None None] Publish callbacks ['neutron.plugins.ml2.plugin.SecurityGroupDbMixin._ensure_default_security_group_handler-3624953'] for port (None), before_create {{(pid=106279) _notify_loop /usr/local/lib/python3.8/dist-packages/neutron_lib/callbacks/manager.py:176}}
Aug 17 11:21:15.453983 dv-cinder-853450-1-iscsi neutron-server[106277]: DEBUG neutron_lib.callbacks.manager [None req-05c6c02a-9b08-4632-a033-a8c8650ad58a admin admin] Publish callbacks [] for port (0954be45-5a6e-4d28-beac-a66ef630aefe), precommit_create {{(pid=106277) _notify_loop /usr/local/lib/python3.8/dist-packages/neutron_lib/callbacks/manager.py:176}}
Aug 17 11:21:15.498058 dv-cinder-853450-1-iscsi neutron-server[106278]: DEBUG neutron_lib.callbacks.manager [None req-875027c7-7f67-4103-a885-c070df9259bc admin admin] Publish callbacks [] for router_controller (f5a80868-430f-46b8-8b68-e698a7d43e68), precommit_add_association {{(pid=106278) _notify_loop /usr/local/lib/python3.8/dist-packages/neutron_lib/callbacks/manager.py:176}}
Aug 17 11:21:15.512904 dv-cinder-853450-1-iscsi neutron-server[106277]: DEBUG neutron_lib.callbacks.manager [None req-05c6c02a-9b08-4632-a033-a8c8650ad58a admin admin] Publish callbacks ['neutron.plugins.ml2.plugin.SecurityGroupServerNotifierRpcMixin._notify_sg_on_port_change-3624888', 'neutron.plugins.ml2.ovo_rpc._ObjectChangeHandler.handle_event-42801', 'neutron.api.rpc.agentnotifiers.dhcp_rpc_agent_api.DhcpAgentNotifyAPI._native_event_send_dhcp_notification-520544', 'neutron.db.l3_dvrscheduler_db._notify_l3_agent_new_port-8771016301069'] for port (0954be45-5a6e-4d28-beac-a66ef630aefe), after_create {{(pid=106277) _notify_loop /usr/local/lib/python3.8/dist-packages/neutron_lib/callbacks/manager.py:176}}
Aug 17 11:21:15.525508 dv-cinder-853450-1-iscsi neutron-server[106277]: DEBUG dbcounter [-] [106277] Writing DB stats neutron:SELECT=91,neutron:INSERT=6,neutron:UPDATE=2,neutron:DELETE=1 {{(pid=106277) stat_writer /usr/local/lib/python3.8/dist-packages/dbcounter.py:114}}
Aug 17 11:21:15.576778 dv-cinder-853450-1-iscsi neutron-server[106277]: DEBUG neutron.scheduler.dhcp_agent_scheduler [None req-05c6c02a-9b08-4632-a033-a8c8650ad58a admin admin] Network 8e9c8aea-b059-484b-b119-aa4e6829b7fa is already hosted by enough agents. {{(pid=106277) _get_dhcp_agents_hosting_network /opt/stack/neutron/neutron/scheduler/dhcp_agent_scheduler.py:275}}
Aug 17 11:21:15.581347 dv-cinder-853450-1-iscsi neutron-server[106277]: DEBUG neutron.scheduler.base_scheduler [None req-05c6c02a-9b08-4632-a033-a8c8650ad58a admin admin] Resources bound (agent type, host, resource id): {{(pid=106277) schedule /opt/stack/neutron/neutron/scheduler/base_scheduler.py:57}}
Aug 17 11:21:15.589832 dv-cinder-853450-1-iscsi neutron-server[106277]: DEBUG neutron.db.l3_dvrscheduler_db [None req-05c6c02a-9b08-4632-a033-a8c8650ad58a admin admin] Received port after_create {{(pid=106277) _notify_l3_agent_new_port /opt/stack/neutron/neutron/db/l3_dvrscheduler_db.py:538}}
Aug 17 11:21:15.720832 dv-cinder-853450-1-iscsi neutron-server[106280]: DEBUG dbcounter [-] [106280] Writing DB stats neutron:SELECT=6 {{(pid=106280) stat_writer /usr/local/lib/python3.8/dist-packages/dbcounter.py:114}}
Aug 17 11:21:15.742113 dv-cinder-853450-1-iscsi neutron-server[106277]: DEBUG neutron.api.rpc.handlers.resources_rpc [None req-05c6c02a-9b08-4632-a033-a8c8650ad58a admin admin] Pushing event updated for resources: {'Port': ['ID=0954be45-5a6e-4d28-beac-a66ef630aefe,revision_number=1']} {{(pid=106277) push /opt/stack/neutron/neutron/api/rpc/handlers/resources_rpc.py:237}}
Aug 17 11:21:15.767729 dv-cinder-853450-1-iscsi neutron-server[106279]: DEBUG neutron.api.rpc.handlers.dhcp_rpc [None req-a5e45985-1bea-4701-9a9e-5467a5f743e2 None None] Network 5e0c78bc-2ba7-4ce5-80e0-43b85d3aa9c8 requested from dv-cinder-853450-1-iscsi {{(pid=106279) get_network_info /opt/stack/neutron/neutron/api/rpc/handlers/dhcp_rpc.py:191}}
Aug 17 11:21:15.812655 dv-cinder-853450-1-iscsi neutron-server[106279]: DEBUG neutron.api.rpc.handlers.dhcp_rpc [None req-4120a1a9-972c-4107-bd3a-05cef9eb0711 None None] Create dhcp port {'port': {'name': '', 'admin_state_up': True, 'device_id': 'dhcpd696fdae-5999-5a36-b69f-4408d35c3867-c99a7c7d-a900-430a-9acd-4f865168a5eb', 'network_id': 'c99a7c7d-a900-430a-9acd-4f865168a5eb', 'project_id': '489c5e5efcdb4ffbb51513e79efcb4a2', 'fixed_ips': [{'subnet_id': 'f0c0467a-5851-480b-927e-8152ed41366b'}]}} from dv-cinder-853450-1-iscsi. {{(pid=106279) create_dhcp_port /opt/stack/neutron/neutron/api/rpc/handlers/dhcp_rpc.py:268}}
Aug 17 11:21:15.813524 dv-cinder-853450-1-iscsi neutron-server[106279]: DEBUG neutron_lib.callbacks.manager [None req-4120a1a9-972c-4107-bd3a-05cef9eb0711 None None] Publish callbacks ['neutron.plugins.ml2.plugin.SecurityGroupDbMixin._ensure_default_security_group_handler-3624953'] for port (None), before_create {{(pid=106279) _notify_loop /usr/local/lib/python3.8/dist-packages/neutron_lib/callbacks/manager.py:176}}
Aug 17 11:21:15.952509 dv-cinder-853450-1-iscsi neutron-server[106277]: DEBUG neutron_lib.callbacks.manager [None req-05c6c02a-9b08-4632-a033-a8c8650ad58a admin admin] Publish callbacks [] for router_gateway (bc1c7e13-f58f-4c77-a931-45a8e83403ee), after_create {{(pid=106277) _notify_loop /usr/local/lib/python3.8/dist-packages/neutron_lib/callbacks/manager.py:176}}
Aug 17 11:21:16.046773 dv-cinder-853450-1-iscsi neutron-server[106278]: DEBUG neutron_lib.callbacks.manager [None req-875027c7-7f67-4103-a885-c070df9259bc admin admin] Publish callbacks [] for router_gateway (f5a80868-430f-46b8-8b68-e698a7d43e68), precommit_update {{(pid=106278) _notify_loop /usr/local/lib/python3.8/dist-packages/neutron_lib/callbacks/manager.py:176}}
Aug 17 11:21:16.080586 dv-cinder-853450-1-iscsi neutron-server[106277]: DEBUG dbcounter [-] [106277] Writing DB stats neutron:SELECT=90,neutron:UPDATE=5,neutron:DELETE=1,neutron:INSERT=4 {{(pid=106277) stat_writer /usr/local/lib/python3.8/dist-packages/dbcounter.py:114}}
Aug 17 11:21:16.090520 dv-cinder-853450-1-iscsi neutron-server[106278]: DEBUG neutron_lib.callbacks.manager [None req-c76a665b-3364-4e2f-83d1-bf7294cec5b9 admin admin] Publish callbacks [] for router_controller (f346af96-56e3-4d97-8667-5eb4ee63c135), precommit_add_association {{(pid=106278) _notify_loop /usr/local/lib/python3.8/dist-packages/neutron_lib/callbacks/manager.py:176}}
Aug 17 11:21:16.158482 dv-cinder-853450-1-iscsi neutron-server[106278]: DEBUG dbcounter [-] [106278] Writing DB stats neutron:UPDATE=3,neutron:SELECT=84,neutron:DELETE=4,neutron:INSERT=9 {{(pid=106278) stat_writer /usr/local/lib/python3.8/dist-packages/dbcounter.py:114}}
Aug 17 11:21:16.199068 dv-cinder-853450-1-iscsi neutron-server[106277]: DEBUG neutron_lib.callbacks.manager [None req-05c6c02a-9b08-4632-a033-a8c8650ad58a admin admin] Publish callbacks ['neutron.services.l3_router.l3_router_plugin.L3_HA_NAT_db_mixin._after_router_create-501525', 'neutron.services.l3_router.l3_router_plugin.DVRResourceOperationHandler._create_snat_interfaces_after_change-503218'] for router (bc1c7e13-f58f-4c77-a931-45a8e83403ee), after_create {{(pid=106277) _notify_loop /usr/local/lib/python3.8/dist-packages/neutron_lib/callbacks/manager.py:176}}
Aug 17 11:21:16.242125 dv-cinder-853450-1-iscsi neutron-server[106279]: DEBUG neutron.plugins.ml2.rpc [None req-d56c3c41-59e3-4a27-9d24-f1b2e636d777 None None] Device 1129f26f-7579-48da-a074-4d54c84b1b59 up at agent ovs-agent-dv-cinder-853450-1-iscsi {{(pid=106279) update_device_up /opt/stack/neutron/neutron/plugins/ml2/rpc.py:296}}
Aug 17 11:21:16.390277 dv-cinder-853450-1-iscsi neutron-server[106279]: DEBUG neutron.db.provisioning_blocks [None req-266ed00b-0891-48eb-a815-3787dbc1f3b7 None None] Provisioning complete for port 1129f26f-7579-48da-a074-4d54c84b1b59 triggered by entity DHCP. {{(pid=106279) provisioning_complete /opt/stack/neutron/neutron/db/provisioning_blocks.py:145}}
Aug 17 11:21:16.390659 dv-cinder-853450-1-iscsi neutron-server[106279]: DEBUG neutron_lib.callbacks.manager [None req-266ed00b-0891-48eb-a815-3787dbc1f3b7 None None] Publish callbacks ['neutron.plugins.ml2.plugin.Ml2Plugin._port_provisioned-3483212'] for port (1129f26f-7579-48da-a074-4d54c84b1b59), provisioning_complete {{(pid=106279) _notify_loop /usr/local/lib/python3.8/dist-packages/neutron_lib/callbacks/manager.py:176}}
Aug 17 11:21:16.393062 dv-cinder-853450-1-iscsi neutron-server[106278]: DEBUG neutron_lib.callbacks.manager [None req-c76a665b-3364-4e2f-83d1-bf7294cec5b9 admin admin] Publish callbacks [] for router_gateway (f346af96-56e3-4d97-8667-5eb4ee63c135), precommit_update {{(pid=106278) _notify_loop /usr/local/lib/python3.8/dist-packages/neutron_lib/callbacks/manager.py:176}}
Aug 17 11:21:16.410853 dv-cinder-853450-1-iscsi neutron-server[106279]: DEBUG neutron.db.db_base_plugin_common [None req-b644df2f-2365-445e-abb4-4a1a40caa51a None None] Allocated IP 172.20.0.2 (43691234-0e70-4705-a16e-85460708cc3e/5777d03f-24ee-4761-ae81-7f3780f1d038/896184e3-6ae8-4b33-b0fe-3250b947713a) {{(pid=106279) _store_ip_allocation /opt/stack/neutron/neutron/db/db_base_plugin_common.py:131}}
Aug 17 11:21:16.446606 dv-cinder-853450-1-iscsi neutron-server[106277]: DEBUG neutron.scheduler.l3_agent_scheduler [None req-05c6c02a-9b08-4632-a033-a8c8650ad58a admin admin] Router bc1c7e13-f58f-4c77-a931-45a8e83403ee is scheduled to L3 agent 63135b9b-6505-4636-98d9-a110ccd8cb1c with binding_index 1 {{(pid=106277) bind_router /opt/stack/neutron/neutron/scheduler/l3_agent_scheduler.py:209}}
Aug 17 11:21:16.588320 dv-cinder-853450-1-iscsi neutron-server[106277]: DEBUG neutron.api.rpc.agentnotifiers.l3_rpc_agent_api [None req-05c6c02a-9b08-4632-a033-a8c8650ad58a admin admin] Notify agent at l3_agent.dv-cinder-853450-1-iscsi the message routers_updated {{(pid=106277) _agent_notification /opt/stack/neutron/neutron/api/rpc/agentnotifiers/l3_rpc_agent_api.py:65}}
Aug 17 11:21:16.596834 dv-cinder-853450-1-iscsi neutron-server[106279]: DEBUG neutron.db.db_base_plugin_common [None req-4120a1a9-972c-4107-bd3a-05cef9eb0711 None None] Allocated IP 172.20.0.2 (c99a7c7d-a900-430a-9acd-4f865168a5eb/f0c0467a-5851-480b-927e-8152ed41366b/36a42021-6be4-4b97-a690-368f97e288d4) {{(pid=106279) _store_ip_allocation /opt/stack/neutron/neutron/db/db_base_plugin_common.py:131}}
Aug 17 11:21:16.601262 dv-cinder-853450-1-iscsi neutron-server[106280]: DEBUG neutron.api.rpc.handlers.l3_rpc [None req-678b8648-ac24-4f40-b561-b7024f792360 None None] Sync routers for ids ['bc1c7e13-f58f-4c77-a931-45a8e83403ee'] in dv-cinder-853450-1-iscsi {{(pid=106280) sync_routers /opt/stack/neutron/neutron/api/rpc/handlers/l3_rpc.py:125}}
Aug 17 11:21:16.620711 dv-cinder-853450-1-iscsi neutron-server[106277]: DEBUG neutron_lib.callbacks.manager [None req-05c6c02a-9b08-4632-a033-a8c8650ad58a admin admin] Publish callbacks [] for router (None), before_response {{(pid=106277) _notify_loop /usr/local/lib/python3.8/dist-packages/neutron_lib/callbacks/manager.py:176}}
Aug 17 11:21:16.621914 dv-cinder-853450-1-iscsi neutron-server[106280]: DEBUG neutron.db.l3_dvrscheduler_db [None req-678b8648-ac24-4f40-b561-b7024f792360 None None] Routers {'bc1c7e13-f58f-4c77-a931-45a8e83403ee'} bound to L3 agent in host dv-cinder-853450-1-iscsi {{(pid=106280) _get_router_ids_for_agent /opt/stack/neutron/neutron/db/l3_dvrscheduler_db.py:422}}
Aug 17 11:21:16.624137 dv-cinder-853450-1-iscsi neutron-server[106280]: DEBUG neutron.db.l3_hamode_db [None req-678b8648-ac24-4f40-b561-b7024f792360 None None] neutron.services.l3_router.l3_router_plugin.L3RouterPlugin method get_ha_sync_data_for_host called with arguments (, 'dv-cinder-853450-1-iscsi', Agent(admin_state_up=True,agent_type='L3 agent',availability_zone='nova',binary='neutron-l3-agent',configurations={"agent_mode": "legacy", "ex_gw_ports": 1, "extensions": [], "floating_ips": 0, "handle_internal_only_routers": true, "interface_driver": "openvswitch", "interfaces": 1, "log_agent_heartbeats": false, "routers": 1},created_at=2022-08-17T11:13:27Z,description=,heartbeat_timestamp=2022-08-17T11:20:57Z,host='dv-cinder-853450-1-iscsi',id=63135b9b-6505-4636-98d9-a110ccd8cb1c,load=0,resource_versions=,resources_synced=,started_at=2022-08-17T11:13:27Z,topic='l3_agent')) {'router_ids': ['bc1c7e13-f58f-4c77-a931-45a8e83403ee'], 'active': True} {{(pid=106280) wrapper /usr/local/lib/python3.8/dist-packages/oslo_log/helpers.py:65}}
Aug 17 11:21:16.628570 dv-cinder-853450-1-iscsi neutron-server[106277]: INFO neutron.wsgi [None req-05c6c02a-9b08-4632-a033-a8c8650ad58a admin admin] 10.222.0.15 "POST /networking/v2.0/routers HTTP/1.1" status: 201 len: 929 time: 3.1718750
Aug 17 11:21:16.628842 dv-cinder-853450-1-iscsi neutron-server[106277]: DEBUG neutron.wsgi [-] (106277) accepted ('10.222.0.15', 41712) {{(pid=106277) server /usr/local/lib/python3.8/dist-packages/eventlet/wsgi.py:1004}}
Aug 17 11:21:16.682008 dv-cinder-853450-1-iscsi neutron-server[106278]: DEBUG neutron_lib.callbacks.manager [None req-875027c7-7f67-4103-a885-c070df9259bc admin admin] Publish callbacks [] for router_gateway (f5a80868-430f-46b8-8b68-e698a7d43e68), before_create {{(pid=106278) _notify_loop /usr/local/lib/python3.8/dist-packages/neutron_lib/callbacks/manager.py:176}}
Aug 17 11:21:16.733262 dv-cinder-853450-1-iscsi neutron-server[106278]: DEBUG neutron_lib.callbacks.manager [None req-875027c7-7f67-4103-a885-c070df9259bc admin admin] Publish callbacks ['neutron.plugins.ml2.plugin.SecurityGroupDbMixin._ensure_default_security_group_handler-3624953'] for port (None), before_create {{(pid=106278) _notify_loop /usr/local/lib/python3.8/dist-packages/neutron_lib/callbacks/manager.py:176}}
Aug 17 11:21:16.853237 dv-cinder-853450-1-iscsi neutron-server[106279]: DEBUG neutron_lib.callbacks.manager [None req-4120a1a9-972c-4107-bd3a-05cef9eb0711 None None] Publish callbacks [] for port (36a42021-6be4-4b97-a690-368f97e288d4), precommit_create {{(pid=106279) _notify_loop /usr/local/lib/python3.8/dist-packages/neutron_lib/callbacks/manager.py:176}}
Aug 17 11:21:16.860960 dv-cinder-853450-1-iscsi neutron-server[106279]: DEBUG dbcounter [-] [106279] Writing DB stats neutron:SELECT=88,neutron:INSERT=6,neutron:UPDATE=6 {{(pid=106279) stat_writer /usr/local/lib/python3.8/dist-packages/dbcounter.py:114}}
Aug 17 11:21:16.875547 dv-cinder-853450-1-iscsi neutron-server[106279]: DEBUG neutron_lib.callbacks.manager [None req-4120a1a9-972c-4107-bd3a-05cef9eb0711 None None] Publish callbacks ['neutron.plugins.ml2.plugin.SecurityGroupServerNotifierRpcMixin._notify_sg_on_port_change-3624888', 'neutron.plugins.ml2.ovo_rpc._ObjectChangeHandler.handle_event-42801', 'neutron.api.rpc.agentnotifiers.dhcp_rpc_agent_api.DhcpAgentNotifyAPI._native_event_send_dhcp_notification-520544', 'neutron.db.l3_dvrscheduler_db._notify_l3_agent_new_port-8771016301069'] for port (36a42021-6be4-4b97-a690-368f97e288d4), after_create {{(pid=106279) _notify_loop /usr/local/lib/python3.8/dist-packages/neutron_lib/callbacks/manager.py:176}}
Aug 17 11:21:16.881523 dv-cinder-853450-1-iscsi neutron-server[106278]: DEBUG neutron.db.db_base_plugin_common [None req-875027c7-7f67-4103-a885-c070df9259bc admin admin] Allocated IP 172.27.1.49 (8e9c8aea-b059-484b-b119-aa4e6829b7fa/8d652a3a-d652-47e0-b4c9-bfc8e8297d6b/66deb428-28c4-4da1-9065-b422876b5a80) {{(pid=106278) _store_ip_allocation /opt/stack/neutron/neutron/db/db_base_plugin_common.py:131}}
Aug 17 11:21:16.984626 dv-cinder-853450-1-iscsi neutron-server[106280]: DEBUG neutron.db.l3_dvr_db [None req-678b8648-ac24-4f40-b561-b7024f792360 None None] Set router bc1c7e13-f58f-4c77-a931-45a8e83403ee gateway port host: dv-cinder-853450-1-iscsi {{(pid=106280) _build_routers_list /opt/stack/neutron/neutron/db/l3_dvr_db.py:907}}
Aug 17 11:21:16.997913 dv-cinder-853450-1-iscsi neutron-server[106278]: DEBUG neutron_lib.callbacks.manager [None req-875027c7-7f67-4103-a885-c070df9259bc admin admin] Publish callbacks [] for port (66deb428-28c4-4da1-9065-b422876b5a80), precommit_create {{(pid=106278) _notify_loop /usr/local/lib/python3.8/dist-packages/neutron_lib/callbacks/manager.py:176}}
Aug 17 11:21:17.018918 dv-cinder-853450-1-iscsi neutron-server[106279]: DEBUG neutron.db.provisioning_blocks [None req-d56c3c41-59e3-4a27-9d24-f1b2e636d777 None None] Provisioning complete for port 1129f26f-7579-48da-a074-4d54c84b1b59 triggered by entity L2. {{(pid=106279) provisioning_complete /opt/stack/neutron/neutron/db/provisioning_blocks.py:145}}
Aug 17 11:21:17.019675 dv-cinder-853450-1-iscsi neutron-server[106279]: DEBUG neutron_lib.callbacks.manager [None req-d56c3c41-59e3-4a27-9d24-f1b2e636d777 None None] Publish callbacks ['neutron.plugins.ml2.plugin.Ml2Plugin._port_provisioned-3483212'] for port (1129f26f-7579-48da-a074-4d54c84b1b59), provisioning_complete {{(pid=106279) _notify_loop /usr/local/lib/python3.8/dist-packages/neutron_lib/callbacks/manager.py:176}}
Aug 17 11:21:17.047200 dv-cinder-853450-1-iscsi neutron-server[106278]: DEBUG dbcounter [-] [106278] Writing DB stats neutron:SELECT=89,neutron:INSERT=8,neutron:UPDATE=3 {{(pid=106278) stat_writer /usr/local/lib/python3.8/dist-packages/dbcounter.py:114}}
Aug 17 11:21:17.053789 dv-cinder-853450-1-iscsi neutron-server[106278]: DEBUG neutron_lib.callbacks.manager [None req-875027c7-7f67-4103-a885-c070df9259bc admin admin] Publish callbacks ['neutron.plugins.ml2.plugin.SecurityGroupServerNotifierRpcMixin._notify_sg_on_port_change-3624888', 'neutron.plugins.ml2.ovo_rpc._ObjectChangeHandler.handle_event-42801', 'neutron.api.rpc.agentnotifiers.dhcp_rpc_agent_api.DhcpAgentNotifyAPI._native_event_send_dhcp_notification-520544', 'neutron.db.l3_dvrscheduler_db._notify_l3_agent_new_port-8771016301069'] for port (66deb428-28c4-4da1-9065-b422876b5a80), after_create {{(pid=106278) _notify_loop /usr/local/lib/python3.8/dist-packages/neutron_lib/callbacks/manager.py:176}}
Aug 17 11:21:17.103848 dv-cinder-853450-1-iscsi neutron-server[106278]: DEBUG neutron.scheduler.dhcp_agent_scheduler [None req-875027c7-7f67-4103-a885-c070df9259bc admin admin] Network 8e9c8aea-b059-484b-b119-aa4e6829b7fa is already hosted by enough agents. {{(pid=106278) _get_dhcp_agents_hosting_network /opt/stack/neutron/neutron/scheduler/dhcp_agent_scheduler.py:275}}
Aug 17 11:21:17.107019 dv-cinder-853450-1-iscsi neutron-server[106278]: DEBUG dbcounter [-] [106278] Writing DB stats neutron:SELECT=92,neutron:UPDATE=4,neutron:INSERT=4 {{(pid=106278) stat_writer /usr/local/lib/python3.8/dist-packages/dbcounter.py:114}}
Aug 17 11:21:17.109656 dv-cinder-853450-1-iscsi neutron-server[106278]: DEBUG neutron.scheduler.base_scheduler [None req-875027c7-7f67-4103-a885-c070df9259bc admin admin] Resources bound (agent type, host, resource id): {{(pid=106278) schedule /opt/stack/neutron/neutron/scheduler/base_scheduler.py:57}}
Aug 17 11:21:17.132418 dv-cinder-853450-1-iscsi neutron-server[106278]: DEBUG neutron.db.l3_dvrscheduler_db [None req-875027c7-7f67-4103-a885-c070df9259bc admin admin] Received port after_create {{(pid=106278) _notify_l3_agent_new_port /opt/stack/neutron/neutron/db/l3_dvrscheduler_db.py:538}}
Aug 17 11:21:17.173698 dv-cinder-853450-1-iscsi neutron-server[106279]: DEBUG dbcounter [-] [106279] Writing DB stats neutron:SELECT=91,neutron:INSERT=5,neutron:UPDATE=4 {{(pid=106279) stat_writer /usr/local/lib/python3.8/dist-packages/dbcounter.py:114}}
Aug 17 11:21:17.309854 dv-cinder-853450-1-iscsi neutron-server[106279]: DEBUG neutron.plugins.ml2.plugin [None req-266ed00b-0891-48eb-a815-3787dbc1f3b7 None None] Current status of the port 1129f26f-7579-48da-a074-4d54c84b1b59 is: DOWN; New status is: ACTIVE {{(pid=106279) _update_individual_port_db_status /opt/stack/neutron/neutron/plugins/ml2/plugin.py:2302}}
Aug 17 11:21:17.310522 dv-cinder-853450-1-iscsi neutron-server[106279]: DEBUG neutron_lib.callbacks.manager [None req-266ed00b-0891-48eb-a815-3787dbc1f3b7 None None] Publish callbacks ['neutron.plugins.ml2.plugin.SecurityGroupDbMixin._ensure_default_security_group_handler-3624953'] for port (1129f26f-7579-48da-a074-4d54c84b1b59), before_update {{(pid=106279) _notify_loop /usr/local/lib/python3.8/dist-packages/neutron_lib/callbacks/manager.py:176}}
