Aug 17 08:38:43.768636 dv-cinder-853315-5-smb neutron-server[106531]: INFO neutron.wsgi [req-96870cdc-db9e-4e12-9ee6-db9f988d3250 req-a33df8cf-6662-4e78-841d-18cbb6ec9732 tempest-AttachVolumeShelveTestJSON-385401367 tempest-AttachVolumeShelveTestJSON-385401367-project] 10.222.0.18 "GET /networking/v2.0/security-groups?id=9b16c1bf-d19f-484a-85cc-0d8ec7754d83&fields=id&fields=name HTTP/1.1" status: 200 len: 313 time: 0.0939841
Aug 17 08:38:43.789778 dv-cinder-853315-5-smb neutron-server[106531]: INFO neutron.wsgi [req-765b50fd-3535-42da-8b47-d4bc39ea2ad7 req-98834945-b60c-4e44-917e-71c59054bb83 tempest-ServerRescueNegativeTestJSON-49276991 tempest-ServerRescueNegativeTestJSON-49276991-project] 10.222.0.18 "GET /networking/v2.0/security-groups?id=315a0975-504a-42bf-9825-f1b2d02ce935&fields=id&fields=name HTTP/1.1" status: 200 len: 286 time: 0.3389192
Aug 17 08:38:43.820260 dv-cinder-853315-5-smb neutron-server[106530]: INFO neutron.wsgi [req-7a6017e0-0537-400c-964f-04dfc3958a2d req-8ec0fbb0-9e0b-4172-8658-e98a718eeb7f service neutron] 10.222.0.39 "GET /networking/v2.0/networks/b7e838b3-bf57-4777-a5c0-f5a5629b4a82?fields=segments HTTP/1.1" status: 200 len: 212 time: 0.2320907
Aug 17 08:38:43.843090 dv-cinder-853315-5-smb neutron-server[106530]: DEBUG novaclient.v2.client [-] RESP: [200] Connection: close Content-Length: 179 Content-Type: application/json Date: Wed, 17 Aug 2022 08:38:43 GMT OpenStack-API-Version: compute 2.1 Server: Apache/2.4.41 (Ubuntu) Vary: OpenStack-API-Version,X-OpenStack-Nova-API-Version X-OpenStack-Nova-API-Version: 2.1 x-compute-request-id: req-1d783de6-bed4-4c3e-a139-ec411b8428c5 x-openstack-request-id: req-1d783de6-bed4-4c3e-a139-ec411b8428c5 {{(pid=106530) _http_log_response /usr/local/lib/python3.8/dist-packages/keystoneauth1/session.py:550}}
Aug 17 08:38:43.843672 dv-cinder-853315-5-smb neutron-server[106530]: DEBUG novaclient.v2.client [-] RESP BODY: {"events": [{"name": "network-changed", "server_uuid": "84f05852-54b8-4804-9da3-67b65c31b6c5", "tag": "bf4a7d96-1040-4bf1-8b27-5db6b8b329cb", "status": "completed", "code": 200}]} {{(pid=106530) _http_log_response /usr/local/lib/python3.8/dist-packages/keystoneauth1/session.py:582}}
Aug 17 08:38:43.844123 dv-cinder-853315-5-smb neutron-server[106530]: DEBUG novaclient.v2.client [-] POST call to compute for http://10.222.0.18/compute/v2.1/os-server-external-events used request id req-1d783de6-bed4-4c3e-a139-ec411b8428c5 {{(pid=106530) request /usr/local/lib/python3.8/dist-packages/keystoneauth1/session.py:954}}
Aug 17 08:38:43.844715 dv-cinder-853315-5-smb neutron-server[106530]: INFO neutron.notifiers.nova [-] Nova event matching ['req-1d783de6-bed4-4c3e-a139-ec411b8428c5'] response: {'name': 'network-changed', 'server_uuid': '84f05852-54b8-4804-9da3-67b65c31b6c5', 'tag': 'bf4a7d96-1040-4bf1-8b27-5db6b8b329cb', 'status': 'completed', 'code': 200}
Aug 17 08:38:43.866877 dv-cinder-853315-5-smb neutron-server[106531]: INFO neutron.wsgi [req-db37203d-502e-47b9-a877-7e744cabdcf3 req-5d60f84c-76b8-4738-96eb-3b54237f1901 tempest-AttachVolumeTestJSON-1420863986 tempest-AttachVolumeTestJSON-1420863986-project] 10.222.0.39 "GET /networking/v2.0/security-groups?fields=id&fields=name&tenant_id=042e9f4fec274be6889b593dc6b866eb HTTP/1.1" status: 200 len: 380 time: 0.2163553
Aug 17 08:38:43.934754 dv-cinder-853315-5-smb neutron-server[106531]: DEBUG neutron.api.v2.base [req-db37203d-502e-47b9-a877-7e744cabdcf3 req-e2f07826-5fd4-4b0a-a3af-64de6d7c60f1 tempest-AttachVolumeTestJSON-1420863986 tempest-AttachVolumeTestJSON-1420863986-project] Request body: {'port': {'device_id': 'ece6abd9-c14a-4a46-953b-c647d61b2daf', 'network_id': 'bd8c0006-8d4a-4168-bef6-02b0e188935f', 'admin_state_up': True, 'tenant_id': '042e9f4fec274be6889b593dc6b866eb', 'security_groups': ['8e6ad349-7d1c-4c77-abe3-c6eb4b5b399c']}} {{(pid=106531) prepare_request_body /opt/stack/neutron/neutron/api/v2/base.py:730}}
Aug 17 08:38:43.944312 dv-cinder-853315-5-smb neutron-server[106530]: DEBUG dbcounter [-] [106530] Writing DB stats neutron:SELECT=90,neutron:DELETE=1,neutron:INSERT=8,neutron:UPDATE=1 {{(pid=106530) stat_writer /usr/local/lib/python3.8/dist-packages/dbcounter.py:114}}
Aug 17 08:38:44.036828 dv-cinder-853315-5-smb neutron-server[106531]: DEBUG neutron.notifiers.nova [req-e8a6db0e-b384-4a31-8313-8c531a28d610 req-dcb83be7-72ed-4403-8fb9-87adb5a84bcf service neutron] Ignoring state change previous_port_status: DOWN current_port_status: DOWN port_id ab5cabd2-6cdc-49d1-8123-ff8a125621d7 {{(pid=106531) record_port_status_changed /opt/stack/neutron/neutron/notifiers/nova.py:233}}
Aug 17 08:38:44.043966 dv-cinder-853315-5-smb neutron-server[106531]: INFO neutron.wsgi [req-d2ecfe8d-f365-4933-834d-f070e5a87f68 req-8a5b21ef-edd3-4b07-b3ef-b48d29cebd76 tempest-AttachVolumeTestJSON-1420863986 tempest-AttachVolumeTestJSON-1420863986-project] 10.222.0.18 "GET /networking/v2.0/ports?device_id=ece6abd9-c14a-4a46-953b-c647d61b2daf HTTP/1.1" status: 200 len: 210 time: 0.1021805
Aug 17 08:38:44.050749 dv-cinder-853315-5-smb neutron-server[106531]: DEBUG neutron_lib.callbacks.manager [req-e8a6db0e-b384-4a31-8313-8c531a28d610 req-dcb83be7-72ed-4403-8fb9-87adb5a84bcf service neutron] Publish callbacks [] for port (ab5cabd2-6cdc-49d1-8123-ff8a125621d7), precommit_update {{(pid=106531) _notify_loop /usr/local/lib/python3.8/dist-packages/neutron_lib/callbacks/manager.py:176}}
Aug 17 08:38:44.080436 dv-cinder-853315-5-smb neutron-server[106531]: DEBUG neutron.db.provisioning_blocks [req-e8a6db0e-b384-4a31-8313-8c531a28d610 req-dcb83be7-72ed-4403-8fb9-87adb5a84bcf service neutron] Transition to ACTIVE for port object ab5cabd2-6cdc-49d1-8123-ff8a125621d7 will not be triggered until provisioned by entity L2. {{(pid=106531) add_provisioning_component /opt/stack/neutron/neutron/db/provisioning_blocks.py:75}}
Aug 17 08:38:44.088518 dv-cinder-853315-5-smb neutron-server[106531]: DEBUG neutron_lib.callbacks.manager [req-e8a6db0e-b384-4a31-8313-8c531a28d610 req-dcb83be7-72ed-4403-8fb9-87adb5a84bcf service neutron] Publish callbacks ['neutron.plugins.ml2.plugin.SecurityGroupServerNotifierRpcMixin._notify_sg_on_port_change-2048184', 'neutron.plugins.ml2.ovo_rpc._ObjectChangeHandler.handle_event-110158', 'neutron.api.rpc.agentnotifiers.dhcp_rpc_agent_api.DhcpAgentNotifyAPI._native_event_send_dhcp_notification-528739', 'neutron.db.l3_db.L3RpcNotifierMixin._notify_gateway_port_ip_changed-8726518637177', 'neutron.db.l3_dvrscheduler_db._notify_l3_agent_port_update-8726518195743', 'neutron.db.l3_hascheduler_db._notify_l3_agent_ha_port_update-8726518195761'] for port (ab5cabd2-6cdc-49d1-8123-ff8a125621d7), after_update {{(pid=106531) _notify_loop /usr/local/lib/python3.8/dist-packages/neutron_lib/callbacks/manager.py:176}}
Aug 17 08:38:44.114046 dv-cinder-853315-5-smb neutron-server[106530]: INFO neutron.wsgi [req-55c6233b-2edc-4549-899c-797c7d2dab76 req-6074d5f7-a4e6-4cbb-968c-a5eb21a33942 service neutron] 10.222.0.39 "GET /networking/v2.0/floatingips?fixed_ip_address=172.20.0.7&port_id=d3782659-aa93-4dc4-96b2-f9473ad43289 HTTP/1.1" status: 200 len: 217 time: 0.2113967
Aug 17 08:38:44.214539 dv-cinder-853315-5-smb neutron-server[106531]: DEBUG neutron.pecan_wsgi.hooks.quota_enforcement [req-db37203d-502e-47b9-a877-7e744cabdcf3 req-e2f07826-5fd4-4b0a-a3af-64de6d7c60f1 tempest-AttachVolumeTestJSON-1420863986 tempest-AttachVolumeTestJSON-1420863986-project] Made reservation on behalf of 042e9f4fec274be6889b593dc6b866eb for: {'port': 1} {{(pid=106531) before /opt/stack/neutron/neutron/pecan_wsgi/hooks/quota_enforcement.py:53}}
Aug 17 08:38:44.218653 dv-cinder-853315-5-smb neutron-server[106531]: DEBUG neutron_lib.callbacks.manager [req-db37203d-502e-47b9-a877-7e744cabdcf3 req-e2f07826-5fd4-4b0a-a3af-64de6d7c60f1 tempest-AttachVolumeTestJSON-1420863986 tempest-AttachVolumeTestJSON-1420863986-project] Publish callbacks ['neutron.plugins.ml2.plugin.SecurityGroupDbMixin._ensure_default_security_group_handler-2048249'] for port (None), before_create {{(pid=106531) _notify_loop /usr/local/lib/python3.8/dist-packages/neutron_lib/callbacks/manager.py:176}}
Aug 17 08:38:44.233533 dv-cinder-853315-5-smb neutron-server[106530]: DEBUG neutron.pecan_wsgi.hooks.policy_enforcement [req-55c6233b-2edc-4549-899c-797c7d2dab76 req-4e62846f-6b53-47a0-ad08-59055e2a8447 service neutron] Attributes excluded by policy engine: ['standard_attr_id', 'shared'] {{(pid=106530) _exclude_attributes_by_policy /opt/stack/neutron/neutron/pecan_wsgi/hooks/policy_enforcement.py:259}}
Aug 17 08:38:44.235846 dv-cinder-853315-5-smb neutron-server[106530]: INFO neutron.wsgi [req-55c6233b-2edc-4549-899c-797c7d2dab76 req-4e62846f-6b53-47a0-ad08-59055e2a8447 service neutron] 10.222.0.39 "GET /networking/v2.0/subnets?id=b30fa750-0552-4a83-a182-a330a556ad7a HTTP/1.1" status: 200 len: 858 time: 0.0865762
Aug 17 08:38:44.239078 dv-cinder-853315-5-smb neutron-server[106531]: DEBUG neutron.api.rpc.handlers.resources_rpc [None req-dcb83be7-72ed-4403-8fb9-87adb5a84bcf service neutron] Pushing event updated for resources: {'Port': ['ID=ab5cabd2-6cdc-49d1-8123-ff8a125621d7,revision_number=2']} {{(pid=106531) push /opt/stack/neutron/neutron/api/rpc/handlers/resources_rpc.py:237}}
Aug 17 08:38:44.349300 dv-cinder-853315-5-smb neutron-server[106530]: INFO neutron.wsgi [req-51480138-fae7-438a-a5d9-5eec1341fdbc req-a7276722-bd78-43dd-8faf-bee6258c5a54 service neutron] 10.222.0.39 "GET /networking/v2.0/networks/8cc885f7-174c-4717-8fe6-c376c16fcd8c?fields=provider%3Aphysical_network&fields=provider%3Anetwork_type HTTP/1.1" status: 200 len: 281 time: 0.4371333
Aug 17 08:38:44.352372 dv-cinder-853315-5-smb neutron-server[106530]: INFO neutron.wsgi [req-7a6017e0-0537-400c-964f-04dfc3958a2d req-3165aac4-fa75-47ad-99d6-f4ac53d544e3 service neutron] 10.222.0.39 "GET /networking/v2.0/networks/b7e838b3-bf57-4777-a5c0-f5a5629b4a82?fields=provider%3Aphysical_network&fields=provider%3Anetwork_type HTTP/1.1" status: 200 len: 281 time: 0.4172206
Aug 17 08:38:44.353546 dv-cinder-853315-5-smb neutron-server[106530]: DEBUG neutron.pecan_wsgi.hooks.policy_enforcement [req-55c6233b-2edc-4549-899c-797c7d2dab76 req-a0ca2d66-b8c0-45b2-8980-95121b44e050 service neutron] Attributes excluded by policy engine: ['standard_attr_id'] {{(pid=106530) _exclude_attributes_by_policy /opt/stack/neutron/neutron/pecan_wsgi/hooks/policy_enforcement.py:259}}
Aug 17 08:38:44.355039 dv-cinder-853315-5-smb neutron-server[106530]: INFO neutron.wsgi [req-55c6233b-2edc-4549-899c-797c7d2dab76 req-a0ca2d66-b8c0-45b2-8980-95121b44e050 service neutron] 10.222.0.39 "GET /networking/v2.0/ports?network_id=8cc885f7-174c-4717-8fe6-c376c16fcd8c&device_owner=network%3Adhcp HTTP/1.1" status: 200 len: 1210 time: 0.1076660
Aug 17 08:38:44.358549 dv-cinder-853315-5-smb neutron-server[106531]: DEBUG dbcounter [-] [106531] Writing DB stats neutron:SELECT=95,neutron:UPDATE=2,neutron:INSERT=3 {{(pid=106531) stat_writer /usr/local/lib/python3.8/dist-packages/dbcounter.py:114}}
Aug 17 08:38:44.444145 dv-cinder-853315-5-smb neutron-server[106531]: DEBUG neutron.plugins.ml2.managers [req-e8a6db0e-b384-4a31-8313-8c531a28d610 req-dcb83be7-72ed-4403-8fb9-87adb5a84bcf service neutron] Attempting to bind port ab5cabd2-6cdc-49d1-8123-ff8a125621d7 on host hv-cinder-85331 for vnic_type normal with profile {{(pid=106531) bind_port /opt/stack/neutron/neutron/plugins/ml2/managers.py:810}}
Aug 17 08:38:44.444403 dv-cinder-853315-5-smb neutron-server[106531]: DEBUG neutron.plugins.ml2.managers [req-e8a6db0e-b384-4a31-8313-8c531a28d610 req-dcb83be7-72ed-4403-8fb9-87adb5a84bcf service neutron] Attempting to bind port ab5cabd2-6cdc-49d1-8123-ff8a125621d7 by drivers openvswitch,hyperv on host hv-cinder-85331 at level 0 using segments [{'id': 'd342721c-441b-4c07-87e8-8da06cb0cc62', 'network_type': 'vlan', 'physical_network': 'physnet1', 'segmentation_id': 326, 'network_id': 'a870dc7e-5db5-4972-b158-bda40adee775'}] {{(pid=106531) _bind_port_level /opt/stack/neutron/neutron/plugins/ml2/managers.py:835}}
Aug 17 08:38:44.444732 dv-cinder-853315-5-smb neutron-server[106531]: DEBUG neutron.plugins.ml2.drivers.mech_agent [req-e8a6db0e-b384-4a31-8313-8c531a28d610 req-dcb83be7-72ed-4403-8fb9-87adb5a84bcf service neutron] Attempting to bind port ab5cabd2-6cdc-49d1-8123-ff8a125621d7 on network a870dc7e-5db5-4972-b158-bda40adee775 {{(pid=106531) bind_port /opt/stack/neutron/neutron/plugins/ml2/drivers/mech_agent.py:91}}
Aug 17 08:38:44.471610 dv-cinder-853315-5-smb neutron-server[106531]: DEBUG neutron.pecan_wsgi.hooks.policy_enforcement [req-340b2a77-f948-4027-8b02-7a5a94619768 req-ae180010-e0e3-4663-89d3-020d5e81b84c tempest-DeleteServersTestJSON-314568124 tempest-DeleteServersTestJSON-314568124-project] Attributes excluded by policy engine: ['standard_attr_id', 'binding:profile', 'binding:host_id', 'binding:vif_type', 'binding:vif_details'] {{(pid=106531) _exclude_attributes_by_policy /opt/stack/neutron/neutron/pecan_wsgi/hooks/policy_enforcement.py:259}}
Aug 17 08:38:44.479898 dv-cinder-853315-5-smb neutron-server[106531]: INFO neutron.wsgi [req-340b2a77-f948-4027-8b02-7a5a94619768 req-ae180010-e0e3-4663-89d3-020d5e81b84c tempest-DeleteServersTestJSON-314568124 tempest-DeleteServersTestJSON-314568124-project] 10.222.0.18 "GET /networking/v2.0/ports?device_id=84f05852-54b8-4804-9da3-67b65c31b6c5 HTTP/1.1" status: 200 len: 943 time: 0.2789323
Aug 17 08:38:44.491240 dv-cinder-853315-5-smb neutron-server[106531]: DEBUG neutron.plugins.ml2.drivers.mech_agent [req-e8a6db0e-b384-4a31-8313-8c531a28d610 req-dcb83be7-72ed-4403-8fb9-87adb5a84bcf service neutron] Port ab5cabd2-6cdc-49d1-8123-ff8a125621d7 on network a870dc7e-5db5-4972-b158-bda40adee775 not bound, no agent of type Open vSwitch agent registered on host hv-cinder-85331 {{(pid=106531) bind_port /opt/stack/neutron/neutron/plugins/ml2/drivers/mech_agent.py:103}}
Aug 17 08:38:44.491240 dv-cinder-853315-5-smb neutron-server[106531]: DEBUG neutron.plugins.ml2.drivers.mech_agent [req-e8a6db0e-b384-4a31-8313-8c531a28d610 req-dcb83be7-72ed-4403-8fb9-87adb5a84bcf service neutron] Attempting to bind port ab5cabd2-6cdc-49d1-8123-ff8a125621d7 on network a870dc7e-5db5-4972-b158-bda40adee775 {{(pid=106531) bind_port /opt/stack/neutron/neutron/plugins/ml2/drivers/mech_agent.py:91}}
Aug 17 08:38:44.494846 dv-cinder-853315-5-smb neutron-server[106532]: DEBUG neutron_lib.callbacks.manager [None req-95ed7065-7800-4b58-956c-dd3925638cb0 None None] Publish callbacks ['neutron.services.segments.db._update_segment_host_mapping_for_agent-8726518644354', 'neutron.plugins.ml2.plugin.Ml2Plugin._retry_binding_revived_agents-1906918'] for agent (2eb206bf-7aae-46d7-9902-40da701ce424), after_update {{(pid=106532) _notify_loop /usr/local/lib/python3.8/dist-packages/neutron_lib/callbacks/manager.py:176}}
Aug 17 08:38:44.516203 dv-cinder-853315-5-smb neutron-server[106531]: DEBUG neutron.plugins.ml2.drivers.mech_agent [req-e8a6db0e-b384-4a31-8313-8c531a28d610 req-dcb83be7-72ed-4403-8fb9-87adb5a84bcf service neutron] Checking agent: {'id': '17823acf-80d5-4f46-a71a-555926eea3b1', 'agent_type': 'HyperV agent', 'binary': 'neutron-hyperv-agent', 'topic': 'N/A', 'host': 'hv-cinder-85331', 'admin_state_up': True, 'created_at': datetime.datetime(2022, 8, 17, 8, 36, 13), 'started_at': datetime.datetime(2022, 8, 17, 8, 36, 13), 'heartbeat_timestamp': datetime.datetime(2022, 8, 17, 8, 38, 43), 'description': None, 'resources_synced': None, 'availability_zone': None, 'alive': True, 'configurations': {'vswitch_mappings': {'physnet1$': 'br-data'}}, 'resource_versions': {}} {{(pid=106531) bind_port /opt/stack/neutron/neutron/plugins/ml2/drivers/mech_agent.py:110}}
Aug 17 08:38:44.516538 dv-cinder-853315-5-smb neutron-server[106531]: DEBUG neutron.plugins.ml2.drivers.mech_agent [req-e8a6db0e-b384-4a31-8313-8c531a28d610 req-dcb83be7-72ed-4403-8fb9-87adb5a84bcf service neutron] Checking segment: {'id': 'd342721c-441b-4c07-87e8-8da06cb0cc62', 'network_type': 'vlan', 'physical_network': 'physnet1', 'segmentation_id': 326, 'network_id': 'a870dc7e-5db5-4972-b158-bda40adee775'} for mappings: {'physnet1$': 'br-data'} with network types: ['local', 'flat', 'vlan'] {{(pid=106531) check_segment_for_agent /opt/stack/neutron/neutron/plugins/ml2/drivers/mech_agent.py:373}}
Aug 17 08:38:44.516918 dv-cinder-853315-5-smb neutron-server[106531]: DEBUG neutron.plugins.ml2.drivers.mech_agent [req-e8a6db0e-b384-4a31-8313-8c531a28d610 req-dcb83be7-72ed-4403-8fb9-87adb5a84bcf service neutron] Bound using segment: {'id': 'd342721c-441b-4c07-87e8-8da06cb0cc62', 'network_type': 'vlan', 'physical_network': 'physnet1', 'segmentation_id': 326, 'network_id': 'a870dc7e-5db5-4972-b158-bda40adee775'} {{(pid=106531) bind_port /opt/stack/neutron/neutron/plugins/ml2/drivers/mech_agent.py:120}}
Aug 17 08:38:44.517366 dv-cinder-853315-5-smb neutron-server[106531]: DEBUG neutron.plugins.ml2.managers [req-e8a6db0e-b384-4a31-8313-8c531a28d610 req-dcb83be7-72ed-4403-8fb9-87adb5a84bcf service neutron] Bound port: ab5cabd2-6cdc-49d1-8123-ff8a125621d7, host: hv-cinder-85331, vif_type: hyperv, vif_details: {"connectivity": "legacy", "port_filter": false}, binding_levels: [{'bound_driver': 'hyperv', 'bound_segment': {'id': 'd342721c-441b-4c07-87e8-8da06cb0cc62', 'network_type': 'vlan', 'physical_network': 'physnet1', 'segmentation_id': 326, 'network_id': 'a870dc7e-5db5-4972-b158-bda40adee775'}}] {{(pid=106531) _bind_port_level /opt/stack/neutron/neutron/plugins/ml2/managers.py:947}}
Aug 17 08:38:44.517715 dv-cinder-853315-5-smb neutron-server[106531]: DEBUG neutron_lib.callbacks.manager [req-e8a6db0e-b384-4a31-8313-8c531a28d610 req-dcb83be7-72ed-4403-8fb9-87adb5a84bcf service neutron] Publish callbacks ['neutron.plugins.ml2.plugin.SecurityGroupDbMixin._ensure_default_security_group_handler-2048249'] for port (ab5cabd2-6cdc-49d1-8123-ff8a125621d7), before_update {{(pid=106531) _notify_loop /usr/local/lib/python3.8/dist-packages/neutron_lib/callbacks/manager.py:176}}
Aug 17 08:38:44.549537 dv-cinder-853315-5-smb neutron-server[106530]: INFO neutron.wsgi [req-55c6233b-2edc-4549-899c-797c7d2dab76 req-1178b0e8-2418-4daa-9aa8-0af7d8b8e045 service neutron] 10.222.0.39 "GET /networking/v2.0/networks/8cc885f7-174c-4717-8fe6-c376c16fcd8c?fields=segments HTTP/1.1" status: 200 len: 212 time: 0.1713495
Aug 17 08:38:44.614538 dv-cinder-853315-5-smb neutron-server[106531]: INFO neutron.wsgi [req-340b2a77-f948-4027-8b02-7a5a94619768 req-62cbfb32-1bb3-40ba-8e72-5c5b4bd056f9 tempest-DeleteServersTestJSON-314568124 tempest-DeleteServersTestJSON-314568124-project] 10.222.0.18 "GET /networking/v2.0/security-groups?id=b2e1540a-78db-4b27-a942-bfd48786003c&fields=id&fields=name HTTP/1.1" status: 200 len: 286 time: 0.1337612
Aug 17 08:38:44.660168 dv-cinder-853315-5-smb neutron-server[106531]: DEBUG neutron.db.db_base_plugin_common [req-db37203d-502e-47b9-a877-7e744cabdcf3 req-e2f07826-5fd4-4b0a-a3af-64de6d7c60f1 tempest-AttachVolumeTestJSON-1420863986 tempest-AttachVolumeTestJSON-1420863986-project] Allocated IP 172.20.0.11 (bd8c0006-8d4a-4168-bef6-02b0e188935f/cd346010-35d0-451b-804c-6e2a4b5d4512/da4e0f11-1def-41b9-981a-0fb645c070b7) {{(pid=106531) _store_ip_allocation /opt/stack/neutron/neutron/db/db_base_plugin_common.py:131}}
Aug 17 08:38:44.669796 dv-cinder-853315-5-smb neutron-server[106531]: DEBUG neutron.plugins.ml2.db [req-e8a6db0e-b384-4a31-8313-8c531a28d610 req-dcb83be7-72ed-4403-8fb9-87adb5a84bcf service neutron] For port ab5cabd2-6cdc-49d1-8123-ff8a125621d7, host hv-cinder-85331, cleared binding levels {{(pid=106531) clear_binding_levels /opt/stack/neutron/neutron/plugins/ml2/db.py:87}}
Aug 17 08:38:44.676050 dv-cinder-853315-5-smb neutron-server[106531]: DEBUG neutron.plugins.ml2.db [req-e8a6db0e-b384-4a31-8313-8c531a28d610 req-dcb83be7-72ed-4403-8fb9-87adb5a84bcf service neutron] For port ab5cabd2-6cdc-49d1-8123-ff8a125621d7, host hv-cinder-85331, set binding levels [PortBindingLevel(driver='hyperv',host='hv-cinder-85331',level=0,port_id=ab5cabd2-6cdc-49d1-8123-ff8a125621d7,segment=NetworkSegment(d342721c-441b-4c07-87e8-8da06cb0cc62),segment_id=d342721c-441b-4c07-87e8-8da06cb0cc62)] {{(pid=106531) set_binding_levels /opt/stack/neutron/neutron/plugins/ml2/db.py:59}}
Aug 17 08:38:44.688713 dv-cinder-853315-5-smb neutron-server[106531]: DEBUG neutron_lib.callbacks.manager [req-e8a6db0e-b384-4a31-8313-8c531a28d610 req-dcb83be7-72ed-4403-8fb9-87adb5a84bcf service neutron] Publish callbacks ['neutron.plugins.ml2.plugin.SecurityGroupServerNotifierRpcMixin._notify_sg_on_port_change-2048184', 'neutron.plugins.ml2.ovo_rpc._ObjectChangeHandler.handle_event-110158', 'neutron.api.rpc.agentnotifiers.dhcp_rpc_agent_api.DhcpAgentNotifyAPI._native_event_send_dhcp_notification-528739', 'neutron.db.l3_db.L3RpcNotifierMixin._notify_gateway_port_ip_changed-8726518637177', 'neutron.db.l3_dvrscheduler_db._notify_l3_agent_port_update-8726518195743', 'neutron.db.l3_hascheduler_db._notify_l3_agent_ha_port_update-8726518195761'] for port (ab5cabd2-6cdc-49d1-8123-ff8a125621d7), after_update {{(pid=106531) _notify_loop /usr/local/lib/python3.8/dist-packages/neutron_lib/callbacks/manager.py:176}}
Aug 17 08:38:44.701332 dv-cinder-853315-5-smb neutron-server[106531]: DEBUG neutron.pecan_wsgi.hooks.policy_enforcement [req-e8a6db0e-b384-4a31-8313-8c531a28d610 req-dcb83be7-72ed-4403-8fb9-87adb5a84bcf service neutron] Attributes excluded by policy engine: ['standard_attr_id'] {{(pid=106531) _exclude_attributes_by_policy /opt/stack/neutron/neutron/pecan_wsgi/hooks/policy_enforcement.py:259}}
Aug 17 08:38:44.701950 dv-cinder-853315-5-smb neutron-server[106531]: DEBUG neutron_lib.callbacks.manager [req-e8a6db0e-b384-4a31-8313-8c531a28d610 req-dcb83be7-72ed-4403-8fb9-87adb5a84bcf service neutron] Publish callbacks ['neutron.notifiers.nova.Notifier._send_nova_notification-52702', 'neutron.api.rpc.agentnotifiers.dhcp_rpc_agent_api.DhcpAgentNotifyAPI._send_dhcp_notification-528753'] for port (None), before_response {{(pid=106531) _notify_loop /usr/local/lib/python3.8/dist-packages/neutron_lib/callbacks/manager.py:176}}
Aug 17 08:38:44.703702 dv-cinder-853315-5-smb neutron-server[106531]: INFO neutron.wsgi [req-e8a6db0e-b384-4a31-8313-8c531a28d610 req-dcb83be7-72ed-4403-8fb9-87adb5a84bcf service neutron] 10.222.0.39 "PUT /networking/v2.0/ports/ab5cabd2-6cdc-49d1-8123-ff8a125621d7 HTTP/1.1" status: 200 len: 1094 time: 1.7435338
Aug 17 08:38:44.703899 dv-cinder-853315-5-smb neutron-server[106531]: DEBUG neutron.notifiers.nova [-] Sending events: [{'name': 'network-changed', 'server_uuid': 'bf1f0b43-4c73-4ff3-8fc6-1b7c6cf3374f', 'tag': 'ab5cabd2-6cdc-49d1-8123-ff8a125621d7'}] {{(pid=106531) send_events /opt/stack/neutron/neutron/notifiers/nova.py:271}}
Aug 17 08:38:44.706148 dv-cinder-853315-5-smb neutron-server[106531]: DEBUG novaclient.v2.client [-] REQ: curl -g -i --cacert "/opt/stack/data/ca-bundle.pem" -X POST http://10.222.0.18/compute/v2.1/os-server-external-events -H "Accept: application/json" -H "Content-Type: application/json" -H "User-Agent: python-novaclient" -H "X-Auth-Token: {SHA256}72509f326bc229bcfc342feb2148a4b46ddf0267aae2d2ec6f83e1506437aa78" -H "X-OpenStack-Nova-API-Version: 2.1" -H "X-OpenStack-Request-ID: req-3f641cfd-131d-4e2f-9ef8-53557b0187b9" -d '{"events": [{"name": "network-changed", "server_uuid": "bf1f0b43-4c73-4ff3-8fc6-1b7c6cf3374f", "tag": "ab5cabd2-6cdc-49d1-8123-ff8a125621d7"}]}' {{(pid=106531) _http_log_request /usr/local/lib/python3.8/dist-packages/keystoneauth1/session.py:519}}
Aug 17 08:38:44.765072 dv-cinder-853315-5-smb neutron-server[106531]: DEBUG novaclient.v2.client [-] RESP: [200] Connection: close Content-Length: 179 Content-Type: application/json Date: Wed, 17 Aug 2022 08:38:44 GMT OpenStack-API-Version: compute 2.1 Server: Apache/2.4.41 (Ubuntu) Vary: OpenStack-API-Version,X-OpenStack-Nova-API-Version X-OpenStack-Nova-API-Version: 2.1 x-compute-request-id: req-c5de9d38-d6bc-4aa7-be24-9ce719726c50 x-openstack-request-id: req-c5de9d38-d6bc-4aa7-be24-9ce719726c50 {{(pid=106531) _http_log_response /usr/local/lib/python3.8/dist-packages/keystoneauth1/session.py:550}}
Aug 17 08:38:44.765072 dv-cinder-853315-5-smb neutron-server[106531]: DEBUG novaclient.v2.client [-] RESP BODY: {"events": [{"name": "network-changed", "server_uuid": "bf1f0b43-4c73-4ff3-8fc6-1b7c6cf3374f", "tag": "ab5cabd2-6cdc-49d1-8123-ff8a125621d7", "status": "completed", "code": 200}]} {{(pid=106531) _http_log_response /usr/local/lib/python3.8/dist-packages/keystoneauth1/session.py:582}}
Aug 17 08:38:44.765072 dv-cinder-853315-5-smb neutron-server[106531]: DEBUG novaclient.v2.client [-] POST call to compute for http://10.222.0.18/compute/v2.1/os-server-external-events used request id req-c5de9d38-d6bc-4aa7-be24-9ce719726c50 {{(pid=106531) request /usr/local/lib/python3.8/dist-packages/keystoneauth1/session.py:954}}
Aug 17 08:38:44.765072 dv-cinder-853315-5-smb neutron-server[106531]: INFO neutron.notifiers.nova [-] Nova event matching ['req-c5de9d38-d6bc-4aa7-be24-9ce719726c50'] response: {'name': 'network-changed', 'server_uuid': 'bf1f0b43-4c73-4ff3-8fc6-1b7c6cf3374f', 'tag': 'ab5cabd2-6cdc-49d1-8123-ff8a125621d7', 'status': 'completed', 'code': 200}
Aug 17 08:38:44.802193 dv-cinder-853315-5-smb neutron-server[106531]: DEBUG dbcounter [-] [106531] Writing DB stats neutron:SELECT=93,neutron:INSERT=6,neutron:UPDATE=1 {{(pid=106531) stat_writer /usr/local/lib/python3.8/dist-packages/dbcounter.py:114}}
Aug 17 08:38:44.811748 dv-cinder-853315-5-smb neutron-server[106531]: DEBUG neutron.api.rpc.handlers.resources_rpc [None req-dcb83be7-72ed-4403-8fb9-87adb5a84bcf service neutron] Pushing event updated for resources: {'Port': ['ID=ab5cabd2-6cdc-49d1-8123-ff8a125621d7,revision_number=3']} {{(pid=106531) push /opt/stack/neutron/neutron/api/rpc/handlers/resources_rpc.py:237}}
Aug 17 08:38:44.919784 dv-cinder-853315-5-smb neutron-server[106531]: DEBUG neutron_lib.callbacks.manager [req-db37203d-502e-47b9-a877-7e744cabdcf3 req-e2f07826-5fd4-4b0a-a3af-64de6d7c60f1 tempest-AttachVolumeTestJSON-1420863986 tempest-AttachVolumeTestJSON-1420863986-project] Publish callbacks [] for port (da4e0f11-1def-41b9-981a-0fb645c070b7), precommit_create {{(pid=106531) _notify_loop /usr/local/lib/python3.8/dist-packages/neutron_lib/callbacks/manager.py:176}}
Aug 17 08:38:45.062087 dv-cinder-853315-5-smb neutron-server[106533]: DEBUG dbcounter [-] [106533] Writing DB stats neutron:SELECT=73,neutron:UPDATE=3 {{(pid=106533) stat_writer /usr/local/lib/python3.8/dist-packages/dbcounter.py:114}}
Aug 17 08:38:45.137931 dv-cinder-853315-5-smb neutron-server[106532]: DEBUG neutron_lib.callbacks.manager [None req-96f05c36-4ced-433d-bfef-a5cff59ef526 None None] Publish callbacks ['neutron.services.segments.db._update_segment_host_mapping_for_agent-8726518644354', 'neutron.plugins.ml2.plugin.Ml2Plugin._retry_binding_revived_agents-1906918'] for agent (f0da7249-c9af-4ca5-b973-94e0cf99ce2c), after_update {{(pid=106532) _notify_loop /usr/local/lib/python3.8/dist-packages/neutron_lib/callbacks/manager.py:176}}
Aug 17 08:38:45.166851 dv-cinder-853315-5-smb neutron-server[106531]: DEBUG neutron.pecan_wsgi.hooks.policy_enforcement [req-d4fdf2cf-a471-47bf-a70d-889474fe611f req-11e79a15-7ffc-46af-9191-459bcc035666 tempest-ServerRescueNegativeTestJSON-49276991 tempest-ServerRescueNegativeTestJSON-49276991-project] Attributes excluded by policy engine: ['standard_attr_id', 'binding:profile', 'binding:host_id', 'binding:vif_type', 'binding:vif_details'] {{(pid=106531) _exclude_attributes_by_policy /opt/stack/neutron/neutron/pecan_wsgi/hooks/policy_enforcement.py:259}}
Aug 17 08:38:45.168410 dv-cinder-853315-5-smb neutron-server[106531]: INFO neutron.wsgi [req-d4fdf2cf-a471-47bf-a70d-889474fe611f req-11e79a15-7ffc-46af-9191-459bcc035666 tempest-ServerRescueNegativeTestJSON-49276991 tempest-ServerRescueNegativeTestJSON-49276991-project] 10.222.0.18 "GET /networking/v2.0/ports?device_id=79ea01c3-4d16-4bb5-9c25-1d5ecd3b09bd HTTP/1.1" status: 200 len: 943 time: 0.2526710
Aug 17 08:38:45.193935 dv-cinder-853315-5-smb neutron-server[106531]: DEBUG neutron.pecan_wsgi.hooks.policy_enforcement [req-d3485250-624b-4e56-a023-9a80adc9fd76 req-5cb28cc6-dfb4-42ed-a125-66cd964f2784 tempest-AttachVolumeShelveTestJSON-385401367 tempest-AttachVolumeShelveTestJSON-385401367-project] Attributes excluded by policy engine: ['standard_attr_id', 'binding:profile', 'binding:host_id', 'binding:vif_type', 'binding:vif_details'] {{(pid=106531) _exclude_attributes_by_policy /opt/stack/neutron/neutron/pecan_wsgi/hooks/policy_enforcement.py:259}}
Aug 17 08:38:45.195421 dv-cinder-853315-5-smb neutron-server[106531]: INFO neutron.wsgi [req-d3485250-624b-4e56-a023-9a80adc9fd76 req-5cb28cc6-dfb4-42ed-a125-66cd964f2784 tempest-AttachVolumeShelveTestJSON-385401367 tempest-AttachVolumeShelveTestJSON-385401367-project] 10.222.0.18 "GET /networking/v2.0/ports?device_id=bf1f0b43-4c73-4ff3-8fc6-1b7c6cf3374f HTTP/1.1" status: 200 len: 944 time: 0.2464042
Aug 17 08:38:45.198453 dv-cinder-853315-5-smb neutron-server[106531]: DEBUG neutron_lib.callbacks.manager [req-db37203d-502e-47b9-a877-7e744cabdcf3 req-e2f07826-5fd4-4b0a-a3af-64de6d7c60f1 tempest-AttachVolumeTestJSON-1420863986 tempest-AttachVolumeTestJSON-1420863986-project] Publish callbacks ['neutron.plugins.ml2.plugin.SecurityGroupServerNotifierRpcMixin._notify_sg_on_port_change-2048184', 'neutron.plugins.ml2.ovo_rpc._ObjectChangeHandler.handle_event-110158', 'neutron.api.rpc.agentnotifiers.dhcp_rpc_agent_api.DhcpAgentNotifyAPI._native_event_send_dhcp_notification-528739', 'neutron.db.l3_dvrscheduler_db._notify_l3_agent_new_port-8726518195725'] for port (da4e0f11-1def-41b9-981a-0fb645c070b7), after_create {{(pid=106531) _notify_loop /usr/local/lib/python3.8/dist-packages/neutron_lib/callbacks/manager.py:176}}
Aug 17 08:38:45.305910 dv-cinder-853315-5-smb neutron-server[106531]: DEBUG neutron.scheduler.dhcp_agent_scheduler [req-db37203d-502e-47b9-a877-7e744cabdcf3 req-e2f07826-5fd4-4b0a-a3af-64de6d7c60f1 tempest-AttachVolumeTestJSON-1420863986 tempest-AttachVolumeTestJSON-1420863986-project] Network bd8c0006-8d4a-4168-bef6-02b0e188935f is already hosted by enough agents. {{(pid=106531) _get_dhcp_agents_hosting_network /opt/stack/neutron/neutron/scheduler/dhcp_agent_scheduler.py:275}}
Aug 17 08:38:45.322936 dv-cinder-853315-5-smb neutron-server[106531]: DEBUG neutron.scheduler.base_scheduler [req-db37203d-502e-47b9-a877-7e744cabdcf3 req-e2f07826-5fd4-4b0a-a3af-64de6d7c60f1 tempest-AttachVolumeTestJSON-1420863986 tempest-AttachVolumeTestJSON-1420863986-project] Resources bound (agent type, host, resource id): {{(pid=106531) schedule /opt/stack/neutron/neutron/scheduler/base_scheduler.py:57}}
Aug 17 08:38:45.331461 dv-cinder-853315-5-smb neutron-server[106531]: DEBUG neutron.db.l3_dvrscheduler_db [req-db37203d-502e-47b9-a877-7e744cabdcf3 req-e2f07826-5fd4-4b0a-a3af-64de6d7c60f1 tempest-AttachVolumeTestJSON-1420863986 tempest-AttachVolumeTestJSON-1420863986-project] Received port after_create {{(pid=106531) _notify_l3_agent_new_port /opt/stack/neutron/neutron/db/l3_dvrscheduler_db.py:538}}
Aug 17 08:38:45.342342 dv-cinder-853315-5-smb neutron-server[106531]: DEBUG neutron.pecan_wsgi.hooks.policy_enforcement [req-db37203d-502e-47b9-a877-7e744cabdcf3 req-e2f07826-5fd4-4b0a-a3af-64de6d7c60f1 tempest-AttachVolumeTestJSON-1420863986 tempest-AttachVolumeTestJSON-1420863986-project] Attributes excluded by policy engine: ['standard_attr_id', 'binding:profile', 'binding:host_id', 'binding:vif_type', 'binding:vif_details', 'network'] {{(pid=106531) _exclude_attributes_by_policy /opt/stack/neutron/neutron/pecan_wsgi/hooks/policy_enforcement.py:259}}
Aug 17 08:38:45.343004 dv-cinder-853315-5-smb neutron-server[106531]: DEBUG neutron_lib.callbacks.manager [req-db37203d-502e-47b9-a877-7e744cabdcf3 req-e2f07826-5fd4-4b0a-a3af-64de6d7c60f1 tempest-AttachVolumeTestJSON-1420863986 tempest-AttachVolumeTestJSON-1420863986-project] Publish callbacks ['neutron.notifiers.nova.Notifier._send_nova_notification-52702', 'neutron.api.rpc.agentnotifiers.dhcp_rpc_agent_api.DhcpAgentNotifyAPI._send_dhcp_notification-528753'] for port (None), before_response {{(pid=106531) _notify_loop /usr/local/lib/python3.8/dist-packages/neutron_lib/callbacks/manager.py:176}}
Aug 17 08:38:45.352645 dv-cinder-853315-5-smb neutron-server[106531]: DEBUG neutron.api.rpc.handlers.resources_rpc [None req-e2f07826-5fd4-4b0a-a3af-64de6d7c60f1 tempest-AttachVolumeTestJSON-1420863986 tempest-AttachVolumeTestJSON-1420863986-project] Pushing event updated for resources: {'Port': ['ID=da4e0f11-1def-41b9-981a-0fb645c070b7,revision_number=1']} {{(pid=106531) push /opt/stack/neutron/neutron/api/rpc/handlers/resources_rpc.py:237}}
Aug 17 08:38:45.392254 dv-cinder-853315-5-smb neutron-server[106531]: INFO neutron.wsgi [req-d4fdf2cf-a471-47bf-a70d-889474fe611f req-87263f90-e641-4e6a-be4a-99fed6c46b95 tempest-ServerRescueNegativeTestJSON-49276991 tempest-ServerRescueNegativeTestJSON-49276991-project] 10.222.0.18 "GET /networking/v2.0/security-groups?id=315a0975-504a-42bf-9825-f1b2d02ce935&fields=id&fields=name HTTP/1.1" status: 200 len: 286 time: 0.2127731
Aug 17 08:38:45.400709 dv-cinder-853315-5-smb neutron-server[106531]: INFO neutron.wsgi [req-db37203d-502e-47b9-a877-7e744cabdcf3 req-e2f07826-5fd4-4b0a-a3af-64de6d7c60f1 tempest-AttachVolumeTestJSON-1420863986 tempest-AttachVolumeTestJSON-1420863986-project] 10.222.0.39 "POST /networking/v2.0/ports HTTP/1.1" status: 201 len: 934 time: 1.4757121
Aug 17 08:38:45.425414 dv-cinder-853315-5-smb neutron-server[106530]: INFO neutron.wsgi [req-55c6233b-2edc-4549-899c-797c7d2dab76 req-2db833f3-27ed-4dea-852a-e7844d725782 service neutron] 10.222.0.39 "GET /networking/v2.0/networks/8cc885f7-174c-4717-8fe6-c376c16fcd8c?fields=provider%3Aphysical_network&fields=provider%3Anetwork_type HTTP/1.1" status: 200 len: 281 time: 0.1349394
Aug 17 08:38:45.465610 dv-cinder-853315-5-smb neutron-server[106531]: INFO neutron.wsgi [req-d3485250-624b-4e56-a023-9a80adc9fd76 req-8e41ae47-d76e-4043-9a4c-38602040bdfb tempest-AttachVolumeShelveTestJSON-385401367 tempest-AttachVolumeShelveTestJSON-385401367-project] 10.222.0.18 "GET /networking/v2.0/security-groups?id=9b16c1bf-d19f-484a-85cc-0d8ec7754d83&fields=id&fields=name HTTP/1.1" status: 200 len: 313 time: 0.2571797
Aug 17 08:38:45.558561 dv-cinder-853315-5-smb neutron-server[106531]: DEBUG neutron.pecan_wsgi.hooks.policy_enforcement [req-5bab2cec-c4fd-4d55-9826-83c2a4cf055c req-ee256445-b4d2-440a-a7b0-538f7f76a5d5 tempest-AttachVolumeTestJSON-1420863986 tempest-AttachVolumeTestJSON-1420863986-project] Attributes excluded by policy engine: ['standard_attr_id', 'binding:profile', 'binding:host_id', 'binding:vif_type', 'binding:vif_details'] {{(pid=106531) _exclude_attributes_by_policy /opt/stack/neutron/neutron/pecan_wsgi/hooks/policy_enforcement.py:259}}
Aug 17 08:38:45.567697 dv-cinder-853315-5-smb neutron-server[106531]: INFO neutron.wsgi [req-5bab2cec-c4fd-4d55-9826-83c2a4cf055c req-ee256445-b4d2-440a-a7b0-538f7f76a5d5 tempest-AttachVolumeTestJSON-1420863986 tempest-AttachVolumeTestJSON-1420863986-project] 10.222.0.18 "GET /networking/v2.0/ports?device_id=ece6abd9-c14a-4a46-953b-c647d61b2daf HTTP/1.1" status: 200 len: 932 time: 0.0657613
Aug 17 08:38:45.621086 dv-cinder-853315-5-smb neutron-server[106532]: DEBUG neutron.plugins.ml2.rpc [None req-e07aca49-22fb-4f8d-8f50-7c9c1afb2491 None None] Device d3782659-aa93-4dc4-96b2-f9473ad43289 details requested by agent hyperv_hv-cinder-85331 with host hv-cinder-85331 {{(pid=106532) get_device_details /opt/stack/neutron/neutron/plugins/ml2/rpc.py:102}}
Aug 17 08:38:45.656263 dv-cinder-853315-5-smb neutron-server[106531]: INFO neutron.wsgi [req-5bab2cec-c4fd-4d55-9826-83c2a4cf055c req-f494c71f-019c-4f70-91c6-ee7c5b3116f7 tempest-AttachVolumeTestJSON-1420863986 tempest-AttachVolumeTestJSON-1420863986-project] 10.222.0.18 "GET /networking/v2.0/security-groups?id=8e6ad349-7d1c-4c77-abe3-c6eb4b5b399c&fields=id&fields=name HTTP/1.1" status: 200 len: 313 time: 0.0776620
Aug 17 08:38:45.810846 dv-cinder-853315-5-smb neutron-server[106531]: DEBUG neutron.pecan_wsgi.hooks.policy_enforcement [req-5ce2c2bd-16ca-4215-80a9-ea9a34328d8f req-e4f251f3-7411-4134-96e9-55deadfeb595 tempest-DeleteServersTestJSON-314568124 tempest-DeleteServersTestJSON-314568124-project] Attributes excluded by policy engine: ['standard_attr_id', 'binding:profile', 'binding:host_id', 'binding:vif_type', 'binding:vif_details'] {{(pid=106531) _exclude_attributes_by_policy /opt/stack/neutron/neutron/pecan_wsgi/hooks/policy_enforcement.py:259}}
Aug 17 08:38:45.813189 dv-cinder-853315-5-smb neutron-server[106531]: INFO neutron.wsgi [req-5ce2c2bd-16ca-4215-80a9-ea9a34328d8f req-e4f251f3-7411-4134-96e9-55deadfeb595 tempest-DeleteServersTestJSON-314568124 tempest-DeleteServersTestJSON-314568124-project] 10.222.0.18 "GET /networking/v2.0/ports?device_id=84f05852-54b8-4804-9da3-67b65c31b6c5 HTTP/1.1" status: 200 len: 943 time: 0.0709004
Aug 17 08:38:45.838360 dv-cinder-853315-5-smb neutron-server[106531]: DEBUG dbcounter [-] [106531] Writing DB stats neutron:SELECT=94,neutron:UPDATE=5,neutron:INSERT=1 {{(pid=106531) stat_writer /usr/local/lib/python3.8/dist-packages/dbcounter.py:114}}
Aug 17 08:38:45.882079 dv-cinder-853315-5-smb neutron-server[106531]: INFO neutron.wsgi [req-5ce2c2bd-16ca-4215-80a9-ea9a34328d8f req-1544c0da-e05c-4571-8903-2b48210effd0 tempest-DeleteServersTestJSON-314568124 tempest-DeleteServersTestJSON-314568124-project] 10.222.0.18 "GET /networking/v2.0/security-groups?id=b2e1540a-78db-4b27-a942-bfd48786003c&fields=id&fields=name HTTP/1.1" status: 200 len: 286 time: 0.0631127
Aug 17 08:38:45.913386 dv-cinder-853315-5-smb neutron-server[106532]: DEBUG neutron.db.provisioning_blocks [None req-ef4eb82b-d3bc-4588-8088-078c4375f279 None None] Provisioning complete for port da4e0f11-1def-41b9-981a-0fb645c070b7 triggered by entity DHCP. {{(pid=106532) provisioning_complete /opt/stack/neutron/neutron/db/provisioning_blocks.py:145}}
Aug 17 08:38:45.914114 dv-cinder-853315-5-smb neutron-server[106532]: DEBUG neutron_lib.callbacks.manager [None req-ef4eb82b-d3bc-4588-8088-078c4375f279 None None] Publish callbacks ['neutron.plugins.ml2.plugin.Ml2Plugin._port_provisioned-1906764'] for port (da4e0f11-1def-41b9-981a-0fb645c070b7), provisioning_complete {{(pid=106532) _notify_loop /usr/local/lib/python3.8/dist-packages/neutron_lib/callbacks/manager.py:176}}
Aug 17 08:38:45.960851 dv-cinder-853315-5-smb neutron-server[106532]: DEBUG dbcounter [-] [106532] Writing DB stats neutron:SELECT=98,neutron:UPDATE=2 {{(pid=106532) stat_writer /usr/local/lib/python3.8/dist-packages/dbcounter.py:114}}
Aug 17 08:38:45.999141 dv-cinder-853315-5-smb neutron-server[106532]: DEBUG neutron.plugins.ml2.plugin [None req-ef4eb82b-d3bc-4588-8088-078c4375f279 None None] Port da4e0f11-1def-41b9-981a-0fb645c070b7 cannot update to ACTIVE because it is not bound. {{(pid=106532) _port_provisioned /opt/stack/neutron/neutron/plugins/ml2/plugin.py:348}}
Aug 17 08:38:46.041316 dv-cinder-853315-5-smb neutron-server[106532]: DEBUG neutron.plugins.ml2.db [None req-e07aca49-22fb-4f8d-8f50-7c9c1afb2491 None None] For port d3782659-aa93-4dc4-96b2-f9473ad43289, host hv-cinder-85331, got binding levels [PortBindingLevel(driver='hyperv',host='hv-cinder-85331',level=0,port_id=d3782659-aa93-4dc4-96b2-f9473ad43289,segment=NetworkSegment(43ae35bf-817d-4409-be72-a21c2f173dba),segment_id=43ae35bf-817d-4409-be72-a21c2f173dba)] {{(pid=106532) get_binding_level_objs /opt/stack/neutron/neutron/plugins/ml2/db.py:74}}
Aug 17 08:38:46.054122 dv-cinder-853315-5-smb neutron-server[106532]: DEBUG neutron.plugins.ml2.rpc [None req-e07aca49-22fb-4f8d-8f50-7c9c1afb2491 None None] Returning: {'device': 'd3782659-aa93-4dc4-96b2-f9473ad43289', 'network_id': '8cc885f7-174c-4717-8fe6-c376c16fcd8c', 'port_id': 'd3782659-aa93-4dc4-96b2-f9473ad43289', 'mac_address': 'fa:16:3e:05:fa:e8', 'admin_state_up': True, 'network_type': 'vlan', 'segmentation_id': 313, 'physical_network': 'physnet1', 'mtu': 1500, 'fixed_ips': [{'subnet_id': 'b30fa750-0552-4a83-a182-a330a556ad7a', 'ip_address': '172.20.0.7'}], 'device_owner': 'compute:nova', 'allowed_address_pairs': [], 'port_security_enabled': True, 'qos_policy_id': None, 'qos_network_policy_id': None, 'profile': {}, 'propagate_uplink_status': False} {{(pid=106532) _get_device_details /opt/stack/neutron/neutron/plugins/ml2/rpc.py:184}}
Aug 17 08:38:46.056576 dv-cinder-853315-5-smb neutron-server[106532]: DEBUG dbcounter [-] [106532] Writing DB stats neutron:SELECT=96,neutron:UPDATE=4 {{(pid=106532) stat_writer /usr/local/lib/python3.8/dist-packages/dbcounter.py:114}}
Aug 17 08:38:46.098365 dv-cinder-853315-5-smb neutron-server[106532]: DEBUG neutron.plugins.ml2.plugin [None req-e07aca49-22fb-4f8d-8f50-7c9c1afb2491 None None] Current status of the port d3782659-aa93-4dc4-96b2-f9473ad43289 is: DOWN; New status is: BUILD {{(pid=106532) _update_individual_port_db_status /opt/stack/neutron/neutron/plugins/ml2/plugin.py:2302}}
Aug 17 08:38:46.098865 dv-cinder-853315-5-smb neutron-server[106532]: DEBUG neutron_lib.callbacks.manager [None req-e07aca49-22fb-4f8d-8f50-7c9c1afb2491 None None] Publish callbacks ['neutron.plugins.ml2.plugin.SecurityGroupDbMixin._ensure_default_security_group_handler-2048249'] for port (d3782659-aa93-4dc4-96b2-f9473ad43289), before_update {{(pid=106532) _notify_loop /usr/local/lib/python3.8/dist-packages/neutron_lib/callbacks/manager.py:176}}
Aug 17 08:38:46.118623 dv-cinder-853315-5-smb neutron-server[106532]: DEBUG neutron.notifiers.nova [None req-e07aca49-22fb-4f8d-8f50-7c9c1afb2491 None None] Ignoring state change previous_port_status: DOWN current_port_status: BUILD port_id d3782659-aa93-4dc4-96b2-f9473ad43289 {{(pid=106532) record_port_status_changed /opt/stack/neutron/neutron/notifiers/nova.py:233}}
Aug 17 08:38:46.144783 dv-cinder-853315-5-smb neutron-server[106532]: DEBUG neutron.plugins.ml2.db [None req-e07aca49-22fb-4f8d-8f50-7c9c1afb2491 None None] For port d3782659-aa93-4dc4-96b2-f9473ad43289, host hv-cinder-85331, got binding levels [PortBindingLevel(driver='hyperv',host='hv-cinder-85331',level=0,port_id=d3782659-aa93-4dc4-96b2-f9473ad43289,segment=NetworkSegment(43ae35bf-817d-4409-be72-a21c2f173dba),segment_id=43ae35bf-817d-4409-be72-a21c2f173dba)] {{(pid=106532) get_binding_level_objs /opt/stack/neutron/neutron/plugins/ml2/db.py:74}}
Aug 17 08:38:46.151601 dv-cinder-853315-5-smb neutron-server[106532]: DEBUG neutron_lib.callbacks.manager [None req-e07aca49-22fb-4f8d-8f50-7c9c1afb2491 None None] Publish callbacks ['neutron.plugins.ml2.plugin.SecurityGroupServerNotifierRpcMixin._notify_sg_on_port_change-2048184', 'neutron.plugins.ml2.ovo_rpc._ObjectChangeHandler.handle_event-110158', 'neutron.api.rpc.agentnotifiers.dhcp_rpc_agent_api.DhcpAgentNotifyAPI._native_event_send_dhcp_notification-528739', 'neutron.db.l3_db.L3RpcNotifierMixin._notify_gateway_port_ip_changed-8726518637177', 'neutron.db.l3_dvrscheduler_db._notify_l3_agent_port_update-8726518195743', 'neutron.db.l3_hascheduler_db._notify_l3_agent_ha_port_update-8726518195761'] for port (d3782659-aa93-4dc4-96b2-f9473ad43289), after_update {{(pid=106532) _notify_loop /usr/local/lib/python3.8/dist-packages/neutron_lib/callbacks/manager.py:176}}
Aug 17 08:38:46.211103 dv-cinder-853315-5-smb neutron-server[106532]: DEBUG neutron.api.rpc.handlers.resources_rpc [None req-e07aca49-22fb-4f8d-8f50-7c9c1afb2491 None None] Pushing event updated for resources: {'Port': ['ID=d3782659-aa93-4dc4-96b2-f9473ad43289,revision_number=4']} {{(pid=106532) push /opt/stack/neutron/neutron/api/rpc/handlers/resources_rpc.py:237}}
Aug 17 08:38:46.211978 dv-cinder-853315-5-smb neutron-server[106531]: DEBUG neutron.api.v2.base [req-db37203d-502e-47b9-a877-7e744cabdcf3 req-be38eaad-c4ed-449a-835a-bb70a2769451 service neutron] Request body: {'port': {'device_id': 'ece6abd9-c14a-4a46-953b-c647d61b2daf', 'device_owner': 'compute:nova', 'binding:host_id': 'hv-cinder-85331'}} {{(pid=106531) prepare_request_body /opt/stack/neutron/neutron/api/v2/base.py:730}}
Aug 17 08:38:46.247120 dv-cinder-853315-5-smb neutron-server[106530]: DEBUG neutron.pecan_wsgi.hooks.policy_enforcement [req-c8eee2cd-b59f-4bc5-811c-d99f449fc162 req-2cf3cab9-734c-47ef-b6a0-0f133b6a92b9 service neutron] Attributes excluded by policy engine: ['standard_attr_id'] {{(pid=106530) _exclude_attributes_by_policy /opt/stack/neutron/neutron/pecan_wsgi/hooks/policy_enforcement.py:259}}
Aug 17 08:38:46.248697 dv-cinder-853315-5-smb neutron-server[106530]: INFO neutron.wsgi [req-c8eee2cd-b59f-4bc5-811c-d99f449fc162 req-2cf3cab9-734c-47ef-b6a0-0f133b6a92b9 service neutron] 10.222.0.39 "GET /networking/v2.0/ports?tenant_id=31942f8b67ff4bd5ac36f023f0d7ac2d&device_id=84f05852-54b8-4804-9da3-67b65c31b6c5 HTTP/1.1" status: 200 len: 1127 time: 0.1194813
Aug 17 08:38:46.251980 dv-cinder-853315-5-smb neutron-server[106530]: DEBUG neutron.pecan_wsgi.hooks.policy_enforcement [req-3f641cfd-131d-4e2f-9ef8-53557b0187b9 req-b759bd6e-8bf7-445f-91bc-0ec2180e0801 service neutron] Attributes excluded by policy engine: ['standard_attr_id'] {{(pid=106530) _exclude_attributes_by_policy /opt/stack/neutron/neutron/pecan_wsgi/hooks/policy_enforcement.py:259}}
Aug 17 08:38:46.253640 dv-cinder-853315-5-smb neutron-server[106530]: INFO neutron.wsgi [req-3f641cfd-131d-4e2f-9ef8-53557b0187b9 req-b759bd6e-8bf7-445f-91bc-0ec2180e0801 service neutron] 10.222.0.39 "GET /networking/v2.0/ports?tenant_id=1ee6d842bba646d7a398ca6b13f1648f&device_id=bf1f0b43-4c73-4ff3-8fc6-1b7c6cf3374f HTTP/1.1" status: 200 len: 1128 time: 0.1444256
Aug 17 08:38:46.301765 dv-cinder-853315-5-smb neutron-server[106531]: DEBUG neutron.pecan_wsgi.hooks.policy_enforcement [req-3766aecf-1086-4e63-b3ad-d36d037b48b1 req-76835143-f99c-4f51-8fd4-064d3c3b9a25 service neutron] Attributes excluded by policy engine: ['standard_attr_id'] {{(pid=106531) _exclude_attributes_by_policy /opt/stack/neutron/neutron/pecan_wsgi/hooks/policy_enforcement.py:259}}
Aug 17 08:38:46.303476 dv-cinder-853315-5-smb neutron-server[106531]: INFO neutron.wsgi [req-3766aecf-1086-4e63-b3ad-d36d037b48b1 req-76835143-f99c-4f51-8fd4-064d3c3b9a25 service neutron] 10.222.0.39 "GET /networking/v2.0/ports?tenant_id=e64df321042e4c098a3103ef74274870&device_id=99dbd84b-b316-45cf-ba02-c4fad899eada HTTP/1.1" status: 200 len: 1127 time: 0.1936448
Aug 17 08:38:46.353889 dv-cinder-853315-5-smb neutron-server[106531]: DEBUG neutron.wsgi [-] (106531) accepted ('10.222.0.18', 44866) {{(pid=106531) server /usr/local/lib/python3.8/dist-packages/eventlet/wsgi.py:1004}}
Aug 17 08:38:46.543335 dv-cinder-853315-5-smb neutron-server[106532]: DEBUG neutron.plugins.ml2.db [None req-e07aca49-22fb-4f8d-8f50-7c9c1afb2491 None None] get_ports_and_sgs() called for port_ids ['d3782659-aa93-4dc4-96b2-f9473ad43289'] {{(pid=106532) get_ports_and_sgs /opt/stack/neutron/neutron/plugins/ml2/db.py:163}}
Aug 17 08:38:46.565964 dv-cinder-853315-5-smb neutron-server[106530]: DEBUG neutron.pecan_wsgi.hooks.policy_enforcement [req-3f641cfd-131d-4e2f-9ef8-53557b0187b9 req-b8ea9ec1-a192-49fa-acc6-28781265253a service neutron] Attributes excluded by policy engine: ['standard_attr_id', 'vlan_transparent'] {{(pid=106530) _exclude_attributes_by_policy /opt/stack/neutron/neutron/pecan_wsgi/hooks/policy_enforcement.py:259}}
Aug 17 08:38:46.568353 dv-cinder-853315-5-smb neutron-server[106530]: INFO neutron.wsgi [req-3f641cfd-131d-4e2f-9ef8-53557b0187b9 req-b8ea9ec1-a192-49fa-acc6-28781265253a service neutron] 10.222.0.39 "GET /networking/v2.0/networks?tenant_id=1ee6d842bba646d7a398ca6b13f1648f&shared=False HTTP/1.1" status: 200 len: 917 time: 0.2886388
Aug 17 08:38:46.611825 dv-cinder-853315-5-smb neutron-server[106530]: DEBUG dbcounter [-] [106530] Writing DB stats neutron:SELECT=100 {{(pid=106530) stat_writer /usr/local/lib/python3.8/dist-packages/dbcounter.py:114}}
Aug 17 08:38:46.627903 dv-cinder-853315-5-smb neutron-server[106530]: DEBUG neutron.pecan_wsgi.hooks.policy_enforcement [req-c8eee2cd-b59f-4bc5-811c-d99f449fc162 req-c7e8d61c-1da5-4a2f-b03a-0677aa618d08 service neutron] Attributes excluded by policy engine: ['standard_attr_id', 'vlan_transparent'] {{(pid=106530) _exclude_attributes_by_policy /opt/stack/neutron/neutron/pecan_wsgi/hooks/policy_enforcement.py:259}}
Aug 17 08:38:46.629721 dv-cinder-853315-5-smb neutron-server[106530]: INFO neutron.wsgi [req-c8eee2cd-b59f-4bc5-811c-d99f449fc162 req-c7e8d61c-1da5-4a2f-b03a-0677aa618d08 service neutron] 10.222.0.39 "GET /networking/v2.0/networks?id=b7e838b3-bf57-4777-a5c0-f5a5629b4a82 HTTP/1.1" status: 200 len: 913 time: 0.3606246
Aug 17 08:38:46.654640 dv-cinder-853315-5-smb neutron-server[106531]: DEBUG neutron_lib.callbacks.manager [req-db37203d-502e-47b9-a877-7e744cabdcf3 req-be38eaad-c4ed-449a-835a-bb70a2769451 service neutron] Publish callbacks ['neutron.plugins.ml2.plugin.SecurityGroupDbMixin._ensure_default_security_group_handler-2048249'] for port (da4e0f11-1def-41b9-981a-0fb645c070b7), before_update {{(pid=106531) _notify_loop /usr/local/lib/python3.8/dist-packages/neutron_lib/callbacks/manager.py:176}}
Aug 17 08:38:46.690025 dv-cinder-853315-5-smb neutron-server[106531]: DEBUG neutron.pecan_wsgi.hooks.policy_enforcement [req-3766aecf-1086-4e63-b3ad-d36d037b48b1 req-3eb70eb5-c3f7-40da-b65c-c6cc5c3112e9 service neutron] Attributes excluded by policy engine: ['standard_attr_id', 'vlan_transparent'] {{(pid=106531) _exclude_attributes_by_policy /opt/stack/neutron/neutron/pecan_wsgi/hooks/policy_enforcement.py:259}}
Aug 17 08:38:46.691664 dv-cinder-853315-5-smb neutron-server[106531]: INFO neutron.wsgi [req-3766aecf-1086-4e63-b3ad-d36d037b48b1 req-3eb70eb5-c3f7-40da-b65c-c6cc5c3112e9 service neutron] 10.222.0.39 "GET /networking/v2.0/networks?id=8cc885f7-174c-4717-8fe6-c376c16fcd8c HTTP/1.1" status: 200 len: 920 time: 0.3812687
