Aug 17 08:38:11.406628 dv-cinder-853315-5-iscsi devstack@c-api.service[120132]: INFO cinder.api.openstack.wsgi [None req-d0994127-c36d-4392-b2bd-a187edf4a129 tempest-QosSpecsTestJSON-72082439 tempest-QosSpecsTestJSON-72082439-project-admin] DELETE http://10.222.0.15/volume/v3/d91eb13ebcae472c96c08085fe4826c6/qos-specs/f482d3dd-f04e-48f5-8629-97f21d1c4a2f?force=False
Aug 17 08:38:11.407091 dv-cinder-853315-5-iscsi devstack@c-api.service[120132]: DEBUG cinder.api.openstack.wsgi [None req-d0994127-c36d-4392-b2bd-a187edf4a129 tempest-QosSpecsTestJSON-72082439 tempest-QosSpecsTestJSON-72082439-project-admin] Empty body provided in request {{(pid=120132) get_body /opt/stack/cinder/cinder/api/openstack/wsgi.py:715}}
Aug 17 08:38:11.407593 dv-cinder-853315-5-iscsi devstack@c-api.service[120132]: DEBUG cinder.api.openstack.wsgi [None req-d0994127-c36d-4392-b2bd-a187edf4a129 tempest-QosSpecsTestJSON-72082439 tempest-QosSpecsTestJSON-72082439-project-admin] Calling method 'delete' {{(pid=120132) _process_stack /opt/stack/cinder/cinder/api/openstack/wsgi.py:868}}
Aug 17 08:38:11.408262 dv-cinder-853315-5-iscsi devstack@c-api.service[120132]: /usr/local/lib/python3.8/dist-packages/oslo_context/context.py:100: DeprecationWarning: Policy enforcement is depending on the value of is_admin. This key is deprecated. Please update your policy file to use the standard policy values.
Aug 17 08:38:11.408262 dv-cinder-853315-5-iscsi devstack@c-api.service[120132]: warnings.warn('Policy enforcement is depending on the value of '
Aug 17 08:38:11.408983 dv-cinder-853315-5-iscsi devstack@c-api.service[120132]: DEBUG cinder.api.contrib.qos_specs_manage [None req-d0994127-c36d-4392-b2bd-a187edf4a129 tempest-QosSpecsTestJSON-72082439 tempest-QosSpecsTestJSON-72082439-project-admin] Delete qos_spec: f482d3dd-f04e-48f5-8629-97f21d1c4a2f, force: False {{(pid=120132) delete /opt/stack/cinder/cinder/api/contrib/qos_specs_manage.py:168}}
Aug 17 08:38:11.464247 dv-cinder-853315-5-iscsi devstack@c-api.service[120131]: DEBUG cinder.api.middleware.request_id [None req-253c19cf-86e1-4ef9-be01-7674ecf9e83a None None] RequestId filter calling following filter/app {{(pid=120131) _context_setter /opt/stack/cinder/cinder/api/middleware/request_id.py:62}}
Aug 17 08:38:11.468385 dv-cinder-853315-5-iscsi devstack@c-api.service[120131]: INFO cinder.api.openstack.wsgi [None req-253c19cf-86e1-4ef9-be01-7674ecf9e83a tempest-SnapshotsActionsTest-298421178 tempest-SnapshotsActionsTest-298421178-project] GET http://10.222.0.15/volume/v3/7ee34cbec3304fa2ac876bfe824fa904/snapshots/7139679d-332c-45b9-9365-5410473d41be
Aug 17 08:38:11.469182 dv-cinder-853315-5-iscsi devstack@c-api.service[120131]: DEBUG cinder.api.openstack.wsgi [None req-253c19cf-86e1-4ef9-be01-7674ecf9e83a tempest-SnapshotsActionsTest-298421178 tempest-SnapshotsActionsTest-298421178-project] Empty body provided in request {{(pid=120131) get_body /opt/stack/cinder/cinder/api/openstack/wsgi.py:715}}
Aug 17 08:38:11.469778 dv-cinder-853315-5-iscsi devstack@c-api.service[120131]: DEBUG cinder.api.openstack.wsgi [None req-253c19cf-86e1-4ef9-be01-7674ecf9e83a tempest-SnapshotsActionsTest-298421178 tempest-SnapshotsActionsTest-298421178-project] Calling method 'show' {{(pid=120131) _process_stack /opt/stack/cinder/cinder/api/openstack/wsgi.py:868}}
Aug 17 08:38:11.498564 dv-cinder-853315-5-iscsi devstack@c-api.service[120131]: /usr/local/lib/python3.8/dist-packages/oslo_context/context.py:100: DeprecationWarning: Policy enforcement is depending on the value of is_admin. This key is deprecated. Please update your policy file to use the standard policy values.
Aug 17 08:38:11.498564 dv-cinder-853315-5-iscsi devstack@c-api.service[120131]: warnings.warn('Policy enforcement is depending on the value of '
Aug 17 08:38:11.501073 dv-cinder-853315-5-iscsi devstack@c-api.service[120132]: INFO cinder.api.openstack.wsgi [None req-d0994127-c36d-4392-b2bd-a187edf4a129 tempest-QosSpecsTestJSON-72082439 tempest-QosSpecsTestJSON-72082439-project-admin] http://10.222.0.15/volume/v3/d91eb13ebcae472c96c08085fe4826c6/qos-specs/f482d3dd-f04e-48f5-8629-97f21d1c4a2f?force=False returned with HTTP 202
Aug 17 08:38:11.505923 dv-cinder-853315-5-iscsi devstack@c-api.service[120132]: [pid: 120132|app: 0|req: 118/211] 10.222.0.15 () {58 vars in 1357 bytes} [Wed Aug 17 08:38:11 2022] DELETE /volume/v3/d91eb13ebcae472c96c08085fe4826c6/qos-specs/f482d3dd-f04e-48f5-8629-97f21d1c4a2f?force=False => generated 0 bytes in 115 msecs (HTTP/1.1 202) 6 headers in 233 bytes (1 switches on core 0)
Aug 17 08:38:11.506320 dv-cinder-853315-5-iscsi devstack@c-api.service[120131]: INFO cinder.volume.api [None req-253c19cf-86e1-4ef9-be01-7674ecf9e83a tempest-SnapshotsActionsTest-298421178 tempest-SnapshotsActionsTest-298421178-project] Snapshot retrieved successfully.
Aug 17 08:38:11.507652 dv-cinder-853315-5-iscsi devstack@c-api.service[120132]: DEBUG cinder.api.middleware.request_id [None req-c6b7276c-e61d-45f6-bfde-811b5eee8d80 None None] RequestId filter calling following filter/app {{(pid=120132) _context_setter /opt/stack/cinder/cinder/api/middleware/request_id.py:62}}
Aug 17 08:38:11.510321 dv-cinder-853315-5-iscsi devstack@c-api.service[120131]: INFO cinder.api.openstack.wsgi [None req-253c19cf-86e1-4ef9-be01-7674ecf9e83a tempest-SnapshotsActionsTest-298421178 tempest-SnapshotsActionsTest-298421178-project] http://10.222.0.15/volume/v3/7ee34cbec3304fa2ac876bfe824fa904/snapshots/7139679d-332c-45b9-9365-5410473d41be returned with HTTP 200
Aug 17 08:38:11.515403 dv-cinder-853315-5-iscsi devstack@c-api.service[120132]: INFO cinder.api.openstack.wsgi [None req-c6b7276c-e61d-45f6-bfde-811b5eee8d80 tempest-QosSpecsTestJSON-72082439 tempest-QosSpecsTestJSON-72082439-project-admin] GET http://10.222.0.15/volume/v3/d91eb13ebcae472c96c08085fe4826c6/qos-specs/f482d3dd-f04e-48f5-8629-97f21d1c4a2f
Aug 17 08:38:11.516804 dv-cinder-853315-5-iscsi devstack@c-api.service[120131]: [pid: 120131|app: 0|req: 94/212] 10.222.0.15 () {58 vars in 1331 bytes} [Wed Aug 17 08:38:11 2022] GET /volume/v3/7ee34cbec3304fa2ac876bfe824fa904/snapshots/7139679d-332c-45b9-9365-5410473d41be => generated 439 bytes in 54 msecs (HTTP/1.1 200) 7 headers in 285 bytes (1 switches on core 0)
Aug 17 08:38:11.517372 dv-cinder-853315-5-iscsi devstack@c-api.service[120132]: DEBUG cinder.api.openstack.wsgi [None req-c6b7276c-e61d-45f6-bfde-811b5eee8d80 tempest-QosSpecsTestJSON-72082439 tempest-QosSpecsTestJSON-72082439-project-admin] Empty body provided in request {{(pid=120132) get_body /opt/stack/cinder/cinder/api/openstack/wsgi.py:715}}
Aug 17 08:38:11.519163 dv-cinder-853315-5-iscsi devstack@c-api.service[120132]: DEBUG cinder.api.openstack.wsgi [None req-c6b7276c-e61d-45f6-bfde-811b5eee8d80 tempest-QosSpecsTestJSON-72082439 tempest-QosSpecsTestJSON-72082439-project-admin] Calling method 'show' {{(pid=120132) _process_stack /opt/stack/cinder/cinder/api/openstack/wsgi.py:868}}
Aug 17 08:38:11.521928 dv-cinder-853315-5-iscsi devstack@c-api.service[120132]: /usr/local/lib/python3.8/dist-packages/oslo_context/context.py:100: DeprecationWarning: Policy enforcement is depending on the value of is_admin. This key is deprecated. Please update your policy file to use the standard policy values.
Aug 17 08:38:11.521928 dv-cinder-853315-5-iscsi devstack@c-api.service[120132]: warnings.warn('Policy enforcement is depending on the value of '
Aug 17 08:38:11.539098 dv-cinder-853315-5-iscsi devstack@c-api.service[120132]: INFO cinder.api.openstack.wsgi [None req-c6b7276c-e61d-45f6-bfde-811b5eee8d80 tempest-QosSpecsTestJSON-72082439 tempest-QosSpecsTestJSON-72082439-project-admin] http://10.222.0.15/volume/v3/d91eb13ebcae472c96c08085fe4826c6/qos-specs/f482d3dd-f04e-48f5-8629-97f21d1c4a2f returned with HTTP 404
Aug 17 08:38:11.541097 dv-cinder-853315-5-iscsi devstack@c-api.service[120132]: [pid: 120132|app: 0|req: 119/213] 10.222.0.15 () {58 vars in 1331 bytes} [Wed Aug 17 08:38:11 2022] GET /volume/v3/d91eb13ebcae472c96c08085fe4826c6/qos-specs/f482d3dd-f04e-48f5-8629-97f21d1c4a2f => generated 100 bytes in 34 msecs (HTTP/1.1 404) 7 headers in 292 bytes (1 switches on core 0)
Aug 17 08:38:11.545771 dv-cinder-853315-5-iscsi devstack@c-api.service[120131]: DEBUG cinder.api.middleware.request_id [None req-f38a962e-700d-474d-971f-63c54390f5ed None None] RequestId filter calling following filter/app {{(pid=120131) _context_setter /opt/stack/cinder/cinder/api/middleware/request_id.py:62}}
Aug 17 08:38:11.550963 dv-cinder-853315-5-iscsi devstack@c-api.service[120131]: INFO cinder.api.openstack.wsgi [None req-f38a962e-700d-474d-971f-63c54390f5ed tempest-QosSpecsTestJSON-72082439 tempest-QosSpecsTestJSON-72082439-project-admin] GET http://10.222.0.15/volume/v3/d91eb13ebcae472c96c08085fe4826c6/qos-specs
Aug 17 08:38:11.551412 dv-cinder-853315-5-iscsi devstack@c-api.service[120131]: DEBUG cinder.api.openstack.wsgi [None req-f38a962e-700d-474d-971f-63c54390f5ed tempest-QosSpecsTestJSON-72082439 tempest-QosSpecsTestJSON-72082439-project-admin] Empty body provided in request {{(pid=120131) get_body /opt/stack/cinder/cinder/api/openstack/wsgi.py:715}}
Aug 17 08:38:11.551892 dv-cinder-853315-5-iscsi devstack@c-api.service[120131]: DEBUG cinder.api.openstack.wsgi [None req-f38a962e-700d-474d-971f-63c54390f5ed tempest-QosSpecsTestJSON-72082439 tempest-QosSpecsTestJSON-72082439-project-admin] Calling method 'index' {{(pid=120131) _process_stack /opt/stack/cinder/cinder/api/openstack/wsgi.py:868}}
Aug 17 08:38:11.577517 dv-cinder-853315-5-iscsi devstack@c-api.service[120131]: INFO cinder.api.openstack.wsgi [None req-f38a962e-700d-474d-971f-63c54390f5ed tempest-QosSpecsTestJSON-72082439 tempest-QosSpecsTestJSON-72082439-project-admin] http://10.222.0.15/volume/v3/d91eb13ebcae472c96c08085fe4826c6/qos-specs returned with HTTP 200
Aug 17 08:38:11.587928 dv-cinder-853315-5-iscsi devstack@c-api.service[120131]: [pid: 120131|app: 0|req: 95/214] 10.222.0.15 () {58 vars in 1220 bytes} [Wed Aug 17 08:38:11 2022] GET /volume/v3/d91eb13ebcae472c96c08085fe4826c6/qos-specs => generated 174 bytes in 43 msecs (HTTP/1.1 200) 7 headers in 285 bytes (1 switches on core 0)
Aug 17 08:38:11.588107 dv-cinder-853315-5-iscsi devstack@c-api.service[120132]: DEBUG cinder.api.middleware.request_id [None req-c5251d2b-6561-4026-8b99-fa6b09b02526 None None] RequestId filter calling following filter/app {{(pid=120132) _context_setter /opt/stack/cinder/cinder/api/middleware/request_id.py:62}}
Aug 17 08:38:11.607535 dv-cinder-853315-5-iscsi devstack@c-api.service[120132]: INFO cinder.api.openstack.wsgi [None req-c5251d2b-6561-4026-8b99-fa6b09b02526 tempest-QosSpecsTestJSON-72082439 tempest-QosSpecsTestJSON-72082439-project-admin] GET http://10.222.0.15/volume/v3/d91eb13ebcae472c96c08085fe4826c6/qos-specs/154746c4-0f4f-4511-8f01-6e7b8bb994b0
Aug 17 08:38:11.608982 dv-cinder-853315-5-iscsi devstack@c-api.service[120132]: DEBUG cinder.api.openstack.wsgi [None req-c5251d2b-6561-4026-8b99-fa6b09b02526 tempest-QosSpecsTestJSON-72082439 tempest-QosSpecsTestJSON-72082439-project-admin] Empty body provided in request {{(pid=120132) get_body /opt/stack/cinder/cinder/api/openstack/wsgi.py:715}}
Aug 17 08:38:11.609625 dv-cinder-853315-5-iscsi devstack@c-api.service[120132]: DEBUG cinder.api.openstack.wsgi [None req-c5251d2b-6561-4026-8b99-fa6b09b02526 tempest-QosSpecsTestJSON-72082439 tempest-QosSpecsTestJSON-72082439-project-admin] Calling method 'show' {{(pid=120132) _process_stack /opt/stack/cinder/cinder/api/openstack/wsgi.py:868}}
Aug 17 08:38:11.642058 dv-cinder-853315-5-iscsi devstack@c-api.service[120132]: INFO cinder.api.openstack.wsgi [None req-c5251d2b-6561-4026-8b99-fa6b09b02526 tempest-QosSpecsTestJSON-72082439 tempest-QosSpecsTestJSON-72082439-project-admin] http://10.222.0.15/volume/v3/d91eb13ebcae472c96c08085fe4826c6/qos-specs/154746c4-0f4f-4511-8f01-6e7b8bb994b0 returned with HTTP 200
Aug 17 08:38:11.642877 dv-cinder-853315-5-iscsi devstack@c-api.service[120132]: [pid: 120132|app: 0|req: 120/215] 10.222.0.15 () {58 vars in 1331 bytes} [Wed Aug 17 08:38:11 2022] GET /volume/v3/d91eb13ebcae472c96c08085fe4826c6/qos-specs/154746c4-0f4f-4511-8f01-6e7b8bb994b0 => generated 458 bytes in 56 msecs (HTTP/1.1 200) 7 headers in 285 bytes (1 switches on core 0)
Aug 17 08:38:11.651251 dv-cinder-853315-5-iscsi devstack@c-api.service[120131]: DEBUG cinder.api.middleware.request_id [None req-5a8e4c91-7b35-4a31-9063-d567de811eb9 None None] RequestId filter calling following filter/app {{(pid=120131) _context_setter /opt/stack/cinder/cinder/api/middleware/request_id.py:62}}
Aug 17 08:38:11.656913 dv-cinder-853315-5-iscsi devstack@c-api.service[120131]: INFO cinder.api.openstack.wsgi [None req-5a8e4c91-7b35-4a31-9063-d567de811eb9 tempest-QosSpecsTestJSON-72082439 tempest-QosSpecsTestJSON-72082439-project-admin] GET http://10.222.0.15/volume/v3/d91eb13ebcae472c96c08085fe4826c6/qos-specs
Aug 17 08:38:11.657363 dv-cinder-853315-5-iscsi devstack@c-api.service[120131]: DEBUG cinder.api.openstack.wsgi [None req-5a8e4c91-7b35-4a31-9063-d567de811eb9 tempest-QosSpecsTestJSON-72082439 tempest-QosSpecsTestJSON-72082439-project-admin] Empty body provided in request {{(pid=120131) get_body /opt/stack/cinder/cinder/api/openstack/wsgi.py:715}}
Aug 17 08:38:11.657921 dv-cinder-853315-5-iscsi devstack@c-api.service[120131]: DEBUG cinder.api.openstack.wsgi [None req-5a8e4c91-7b35-4a31-9063-d567de811eb9 tempest-QosSpecsTestJSON-72082439 tempest-QosSpecsTestJSON-72082439-project-admin] Calling method 'index' {{(pid=120131) _process_stack /opt/stack/cinder/cinder/api/openstack/wsgi.py:868}}
Aug 17 08:38:11.658518 dv-cinder-853315-5-iscsi devstack@c-api.service[120131]: /usr/local/lib/python3.8/dist-packages/oslo_context/context.py:100: DeprecationWarning: Policy enforcement is depending on the value of is_admin. This key is deprecated. Please update your policy file to use the standard policy values.
Aug 17 08:38:11.658518 dv-cinder-853315-5-iscsi devstack@c-api.service[120131]: warnings.warn('Policy enforcement is depending on the value of '
Aug 17 08:38:11.680860 dv-cinder-853315-5-iscsi devstack@c-api.service[120131]: INFO cinder.api.openstack.wsgi [None req-5a8e4c91-7b35-4a31-9063-d567de811eb9 tempest-QosSpecsTestJSON-72082439 tempest-QosSpecsTestJSON-72082439-project-admin] http://10.222.0.15/volume/v3/d91eb13ebcae472c96c08085fe4826c6/qos-specs returned with HTTP 200
Aug 17 08:38:11.683494 dv-cinder-853315-5-iscsi devstack@c-api.service[120131]: [pid: 120131|app: 0|req: 96/216] 10.222.0.15 () {58 vars in 1220 bytes} [Wed Aug 17 08:38:11 2022] GET /volume/v3/d91eb13ebcae472c96c08085fe4826c6/qos-specs => generated 174 bytes in 33 msecs (HTTP/1.1 200) 7 headers in 285 bytes (1 switches on core 0)
Aug 17 08:38:11.691042 dv-cinder-853315-5-iscsi devstack@c-api.service[120132]: DEBUG cinder.api.middleware.request_id [None req-04940551-61d5-4625-9d4e-f5509cd2be4f None None] RequestId filter calling following filter/app {{(pid=120132) _context_setter /opt/stack/cinder/cinder/api/middleware/request_id.py:62}}
Aug 17 08:38:11.706946 dv-cinder-853315-5-iscsi devstack@c-api.service[120132]: INFO cinder.api.openstack.wsgi [None req-04940551-61d5-4625-9d4e-f5509cd2be4f tempest-QosSpecsTestJSON-72082439 tempest-QosSpecsTestJSON-72082439-project-admin] PUT http://10.222.0.15/volume/v3/d91eb13ebcae472c96c08085fe4826c6/qos-specs/154746c4-0f4f-4511-8f01-6e7b8bb994b0
Aug 17 08:38:11.707998 dv-cinder-853315-5-iscsi devstack@c-api.service[120132]: DEBUG cinder.api.openstack.wsgi [None req-04940551-61d5-4625-9d4e-f5509cd2be4f tempest-QosSpecsTestJSON-72082439 tempest-QosSpecsTestJSON-72082439-project-admin] Action: 'update', calling method: update, body: {"qos_specs": {"iops_bytes": "500"}} {{(pid=120132) _process_stack /opt/stack/cinder/cinder/api/openstack/wsgi.py:866}}
Aug 17 08:38:11.710635 dv-cinder-853315-5-iscsi devstack@c-api.service[120132]: /usr/local/lib/python3.8/dist-packages/oslo_context/context.py:100: DeprecationWarning: Policy enforcement is depending on the value of is_admin. This key is deprecated. Please update your policy file to use the standard policy values.
Aug 17 08:38:11.710635 dv-cinder-853315-5-iscsi devstack@c-api.service[120132]: warnings.warn('Policy enforcement is depending on the value of '
Aug 17 08:38:11.718830 dv-cinder-853315-5-iscsi devstack@c-api.service[120132]: DEBUG cinder.volume.qos_specs [None req-04940551-61d5-4625-9d4e-f5509cd2be4f tempest-QosSpecsTestJSON-72082439 tempest-QosSpecsTestJSON-72082439-project-admin] qos_specs.update(): specs {'iops_bytes': '500'} {{(pid=120132) update /opt/stack/cinder/cinder/volume/qos_specs.py:79}}
Aug 17 08:38:11.734244 dv-cinder-853315-5-iscsi devstack@c-api.service[120132]: DEBUG cinder.db.sqlalchemy.api [None req-04940551-61d5-4625-9d4e-f5509cd2be4f tempest-QosSpecsTestJSON-72082439 tempest-QosSpecsTestJSON-72082439-project-admin] qos_specs_update() value: {'id': 'c42ac2f2-5b9d-44a5-9358-7ca450dbac8c', 'key': 'iops_bytes', 'value': '500', 'specs_id': '154746c4-0f4f-4511-8f01-6e7b8bb994b0', 'deleted': False} {{(pid=120132) qos_specs_update /opt/stack/cinder/cinder/db/sqlalchemy/api.py:5948}}
Aug 17 08:38:11.761328 dv-cinder-853315-5-iscsi devstack@c-api.service[120132]: INFO cinder.api.openstack.wsgi [None req-04940551-61d5-4625-9d4e-f5509cd2be4f tempest-QosSpecsTestJSON-72082439 tempest-QosSpecsTestJSON-72082439-project-admin] http://10.222.0.15/volume/v3/d91eb13ebcae472c96c08085fe4826c6/qos-specs/154746c4-0f4f-4511-8f01-6e7b8bb994b0 returned with HTTP 200
Aug 17 08:38:11.762392 dv-cinder-853315-5-iscsi devstack@c-api.service[120132]: [pid: 120132|app: 0|req: 121/217] 10.222.0.15 () {60 vars in 1351 bytes} [Wed Aug 17 08:38:11 2022] PUT /volume/v3/d91eb13ebcae472c96c08085fe4826c6/qos-specs/154746c4-0f4f-4511-8f01-6e7b8bb994b0 => generated 36 bytes in 72 msecs (HTTP/1.1 200) 7 headers in 284 bytes (2 switches on core 0)
Aug 17 08:38:11.768329 dv-cinder-853315-5-iscsi devstack@c-api.service[120131]: DEBUG cinder.api.middleware.request_id [None req-46b51ccb-7c77-486d-b86e-31d60b65b373 None None] RequestId filter calling following filter/app {{(pid=120131) _context_setter /opt/stack/cinder/cinder/api/middleware/request_id.py:62}}
Aug 17 08:38:11.775574 dv-cinder-853315-5-iscsi devstack@c-api.service[120131]: INFO cinder.api.openstack.wsgi [None req-46b51ccb-7c77-486d-b86e-31d60b65b373 tempest-QosSpecsTestJSON-72082439 tempest-QosSpecsTestJSON-72082439-project-admin] GET http://10.222.0.15/volume/v3/d91eb13ebcae472c96c08085fe4826c6/qos-specs/154746c4-0f4f-4511-8f01-6e7b8bb994b0
Aug 17 08:38:11.776197 dv-cinder-853315-5-iscsi devstack@c-api.service[120131]: DEBUG cinder.api.openstack.wsgi [None req-46b51ccb-7c77-486d-b86e-31d60b65b373 tempest-QosSpecsTestJSON-72082439 tempest-QosSpecsTestJSON-72082439-project-admin] Empty body provided in request {{(pid=120131) get_body /opt/stack/cinder/cinder/api/openstack/wsgi.py:715}}
Aug 17 08:38:11.777276 dv-cinder-853315-5-iscsi devstack@c-api.service[120131]: DEBUG cinder.api.openstack.wsgi [None req-46b51ccb-7c77-486d-b86e-31d60b65b373 tempest-QosSpecsTestJSON-72082439 tempest-QosSpecsTestJSON-72082439-project-admin] Calling method 'show' {{(pid=120131) _process_stack /opt/stack/cinder/cinder/api/openstack/wsgi.py:868}}
Aug 17 08:38:11.778153 dv-cinder-853315-5-iscsi devstack@c-api.service[120131]: /usr/local/lib/python3.8/dist-packages/oslo_context/context.py:100: DeprecationWarning: Policy enforcement is depending on the value of is_admin. This key is deprecated. Please update your policy file to use the standard policy values.
Aug 17 08:38:11.778153 dv-cinder-853315-5-iscsi devstack@c-api.service[120131]: warnings.warn('Policy enforcement is depending on the value of '
Aug 17 08:38:11.786990 dv-cinder-853315-5-iscsi devstack@c-api.service[120131]: INFO cinder.api.openstack.wsgi [None req-46b51ccb-7c77-486d-b86e-31d60b65b373 tempest-QosSpecsTestJSON-72082439 tempest-QosSpecsTestJSON-72082439-project-admin] http://10.222.0.15/volume/v3/d91eb13ebcae472c96c08085fe4826c6/qos-specs/154746c4-0f4f-4511-8f01-6e7b8bb994b0 returned with HTTP 200
Aug 17 08:38:11.794586 dv-cinder-853315-5-iscsi devstack@c-api.service[120131]: [pid: 120131|app: 0|req: 97/218] 10.222.0.15 () {58 vars in 1331 bytes} [Wed Aug 17 08:38:11 2022] GET /volume/v3/d91eb13ebcae472c96c08085fe4826c6/qos-specs/154746c4-0f4f-4511-8f01-6e7b8bb994b0 => generated 479 bytes in 21 msecs (HTTP/1.1 200) 7 headers in 285 bytes (2 switches on core 0)
Aug 17 08:38:11.795836 dv-cinder-853315-5-iscsi devstack@c-api.service[120132]: DEBUG cinder.api.middleware.request_id [None req-b156faf3-8681-479d-96df-a8b30fa02d63 None None] RequestId filter calling following filter/app {{(pid=120132) _context_setter /opt/stack/cinder/cinder/api/middleware/request_id.py:62}}
Aug 17 08:38:11.808406 dv-cinder-853315-5-iscsi devstack@c-api.service[120132]: INFO cinder.api.openstack.wsgi [None req-b156faf3-8681-479d-96df-a8b30fa02d63 tempest-QosSpecsTestJSON-72082439 tempest-QosSpecsTestJSON-72082439-project-admin] PUT http://10.222.0.15/volume/v3/d91eb13ebcae472c96c08085fe4826c6/qos-specs/154746c4-0f4f-4511-8f01-6e7b8bb994b0/delete_keys
Aug 17 08:38:11.810582 dv-cinder-853315-5-iscsi devstack@c-api.service[120132]: DEBUG cinder.api.openstack.wsgi [None req-b156faf3-8681-479d-96df-a8b30fa02d63 tempest-QosSpecsTestJSON-72082439 tempest-QosSpecsTestJSON-72082439-project-admin] Action: 'delete_keys', calling method: delete_keys, body: {"keys": ["iops_bytes"]} {{(pid=120132) _process_stack /opt/stack/cinder/cinder/api/openstack/wsgi.py:866}}
Aug 17 08:38:11.817305 dv-cinder-853315-5-iscsi devstack@c-api.service[120132]: /usr/local/lib/python3.8/dist-packages/oslo_context/context.py:100: DeprecationWarning: Policy enforcement is depending on the value of is_admin. This key is deprecated. Please update your policy file to use the standard policy values.
Aug 17 08:38:11.817305 dv-cinder-853315-5-iscsi devstack@c-api.service[120132]: warnings.warn('Policy enforcement is depending on the value of '
Aug 17 08:38:11.818026 dv-cinder-853315-5-iscsi devstack@c-api.service[120132]: DEBUG cinder.api.contrib.qos_specs_manage [None req-b156faf3-8681-479d-96df-a8b30fa02d63 tempest-QosSpecsTestJSON-72082439 tempest-QosSpecsTestJSON-72082439-project-admin] Delete_key spec: 154746c4-0f4f-4511-8f01-6e7b8bb994b0, keys: ['iops_bytes'] {{(pid=120132) delete_keys /opt/stack/cinder/cinder/api/contrib/qos_specs_manage.py:207}}
Aug 17 08:38:11.847583 dv-cinder-853315-5-iscsi devstack@c-api.service[120131]: DEBUG cinder.api.middleware.request_id [None req-2bce8371-a18e-464e-a5df-d15c583d524c None None] RequestId filter calling following filter/app {{(pid=120131) _context_setter /opt/stack/cinder/cinder/api/middleware/request_id.py:62}}
Aug 17 08:38:11.865612 dv-cinder-853315-5-iscsi devstack@c-api.service[120132]: INFO cinder.api.openstack.wsgi [None req-b156faf3-8681-479d-96df-a8b30fa02d63 tempest-QosSpecsTestJSON-72082439 tempest-QosSpecsTestJSON-72082439-project-admin] http://10.222.0.15/volume/v3/d91eb13ebcae472c96c08085fe4826c6/qos-specs/154746c4-0f4f-4511-8f01-6e7b8bb994b0/delete_keys returned with HTTP 202
Aug 17 08:38:11.869374 dv-cinder-853315-5-iscsi devstack@c-api.service[120132]: [pid: 120132|app: 0|req: 122/219] 10.222.0.15 () {60 vars in 1387 bytes} [Wed Aug 17 08:38:11 2022] PUT /volume/v3/d91eb13ebcae472c96c08085fe4826c6/qos-specs/154746c4-0f4f-4511-8f01-6e7b8bb994b0/delete_keys => generated 0 bytes in 72 msecs (HTTP/1.1 202) 6 headers in 233 bytes (1 switches on core 0)
Aug 17 08:38:11.871106 dv-cinder-853315-5-iscsi devstack@c-api.service[120132]: DEBUG cinder.api.middleware.request_id [None req-bccf3d0e-21db-4c6d-b34f-57ca7b55413d None None] RequestId filter calling following filter/app {{(pid=120132) _context_setter /opt/stack/cinder/cinder/api/middleware/request_id.py:62}}
Aug 17 08:38:11.877273 dv-cinder-853315-5-iscsi devstack@c-api.service[120132]: INFO cinder.api.openstack.wsgi [None req-bccf3d0e-21db-4c6d-b34f-57ca7b55413d tempest-QosSpecsTestJSON-72082439 tempest-QosSpecsTestJSON-72082439-project-admin] GET http://10.222.0.15/volume/v3/d91eb13ebcae472c96c08085fe4826c6/qos-specs/154746c4-0f4f-4511-8f01-6e7b8bb994b0
Aug 17 08:38:11.877755 dv-cinder-853315-5-iscsi devstack@c-api.service[120132]: DEBUG cinder.api.openstack.wsgi [None req-bccf3d0e-21db-4c6d-b34f-57ca7b55413d tempest-QosSpecsTestJSON-72082439 tempest-QosSpecsTestJSON-72082439-project-admin] Empty body provided in request {{(pid=120132) get_body /opt/stack/cinder/cinder/api/openstack/wsgi.py:715}}
Aug 17 08:38:11.878220 dv-cinder-853315-5-iscsi devstack@c-api.service[120132]: DEBUG cinder.api.openstack.wsgi [None req-bccf3d0e-21db-4c6d-b34f-57ca7b55413d tempest-QosSpecsTestJSON-72082439 tempest-QosSpecsTestJSON-72082439-project-admin] Calling method 'show' {{(pid=120132) _process_stack /opt/stack/cinder/cinder/api/openstack/wsgi.py:868}}
Aug 17 08:38:11.880501 dv-cinder-853315-5-iscsi devstack@c-api.service[120132]: /usr/local/lib/python3.8/dist-packages/oslo_context/context.py:100: DeprecationWarning: Policy enforcement is depending on the value of is_admin. This key is deprecated. Please update your policy file to use the standard policy values.
Aug 17 08:38:11.880501 dv-cinder-853315-5-iscsi devstack@c-api.service[120132]: warnings.warn('Policy enforcement is depending on the value of '
Aug 17 08:38:11.888774 dv-cinder-853315-5-iscsi devstack@c-api.service[120132]: INFO cinder.api.openstack.wsgi [None req-bccf3d0e-21db-4c6d-b34f-57ca7b55413d tempest-QosSpecsTestJSON-72082439 tempest-QosSpecsTestJSON-72082439-project-admin] http://10.222.0.15/volume/v3/d91eb13ebcae472c96c08085fe4826c6/qos-specs/154746c4-0f4f-4511-8f01-6e7b8bb994b0 returned with HTTP 200
Aug 17 08:38:11.889884 dv-cinder-853315-5-iscsi devstack@c-api.service[120132]: [pid: 120132|app: 0|req: 123/220] 10.222.0.15 () {58 vars in 1331 bytes} [Wed Aug 17 08:38:11 2022] GET /volume/v3/d91eb13ebcae472c96c08085fe4826c6/qos-specs/154746c4-0f4f-4511-8f01-6e7b8bb994b0 => generated 458 bytes in 20 msecs (HTTP/1.1 200) 7 headers in 285 bytes (1 switches on core 0)
Aug 17 08:38:11.897250 dv-cinder-853315-5-iscsi devstack@c-api.service[120132]: DEBUG cinder.api.middleware.request_id [None req-9bfb8d52-8030-4aa9-859d-3a015a5b54b8 None None] RequestId filter calling following filter/app {{(pid=120132) _context_setter /opt/stack/cinder/cinder/api/middleware/request_id.py:62}}
Aug 17 08:38:11.902403 dv-cinder-853315-5-iscsi devstack@c-api.service[120132]: INFO cinder.api.openstack.wsgi [None req-9bfb8d52-8030-4aa9-859d-3a015a5b54b8 tempest-QosSpecsTestJSON-72082439 tempest-QosSpecsTestJSON-72082439-project-admin] GET http://10.222.0.15/volume/v3/d91eb13ebcae472c96c08085fe4826c6/qos-specs/154746c4-0f4f-4511-8f01-6e7b8bb994b0
Aug 17 08:38:11.902844 dv-cinder-853315-5-iscsi devstack@c-api.service[120132]: DEBUG cinder.api.openstack.wsgi [None req-9bfb8d52-8030-4aa9-859d-3a015a5b54b8 tempest-QosSpecsTestJSON-72082439 tempest-QosSpecsTestJSON-72082439-project-admin] Empty body provided in request {{(pid=120132) get_body /opt/stack/cinder/cinder/api/openstack/wsgi.py:715}}
Aug 17 08:38:11.903301 dv-cinder-853315-5-iscsi devstack@c-api.service[120132]: DEBUG cinder.api.openstack.wsgi [None req-9bfb8d52-8030-4aa9-859d-3a015a5b54b8 tempest-QosSpecsTestJSON-72082439 tempest-QosSpecsTestJSON-72082439-project-admin] Calling method 'show' {{(pid=120132) _process_stack /opt/stack/cinder/cinder/api/openstack/wsgi.py:868}}
Aug 17 08:38:11.904615 dv-cinder-853315-5-iscsi devstack@c-api.service[120132]: /usr/local/lib/python3.8/dist-packages/oslo_context/context.py:100: DeprecationWarning: Policy enforcement is depending on the value of is_admin. This key is deprecated. Please update your policy file to use the standard policy values.
Aug 17 08:38:11.904615 dv-cinder-853315-5-iscsi devstack@c-api.service[120132]: warnings.warn('Policy enforcement is depending on the value of '
Aug 17 08:38:11.911686 dv-cinder-853315-5-iscsi devstack@c-api.service[120132]: INFO cinder.api.openstack.wsgi [None req-9bfb8d52-8030-4aa9-859d-3a015a5b54b8 tempest-QosSpecsTestJSON-72082439 tempest-QosSpecsTestJSON-72082439-project-admin] http://10.222.0.15/volume/v3/d91eb13ebcae472c96c08085fe4826c6/qos-specs/154746c4-0f4f-4511-8f01-6e7b8bb994b0 returned with HTTP 200
Aug 17 08:38:11.912616 dv-cinder-853315-5-iscsi devstack@c-api.service[120132]: [pid: 120132|app: 0|req: 124/221] 10.222.0.15 () {58 vars in 1331 bytes} [Wed Aug 17 08:38:11 2022] GET /volume/v3/d91eb13ebcae472c96c08085fe4826c6/qos-specs/154746c4-0f4f-4511-8f01-6e7b8bb994b0 => generated 458 bytes in 16 msecs (HTTP/1.1 200) 7 headers in 285 bytes (2 switches on core 0)
Aug 17 08:38:11.920526 dv-cinder-853315-5-iscsi devstack@c-api.service[120132]: DEBUG cinder.api.middleware.request_id [None req-993463a5-cf49-4f44-9253-1c84f5db4a51 None None] RequestId filter calling following filter/app {{(pid=120132) _context_setter /opt/stack/cinder/cinder/api/middleware/request_id.py:62}}
Aug 17 08:38:11.962394 dv-cinder-853315-5-iscsi devstack@c-api.service[120132]: INFO cinder.api.openstack.wsgi [None req-993463a5-cf49-4f44-9253-1c84f5db4a51 tempest-QosSpecsTestJSON-72082439 tempest-QosSpecsTestJSON-72082439-project-admin] DELETE http://10.222.0.15/volume/v3/d91eb13ebcae472c96c08085fe4826c6/qos-specs/f482d3dd-f04e-48f5-8629-97f21d1c4a2f?force=False
Aug 17 08:38:11.964054 dv-cinder-853315-5-iscsi devstack@c-api.service[120132]: DEBUG cinder.api.openstack.wsgi [None req-993463a5-cf49-4f44-9253-1c84f5db4a51 tempest-QosSpecsTestJSON-72082439 tempest-QosSpecsTestJSON-72082439-project-admin] Empty body provided in request {{(pid=120132) get_body /opt/stack/cinder/cinder/api/openstack/wsgi.py:715}}
Aug 17 08:38:11.965993 dv-cinder-853315-5-iscsi devstack@c-api.service[120132]: DEBUG cinder.api.openstack.wsgi [None req-993463a5-cf49-4f44-9253-1c84f5db4a51 tempest-QosSpecsTestJSON-72082439 tempest-QosSpecsTestJSON-72082439-project-admin] Calling method 'delete' {{(pid=120132) _process_stack /opt/stack/cinder/cinder/api/openstack/wsgi.py:868}}
Aug 17 08:38:11.967438 dv-cinder-853315-5-iscsi devstack@c-api.service[120132]: /usr/local/lib/python3.8/dist-packages/oslo_context/context.py:100: DeprecationWarning: Policy enforcement is depending on the value of is_admin. This key is deprecated. Please update your policy file to use the standard policy values.
Aug 17 08:38:11.967438 dv-cinder-853315-5-iscsi devstack@c-api.service[120132]: warnings.warn('Policy enforcement is depending on the value of '
Aug 17 08:38:11.969160 dv-cinder-853315-5-iscsi devstack@c-api.service[120132]: DEBUG cinder.api.contrib.qos_specs_manage [None req-993463a5-cf49-4f44-9253-1c84f5db4a51 tempest-QosSpecsTestJSON-72082439 tempest-QosSpecsTestJSON-72082439-project-admin] Delete qos_spec: f482d3dd-f04e-48f5-8629-97f21d1c4a2f, force: False {{(pid=120132) delete /opt/stack/cinder/cinder/api/contrib/qos_specs_manage.py:168}}
Aug 17 08:38:11.983417 dv-cinder-853315-5-iscsi devstack@c-api.service[120132]: INFO cinder.api.openstack.wsgi [None req-993463a5-cf49-4f44-9253-1c84f5db4a51 tempest-QosSpecsTestJSON-72082439 tempest-QosSpecsTestJSON-72082439-project-admin] http://10.222.0.15/volume/v3/d91eb13ebcae472c96c08085fe4826c6/qos-specs/f482d3dd-f04e-48f5-8629-97f21d1c4a2f?force=False returned with HTTP 404
Aug 17 08:38:11.985151 dv-cinder-853315-5-iscsi devstack@c-api.service[120132]: [pid: 120132|app: 0|req: 125/222] 10.222.0.15 () {58 vars in 1357 bytes} [Wed Aug 17 08:38:11 2022] DELETE /volume/v3/d91eb13ebcae472c96c08085fe4826c6/qos-specs/f482d3dd-f04e-48f5-8629-97f21d1c4a2f?force=False => generated 100 bytes in 65 msecs (HTTP/1.1 404) 7 headers in 292 bytes (1 switches on core 0)
Aug 17 08:38:11.996839 dv-cinder-853315-5-iscsi devstack@c-api.service[120132]: DEBUG cinder.api.middleware.request_id [None req-89db78ae-3565-4acb-9a18-c2e4026040ee None None] RequestId filter calling following filter/app {{(pid=120132) _context_setter /opt/stack/cinder/cinder/api/middleware/request_id.py:62}}
Aug 17 08:38:12.010159 dv-cinder-853315-5-iscsi devstack@c-api.service[120132]: INFO cinder.api.openstack.wsgi [None req-89db78ae-3565-4acb-9a18-c2e4026040ee tempest-QosSpecsTestJSON-72082439 tempest-QosSpecsTestJSON-72082439-project-admin] GET http://10.222.0.15/volume/v3/d91eb13ebcae472c96c08085fe4826c6/qos-specs/f482d3dd-f04e-48f5-8629-97f21d1c4a2f
Aug 17 08:38:12.013776 dv-cinder-853315-5-iscsi devstack@c-api.service[120132]: DEBUG cinder.api.openstack.wsgi [None req-89db78ae-3565-4acb-9a18-c2e4026040ee tempest-QosSpecsTestJSON-72082439 tempest-QosSpecsTestJSON-72082439-project-admin] Empty body provided in request {{(pid=120132) get_body /opt/stack/cinder/cinder/api/openstack/wsgi.py:715}}
Aug 17 08:38:12.014781 dv-cinder-853315-5-iscsi devstack@c-api.service[120132]: DEBUG cinder.api.openstack.wsgi [None req-89db78ae-3565-4acb-9a18-c2e4026040ee tempest-QosSpecsTestJSON-72082439 tempest-QosSpecsTestJSON-72082439-project-admin] Calling method 'show' {{(pid=120132) _process_stack /opt/stack/cinder/cinder/api/openstack/wsgi.py:868}}
Aug 17 08:38:12.026666 dv-cinder-853315-5-iscsi devstack@c-api.service[120132]: INFO cinder.api.openstack.wsgi [None req-89db78ae-3565-4acb-9a18-c2e4026040ee tempest-QosSpecsTestJSON-72082439 tempest-QosSpecsTestJSON-72082439-project-admin] http://10.222.0.15/volume/v3/d91eb13ebcae472c96c08085fe4826c6/qos-specs/f482d3dd-f04e-48f5-8629-97f21d1c4a2f returned with HTTP 404
Aug 17 08:38:12.029499 dv-cinder-853315-5-iscsi devstack@c-api.service[120132]: [pid: 120132|app: 0|req: 126/223] 10.222.0.15 () {58 vars in 1331 bytes} [Wed Aug 17 08:38:11 2022] GET /volume/v3/d91eb13ebcae472c96c08085fe4826c6/qos-specs/f482d3dd-f04e-48f5-8629-97f21d1c4a2f => generated 100 bytes in 40 msecs (HTTP/1.1 404) 7 headers in 292 bytes (1 switches on core 0)
Aug 17 08:38:12.030983 dv-cinder-853315-5-iscsi devstack@c-api.service[120132]: DEBUG cinder.api.middleware.request_id [None req-e25351bf-9bfa-4676-b2ce-be8999209a53 None None] RequestId filter calling following filter/app {{(pid=120132) _context_setter /opt/stack/cinder/cinder/api/middleware/request_id.py:62}}
Aug 17 08:38:12.091179 dv-cinder-853315-5-iscsi devstack@c-api.service[120132]: INFO cinder.api.openstack.wsgi [None req-e25351bf-9bfa-4676-b2ce-be8999209a53 tempest-ExtraSpecsNegativeTest-301653248 tempest-ExtraSpecsNegativeTest-301653248-project-admin] POST http://10.222.0.15/volume/v3/78a82b2b5e844c27acd04b8924b60a35/types
Aug 17 08:38:12.092124 dv-cinder-853315-5-iscsi devstack@c-api.service[120132]: DEBUG cinder.api.openstack.wsgi [None req-e25351bf-9bfa-4676-b2ce-be8999209a53 tempest-ExtraSpecsNegativeTest-301653248 tempest-ExtraSpecsNegativeTest-301653248-project-admin] Action: 'create', calling method: _create, body: {"volume_type": {"name": "tempest-ExtraSpecsNegativeTest-volume-type-776752305", "extra_specs": {"spec1": "val1"}}} {{(pid=120132) _process_stack /opt/stack/cinder/cinder/api/openstack/wsgi.py:866}}
Aug 17 08:38:12.099332 dv-cinder-853315-5-iscsi devstack@c-api.service[120131]: INFO cinder.api.openstack.wsgi [None req-2bce8371-a18e-464e-a5df-d15c583d524c tempest-VolumePoolsAdminTestsJSON-375982879 tempest-VolumePoolsAdminTestsJSON-375982879-project-admin] GET http://10.222.0.15/volume/v3/2b530ba6dada4896903a961db4f4fd2a/scheduler-stats/get_pools?detail=True
Aug 17 08:38:12.099908 dv-cinder-853315-5-iscsi devstack@c-api.service[120131]: DEBUG cinder.api.openstack.wsgi [None req-2bce8371-a18e-464e-a5df-d15c583d524c tempest-VolumePoolsAdminTestsJSON-375982879 tempest-VolumePoolsAdminTestsJSON-375982879-project-admin] Empty body provided in request {{(pid=120131) get_body /opt/stack/cinder/cinder/api/openstack/wsgi.py:715}}
Aug 17 08:38:12.100644 dv-cinder-853315-5-iscsi devstack@c-api.service[120131]: DEBUG cinder.api.openstack.wsgi [None req-2bce8371-a18e-464e-a5df-d15c583d524c tempest-VolumePoolsAdminTestsJSON-375982879 tempest-VolumePoolsAdminTestsJSON-375982879-project-admin] Calling method 'get_pools' {{(pid=120131) _process_stack /opt/stack/cinder/cinder/api/openstack/wsgi.py:868}}
Aug 17 08:38:12.101361 dv-cinder-853315-5-iscsi devstack@c-api.service[120131]: /usr/local/lib/python3.8/dist-packages/oslo_context/context.py:100: DeprecationWarning: Policy enforcement is depending on the value of is_admin. This key is deprecated. Please update your policy file to use the standard policy values.
Aug 17 08:38:12.101361 dv-cinder-853315-5-iscsi devstack@c-api.service[120131]: warnings.warn('Policy enforcement is depending on the value of '
Aug 17 08:38:12.115890 dv-cinder-853315-5-iscsi devstack@c-api.service[120132]: DEBUG dbcounter [-] [120132] Writing DB stats cinder:INSERT=10,cinder:SELECT=84,cinder:UPDATE=6 {{(pid=120132) stat_writer /usr/local/lib/python3.8/dist-packages/dbcounter.py:114}}
Aug 17 08:38:12.121970 dv-cinder-853315-5-iscsi devstack@c-api.service[120131]: INFO cinder.api.openstack.wsgi [None req-2bce8371-a18e-464e-a5df-d15c583d524c tempest-VolumePoolsAdminTestsJSON-375982879 tempest-VolumePoolsAdminTestsJSON-375982879-project-admin] http://10.222.0.15/volume/v3/2b530ba6dada4896903a961db4f4fd2a/scheduler-stats/get_pools?detail=True returned with HTTP 200
Aug 17 08:38:12.123445 dv-cinder-853315-5-iscsi devstack@c-api.service[120131]: [pid: 120131|app: 0|req: 98/224] 10.222.0.15 () {58 vars in 1291 bytes} [Wed Aug 17 08:38:11 2022] GET /volume/v3/2b530ba6dada4896903a961db4f4fd2a/scheduler-stats/get_pools?detail=True => generated 482 bytes in 277 msecs (HTTP/1.1 200) 7 headers in 285 bytes (1 switches on core 0)
Aug 17 08:38:12.124833 dv-cinder-853315-5-iscsi devstack@c-api.service[120132]: INFO cinder.api.openstack.wsgi [None req-e25351bf-9bfa-4676-b2ce-be8999209a53 tempest-ExtraSpecsNegativeTest-301653248 tempest-ExtraSpecsNegativeTest-301653248-project-admin] http://10.222.0.15/volume/v3/78a82b2b5e844c27acd04b8924b60a35/types returned with HTTP 200
Aug 17 08:38:12.125178 dv-cinder-853315-5-iscsi devstack@c-api.service[120131]: DEBUG cinder.api.middleware.request_id [None req-ed72b6a2-5349-4800-a55d-a52809410c97 None None] RequestId filter calling following filter/app {{(pid=120131) _context_setter /opt/stack/cinder/cinder/api/middleware/request_id.py:62}}
Aug 17 08:38:12.125980 dv-cinder-853315-5-iscsi devstack@c-api.service[120132]: [pid: 120132|app: 0|req: 127/225] 10.222.0.15 () {60 vars in 1230 bytes} [Wed Aug 17 08:38:12 2022] POST /volume/v3/78a82b2b5e844c27acd04b8924b60a35/types => generated 242 bytes in 96 msecs (HTTP/1.1 200) 7 headers in 285 bytes (1 switches on core 0)
Aug 17 08:38:12.131012 dv-cinder-853315-5-iscsi devstack@c-api.service[120131]: INFO cinder.api.openstack.wsgi [None req-ed72b6a2-5349-4800-a55d-a52809410c97 tempest-QosSpecsTestJSON-72082439 tempest-QosSpecsTestJSON-72082439-project-admin] DELETE http://10.222.0.15/volume/v3/d91eb13ebcae472c96c08085fe4826c6/qos-specs/30f5ad79-98dd-4040-9518-db5bfc3b140d?force=False
Aug 17 08:38:12.131678 dv-cinder-853315-5-iscsi devstack@c-api.service[120131]: DEBUG cinder.api.openstack.wsgi [None req-ed72b6a2-5349-4800-a55d-a52809410c97 tempest-QosSpecsTestJSON-72082439 tempest-QosSpecsTestJSON-72082439-project-admin] Empty body provided in request {{(pid=120131) get_body /opt/stack/cinder/cinder/api/openstack/wsgi.py:715}}
Aug 17 08:38:12.132282 dv-cinder-853315-5-iscsi devstack@c-api.service[120131]: DEBUG cinder.api.openstack.wsgi [None req-ed72b6a2-5349-4800-a55d-a52809410c97 tempest-QosSpecsTestJSON-72082439 tempest-QosSpecsTestJSON-72082439-project-admin] Calling method 'delete' {{(pid=120131) _process_stack /opt/stack/cinder/cinder/api/openstack/wsgi.py:868}}
Aug 17 08:38:12.133029 dv-cinder-853315-5-iscsi devstack@c-api.service[120132]: DEBUG cinder.api.middleware.request_id [None req-366fedcf-b449-41a1-ac8c-e393a647cbcf None None] RequestId filter calling following filter/app {{(pid=120132) _context_setter /opt/stack/cinder/cinder/api/middleware/request_id.py:62}}
Aug 17 08:38:12.133978 dv-cinder-853315-5-iscsi devstack@c-api.service[120131]: DEBUG cinder.api.contrib.qos_specs_manage [None req-ed72b6a2-5349-4800-a55d-a52809410c97 tempest-QosSpecsTestJSON-72082439 tempest-QosSpecsTestJSON-72082439-project-admin] Delete qos_spec: 30f5ad79-98dd-4040-9518-db5bfc3b140d, force: False {{(pid=120131) delete /opt/stack/cinder/cinder/api/contrib/qos_specs_manage.py:168}}
Aug 17 08:38:12.140125 dv-cinder-853315-5-iscsi devstack@c-api.service[120132]: INFO cinder.api.openstack.wsgi [None req-366fedcf-b449-41a1-ac8c-e393a647cbcf tempest-VolumePoolsAdminTestsJSON-375982879 tempest-VolumePoolsAdminTestsJSON-375982879-project-admin] GET http://10.222.0.15/volume/v3/2b530ba6dada4896903a961db4f4fd2a/scheduler-stats/get_pools
Aug 17 08:38:12.140924 dv-cinder-853315-5-iscsi devstack@c-api.service[120132]: DEBUG cinder.api.openstack.wsgi [None req-366fedcf-b449-41a1-ac8c-e393a647cbcf tempest-VolumePoolsAdminTestsJSON-375982879 tempest-VolumePoolsAdminTestsJSON-375982879-project-admin] Empty body provided in request {{(pid=120132) get_body /opt/stack/cinder/cinder/api/openstack/wsgi.py:715}}
Aug 17 08:38:12.141504 dv-cinder-853315-5-iscsi devstack@c-api.service[120131]: INFO cinder.api.openstack.wsgi [None req-ed72b6a2-5349-4800-a55d-a52809410c97 tempest-QosSpecsTestJSON-72082439 tempest-QosSpecsTestJSON-72082439-project-admin] http://10.222.0.15/volume/v3/d91eb13ebcae472c96c08085fe4826c6/qos-specs/30f5ad79-98dd-4040-9518-db5bfc3b140d?force=False returned with HTTP 404
Aug 17 08:38:12.141661 dv-cinder-853315-5-iscsi devstack@c-api.service[120132]: DEBUG cinder.api.openstack.wsgi [None req-366fedcf-b449-41a1-ac8c-e393a647cbcf tempest-VolumePoolsAdminTestsJSON-375982879 tempest-VolumePoolsAdminTestsJSON-375982879-project-admin] Calling method 'get_pools' {{(pid=120132) _process_stack /opt/stack/cinder/cinder/api/openstack/wsgi.py:868}}
Aug 17 08:38:12.142659 dv-cinder-853315-5-iscsi devstack@c-api.service[120131]: [pid: 120131|app: 0|req: 99/226] 10.222.0.15 () {58 vars in 1357 bytes} [Wed Aug 17 08:38:12 2022] DELETE /volume/v3/d91eb13ebcae472c96c08085fe4826c6/qos-specs/30f5ad79-98dd-4040-9518-db5bfc3b140d?force=False => generated 100 bytes in 18 msecs (HTTP/1.1 404) 7 headers in 292 bytes (1 switches on core 0)
Aug 17 08:38:12.144175 dv-cinder-853315-5-iscsi devstack@c-api.service[120131]: DEBUG cinder.api.middleware.request_id [None req-81f3b10e-e0aa-4a82-8147-6fd98d71b033 None None] RequestId filter calling following filter/app {{(pid=120131) _context_setter /opt/stack/cinder/cinder/api/middleware/request_id.py:62}}
Aug 17 08:38:12.150998 dv-cinder-853315-5-iscsi devstack@c-api.service[120131]: INFO cinder.api.openstack.wsgi [None req-81f3b10e-e0aa-4a82-8147-6fd98d71b033 tempest-ExtraSpecsNegativeTest-301653248 tempest-ExtraSpecsNegativeTest-301653248-project-admin] POST http://10.222.0.15/volume/v3/78a82b2b5e844c27acd04b8924b60a35/types/d73a6e4c-aad4-47ad-8a79-1b9d18bca6f1/extra_specs
Aug 17 08:38:12.151951 dv-cinder-853315-5-iscsi devstack@c-api.service[120131]: DEBUG cinder.api.openstack.wsgi [None req-81f3b10e-e0aa-4a82-8147-6fd98d71b033 tempest-ExtraSpecsNegativeTest-301653248 tempest-ExtraSpecsNegativeTest-301653248-project-admin] Action: 'create', calling method: create, body: {"extra_specs": ["invalid"]} {{(pid=120131) _process_stack /opt/stack/cinder/cinder/api/openstack/wsgi.py:866}}
Aug 17 08:38:12.154229 dv-cinder-853315-5-iscsi devstack@c-api.service[120131]: INFO cinder.api.openstack.wsgi [None req-81f3b10e-e0aa-4a82-8147-6fd98d71b033 tempest-ExtraSpecsNegativeTest-301653248 tempest-ExtraSpecsNegativeTest-301653248-project-admin] http://10.222.0.15/volume/v3/78a82b2b5e844c27acd04b8924b60a35/types/d73a6e4c-aad4-47ad-8a79-1b9d18bca6f1/extra_specs returned with HTTP 400
Aug 17 08:38:12.155106 dv-cinder-853315-5-iscsi devstack@c-api.service[120131]: [pid: 120131|app: 0|req: 100/227] 10.222.0.15 () {60 vars in 1376 bytes} [Wed Aug 17 08:38:12 2022] POST /volume/v3/78a82b2b5e844c27acd04b8924b60a35/types/d73a6e4c-aad4-47ad-8a79-1b9d18bca6f1/extra_specs => generated 146 bytes in 12 msecs (HTTP/1.1 400) 7 headers in 294 bytes (1 switches on core 0)
Aug 17 08:38:12.155106 dv-cinder-853315-5-iscsi devstack@c-api.service[120131]: DEBUG cinder.api.middleware.request_id [None req-3a56fbae-6def-4eff-ae58-a0920b655c7d None None] RequestId filter calling following filter/app {{(pid=120131) _context_setter /opt/stack/cinder/cinder/api/middleware/request_id.py:62}}
Aug 17 08:38:12.162032 dv-cinder-853315-5-iscsi devstack@c-api.service[120132]: INFO cinder.api.openstack.wsgi [None req-366fedcf-b449-41a1-ac8c-e393a647cbcf tempest-VolumePoolsAdminTestsJSON-375982879 tempest-VolumePoolsAdminTestsJSON-375982879-project-admin] http://10.222.0.15/volume/v3/2b530ba6dada4896903a961db4f4fd2a/scheduler-stats/get_pools returned with HTTP 200
Aug 17 08:38:12.162790 dv-cinder-853315-5-iscsi devstack@c-api.service[120132]: [pid: 120132|app: 0|req: 128/228] 10.222.0.15 () {58 vars in 1268 bytes} [Wed Aug 17 08:38:12 2022] GET /volume/v3/2b530ba6dada4896903a961db4f4fd2a/scheduler-stats/get_pools => generated 66 bytes in 31 msecs (HTTP/1.1 200) 7 headers in 284 bytes (1 switches on core 0)
Aug 17 08:38:12.165015 dv-cinder-853315-5-iscsi devstack@c-api.service[120132]: DEBUG cinder.api.middleware.request_id [None req-e8fdb0a2-c885-4d97-8424-470b54204892 None None] RequestId filter calling following filter/app {{(pid=120132) _context_setter /opt/stack/cinder/cinder/api/middleware/request_id.py:62}}
Aug 17 08:38:12.170090 dv-cinder-853315-5-iscsi devstack@c-api.service[120132]: INFO cinder.api.openstack.wsgi [None req-e8fdb0a2-c885-4d97-8424-470b54204892 tempest-ExtraSpecsNegativeTest-301653248 tempest-ExtraSpecsNegativeTest-301653248-project-admin] POST http://10.222.0.15/volume/v3/78a82b2b5e844c27acd04b8924b60a35/types/d73a6e4c-aad4-47ad-8a79-1b9d18bca6f1/extra_specs
Aug 17 08:38:12.170948 dv-cinder-853315-5-iscsi devstack@c-api.service[120132]: DEBUG cinder.api.openstack.wsgi [None req-e8fdb0a2-c885-4d97-8424-470b54204892 tempest-ExtraSpecsNegativeTest-301653248 tempest-ExtraSpecsNegativeTest-301653248-project-admin] Action: 'create', calling method: create, body: {"extra_specs": null} {{(pid=120132) _process_stack /opt/stack/cinder/cinder/api/openstack/wsgi.py:866}}
Aug 17 08:38:12.175089 dv-cinder-853315-5-iscsi devstack@c-api.service[120131]: INFO cinder.api.openstack.wsgi [None req-3a56fbae-6def-4eff-ae58-a0920b655c7d tempest-QosSpecsTestJSON-72082439 tempest-QosSpecsTestJSON-72082439-project-admin] GET http://10.222.0.15/volume/v3/d91eb13ebcae472c96c08085fe4826c6/qos-specs/30f5ad79-98dd-4040-9518-db5bfc3b140d
Aug 17 08:38:12.175511 dv-cinder-853315-5-iscsi devstack@c-api.service[120132]: INFO cinder.api.openstack.wsgi [None req-e8fdb0a2-c885-4d97-8424-470b54204892 tempest-ExtraSpecsNegativeTest-301653248 tempest-ExtraSpecsNegativeTest-301653248-project-admin] http://10.222.0.15/volume/v3/78a82b2b5e844c27acd04b8924b60a35/types/d73a6e4c-aad4-47ad-8a79-1b9d18bca6f1/extra_specs returned with HTTP 400
Aug 17 08:38:12.176377 dv-cinder-853315-5-iscsi devstack@c-api.service[120131]: DEBUG cinder.api.openstack.wsgi [None req-3a56fbae-6def-4eff-ae58-a0920b655c7d tempest-QosSpecsTestJSON-72082439 tempest-QosSpecsTestJSON-72082439-project-admin] Empty body provided in request {{(pid=120131) get_body /opt/stack/cinder/cinder/api/openstack/wsgi.py:715}}
Aug 17 08:38:12.176798 dv-cinder-853315-5-iscsi devstack@c-api.service[120131]: DEBUG cinder.api.openstack.wsgi [None req-3a56fbae-6def-4eff-ae58-a0920b655c7d tempest-QosSpecsTestJSON-72082439 tempest-QosSpecsTestJSON-72082439-project-admin] Calling method 'show' {{(pid=120131) _process_stack /opt/stack/cinder/cinder/api/openstack/wsgi.py:868}}
Aug 17 08:38:12.177482 dv-cinder-853315-5-iscsi devstack@c-api.service[120132]: [pid: 120132|app: 0|req: 129/229] 10.222.0.15 () {60 vars in 1376 bytes} [Wed Aug 17 08:38:12 2022] POST /volume/v3/78a82b2b5e844c27acd04b8924b60a35/types/d73a6e4c-aad4-47ad-8a79-1b9d18bca6f1/extra_specs => generated 132 bytes in 13 msecs (HTTP/1.1 400) 7 headers in 294 bytes (1 switches on core 0)
Aug 17 08:38:12.184176 dv-cinder-853315-5-iscsi devstack@c-api.service[120132]: DEBUG cinder.api.middleware.request_id [None req-0aa69ad4-6655-4d24-92f9-b7cd26db207f None None] RequestId filter calling following filter/app {{(pid=120132) _context_setter /opt/stack/cinder/cinder/api/middleware/request_id.py:62}}
Aug 17 08:38:12.186858 dv-cinder-853315-5-iscsi devstack@c-api.service[120131]: INFO cinder.api.openstack.wsgi [None req-3a56fbae-6def-4eff-ae58-a0920b655c7d tempest-QosSpecsTestJSON-72082439 tempest-QosSpecsTestJSON-72082439-project-admin] http://10.222.0.15/volume/v3/d91eb13ebcae472c96c08085fe4826c6/qos-specs/30f5ad79-98dd-4040-9518-db5bfc3b140d returned with HTTP 404
Aug 17 08:38:12.188093 dv-cinder-853315-5-iscsi devstack@c-api.service[120131]: [pid: 120131|app: 0|req: 101/230] 10.222.0.15 () {58 vars in 1331 bytes} [Wed Aug 17 08:38:12 2022] GET /volume/v3/d91eb13ebcae472c96c08085fe4826c6/qos-specs/30f5ad79-98dd-4040-9518-db5bfc3b140d => generated 100 bytes in 32 msecs (HTTP/1.1 404) 7 headers in 292 bytes (1 switches on core 0)
Aug 17 08:38:12.189803 dv-cinder-853315-5-iscsi devstack@c-api.service[120132]: INFO cinder.api.openstack.wsgi [None req-0aa69ad4-6655-4d24-92f9-b7cd26db207f tempest-ExtraSpecsNegativeTest-301653248 tempest-ExtraSpecsNegativeTest-301653248-project-admin] POST http://10.222.0.15/volume/v3/78a82b2b5e844c27acd04b8924b60a35/types/d8989563-4b7e-451a-857b-877676965f0a/extra_specs
Aug 17 08:38:12.190561 dv-cinder-853315-5-iscsi devstack@c-api.service[120132]: DEBUG cinder.api.openstack.wsgi [None req-0aa69ad4-6655-4d24-92f9-b7cd26db207f tempest-ExtraSpecsNegativeTest-301653248 tempest-ExtraSpecsNegativeTest-301653248-project-admin] Action: 'create', calling method: create, body: {"extra_specs": {"spec2": "val1"}} {{(pid=120132) _process_stack /opt/stack/cinder/cinder/api/openstack/wsgi.py:866}}
