Aug 12 10:52:30.224239 dv-cinder-852945-1-iscsi devstack@g-api.service[126326]: DEBUG glance.api.middleware.version_negotiation [None req-64656ea4-d756-4473-9074-1a431ab2d838 tempest-VolumesActionsTest-226456970 tempest-VolumesActionsTest-226456970-project] Matched version: v2 {{(pid=126326) process_request /opt/stack/glance/glance/api/middleware/version_negotiation.py:69}}
Aug 12 10:52:30.224544 dv-cinder-852945-1-iscsi devstack@g-api.service[126326]: DEBUG glance.api.middleware.version_negotiation [None req-64656ea4-d756-4473-9074-1a431ab2d838 tempest-VolumesActionsTest-226456970 tempest-VolumesActionsTest-226456970-project] new path /v2/images/21c2afe5-3733-4b2a-9323-91f4d0c46c3f {{(pid=126326) process_request /opt/stack/glance/glance/api/middleware/version_negotiation.py:70}}
Aug 12 10:52:30.239596 dv-cinder-852945-1-iscsi devstack@g-api.service[126326]: [pid: 126326|app: 0|req: 71/127] 127.0.0.1 () {40 vars in 856 bytes} [Fri Aug 12 10:52:30 2022] GET /v2/images/21c2afe5-3733-4b2a-9323-91f4d0c46c3f => generated 822 bytes in 16 msecs (HTTP/1.1 200) 4 headers in 157 bytes (1 switches on core 0)
Aug 12 10:52:30.241206 dv-cinder-852945-1-iscsi devstack@g-api.service[126327]: DEBUG glance.api.middleware.version_negotiation [None req-8a208e03-2b60-4f8e-b1d7-5a645865bae3 tempest-VolumesActionsTest-226456970 tempest-VolumesActionsTest-226456970-project] Determining version of request: GET /v2/images/f6a83e72-52c8-450a-ac99-db6edfe25eef Accept: */* {{(pid=126327) process_request /opt/stack/glance/glance/api/middleware/version_negotiation.py:44}}
Aug 12 10:52:30.241551 dv-cinder-852945-1-iscsi devstack@g-api.service[126327]: DEBUG glance.api.middleware.version_negotiation [None req-8a208e03-2b60-4f8e-b1d7-5a645865bae3 tempest-VolumesActionsTest-226456970 tempest-VolumesActionsTest-226456970-project] Using url versioning {{(pid=126327) process_request /opt/stack/glance/glance/api/middleware/version_negotiation.py:57}}
Aug 12 10:52:30.241874 dv-cinder-852945-1-iscsi devstack@g-api.service[126327]: DEBUG glance.api.middleware.version_negotiation [None req-8a208e03-2b60-4f8e-b1d7-5a645865bae3 tempest-VolumesActionsTest-226456970 tempest-VolumesActionsTest-226456970-project] Matched version: v2 {{(pid=126327) process_request /opt/stack/glance/glance/api/middleware/version_negotiation.py:69}}
Aug 12 10:52:30.242155 dv-cinder-852945-1-iscsi devstack@g-api.service[126327]: DEBUG glance.api.middleware.version_negotiation [None req-8a208e03-2b60-4f8e-b1d7-5a645865bae3 tempest-VolumesActionsTest-226456970 tempest-VolumesActionsTest-226456970-project] new path /v2/images/f6a83e72-52c8-450a-ac99-db6edfe25eef {{(pid=126327) process_request /opt/stack/glance/glance/api/middleware/version_negotiation.py:70}}
Aug 12 10:52:30.245121 dv-cinder-852945-1-iscsi devstack@g-api.service[126326]: DEBUG glance.api.middleware.version_negotiation [None req-8a208e03-2b60-4f8e-b1d7-5a645865bae3 tempest-VolumesActionsTest-226456970 tempest-VolumesActionsTest-226456970-project] Determining version of request: GET /v2/schemas/image Accept: */* {{(pid=126326) process_request /opt/stack/glance/glance/api/middleware/version_negotiation.py:44}}
Aug 12 10:52:30.245642 dv-cinder-852945-1-iscsi devstack@g-api.service[126326]: DEBUG glance.api.middleware.version_negotiation [None req-8a208e03-2b60-4f8e-b1d7-5a645865bae3 tempest-VolumesActionsTest-226456970 tempest-VolumesActionsTest-226456970-project] Using url versioning {{(pid=126326) process_request /opt/stack/glance/glance/api/middleware/version_negotiation.py:57}}
Aug 12 10:52:30.246022 dv-cinder-852945-1-iscsi devstack@g-api.service[126326]: DEBUG glance.api.middleware.version_negotiation [None req-8a208e03-2b60-4f8e-b1d7-5a645865bae3 tempest-VolumesActionsTest-226456970 tempest-VolumesActionsTest-226456970-project] Matched version: v2 {{(pid=126326) process_request /opt/stack/glance/glance/api/middleware/version_negotiation.py:69}}
Aug 12 10:52:30.246898 dv-cinder-852945-1-iscsi devstack@g-api.service[126326]: DEBUG glance.api.middleware.version_negotiation [None req-8a208e03-2b60-4f8e-b1d7-5a645865bae3 tempest-VolumesActionsTest-226456970 tempest-VolumesActionsTest-226456970-project] new path /v2/schemas/image {{(pid=126326) process_request /opt/stack/glance/glance/api/middleware/version_negotiation.py:70}}
Aug 12 10:52:30.250853 dv-cinder-852945-1-iscsi devstack@g-api.service[126326]: [pid: 126326|app: 0|req: 72/128] 127.0.0.1 () {40 vars in 796 bytes} [Fri Aug 12 10:52:30 2022] GET /v2/schemas/image => generated 6083 bytes in 6 msecs (HTTP/1.1 200) 4 headers in 158 bytes (1 switches on core 0)
Aug 12 10:52:30.258980 dv-cinder-852945-1-iscsi devstack@g-api.service[126326]: DEBUG glance.api.middleware.version_negotiation [None req-8a208e03-2b60-4f8e-b1d7-5a645865bae3 tempest-VolumesActionsTest-226456970 tempest-VolumesActionsTest-226456970-project] Determining version of request: GET /v2/schemas/image Accept: */* {{(pid=126326) process_request /opt/stack/glance/glance/api/middleware/version_negotiation.py:44}}
Aug 12 10:52:30.259458 dv-cinder-852945-1-iscsi devstack@g-api.service[126326]: DEBUG glance.api.middleware.version_negotiation [None req-8a208e03-2b60-4f8e-b1d7-5a645865bae3 tempest-VolumesActionsTest-226456970 tempest-VolumesActionsTest-226456970-project] Using url versioning {{(pid=126326) process_request /opt/stack/glance/glance/api/middleware/version_negotiation.py:57}}
Aug 12 10:52:30.259780 dv-cinder-852945-1-iscsi devstack@g-api.service[126326]: DEBUG glance.api.middleware.version_negotiation [None req-8a208e03-2b60-4f8e-b1d7-5a645865bae3 tempest-VolumesActionsTest-226456970 tempest-VolumesActionsTest-226456970-project] Matched version: v2 {{(pid=126326) process_request /opt/stack/glance/glance/api/middleware/version_negotiation.py:69}}
Aug 12 10:52:30.260062 dv-cinder-852945-1-iscsi devstack@g-api.service[126326]: DEBUG glance.api.middleware.version_negotiation [None req-8a208e03-2b60-4f8e-b1d7-5a645865bae3 tempest-VolumesActionsTest-226456970 tempest-VolumesActionsTest-226456970-project] new path /v2/schemas/image {{(pid=126326) process_request /opt/stack/glance/glance/api/middleware/version_negotiation.py:70}}
Aug 12 10:52:30.263527 dv-cinder-852945-1-iscsi devstack@g-api.service[126327]: [pid: 126327|app: 0|req: 57/129] 127.0.0.1 () {42 vars in 1063 bytes} [Fri Aug 12 10:52:30 2022] GET /v2/images/f6a83e72-52c8-450a-ac99-db6edfe25eef => generated 946 bytes in 23 msecs (HTTP/1.1 200) 4 headers in 157 bytes (1 switches on core 0)
Aug 12 10:52:30.264655 dv-cinder-852945-1-iscsi devstack@g-api.service[126326]: [pid: 126326|app: 0|req: 73/130] 127.0.0.1 () {40 vars in 796 bytes} [Fri Aug 12 10:52:30 2022] GET /v2/schemas/image => generated 6083 bytes in 6 msecs (HTTP/1.1 200) 4 headers in 158 bytes (1 switches on core 0)
Aug 12 10:52:30.268623 dv-cinder-852945-1-iscsi devstack@g-api.service[126327]: DEBUG glance.api.middleware.version_negotiation [None req-f049decc-202e-4293-b01c-6e74caff2e38 tempest-ServerRescueNegativeTestJSON-387755336 tempest-ServerRescueNegativeTestJSON-387755336-project] Determining version of request: GET /v2/schemas/image Accept: */* {{(pid=126327) process_request /opt/stack/glance/glance/api/middleware/version_negotiation.py:44}}
Aug 12 10:52:30.268959 dv-cinder-852945-1-iscsi devstack@g-api.service[126327]: DEBUG glance.api.middleware.version_negotiation [None req-f049decc-202e-4293-b01c-6e74caff2e38 tempest-ServerRescueNegativeTestJSON-387755336 tempest-ServerRescueNegativeTestJSON-387755336-project] Using url versioning {{(pid=126327) process_request /opt/stack/glance/glance/api/middleware/version_negotiation.py:57}}
Aug 12 10:52:30.269275 dv-cinder-852945-1-iscsi devstack@g-api.service[126327]: DEBUG glance.api.middleware.version_negotiation [None req-f049decc-202e-4293-b01c-6e74caff2e38 tempest-ServerRescueNegativeTestJSON-387755336 tempest-ServerRescueNegativeTestJSON-387755336-project] Matched version: v2 {{(pid=126327) process_request /opt/stack/glance/glance/api/middleware/version_negotiation.py:69}}
Aug 12 10:52:30.269863 dv-cinder-852945-1-iscsi devstack@g-api.service[126327]: DEBUG glance.api.middleware.version_negotiation [None req-f049decc-202e-4293-b01c-6e74caff2e38 tempest-ServerRescueNegativeTestJSON-387755336 tempest-ServerRescueNegativeTestJSON-387755336-project] new path /v2/schemas/image {{(pid=126327) process_request /opt/stack/glance/glance/api/middleware/version_negotiation.py:70}}
Aug 12 10:52:30.274661 dv-cinder-852945-1-iscsi devstack@g-api.service[126327]: [pid: 126327|app: 0|req: 58/131] 127.0.0.1 () {42 vars in 1003 bytes} [Fri Aug 12 10:52:30 2022] GET /v2/schemas/image => generated 6083 bytes in 6 msecs (HTTP/1.1 200) 4 headers in 158 bytes (1 switches on core 0)
Aug 12 10:52:30.328505 dv-cinder-852945-1-iscsi devstack@g-api.service[126326]: DEBUG glance.api.middleware.version_negotiation [None req-8a208e03-2b60-4f8e-b1d7-5a645865bae3 tempest-VolumesActionsTest-226456970 tempest-VolumesActionsTest-226456970-project] Determining version of request: GET /v2/images/21c2afe5-3733-4b2a-9323-91f4d0c46c3f Accept: application/json {{(pid=126326) process_request /opt/stack/glance/glance/api/middleware/version_negotiation.py:44}}
Aug 12 10:52:30.329064 dv-cinder-852945-1-iscsi devstack@g-api.service[126326]: DEBUG glance.api.middleware.version_negotiation [None req-8a208e03-2b60-4f8e-b1d7-5a645865bae3 tempest-VolumesActionsTest-226456970 tempest-VolumesActionsTest-226456970-project] Using url versioning {{(pid=126326) process_request /opt/stack/glance/glance/api/middleware/version_negotiation.py:57}}
Aug 12 10:52:30.329338 dv-cinder-852945-1-iscsi devstack@g-api.service[126326]: DEBUG glance.api.middleware.version_negotiation [None req-8a208e03-2b60-4f8e-b1d7-5a645865bae3 tempest-VolumesActionsTest-226456970 tempest-VolumesActionsTest-226456970-project] Matched version: v2 {{(pid=126326) process_request /opt/stack/glance/glance/api/middleware/version_negotiation.py:69}}
Aug 12 10:52:30.329567 dv-cinder-852945-1-iscsi devstack@g-api.service[126326]: DEBUG glance.api.middleware.version_negotiation [None req-8a208e03-2b60-4f8e-b1d7-5a645865bae3 tempest-VolumesActionsTest-226456970 tempest-VolumesActionsTest-226456970-project] new path /v2/images/21c2afe5-3733-4b2a-9323-91f4d0c46c3f {{(pid=126326) process_request /opt/stack/glance/glance/api/middleware/version_negotiation.py:70}}
Aug 12 10:52:30.358435 dv-cinder-852945-1-iscsi devstack@g-api.service[126326]: [pid: 126326|app: 0|req: 74/132] 127.0.0.1 () {38 vars in 788 bytes} [Fri Aug 12 10:52:30 2022] GET /v2/images/21c2afe5-3733-4b2a-9323-91f4d0c46c3f => generated 822 bytes in 31 msecs (HTTP/1.1 200) 4 headers in 157 bytes (1 switches on core 0)
Aug 12 10:52:31.383946 dv-cinder-852945-1-iscsi devstack@g-api.service[126327]: DEBUG glance.api.middleware.version_negotiation [None req-f049decc-202e-4293-b01c-6e74caff2e38 tempest-ServerRescueNegativeTestJSON-387755336 tempest-ServerRescueNegativeTestJSON-387755336-project] Determining version of request: GET /v2/images/f6a83e72-52c8-450a-ac99-db6edfe25eef Accept: application/json {{(pid=126327) process_request /opt/stack/glance/glance/api/middleware/version_negotiation.py:44}}
Aug 12 10:52:31.384441 dv-cinder-852945-1-iscsi devstack@g-api.service[126327]: DEBUG glance.api.middleware.version_negotiation [None req-f049decc-202e-4293-b01c-6e74caff2e38 tempest-ServerRescueNegativeTestJSON-387755336 tempest-ServerRescueNegativeTestJSON-387755336-project] Using url versioning {{(pid=126327) process_request /opt/stack/glance/glance/api/middleware/version_negotiation.py:57}}
Aug 12 10:52:31.384716 dv-cinder-852945-1-iscsi devstack@g-api.service[126327]: DEBUG glance.api.middleware.version_negotiation [None req-f049decc-202e-4293-b01c-6e74caff2e38 tempest-ServerRescueNegativeTestJSON-387755336 tempest-ServerRescueNegativeTestJSON-387755336-project] Matched version: v2 {{(pid=126327) process_request /opt/stack/glance/glance/api/middleware/version_negotiation.py:69}}
Aug 12 10:52:31.385053 dv-cinder-852945-1-iscsi devstack@g-api.service[126327]: DEBUG glance.api.middleware.version_negotiation [None req-f049decc-202e-4293-b01c-6e74caff2e38 tempest-ServerRescueNegativeTestJSON-387755336 tempest-ServerRescueNegativeTestJSON-387755336-project] new path /v2/images/f6a83e72-52c8-450a-ac99-db6edfe25eef {{(pid=126327) process_request /opt/stack/glance/glance/api/middleware/version_negotiation.py:70}}
Aug 12 10:52:31.401930 dv-cinder-852945-1-iscsi devstack@g-api.service[126327]: [pid: 126327|app: 0|req: 59/133] 127.0.0.1 () {38 vars in 788 bytes} [Fri Aug 12 10:52:31 2022] GET /v2/images/f6a83e72-52c8-450a-ac99-db6edfe25eef => generated 946 bytes in 18 msecs (HTTP/1.1 200) 4 headers in 157 bytes (1 switches on core 0)
Aug 12 10:52:31.420230 dv-cinder-852945-1-iscsi devstack@g-api.service[126326]: DEBUG glance.api.middleware.version_negotiation [None req-580a735b-0649-46c5-a1f9-14cadcb2bc51 tempest-VolumesActionsTest-226456970 tempest-VolumesActionsTest-226456970-project] Determining version of request: GET /v2/images/f6a83e72-52c8-450a-ac99-db6edfe25eef Accept: */* {{(pid=126326) process_request /opt/stack/glance/glance/api/middleware/version_negotiation.py:44}}
Aug 12 10:52:31.425559 dv-cinder-852945-1-iscsi devstack@g-api.service[126326]: DEBUG glance.api.middleware.version_negotiation [None req-580a735b-0649-46c5-a1f9-14cadcb2bc51 tempest-VolumesActionsTest-226456970 tempest-VolumesActionsTest-226456970-project] Using url versioning {{(pid=126326) process_request /opt/stack/glance/glance/api/middleware/version_negotiation.py:57}}
Aug 12 10:52:31.427608 dv-cinder-852945-1-iscsi devstack@g-api.service[126326]: DEBUG glance.api.middleware.version_negotiation [None req-580a735b-0649-46c5-a1f9-14cadcb2bc51 tempest-VolumesActionsTest-226456970 tempest-VolumesActionsTest-226456970-project] Matched version: v2 {{(pid=126326) process_request /opt/stack/glance/glance/api/middleware/version_negotiation.py:69}}
Aug 12 10:52:31.429506 dv-cinder-852945-1-iscsi devstack@g-api.service[126326]: DEBUG glance.api.middleware.version_negotiation [None req-580a735b-0649-46c5-a1f9-14cadcb2bc51 tempest-VolumesActionsTest-226456970 tempest-VolumesActionsTest-226456970-project] new path /v2/images/f6a83e72-52c8-450a-ac99-db6edfe25eef {{(pid=126326) process_request /opt/stack/glance/glance/api/middleware/version_negotiation.py:70}}
Aug 12 10:52:31.458581 dv-cinder-852945-1-iscsi devstack@g-api.service[126326]: [pid: 126326|app: 0|req: 75/134] 127.0.0.1 () {40 vars in 856 bytes} [Fri Aug 12 10:52:31 2022] GET /v2/images/f6a83e72-52c8-450a-ac99-db6edfe25eef => generated 946 bytes in 39 msecs (HTTP/1.1 200) 4 headers in 157 bytes (1 switches on core 0)
Aug 12 10:52:31.463053 dv-cinder-852945-1-iscsi devstack@g-api.service[126327]: DEBUG glance.api.middleware.version_negotiation [None req-6b462215-f45f-4ff9-aaf3-5dcd072fc94b tempest-VolumesSnapshotTestJSON-1902145617 tempest-VolumesSnapshotTestJSON-1902145617-project] Determining version of request: GET /v2/schemas/image Accept: */* {{(pid=126327) process_request /opt/stack/glance/glance/api/middleware/version_negotiation.py:44}}
Aug 12 10:52:31.463400 dv-cinder-852945-1-iscsi devstack@g-api.service[126327]: DEBUG glance.api.middleware.version_negotiation [None req-6b462215-f45f-4ff9-aaf3-5dcd072fc94b tempest-VolumesSnapshotTestJSON-1902145617 tempest-VolumesSnapshotTestJSON-1902145617-project] Using url versioning {{(pid=126327) process_request /opt/stack/glance/glance/api/middleware/version_negotiation.py:57}}
Aug 12 10:52:31.463730 dv-cinder-852945-1-iscsi devstack@g-api.service[126327]: DEBUG glance.api.middleware.version_negotiation [None req-6b462215-f45f-4ff9-aaf3-5dcd072fc94b tempest-VolumesSnapshotTestJSON-1902145617 tempest-VolumesSnapshotTestJSON-1902145617-project] Matched version: v2 {{(pid=126327) process_request /opt/stack/glance/glance/api/middleware/version_negotiation.py:69}}
Aug 12 10:52:31.464444 dv-cinder-852945-1-iscsi devstack@g-api.service[126327]: DEBUG glance.api.middleware.version_negotiation [None req-6b462215-f45f-4ff9-aaf3-5dcd072fc94b tempest-VolumesSnapshotTestJSON-1902145617 tempest-VolumesSnapshotTestJSON-1902145617-project] new path /v2/schemas/image {{(pid=126327) process_request /opt/stack/glance/glance/api/middleware/version_negotiation.py:70}}
Aug 12 10:52:31.470525 dv-cinder-852945-1-iscsi devstack@g-api.service[126327]: [pid: 126327|app: 0|req: 60/135] 127.0.0.1 () {40 vars in 796 bytes} [Fri Aug 12 10:52:31 2022] GET /v2/schemas/image => generated 6083 bytes in 8 msecs (HTTP/1.1 200) 4 headers in 158 bytes (1 switches on core 0)
Aug 12 10:52:31.481556 dv-cinder-852945-1-iscsi devstack@g-api.service[126326]: DEBUG glance.api.middleware.version_negotiation [None req-92f31edb-9182-4292-b727-a761d198a630 tempest-VolumesSnapshotTestJSON-1902145617 tempest-VolumesSnapshotTestJSON-1902145617-project] Determining version of request: GET /v2/images/21c2afe5-3733-4b2a-9323-91f4d0c46c3f Accept: application/json {{(pid=126326) process_request /opt/stack/glance/glance/api/middleware/version_negotiation.py:44}}
Aug 12 10:52:31.481914 dv-cinder-852945-1-iscsi devstack@g-api.service[126326]: DEBUG glance.api.middleware.version_negotiation [None req-92f31edb-9182-4292-b727-a761d198a630 tempest-VolumesSnapshotTestJSON-1902145617 tempest-VolumesSnapshotTestJSON-1902145617-project] Using url versioning {{(pid=126326) process_request /opt/stack/glance/glance/api/middleware/version_negotiation.py:57}}
Aug 12 10:52:31.482774 dv-cinder-852945-1-iscsi devstack@g-api.service[126326]: DEBUG glance.api.middleware.version_negotiation [None req-92f31edb-9182-4292-b727-a761d198a630 tempest-VolumesSnapshotTestJSON-1902145617 tempest-VolumesSnapshotTestJSON-1902145617-project] Matched version: v2 {{(pid=126326) process_request /opt/stack/glance/glance/api/middleware/version_negotiation.py:69}}
Aug 12 10:52:31.483379 dv-cinder-852945-1-iscsi devstack@g-api.service[126326]: DEBUG glance.api.middleware.version_negotiation [None req-92f31edb-9182-4292-b727-a761d198a630 tempest-VolumesSnapshotTestJSON-1902145617 tempest-VolumesSnapshotTestJSON-1902145617-project] new path /v2/images/21c2afe5-3733-4b2a-9323-91f4d0c46c3f {{(pid=126326) process_request /opt/stack/glance/glance/api/middleware/version_negotiation.py:70}}
Aug 12 10:52:31.483531 dv-cinder-852945-1-iscsi devstack@g-api.service[126327]: DEBUG glance.api.middleware.version_negotiation [None req-92f31edb-9182-4292-b727-a761d198a630 tempest-VolumesSnapshotTestJSON-1902145617 tempest-VolumesSnapshotTestJSON-1902145617-project] Determining version of request: GET /v2/schemas/image Accept: */* {{(pid=126327) process_request /opt/stack/glance/glance/api/middleware/version_negotiation.py:44}}
Aug 12 10:52:31.484100 dv-cinder-852945-1-iscsi devstack@g-api.service[126327]: DEBUG glance.api.middleware.version_negotiation [None req-92f31edb-9182-4292-b727-a761d198a630 tempest-VolumesSnapshotTestJSON-1902145617 tempest-VolumesSnapshotTestJSON-1902145617-project] Using url versioning {{(pid=126327) process_request /opt/stack/glance/glance/api/middleware/version_negotiation.py:57}}
Aug 12 10:52:31.484740 dv-cinder-852945-1-iscsi devstack@g-api.service[126327]: DEBUG glance.api.middleware.version_negotiation [None req-92f31edb-9182-4292-b727-a761d198a630 tempest-VolumesSnapshotTestJSON-1902145617 tempest-VolumesSnapshotTestJSON-1902145617-project] Matched version: v2 {{(pid=126327) process_request /opt/stack/glance/glance/api/middleware/version_negotiation.py:69}}
Aug 12 10:52:31.485624 dv-cinder-852945-1-iscsi devstack@g-api.service[126327]: DEBUG glance.api.middleware.version_negotiation [None req-92f31edb-9182-4292-b727-a761d198a630 tempest-VolumesSnapshotTestJSON-1902145617 tempest-VolumesSnapshotTestJSON-1902145617-project] new path /v2/schemas/image {{(pid=126327) process_request /opt/stack/glance/glance/api/middleware/version_negotiation.py:70}}
Aug 12 10:52:31.494784 dv-cinder-852945-1-iscsi devstack@g-api.service[126327]: [pid: 126327|app: 0|req: 61/136] 127.0.0.1 () {40 vars in 796 bytes} [Fri Aug 12 10:52:31 2022] GET /v2/schemas/image => generated 6083 bytes in 12 msecs (HTTP/1.1 200) 4 headers in 158 bytes (1 switches on core 0)
Aug 12 10:52:31.500485 dv-cinder-852945-1-iscsi devstack@g-api.service[126326]: [pid: 126326|app: 0|req: 76/137] 127.0.0.1 () {38 vars in 788 bytes} [Fri Aug 12 10:52:31 2022] GET /v2/images/21c2afe5-3733-4b2a-9323-91f4d0c46c3f => generated 822 bytes in 19 msecs (HTTP/1.1 200) 4 headers in 157 bytes (1 switches on core 0)
Aug 12 10:52:31.500714 dv-cinder-852945-1-iscsi devstack@g-api.service[126327]: DEBUG glance.api.middleware.version_negotiation [None req-92f31edb-9182-4292-b727-a761d198a630 tempest-VolumesSnapshotTestJSON-1902145617 tempest-VolumesSnapshotTestJSON-1902145617-project] Determining version of request: GET /v2/images/f6a83e72-52c8-450a-ac99-db6edfe25eef Accept: */* {{(pid=126327) process_request /opt/stack/glance/glance/api/middleware/version_negotiation.py:44}}
Aug 12 10:52:31.501446 dv-cinder-852945-1-iscsi devstack@g-api.service[126327]: DEBUG glance.api.middleware.version_negotiation [None req-92f31edb-9182-4292-b727-a761d198a630 tempest-VolumesSnapshotTestJSON-1902145617 tempest-VolumesSnapshotTestJSON-1902145617-project] Using url versioning {{(pid=126327) process_request /opt/stack/glance/glance/api/middleware/version_negotiation.py:57}}
Aug 12 10:52:31.501903 dv-cinder-852945-1-iscsi devstack@g-api.service[126327]: DEBUG glance.api.middleware.version_negotiation [None req-92f31edb-9182-4292-b727-a761d198a630 tempest-VolumesSnapshotTestJSON-1902145617 tempest-VolumesSnapshotTestJSON-1902145617-project] Matched version: v2 {{(pid=126327) process_request /opt/stack/glance/glance/api/middleware/version_negotiation.py:69}}
Aug 12 10:52:31.502248 dv-cinder-852945-1-iscsi devstack@g-api.service[126327]: DEBUG glance.api.middleware.version_negotiation [None req-92f31edb-9182-4292-b727-a761d198a630 tempest-VolumesSnapshotTestJSON-1902145617 tempest-VolumesSnapshotTestJSON-1902145617-project] new path /v2/images/f6a83e72-52c8-450a-ac99-db6edfe25eef {{(pid=126327) process_request /opt/stack/glance/glance/api/middleware/version_negotiation.py:70}}
Aug 12 10:52:31.504392 dv-cinder-852945-1-iscsi devstack@g-api.service[126326]: DEBUG glance.api.middleware.version_negotiation [None req-79c1b29e-98ba-48cb-8b03-dd9f6a0719ab tempest-VolumesActionsTest-226456970 tempest-VolumesActionsTest-226456970-project] Determining version of request: DELETE /v2/images/21c2afe5-3733-4b2a-9323-91f4d0c46c3f Accept: application/json {{(pid=126326) process_request /opt/stack/glance/glance/api/middleware/version_negotiation.py:44}}
Aug 12 10:52:31.504735 dv-cinder-852945-1-iscsi devstack@g-api.service[126326]: DEBUG glance.api.middleware.version_negotiation [None req-79c1b29e-98ba-48cb-8b03-dd9f6a0719ab tempest-VolumesActionsTest-226456970 tempest-VolumesActionsTest-226456970-project] Using url versioning {{(pid=126326) process_request /opt/stack/glance/glance/api/middleware/version_negotiation.py:57}}
Aug 12 10:52:31.505064 dv-cinder-852945-1-iscsi devstack@g-api.service[126326]: DEBUG glance.api.middleware.version_negotiation [None req-79c1b29e-98ba-48cb-8b03-dd9f6a0719ab tempest-VolumesActionsTest-226456970 tempest-VolumesActionsTest-226456970-project] Matched version: v2 {{(pid=126326) process_request /opt/stack/glance/glance/api/middleware/version_negotiation.py:69}}
Aug 12 10:52:31.505349 dv-cinder-852945-1-iscsi devstack@g-api.service[126326]: DEBUG glance.api.middleware.version_negotiation [None req-79c1b29e-98ba-48cb-8b03-dd9f6a0719ab tempest-VolumesActionsTest-226456970 tempest-VolumesActionsTest-226456970-project] new path /v2/images/21c2afe5-3733-4b2a-9323-91f4d0c46c3f {{(pid=126326) process_request /opt/stack/glance/glance/api/middleware/version_negotiation.py:70}}
Aug 12 10:52:31.519295 dv-cinder-852945-1-iscsi devstack@g-api.service[126326]: WARNING glance.api.v2.images [None req-a74b3ee5-c255-4bc7-ac0d-b3bdcad13b6d tempest-VolumesActionsTest-226456970 tempest-VolumesActionsTest-226456970-project] After upload to backend, deletion of staged image data has failed because it cannot be found at /tmp/staging//21c2afe5-3733-4b2a-9323-91f4d0c46c3f
Aug 12 10:52:31.520861 dv-cinder-852945-1-iscsi devstack@g-api.service[126326]: DEBUG glance_store.backend [None req-a74b3ee5-c255-4bc7-ac0d-b3bdcad13b6d tempest-VolumesActionsTest-226456970 tempest-VolumesActionsTest-226456970-project] Attempting to import store swift {{(pid=126326) _load_store /usr/local/lib/python3.8/dist-packages/glance_store/backend.py:216}}
Aug 12 10:52:31.523734 dv-cinder-852945-1-iscsi devstack@g-api.service[126326]: DEBUG glance_store.capabilities [None req-a74b3ee5-c255-4bc7-ac0d-b3bdcad13b6d tempest-VolumesActionsTest-226456970 tempest-VolumesActionsTest-226456970-project] Store glance_store._drivers.swift.store.SingleTenantStore doesn't support updating dynamic storage capabilities. Please overwrite 'update_capabilities' method of the store to implement updating logics if needed. {{(pid=126326) update_capabilities /usr/local/lib/python3.8/dist-packages/glance_store/capabilities.py:91}}
Aug 12 10:52:31.524178 dv-cinder-852945-1-iscsi devstack@g-api.service[126326]: DEBUG glance_store.driver [None req-a74b3ee5-c255-4bc7-ac0d-b3bdcad13b6d tempest-VolumesActionsTest-226456970 tempest-VolumesActionsTest-226456970-project] Late loading location class glance_store._drivers.swift.store.StoreLocation {{(pid=126326) get_store_location_class /usr/local/lib/python3.8/dist-packages/glance_store/driver.py:116}}
Aug 12 10:52:31.524479 dv-cinder-852945-1-iscsi devstack@g-api.service[126326]: DEBUG glance_store.location [None req-a74b3ee5-c255-4bc7-ac0d-b3bdcad13b6d tempest-VolumesActionsTest-226456970 tempest-VolumesActionsTest-226456970-project] Registering scheme swift+https with {'store': , 'location_class': , 'store_entry': 'swift'} {{(pid=126326) register_scheme_map /usr/local/lib/python3.8/dist-packages/glance_store/location.py:146}}
Aug 12 10:52:31.524735 dv-cinder-852945-1-iscsi devstack@g-api.service[126326]: DEBUG glance_store.location [None req-a74b3ee5-c255-4bc7-ac0d-b3bdcad13b6d tempest-VolumesActionsTest-226456970 tempest-VolumesActionsTest-226456970-project] Registering scheme swift+https with {'store': , 'location_class': , 'store_entry': 'swift'} {{(pid=126326) register_scheme_map /usr/local/lib/python3.8/dist-packages/glance_store/location.py:146}}
Aug 12 10:52:31.524919 dv-cinder-852945-1-iscsi devstack@g-api.service[126327]: [pid: 126327|app: 0|req: 62/138] 127.0.0.1 () {40 vars in 856 bytes} [Fri Aug 12 10:52:31 2022] GET /v2/images/f6a83e72-52c8-450a-ac99-db6edfe25eef => generated 946 bytes in 25 msecs (HTTP/1.1 200) 4 headers in 157 bytes (1 switches on core 0)
Aug 12 10:52:31.525118 dv-cinder-852945-1-iscsi devstack@g-api.service[126326]: DEBUG glance_store.location [None req-a74b3ee5-c255-4bc7-ac0d-b3bdcad13b6d tempest-VolumesActionsTest-226456970 tempest-VolumesActionsTest-226456970-project] Registering scheme swift with {'store': , 'location_class': , 'store_entry': 'swift'} {{(pid=126326) register_scheme_map /usr/local/lib/python3.8/dist-packages/glance_store/location.py:146}}
Aug 12 10:52:31.525230 dv-cinder-852945-1-iscsi devstack@g-api.service[126326]: DEBUG glance_store.location [None req-a74b3ee5-c255-4bc7-ac0d-b3bdcad13b6d tempest-VolumesActionsTest-226456970 tempest-VolumesActionsTest-226456970-project] Registering scheme swift+https with {'store': , 'location_class': , 'store_entry': 'swift'} {{(pid=126326) register_scheme_map /usr/local/lib/python3.8/dist-packages/glance_store/location.py:146}}
Aug 12 10:52:31.525447 dv-cinder-852945-1-iscsi devstack@g-api.service[126326]: DEBUG glance_store.location [None req-a74b3ee5-c255-4bc7-ac0d-b3bdcad13b6d tempest-VolumesActionsTest-226456970 tempest-VolumesActionsTest-226456970-project] Registering scheme swift with {'store': , 'location_class': , 'store_entry': 'swift'} {{(pid=126326) register_scheme_map /usr/local/lib/python3.8/dist-packages/glance_store/location.py:146}}
Aug 12 10:52:31.525687 dv-cinder-852945-1-iscsi devstack@g-api.service[126326]: DEBUG glance_store.location [None req-a74b3ee5-c255-4bc7-ac0d-b3bdcad13b6d tempest-VolumesActionsTest-226456970 tempest-VolumesActionsTest-226456970-project] Registering scheme swift+http with {'store': , 'location_class': , 'store_entry': 'swift'} {{(pid=126326) register_scheme_map /usr/local/lib/python3.8/dist-packages/glance_store/location.py:146}}
Aug 12 10:52:31.525930 dv-cinder-852945-1-iscsi devstack@g-api.service[126326]: DEBUG glance_store.location [None req-a74b3ee5-c255-4bc7-ac0d-b3bdcad13b6d tempest-VolumesActionsTest-226456970 tempest-VolumesActionsTest-226456970-project] Registering scheme swift+https with {'store': , 'location_class': , 'store_entry': 'swift'} {{(pid=126326) register_scheme_map /usr/local/lib/python3.8/dist-packages/glance_store/location.py:146}}
Aug 12 10:52:31.526170 dv-cinder-852945-1-iscsi devstack@g-api.service[126326]: DEBUG glance_store.location [None req-a74b3ee5-c255-4bc7-ac0d-b3bdcad13b6d tempest-VolumesActionsTest-226456970 tempest-VolumesActionsTest-226456970-project] Registering scheme swift with {'store': , 'location_class': , 'store_entry': 'swift'} {{(pid=126326) register_scheme_map /usr/local/lib/python3.8/dist-packages/glance_store/location.py:146}}
Aug 12 10:52:31.526408 dv-cinder-852945-1-iscsi devstack@g-api.service[126326]: DEBUG glance_store.location [None req-a74b3ee5-c255-4bc7-ac0d-b3bdcad13b6d tempest-VolumesActionsTest-226456970 tempest-VolumesActionsTest-226456970-project] Registering scheme swift+http with {'store': , 'location_class': , 'store_entry': 'swift'} {{(pid=126326) register_scheme_map /usr/local/lib/python3.8/dist-packages/glance_store/location.py:146}}
Aug 12 10:52:31.526806 dv-cinder-852945-1-iscsi devstack@g-api.service[126326]: DEBUG glance_store.location [None req-a74b3ee5-c255-4bc7-ac0d-b3bdcad13b6d tempest-VolumesActionsTest-226456970 tempest-VolumesActionsTest-226456970-project] Registering scheme swift+config with {'store': , 'location_class': , 'store_entry': 'swift'} {{(pid=126326) register_scheme_map /usr/local/lib/python3.8/dist-packages/glance_store/location.py:146}}
Aug 12 10:52:31.528309 dv-cinder-852945-1-iscsi devstack@g-api.service[126326]: DEBUG keystoneclient.auth.identity.v3.base [None req-a74b3ee5-c255-4bc7-ac0d-b3bdcad13b6d tempest-VolumesActionsTest-226456970 tempest-VolumesActionsTest-226456970-project] Making authentication request to http://10.222.0.23/identity/v3/auth/tokens {{(pid=126326) get_auth_ref /usr/local/lib/python3.8/dist-packages/keystoneclient/auth/identity/v3/base.py:187}}
Aug 12 10:52:31.530013 dv-cinder-852945-1-iscsi devstack@g-api.service[126327]: DEBUG glance.api.middleware.version_negotiation [None req-92f31edb-9182-4292-b727-a761d198a630 tempest-VolumesSnapshotTestJSON-1902145617 tempest-VolumesSnapshotTestJSON-1902145617-project] Determining version of request: GET /v2/schemas/image Accept: */* {{(pid=126327) process_request /opt/stack/glance/glance/api/middleware/version_negotiation.py:44}}
Aug 12 10:52:31.530869 dv-cinder-852945-1-iscsi devstack@g-api.service[126327]: DEBUG glance.api.middleware.version_negotiation [None req-92f31edb-9182-4292-b727-a761d198a630 tempest-VolumesSnapshotTestJSON-1902145617 tempest-VolumesSnapshotTestJSON-1902145617-project] Using url versioning {{(pid=126327) process_request /opt/stack/glance/glance/api/middleware/version_negotiation.py:57}}
Aug 12 10:52:31.531268 dv-cinder-852945-1-iscsi devstack@g-api.service[126327]: DEBUG glance.api.middleware.version_negotiation [None req-92f31edb-9182-4292-b727-a761d198a630 tempest-VolumesSnapshotTestJSON-1902145617 tempest-VolumesSnapshotTestJSON-1902145617-project] Matched version: v2 {{(pid=126327) process_request /opt/stack/glance/glance/api/middleware/version_negotiation.py:69}}
Aug 12 10:52:31.531618 dv-cinder-852945-1-iscsi devstack@g-api.service[126327]: DEBUG glance.api.middleware.version_negotiation [None req-92f31edb-9182-4292-b727-a761d198a630 tempest-VolumesSnapshotTestJSON-1902145617 tempest-VolumesSnapshotTestJSON-1902145617-project] new path /v2/schemas/image {{(pid=126327) process_request /opt/stack/glance/glance/api/middleware/version_negotiation.py:70}}
Aug 12 10:52:31.539002 dv-cinder-852945-1-iscsi devstack@g-api.service[126327]: [pid: 126327|app: 0|req: 63/139] 127.0.0.1 () {40 vars in 796 bytes} [Fri Aug 12 10:52:31 2022] GET /v2/schemas/image => generated 6083 bytes in 9 msecs (HTTP/1.1 200) 4 headers in 158 bytes (1 switches on core 0)
Aug 12 10:52:31.548715 dv-cinder-852945-1-iscsi devstack@g-api.service[126327]: DEBUG glance.api.middleware.version_negotiation [None req-92f31edb-9182-4292-b727-a761d198a630 tempest-VolumesSnapshotTestJSON-1902145617 tempest-VolumesSnapshotTestJSON-1902145617-project] Determining version of request: GET /v2/schemas/image Accept: */* {{(pid=126327) process_request /opt/stack/glance/glance/api/middleware/version_negotiation.py:44}}
Aug 12 10:52:31.549056 dv-cinder-852945-1-iscsi devstack@g-api.service[126327]: DEBUG glance.api.middleware.version_negotiation [None req-92f31edb-9182-4292-b727-a761d198a630 tempest-VolumesSnapshotTestJSON-1902145617 tempest-VolumesSnapshotTestJSON-1902145617-project] Using url versioning {{(pid=126327) process_request /opt/stack/glance/glance/api/middleware/version_negotiation.py:57}}
Aug 12 10:52:31.549382 dv-cinder-852945-1-iscsi devstack@g-api.service[126327]: DEBUG glance.api.middleware.version_negotiation [None req-92f31edb-9182-4292-b727-a761d198a630 tempest-VolumesSnapshotTestJSON-1902145617 tempest-VolumesSnapshotTestJSON-1902145617-project] Matched version: v2 {{(pid=126327) process_request /opt/stack/glance/glance/api/middleware/version_negotiation.py:69}}
Aug 12 10:52:31.549663 dv-cinder-852945-1-iscsi devstack@g-api.service[126327]: DEBUG glance.api.middleware.version_negotiation [None req-92f31edb-9182-4292-b727-a761d198a630 tempest-VolumesSnapshotTestJSON-1902145617 tempest-VolumesSnapshotTestJSON-1902145617-project] new path /v2/schemas/image {{(pid=126327) process_request /opt/stack/glance/glance/api/middleware/version_negotiation.py:70}}
Aug 12 10:52:31.555518 dv-cinder-852945-1-iscsi devstack@g-api.service[126327]: [pid: 126327|app: 0|req: 64/140] 127.0.0.1 () {40 vars in 796 bytes} [Fri Aug 12 10:52:31 2022] GET /v2/schemas/image => generated 6083 bytes in 7 msecs (HTTP/1.1 200) 4 headers in 158 bytes (1 switches on core 0)
Aug 12 10:52:31.596199 dv-cinder-852945-1-iscsi devstack@g-api.service[126327]: DEBUG glance.api.middleware.version_negotiation [None req-92f31edb-9182-4292-b727-a761d198a630 tempest-VolumesSnapshotTestJSON-1902145617 tempest-VolumesSnapshotTestJSON-1902145617-project] Determining version of request: GET /v2/images/f6a83e72-52c8-450a-ac99-db6edfe25eef Accept: */* {{(pid=126327) process_request /opt/stack/glance/glance/api/middleware/version_negotiation.py:44}}
Aug 12 10:52:31.596589 dv-cinder-852945-1-iscsi devstack@g-api.service[126327]: DEBUG glance.api.middleware.version_negotiation [None req-92f31edb-9182-4292-b727-a761d198a630 tempest-VolumesSnapshotTestJSON-1902145617 tempest-VolumesSnapshotTestJSON-1902145617-project] Using url versioning {{(pid=126327) process_request /opt/stack/glance/glance/api/middleware/version_negotiation.py:57}}
Aug 12 10:52:31.599254 dv-cinder-852945-1-iscsi devstack@g-api.service[126327]: DEBUG glance.api.middleware.version_negotiation [None req-92f31edb-9182-4292-b727-a761d198a630 tempest-VolumesSnapshotTestJSON-1902145617 tempest-VolumesSnapshotTestJSON-1902145617-project] Matched version: v2 {{(pid=126327) process_request /opt/stack/glance/glance/api/middleware/version_negotiation.py:69}}
Aug 12 10:52:31.600237 dv-cinder-852945-1-iscsi devstack@g-api.service[126327]: DEBUG glance.api.middleware.version_negotiation [None req-92f31edb-9182-4292-b727-a761d198a630 tempest-VolumesSnapshotTestJSON-1902145617 tempest-VolumesSnapshotTestJSON-1902145617-project] new path /v2/images/f6a83e72-52c8-450a-ac99-db6edfe25eef {{(pid=126327) process_request /opt/stack/glance/glance/api/middleware/version_negotiation.py:70}}
Aug 12 10:52:31.625190 dv-cinder-852945-1-iscsi devstack@g-api.service[126327]: [pid: 126327|app: 0|req: 65/141] 127.0.0.1 () {40 vars in 856 bytes} [Fri Aug 12 10:52:31 2022] GET /v2/images/f6a83e72-52c8-450a-ac99-db6edfe25eef => generated 946 bytes in 30 msecs (HTTP/1.1 200) 4 headers in 157 bytes (1 switches on core 0)
Aug 12 10:52:31.630082 dv-cinder-852945-1-iscsi devstack@g-api.service[126327]: DEBUG glance.api.middleware.version_negotiation [None req-92f31edb-9182-4292-b727-a761d198a630 tempest-VolumesSnapshotTestJSON-1902145617 tempest-VolumesSnapshotTestJSON-1902145617-project] Determining version of request: GET /v2/schemas/image Accept: */* {{(pid=126327) process_request /opt/stack/glance/glance/api/middleware/version_negotiation.py:44}}
Aug 12 10:52:31.630834 dv-cinder-852945-1-iscsi devstack@g-api.service[126327]: DEBUG glance.api.middleware.version_negotiation [None req-92f31edb-9182-4292-b727-a761d198a630 tempest-VolumesSnapshotTestJSON-1902145617 tempest-VolumesSnapshotTestJSON-1902145617-project] Using url versioning {{(pid=126327) process_request /opt/stack/glance/glance/api/middleware/version_negotiation.py:57}}
Aug 12 10:52:31.631307 dv-cinder-852945-1-iscsi devstack@g-api.service[126327]: DEBUG glance.api.middleware.version_negotiation [None req-92f31edb-9182-4292-b727-a761d198a630 tempest-VolumesSnapshotTestJSON-1902145617 tempest-VolumesSnapshotTestJSON-1902145617-project] Matched version: v2 {{(pid=126327) process_request /opt/stack/glance/glance/api/middleware/version_negotiation.py:69}}
Aug 12 10:52:31.631873 dv-cinder-852945-1-iscsi devstack@g-api.service[126327]: DEBUG glance.api.middleware.version_negotiation [None req-92f31edb-9182-4292-b727-a761d198a630 tempest-VolumesSnapshotTestJSON-1902145617 tempest-VolumesSnapshotTestJSON-1902145617-project] new path /v2/schemas/image {{(pid=126327) process_request /opt/stack/glance/glance/api/middleware/version_negotiation.py:70}}
Aug 12 10:52:31.638403 dv-cinder-852945-1-iscsi devstack@g-api.service[126327]: [pid: 126327|app: 0|req: 66/142] 127.0.0.1 () {40 vars in 796 bytes} [Fri Aug 12 10:52:31 2022] GET /v2/schemas/image => generated 6083 bytes in 12 msecs (HTTP/1.1 200) 4 headers in 158 bytes (1 switches on core 0)
Aug 12 10:52:31.654336 dv-cinder-852945-1-iscsi devstack@g-api.service[126326]: DEBUG keystoneclient.auth.identity.v3.base [None req-a74b3ee5-c255-4bc7-ac0d-b3bdcad13b6d tempest-VolumesActionsTest-226456970 tempest-VolumesActionsTest-226456970-project] {"token": {"methods": ["password"], "user": {"domain": {"id": "default", "name": "Default"}, "id": "e8008fa945f540a18aac7b0f81edf0d9", "name": "glance-swift", "password_expires_at": null}, "audit_ids": ["v8_xMlB1QUGE6EFawBgyug"], "expires_at": "2022-08-12T11:52:31.000000Z", "issued_at": "2022-08-12T10:52:31.000000Z", "project": {"domain": {"id": "default", "name": "Default"}, "id": "1e93cd13261f41b4971e1b0a6699a850", "name": "service"}, "is_domain": false, "roles": [{"id": "00b7ebef18e042439e2d5c6779cfae59", "name": "ResellerAdmin"}, {"id": "db7026479a164eec9e413091ad5440fe", "name": "service"}], "catalog": [{"endpoints": [{"id": "d9e9a0495060460a9caa997f2631bac7", "interface": "public", "region_id": "RegionOne", "url": "http://10.222.0.23/compute/v2.1", "region": "RegionOne"}], "id": "11854cbfd28f4d0a85ab7fcf483b8c60", "type": "compute", "name": "nova"}, {"endpoints": [{"id": "b424a7d5c24b483d841230f2a1ae9230", "interface": "public", "region_id": "RegionOne", "url": "http://10.222.0.23/image", "region": "RegionOne"}], "id": "3300c5c74a204d2f9960de54b81050bd", "type": "image", "name": "glance"}, {"endpoints": [{"id": "9b331a59ebe94fb684de34468d2e5d62", "interface": "public", "region_id": "RegionOne", "url": "http://10.222.0.23/compute/v2/1e93cd13261f41b4971e1b0a6699a850", "region": "RegionOne"}], "id": "42014dbc52dc4abf8a77a4f1f41a344d", "type": "compute_legacy", "name": "nova_legacy"}, {"endpoints": [{"id": "e98f65f4a69a459aaad0036eed0be025", "interface": "public", "region_id": "RegionOne", "url": "http://10.222.0.23/volume/v3/1e93cd13261f41b4971e1b0a6699a850", "region": "RegionOne"}], "id": "76f675fcc7814bc18161d890aef62329", "type": "volumev3", "name": "cinderv3"}, {"endpoints": [{"id": "1fcabc4b94484a12b902ec8708ba0a4e", "interface": "public", "region_id": "RegionOne", "url": "http://10.222.0.23/identity", "region": "RegionOne"}], "id": "8d5cd92ba593415b9ab7598cd0818691", "type": "identity", "name": "keystone"}, {"endpoints": [{"id": "246238c2326f463c9dcf3d89e241a99d", "interface": "admin", "region_id": "RegionOne", "url": "http://10.222.0.23:8080", "region": "RegionOne"}, {"id": "ba75727455b14dc29a1e7769153cd3d3", "interface": "public", "region_id": "RegionOne", "url": "http://10.222.0.23:8080/v1/AUTH_1e93cd13261f41b4971e1b0a6699a850", "region": "RegionOne"}], "id": "a3670d6f12ed4f49b3c75e478dc83236", "type": "object-store", "name": "swift"}, {"endpoints": [{"id": "80daa28461314fbc982e18e7f3dfc13c", "interface": "public", "region_id": "RegionOne", "url": "http://10.222.0.23/placement", "region": "RegionOne"}], "id": "aa658d4fdc5347c8ae32d4b3a85e37d2", "type": "placement", "name": "placement"}, {"endpoints": [{"id": "a9339a3279d748429e5f110329871a6d", "interface": "public", "region_id": "RegionOne", "url": "http://10.222.0.23:9696/networking", "region": "RegionOne"}], "id": "d345ebac08fe414ea0d36f4371cbf942", "type": "network", "name": "neutron"}, {"endpoints": [{"id": "bc3561b12d8644ec84f0049a46794b0a", "interface": "public", "region_id": "RegionOne", "url": "http://10.222.0.23/volume/v3/1e93cd13261f41b4971e1b0a6699a850", "region": "RegionOne"}], "id": "f6a96164b9134476af859bb2040336e9", "type": "block-storage", "name": "cinder"}]}} {{(pid=126326) get_auth_ref /usr/local/lib/python3.8/dist-packages/keystoneclient/auth/identity/v3/base.py:192}}
Aug 12 10:52:31.655501 dv-cinder-852945-1-iscsi devstack@g-api.service[126326]: DEBUG keystoneclient.httpclient [None req-a74b3ee5-c255-4bc7-ac0d-b3bdcad13b6d tempest-VolumesActionsTest-226456970 tempest-VolumesActionsTest-226456970-project] Failed to find endpoint for management url admin endpoint for identity service not found {{(pid=126326) _process_management_url /usr/local/lib/python3.8/dist-packages/keystoneclient/httpclient.py:676}}
Aug 12 10:52:32.045077 dv-cinder-852945-1-iscsi devstack@g-api.service[126326]: DEBUG swiftclient [None req-a74b3ee5-c255-4bc7-ac0d-b3bdcad13b6d tempest-VolumesActionsTest-226456970 tempest-VolumesActionsTest-226456970-project] REQ: curl -i http://10.222.0.23:8080/v1/AUTH_1e93cd13261f41b4971e1b0a6699a850/glance/21c2afe5-3733-4b2a-9323-91f4d0c46c3f -I -H "X-Auth-Token: gAAAAABi9jDvgiuW..." {{(pid=126326) http_log /usr/local/lib/python3.8/dist-packages/swiftclient/client.py:157}}
Aug 12 10:52:32.045327 dv-cinder-852945-1-iscsi devstack@g-api.service[126326]: DEBUG swiftclient [None req-a74b3ee5-c255-4bc7-ac0d-b3bdcad13b6d tempest-VolumesActionsTest-226456970 tempest-VolumesActionsTest-226456970-project] RESP STATUS: 200 OK {{(pid=126326) http_log /usr/local/lib/python3.8/dist-packages/swiftclient/client.py:158}}
Aug 12 10:52:32.045696 dv-cinder-852945-1-iscsi devstack@g-api.service[126326]: DEBUG swiftclient [None req-a74b3ee5-c255-4bc7-ac0d-b3bdcad13b6d tempest-VolumesActionsTest-226456970 tempest-VolumesActionsTest-226456970-project] RESP HEADERS: {'Content-Type': 'application/octet-stream', 'X-Object-Manifest': 'glance/21c2afe5-3733-4b2a-9323-91f4d0c46c3f-', 'Last-Modified': 'Fri, 12 Aug 2022 10:52:31 GMT', 'X-Timestamp': '1660301550.07575', 'Accept-Ranges': 'bytes', 'Content-Length': '1073741824', 'Etag': '"e2b666a07d254dcd948713f72f2c28d8"', 'X-Trans-Id': 'tx94862d9e22f7492bb59d7-0062f630ef', 'X-Openstack-Request-Id': 'tx94862d9e22f7492bb59d7-0062f630ef', 'Date': 'Fri, 12 Aug 2022 10:52:32 GMT'} {{(pid=126326) http_log /usr/local/lib/python3.8/dist-packages/swiftclient/client.py:159}}
Aug 12 10:52:32.068881 dv-cinder-852945-1-iscsi devstack@g-api.service[126326]: DEBUG swiftclient [None req-a74b3ee5-c255-4bc7-ac0d-b3bdcad13b6d tempest-VolumesActionsTest-226456970 tempest-VolumesActionsTest-226456970-project] REQ: curl -i http://10.222.0.23:8080/v1/AUTH_1e93cd13261f41b4971e1b0a6699a850/glance?format=json&prefix=21c2afe5-3733-4b2a-9323-91f4d0c46c3f- -X GET -H "X-Auth-Token: gAAAAABi9jDvgiuW..." -H "Accept-Encoding: gzip" {{(pid=126326) http_log /usr/local/lib/python3.8/dist-packages/swiftclient/client.py:157}}
Aug 12 10:52:32.069140 dv-cinder-852945-1-iscsi devstack@g-api.service[126326]: DEBUG swiftclient [None req-a74b3ee5-c255-4bc7-ac0d-b3bdcad13b6d tempest-VolumesActionsTest-226456970 tempest-VolumesActionsTest-226456970-project] RESP STATUS: 200 OK {{(pid=126326) http_log /usr/local/lib/python3.8/dist-packages/swiftclient/client.py:158}}
Aug 12 10:52:32.069523 dv-cinder-852945-1-iscsi devstack@g-api.service[126326]: DEBUG swiftclient [None req-a74b3ee5-c255-4bc7-ac0d-b3bdcad13b6d tempest-VolumesActionsTest-226456970 tempest-VolumesActionsTest-226456970-project] RESP HEADERS: {'Content-Type': 'application/json; charset=utf-8', 'Content-Length': '1265', 'X-Container-Object-Count': '8', 'X-Container-Bytes-Used': '1719664640', 'X-Timestamp': '1660301030.01575', 'Last-Modified': 'Fri, 12 Aug 2022 10:43:51 GMT', 'Accept-Ranges': 'bytes', 'X-Storage-Policy': 'Policy-0', 'X-Container-Sharding': 'False', 'X-Trans-Id': 'tx9805a45313084e8299bde-0062f630f0', 'X-Openstack-Request-Id': 'tx9805a45313084e8299bde-0062f630f0', 'Date': 'Fri, 12 Aug 2022 10:52:32 GMT'} {{(pid=126326) http_log /usr/local/lib/python3.8/dist-packages/swiftclient/client.py:159}}
Aug 12 10:52:32.070159 dv-cinder-852945-1-iscsi devstack@g-api.service[126326]: DEBUG swiftclient [None req-a74b3ee5-c255-4bc7-ac0d-b3bdcad13b6d tempest-VolumesActionsTest-226456970 tempest-VolumesActionsTest-226456970-project] RESP BODY: b'[{"bytes": 204800000, "hash": "eda9a9889837ac4bc81d6387d92c1bec", "name": "21c2afe5-3733-4b2a-9323-91f4d0c46c3f-00001", "content_type": "application/octet-stream", "last_modified": "2022-08-12T10:52:07.121370"}, {"bytes": 204800000, "hash": "eda9a9889837ac4bc81d6387d92c1bec", "name": "21c2afe5-3733-4b2a-9323-91f4d0c46c3f-00002", "content_type": "application/octet-stream", "last_modified": "2022-08-12T10:52:11.933080"}, {"bytes": 204800000, "hash": "eda9a9889837ac4bc81d6387d92c1bec", "name": "21c2afe5-3733-4b2a-9323-91f4d0c46c3f-00003", "content_type": "application/octet-stream", "last_modified": "2022-08-12T10:52:16.041320"}, {"bytes": 204800000, "hash": "eda9a9889837ac4bc81d6387d92c1bec", "name": "21c2afe5-3733-4b2a-9323-91f4d0c46c3f-00004", "content_type": "application/octet-stream", "last_modified": "2022-08-12T10:52:20.370470"}, {"bytes": 204800000, "hash": "eda9a9889837ac4bc81d6387d92c1bec", "name": "21c2afe5-3733-4b2a-9323-91f4d0c46c3f-00005", "content_type": "application/octet-stream", "last_modified": "2022-08-12T10:52:23.499890"}, {"bytes": 49741824, "hash": "708761f3b8777ec77058e63da08eeeb6", "name": "21c2afe5-3733-4b2a-9323-91f4d0c46c3f-00006", "content_type": "application/octet-stream", "last_modified": "2022-08-12T10:52:29.202890"}]' {{(pid=126326) http_log /usr/local/lib/python3.8/dist-packages/swiftclient/client.py:163}}
Aug 12 10:52:32.098346 dv-cinder-852945-1-iscsi devstack@g-api.service[126326]: DEBUG swiftclient [None req-a74b3ee5-c255-4bc7-ac0d-b3bdcad13b6d tempest-VolumesActionsTest-226456970 tempest-VolumesActionsTest-226456970-project] REQ: curl -i http://10.222.0.23:8080/v1/AUTH_1e93cd13261f41b4971e1b0a6699a850/glance/21c2afe5-3733-4b2a-9323-91f4d0c46c3f-00001 DELETE -H "X-Auth-Token: gAAAAABi9jDvgiuW..." {{(pid=126326) http_log /usr/local/lib/python3.8/dist-packages/swiftclient/client.py:157}}
Aug 12 10:52:32.098602 dv-cinder-852945-1-iscsi devstack@g-api.service[126326]: DEBUG swiftclient [None req-a74b3ee5-c255-4bc7-ac0d-b3bdcad13b6d tempest-VolumesActionsTest-226456970 tempest-VolumesActionsTest-226456970-project] RESP STATUS: 204 No Content {{(pid=126326) http_log /usr/local/lib/python3.8/dist-packages/swiftclient/client.py:158}}
Aug 12 10:52:32.099116 dv-cinder-852945-1-iscsi devstack@g-api.service[126326]: DEBUG swiftclient [None req-a74b3ee5-c255-4bc7-ac0d-b3bdcad13b6d tempest-VolumesActionsTest-226456970 tempest-VolumesActionsTest-226456970-project] RESP HEADERS: {'Content-Type': 'text/html; charset=UTF-8', 'Content-Length': '0', 'X-Trans-Id': 'txadbbdc3afded40a19f389-0062f630f0', 'X-Openstack-Request-Id': 'txadbbdc3afded40a19f389-0062f630f0', 'Date': 'Fri, 12 Aug 2022 10:52:32 GMT'} {{(pid=126326) http_log /usr/local/lib/python3.8/dist-packages/swiftclient/client.py:159}}
Aug 12 10:52:32.126017 dv-cinder-852945-1-iscsi devstack@g-api.service[126327]: DEBUG glance.api.middleware.version_negotiation [None req-92f31edb-9182-4292-b727-a761d198a630 tempest-VolumesSnapshotTestJSON-1902145617 tempest-VolumesSnapshotTestJSON-1902145617-project] Determining version of request: GET /v2/images/f6a83e72-52c8-450a-ac99-db6edfe25eef Accept: */* {{(pid=126327) process_request /opt/stack/glance/glance/api/middleware/version_negotiation.py:44}}
Aug 12 10:52:32.126362 dv-cinder-852945-1-iscsi devstack@g-api.service[126327]: DEBUG glance.api.middleware.version_negotiation [None req-92f31edb-9182-4292-b727-a761d198a630 tempest-VolumesSnapshotTestJSON-1902145617 tempest-VolumesSnapshotTestJSON-1902145617-project] Using url versioning {{(pid=126327) process_request /opt/stack/glance/glance/api/middleware/version_negotiation.py:57}}
Aug 12 10:52:32.126687 dv-cinder-852945-1-iscsi devstack@g-api.service[126327]: DEBUG glance.api.middleware.version_negotiation [None req-92f31edb-9182-4292-b727-a761d198a630 tempest-VolumesSnapshotTestJSON-1902145617 tempest-VolumesSnapshotTestJSON-1902145617-project] Matched version: v2 {{(pid=126327) process_request /opt/stack/glance/glance/api/middleware/version_negotiation.py:69}}
