Aug 10 11:33:06.342735 dv-cinder-852725-3-iscsi neutron-server[104277]: DEBUG neutron_lib.callbacks.manager [None req-eea8771c-1a5a-4e07-bcc5-e4f0adf98088 admin admin] Publish callbacks [] for security_group (ee77a6ed-e54a-476f-9dfd-af4f23b13813), precommit_create {{(pid=104277) _notify_loop /usr/local/lib/python3.8/dist-packages/neutron_lib/callbacks/manager.py:176}}
Aug 10 11:33:06.356187 dv-cinder-852725-3-iscsi neutron-server[104277]: INFO neutron.wsgi [req-997bf748-1217-4b93-b7ba-4ce30afa1939 req-64ec13d4-1f6a-4331-a354-e989e903848c tempest-AttachVolumeTestJSON-214789268 tempest-AttachVolumeTestJSON-214789268-project] 10.222.0.62 "GET /networking/v2.0/ports?device_id=61282604-5de4-413b-be4c-80aadca981b3 HTTP/1.1" status: 200 len: 210 time: 0.5464890
Aug 10 11:33:06.390480 dv-cinder-852725-3-iscsi neutron-server[104277]: DEBUG neutron.db.provisioning_blocks [req-c647f03b-7eb0-40a4-94bc-c8d5fcb9a57c req-ebfd36ca-044e-463c-bf4c-8f375db0aa44 service neutron] Transition to ACTIVE for port object f3f3926f-a2b3-40b5-a25f-a37b15cc0401 will not be triggered until provisioned by entity L2. {{(pid=104277) add_provisioning_component /opt/stack/neutron/neutron/db/provisioning_blocks.py:75}}
Aug 10 11:33:06.441000 dv-cinder-852725-3-iscsi neutron-server[104277]: DEBUG neutron_lib.callbacks.manager [None req-eea8771c-1a5a-4e07-bcc5-e4f0adf98088 admin admin] Publish callbacks ['neutron.plugins.ml2.ovo_rpc._ObjectChangeHandler.handle_event-1769319'] for security_group (ee77a6ed-e54a-476f-9dfd-af4f23b13813), after_create {{(pid=104277) _notify_loop /usr/local/lib/python3.8/dist-packages/neutron_lib/callbacks/manager.py:176}}
Aug 10 11:33:06.513195 dv-cinder-852725-3-iscsi neutron-server[104277]: INFO neutron.wsgi [req-66c97411-20ba-453e-a0f3-7c54d2b15b73 req-6004cece-b1df-4ff8-9973-c56f52f81718 service neutron] 10.222.0.26 "GET /networking/v2.0/floatingips?fixed_ip_address=172.20.0.11&port_id=b777f638-0433-408a-abe4-fd50173e4085 HTTP/1.1" status: 200 len: 217 time: 0.1649091
Aug 10 11:33:06.513917 dv-cinder-852725-3-iscsi neutron-server[104277]: DEBUG neutron_lib.callbacks.manager [req-c647f03b-7eb0-40a4-94bc-c8d5fcb9a57c req-ebfd36ca-044e-463c-bf4c-8f375db0aa44 service neutron] Publish callbacks ['neutron.plugins.ml2.plugin.SecurityGroupServerNotifierRpcMixin._notify_sg_on_port_change-767908', 'neutron.plugins.ml2.ovo_rpc._ObjectChangeHandler.handle_event-409395', 'neutron.api.rpc.agentnotifiers.dhcp_rpc_agent_api.DhcpAgentNotifyAPI._native_event_send_dhcp_notification-1578613', 'neutron.db.l3_db.L3RpcNotifierMixin._notify_gateway_port_ip_changed-8756118410662', 'neutron.db.l3_dvrscheduler_db._notify_l3_agent_port_update-8756118027192', 'neutron.db.l3_hascheduler_db._notify_l3_agent_ha_port_update-8756118027210', 'neutron.services.segments.plugin.NovaSegmentNotifier._notify_port_updated-7803042'] for port (f3f3926f-a2b3-40b5-a25f-a37b15cc0401), after_update {{(pid=104277) _notify_loop /usr/local/lib/python3.8/dist-packages/neutron_lib/callbacks/manager.py:176}}
Aug 10 11:33:06.623735 dv-cinder-852725-3-iscsi neutron-server[104278]: DEBUG neutron.plugins.ml2.plugin [None req-f9b7f86c-2537-46d3-ae5f-c6128e620a53 None None] Current status of the port 87ddf714-9a81-45d9-a5bb-ac4b3cdcb74a is: DOWN; New status is: ACTIVE {{(pid=104278) _update_individual_port_db_status /opt/stack/neutron/neutron/plugins/ml2/plugin.py:2292}}
Aug 10 11:33:06.626720 dv-cinder-852725-3-iscsi neutron-server[104278]: DEBUG neutron_lib.callbacks.manager [None req-f9b7f86c-2537-46d3-ae5f-c6128e620a53 None None] Publish callbacks ['neutron.plugins.ml2.plugin.SecurityGroupDbMixin._ensure_default_security_group_handler-767973'] for port (87ddf714-9a81-45d9-a5bb-ac4b3cdcb74a), before_update {{(pid=104278) _notify_loop /usr/local/lib/python3.8/dist-packages/neutron_lib/callbacks/manager.py:176}}
Aug 10 11:33:06.720152 dv-cinder-852725-3-iscsi neutron-server[104276]: DEBUG neutron_lib.callbacks.manager [req-5049ffe2-49c1-418e-b566-96811ec56cf1 req-b41e41e9-83c0-4f4b-a99a-9571565b0557 tempest-AttachVolumeTestJSON-214789268 tempest-AttachVolumeTestJSON-214789268-project] Publish callbacks [] for port (6a87af65-add0-4b0b-b0e4-e0ac69cae1fd), precommit_create {{(pid=104276) _notify_loop /usr/local/lib/python3.8/dist-packages/neutron_lib/callbacks/manager.py:176}}
Aug 10 11:33:06.724502 dv-cinder-852725-3-iscsi neutron-server[104277]: DEBUG neutron.pecan_wsgi.hooks.policy_enforcement [req-66c97411-20ba-453e-a0f3-7c54d2b15b73 req-f350d7d1-8650-4a06-ae96-22424dcaf323 service neutron] Attributes excluded by policy engine: ['standard_attr_id', 'shared', 'segment_id'] {{(pid=104277) _exclude_attributes_by_policy /opt/stack/neutron/neutron/pecan_wsgi/hooks/policy_enforcement.py:259}}
Aug 10 11:33:06.726739 dv-cinder-852725-3-iscsi neutron-server[104277]: INFO neutron.wsgi [req-66c97411-20ba-453e-a0f3-7c54d2b15b73 req-f350d7d1-8650-4a06-ae96-22424dcaf323 service neutron] 10.222.0.26 "GET /networking/v2.0/subnets?id=634b827b-a14f-4a5c-a597-1f1494e895fa HTTP/1.1" status: 200 len: 850 time: 0.1874130
Aug 10 11:33:06.762698 dv-cinder-852725-3-iscsi neutron-server[104276]: DEBUG novaclient.v2.client [-] REQ: curl -g -i --cacert "/opt/stack/data/ca-bundle.pem" -X POST http://10.222.0.62/compute/v2.1/os-server-external-events -H "Accept: application/json" -H "Content-Type: application/json" -H "User-Agent: python-novaclient" -H "X-Auth-Token: {SHA256}b9499eb18c564b67be86b6d13ca14aeae053183c57741fa29798743242a26f4e" -H "X-OpenStack-Nova-API-Version: 2.1" -H "X-OpenStack-Request-ID: req-ec649b22-e230-44cf-a4d2-dfede8ab3f15" -d '{"events": [{"name": "network-changed", "server_uuid": "85d76c52-fcda-4805-aa95-a00f88e39970", "tag": "e488c9e1-d9f1-4e1f-8ee8-652d229c8978"}]}' {{(pid=104276) _http_log_request /usr/local/lib/python3.8/dist-packages/keystoneauth1/session.py:519}}
Aug 10 11:33:06.780771 dv-cinder-852725-3-iscsi neutron-server[104278]: DEBUG neutron.plugins.ml2.db [None req-f9b7f86c-2537-46d3-ae5f-c6128e620a53 None None] For port 87ddf714-9a81-45d9-a5bb-ac4b3cdcb74a, host dv-cinder-852725-3-iscsi, got binding levels [PortBindingLevel(driver='openvswitch',host='dv-cinder-852725-3-iscsi',level=0,port_id=87ddf714-9a81-45d9-a5bb-ac4b3cdcb74a,segment=NetworkSegment(34f5cb0f-17bd-4323-ae07-6d578daa0c28),segment_id=34f5cb0f-17bd-4323-ae07-6d578daa0c28)] {{(pid=104278) get_binding_level_objs /opt/stack/neutron/neutron/plugins/ml2/db.py:74}}
Aug 10 11:33:06.818687 dv-cinder-852725-3-iscsi neutron-server[104277]: DEBUG dbcounter [-] [104277] Writing DB stats neutron:SELECT=94,neutron:UPDATE=5,neutron:INSERT=1 {{(pid=104277) stat_writer /usr/local/lib/python3.8/dist-packages/dbcounter.py:114}}
Aug 10 11:33:06.821956 dv-cinder-852725-3-iscsi neutron-server[104277]: INFO neutron.wsgi [None req-eea8771c-1a5a-4e07-bcc5-e4f0adf98088 admin admin] 10.222.0.62 "GET /networking/v2.0/security-groups?tenant_id=89bec01a3a3e423aa0d0e29c332c8cf5&name=default HTTP/1.1" status: 200 len: 2996 time: 1.2422528
Aug 10 11:33:06.825660 dv-cinder-852725-3-iscsi neutron-server[104277]: DEBUG neutron.api.rpc.handlers.resources_rpc [None req-eea8771c-1a5a-4e07-bcc5-e4f0adf98088 admin admin] Pushing event updated for resources: {'SecurityGroup': ['ID=ee77a6ed-e54a-476f-9dfd-af4f23b13813,revision_number=1']} {{(pid=104277) push /opt/stack/neutron/neutron/api/rpc/handlers/resources_rpc.py:237}}
Aug 10 11:33:06.832945 dv-cinder-852725-3-iscsi neutron-server[104276]: DEBUG dbcounter [-] [104276] Writing DB stats neutron:SELECT=95,neutron:UPDATE=4,neutron:INSERT=1 {{(pid=104276) stat_writer /usr/local/lib/python3.8/dist-packages/dbcounter.py:114}}
Aug 10 11:33:06.851702 dv-cinder-852725-3-iscsi neutron-server[104277]: DEBUG neutron.pecan_wsgi.hooks.policy_enforcement [req-7eb741a6-0906-4857-b5b3-b8e35184b7e1 req-bedb3f9c-1e17-487f-8069-135bba81a88e tempest-DeleteServersTestJSON-234489286 tempest-DeleteServersTestJSON-234489286-project] Attributes excluded by policy engine: ['standard_attr_id', 'binding:profile', 'binding:host_id', 'binding:vif_type', 'binding:vif_details'] {{(pid=104277) _exclude_attributes_by_policy /opt/stack/neutron/neutron/pecan_wsgi/hooks/policy_enforcement.py:259}}
Aug 10 11:33:06.854286 dv-cinder-852725-3-iscsi neutron-server[104277]: INFO neutron.wsgi [req-7eb741a6-0906-4857-b5b3-b8e35184b7e1 req-bedb3f9c-1e17-487f-8069-135bba81a88e tempest-DeleteServersTestJSON-234489286 tempest-DeleteServersTestJSON-234489286-project] 10.222.0.62 "GET /networking/v2.0/ports?device_id=420b7baa-d100-4d8d-973f-3b29beebba6b HTTP/1.1" status: 200 len: 944 time: 0.1331794
Aug 10 11:33:06.863725 dv-cinder-852725-3-iscsi neutron-server[104277]: DEBUG neutron.wsgi [-] (104277) accepted ('10.222.0.62', 56974) {{(pid=104277) server /usr/local/lib/python3.8/dist-packages/eventlet/wsgi.py:1004}}
Aug 10 11:33:06.897205 dv-cinder-852725-3-iscsi neutron-server[104276]: DEBUG neutron.pecan_wsgi.hooks.policy_enforcement [req-52d4fb58-ed6f-477a-8003-6ffe395b6ca4 req-da7d21ab-81f6-4c78-b29c-427d41a1d3ff tempest-AttachVolumeShelveTestJSON-671694811 tempest-AttachVolumeShelveTestJSON-671694811-project] Attributes excluded by policy engine: ['standard_attr_id', 'binding:profile', 'binding:host_id', 'binding:vif_type', 'binding:vif_details'] {{(pid=104276) _exclude_attributes_by_policy /opt/stack/neutron/neutron/pecan_wsgi/hooks/policy_enforcement.py:259}}
Aug 10 11:33:06.904495 dv-cinder-852725-3-iscsi neutron-server[104276]: INFO neutron.wsgi [req-52d4fb58-ed6f-477a-8003-6ffe395b6ca4 req-da7d21ab-81f6-4c78-b29c-427d41a1d3ff tempest-AttachVolumeShelveTestJSON-671694811 tempest-AttachVolumeShelveTestJSON-671694811-project] 10.222.0.62 "GET /networking/v2.0/ports?device_id=9e6ed242-956f-4b14-8520-18920447bf05 HTTP/1.1" status: 200 len: 932 time: 1.4281096
Aug 10 11:33:06.906943 dv-cinder-852725-3-iscsi neutron-server[104276]: DEBUG neutron.plugins.ml2.managers [req-32ee513a-3225-495e-b74c-3b544e310667 req-f12626e1-8d42-42ec-ae32-dd9a720ab004 service neutron] Attempting to bind port 8069a065-c0f3-4da4-a7ea-aadcc5bfe815 on host hv-cinder-85272 for vnic_type normal with profile {{(pid=104276) bind_port /opt/stack/neutron/neutron/plugins/ml2/managers.py:810}}
Aug 10 11:33:06.907286 dv-cinder-852725-3-iscsi neutron-server[104276]: DEBUG neutron.plugins.ml2.managers [req-32ee513a-3225-495e-b74c-3b544e310667 req-f12626e1-8d42-42ec-ae32-dd9a720ab004 service neutron] Attempting to bind port 8069a065-c0f3-4da4-a7ea-aadcc5bfe815 by drivers openvswitch,hyperv on host hv-cinder-85272 at level 0 using segments [{'id': '34f5cb0f-17bd-4323-ae07-6d578daa0c28', 'network_type': 'vlan', 'physical_network': 'physnet1', 'segmentation_id': 804, 'network_id': '33de9024-0342-43c4-b011-697e74d98369'}] {{(pid=104276) _bind_port_level /opt/stack/neutron/neutron/plugins/ml2/managers.py:835}}
Aug 10 11:33:06.907620 dv-cinder-852725-3-iscsi neutron-server[104276]: DEBUG neutron.plugins.ml2.drivers.mech_agent [req-32ee513a-3225-495e-b74c-3b544e310667 req-f12626e1-8d42-42ec-ae32-dd9a720ab004 service neutron] Attempting to bind port 8069a065-c0f3-4da4-a7ea-aadcc5bfe815 on network 33de9024-0342-43c4-b011-697e74d98369 {{(pid=104276) bind_port /opt/stack/neutron/neutron/plugins/ml2/drivers/mech_agent.py:91}}
Aug 10 11:33:06.912853 dv-cinder-852725-3-iscsi neutron-server[104276]: DEBUG neutron.api.rpc.handlers.resources_rpc [None req-f12626e1-8d42-42ec-ae32-dd9a720ab004 service neutron] Pushing event updated for resources: {'Port': ['ID=8069a065-c0f3-4da4-a7ea-aadcc5bfe815,revision_number=2']} {{(pid=104276) push /opt/stack/neutron/neutron/api/rpc/handlers/resources_rpc.py:237}}
Aug 10 11:33:06.919248 dv-cinder-852725-3-iscsi neutron-server[104276]: DEBUG neutron.plugins.ml2.drivers.mech_agent [req-32ee513a-3225-495e-b74c-3b544e310667 req-f12626e1-8d42-42ec-ae32-dd9a720ab004 service neutron] Port 8069a065-c0f3-4da4-a7ea-aadcc5bfe815 on network 33de9024-0342-43c4-b011-697e74d98369 not bound, no agent of type Open vSwitch agent registered on host hv-cinder-85272 {{(pid=104276) bind_port /opt/stack/neutron/neutron/plugins/ml2/drivers/mech_agent.py:103}}
Aug 10 11:33:06.919520 dv-cinder-852725-3-iscsi neutron-server[104276]: DEBUG neutron.plugins.ml2.drivers.mech_agent [req-32ee513a-3225-495e-b74c-3b544e310667 req-f12626e1-8d42-42ec-ae32-dd9a720ab004 service neutron] Attempting to bind port 8069a065-c0f3-4da4-a7ea-aadcc5bfe815 on network 33de9024-0342-43c4-b011-697e74d98369 {{(pid=104276) bind_port /opt/stack/neutron/neutron/plugins/ml2/drivers/mech_agent.py:91}}
Aug 10 11:33:06.942577 dv-cinder-852725-3-iscsi neutron-server[104276]: DEBUG neutron.plugins.ml2.drivers.mech_agent [req-32ee513a-3225-495e-b74c-3b544e310667 req-f12626e1-8d42-42ec-ae32-dd9a720ab004 service neutron] Checking agent: {'id': '96fbfeef-2f55-4341-96c4-cf1c021417be', 'agent_type': 'HyperV agent', 'binary': 'neutron-hyperv-agent', 'topic': 'N/A', 'host': 'hv-cinder-85272', 'admin_state_up': True, 'created_at': datetime.datetime(2022, 8, 10, 11, 30, 43), 'started_at': datetime.datetime(2022, 8, 10, 11, 30, 43), 'heartbeat_timestamp': datetime.datetime(2022, 8, 10, 11, 32, 43), 'description': None, 'resources_synced': None, 'availability_zone': None, 'alive': True, 'configurations': {'vswitch_mappings': {'physnet1$': 'br-data'}}, 'resource_versions': {}} {{(pid=104276) bind_port /opt/stack/neutron/neutron/plugins/ml2/drivers/mech_agent.py:110}}
Aug 10 11:33:06.942901 dv-cinder-852725-3-iscsi neutron-server[104276]: DEBUG neutron.plugins.ml2.drivers.mech_agent [req-32ee513a-3225-495e-b74c-3b544e310667 req-f12626e1-8d42-42ec-ae32-dd9a720ab004 service neutron] Checking segment: {'id': '34f5cb0f-17bd-4323-ae07-6d578daa0c28', 'network_type': 'vlan', 'physical_network': 'physnet1', 'segmentation_id': 804, 'network_id': '33de9024-0342-43c4-b011-697e74d98369'} for mappings: {'physnet1$': 'br-data'} with network types: ['local', 'flat', 'vlan'] {{(pid=104276) check_segment_for_agent /opt/stack/neutron/neutron/plugins/ml2/drivers/mech_agent.py:373}}
Aug 10 11:33:06.943288 dv-cinder-852725-3-iscsi neutron-server[104276]: DEBUG neutron.plugins.ml2.drivers.mech_agent [req-32ee513a-3225-495e-b74c-3b544e310667 req-f12626e1-8d42-42ec-ae32-dd9a720ab004 service neutron] Bound using segment: {'id': '34f5cb0f-17bd-4323-ae07-6d578daa0c28', 'network_type': 'vlan', 'physical_network': 'physnet1', 'segmentation_id': 804, 'network_id': '33de9024-0342-43c4-b011-697e74d98369'} {{(pid=104276) bind_port /opt/stack/neutron/neutron/plugins/ml2/drivers/mech_agent.py:120}}
Aug 10 11:33:06.943736 dv-cinder-852725-3-iscsi neutron-server[104276]: DEBUG neutron.plugins.ml2.managers [req-32ee513a-3225-495e-b74c-3b544e310667 req-f12626e1-8d42-42ec-ae32-dd9a720ab004 service neutron] Bound port: 8069a065-c0f3-4da4-a7ea-aadcc5bfe815, host: hv-cinder-85272, vif_type: hyperv, vif_details: {"connectivity": "legacy", "port_filter": false}, binding_levels: [{'bound_driver': 'hyperv', 'bound_segment': {'id': '34f5cb0f-17bd-4323-ae07-6d578daa0c28', 'network_type': 'vlan', 'physical_network': 'physnet1', 'segmentation_id': 804, 'network_id': '33de9024-0342-43c4-b011-697e74d98369'}}] {{(pid=104276) _bind_port_level /opt/stack/neutron/neutron/plugins/ml2/managers.py:947}}
Aug 10 11:33:06.944272 dv-cinder-852725-3-iscsi neutron-server[104276]: DEBUG neutron_lib.callbacks.manager [req-32ee513a-3225-495e-b74c-3b544e310667 req-f12626e1-8d42-42ec-ae32-dd9a720ab004 service neutron] Publish callbacks ['neutron.plugins.ml2.plugin.SecurityGroupDbMixin._ensure_default_security_group_handler-767973'] for port (8069a065-c0f3-4da4-a7ea-aadcc5bfe815), before_update {{(pid=104276) _notify_loop /usr/local/lib/python3.8/dist-packages/neutron_lib/callbacks/manager.py:176}}
Aug 10 11:33:07.023417 dv-cinder-852725-3-iscsi neutron-server[104277]: DEBUG neutron_lib.callbacks.manager [None req-27bbd0e5-e54d-4f04-afbd-1877d4f962e1 admin admin] Publish callbacks [] for security_group (None), before_create {{(pid=104277) _notify_loop /usr/local/lib/python3.8/dist-packages/neutron_lib/callbacks/manager.py:176}}
Aug 10 11:33:07.034208 dv-cinder-852725-3-iscsi neutron-server[104277]: DEBUG neutron.api.rpc.handlers.resources_rpc [None req-ebfd36ca-044e-463c-bf4c-8f375db0aa44 service neutron] Pushing event updated for resources: {'Port': ['ID=f3f3926f-a2b3-40b5-a25f-a37b15cc0401,revision_number=2']} {{(pid=104277) push /opt/stack/neutron/neutron/api/rpc/handlers/resources_rpc.py:237}}
Aug 10 11:33:07.038017 dv-cinder-852725-3-iscsi neutron-server[104278]: DEBUG neutron_lib.callbacks.manager [None req-f9b7f86c-2537-46d3-ae5f-c6128e620a53 None None] Publish callbacks ['neutron.plugins.ml2.plugin.SecurityGroupServerNotifierRpcMixin._notify_sg_on_port_change-767908', 'neutron.plugins.ml2.ovo_rpc._ObjectChangeHandler.handle_event-409395', 'neutron.api.rpc.agentnotifiers.dhcp_rpc_agent_api.DhcpAgentNotifyAPI._native_event_send_dhcp_notification-1578613', 'neutron.db.l3_db.L3RpcNotifierMixin._notify_gateway_port_ip_changed-8756118410662', 'neutron.db.l3_dvrscheduler_db._notify_l3_agent_port_update-8756118027192', 'neutron.db.l3_hascheduler_db._notify_l3_agent_ha_port_update-8756118027210'] for port (87ddf714-9a81-45d9-a5bb-ac4b3cdcb74a), after_update {{(pid=104278) _notify_loop /usr/local/lib/python3.8/dist-packages/neutron_lib/callbacks/manager.py:176}}
Aug 10 11:33:07.054123 dv-cinder-852725-3-iscsi neutron-server[104276]: INFO neutron.wsgi [req-52d4fb58-ed6f-477a-8003-6ffe395b6ca4 req-088418c8-e400-4d26-be92-61ba8ed6fa0c tempest-AttachVolumeShelveTestJSON-671694811 tempest-AttachVolumeShelveTestJSON-671694811-project] 10.222.0.62 "GET /networking/v2.0/security-groups?id=927ff035-eac0-4903-b05f-d52d35b68dd8&fields=id&fields=name HTTP/1.1" status: 200 len: 313 time: 0.1481140
Aug 10 11:33:07.105042 dv-cinder-852725-3-iscsi neutron-server[104278]: DEBUG neutron.api.rpc.handlers.resources_rpc [None req-f9b7f86c-2537-46d3-ae5f-c6128e620a53 None None] Pushing event updated for resources: {'Port': ['ID=87ddf714-9a81-45d9-a5bb-ac4b3cdcb74a,revision_number=5']} {{(pid=104278) push /opt/stack/neutron/neutron/api/rpc/handlers/resources_rpc.py:237}}
Aug 10 11:33:07.128849 dv-cinder-852725-3-iscsi neutron-server[104276]: DEBUG neutron_lib.callbacks.manager [req-5049ffe2-49c1-418e-b566-96811ec56cf1 req-b41e41e9-83c0-4f4b-a99a-9571565b0557 tempest-AttachVolumeTestJSON-214789268 tempest-AttachVolumeTestJSON-214789268-project] Publish callbacks ['neutron.plugins.ml2.plugin.SecurityGroupServerNotifierRpcMixin._notify_sg_on_port_change-767908', 'neutron.plugins.ml2.ovo_rpc._ObjectChangeHandler.handle_event-409395', 'neutron.api.rpc.agentnotifiers.dhcp_rpc_agent_api.DhcpAgentNotifyAPI._native_event_send_dhcp_notification-1578613', 'neutron.db.l3_dvrscheduler_db._notify_l3_agent_new_port-8756118027174'] for port (6a87af65-add0-4b0b-b0e4-e0ac69cae1fd), after_create {{(pid=104276) _notify_loop /usr/local/lib/python3.8/dist-packages/neutron_lib/callbacks/manager.py:176}}
Aug 10 11:33:07.135699 dv-cinder-852725-3-iscsi neutron-server[104277]: DEBUG dbcounter [-] [104277] Writing DB stats neutron:SELECT=85,neutron:UPDATE=3,neutron:INSERT=12 {{(pid=104277) stat_writer /usr/local/lib/python3.8/dist-packages/dbcounter.py:114}}
Aug 10 11:33:07.138736 dv-cinder-852725-3-iscsi neutron-server[104276]: INFO neutron.wsgi [req-f032359a-462e-4961-83c6-5682f6fd7f92 req-66243863-78e4-4f11-af10-f426b2138f17 service neutron] 10.222.0.26 "GET /networking/v2.0/networks/33de9024-0342-43c4-b011-697e74d98369?fields=segments HTTP/1.1" status: 200 len: 212 time: 1.5428078
Aug 10 11:33:07.200462 dv-cinder-852725-3-iscsi neutron-server[104276]: DEBUG neutron.plugins.ml2.db [req-32ee513a-3225-495e-b74c-3b544e310667 req-f12626e1-8d42-42ec-ae32-dd9a720ab004 service neutron] For port 8069a065-c0f3-4da4-a7ea-aadcc5bfe815, host hv-cinder-85272, cleared binding levels {{(pid=104276) clear_binding_levels /opt/stack/neutron/neutron/plugins/ml2/db.py:87}}
Aug 10 11:33:07.301134 dv-cinder-852725-3-iscsi neutron-server[104276]: DEBUG neutron.scheduler.dhcp_agent_scheduler [req-5049ffe2-49c1-418e-b566-96811ec56cf1 req-b41e41e9-83c0-4f4b-a99a-9571565b0557 tempest-AttachVolumeTestJSON-214789268 tempest-AttachVolumeTestJSON-214789268-project] Network 5775eed8-b840-4741-8a0a-1ab22fd30792 is already hosted by enough agents. {{(pid=104276) _get_dhcp_agents_hosting_network /opt/stack/neutron/neutron/scheduler/dhcp_agent_scheduler.py:275}}
Aug 10 11:33:07.330255 dv-cinder-852725-3-iscsi neutron-server[104276]: DEBUG neutron.plugins.ml2.db [req-32ee513a-3225-495e-b74c-3b544e310667 req-f12626e1-8d42-42ec-ae32-dd9a720ab004 service neutron] For port 8069a065-c0f3-4da4-a7ea-aadcc5bfe815, host hv-cinder-85272, set binding levels [PortBindingLevel(driver='hyperv',host='hv-cinder-85272',level=0,port_id=8069a065-c0f3-4da4-a7ea-aadcc5bfe815,segment=NetworkSegment(34f5cb0f-17bd-4323-ae07-6d578daa0c28),segment_id=34f5cb0f-17bd-4323-ae07-6d578daa0c28)] {{(pid=104276) set_binding_levels /opt/stack/neutron/neutron/plugins/ml2/db.py:59}}
Aug 10 11:33:07.340320 dv-cinder-852725-3-iscsi neutron-server[104276]: DEBUG neutron.scheduler.base_scheduler [req-5049ffe2-49c1-418e-b566-96811ec56cf1 req-b41e41e9-83c0-4f4b-a99a-9571565b0557 tempest-AttachVolumeTestJSON-214789268 tempest-AttachVolumeTestJSON-214789268-project] Resources bound (agent type, host, resource id): {{(pid=104276) schedule /opt/stack/neutron/neutron/scheduler/base_scheduler.py:57}}
Aug 10 11:33:07.354803 dv-cinder-852725-3-iscsi neutron-server[104276]: DEBUG neutron.db.l3_dvrscheduler_db [req-5049ffe2-49c1-418e-b566-96811ec56cf1 req-b41e41e9-83c0-4f4b-a99a-9571565b0557 tempest-AttachVolumeTestJSON-214789268 tempest-AttachVolumeTestJSON-214789268-project] Received port after_create {{(pid=104276) _notify_l3_agent_new_port /opt/stack/neutron/neutron/db/l3_dvrscheduler_db.py:538}}
Aug 10 11:33:07.373745 dv-cinder-852725-3-iscsi neutron-server[104276]: DEBUG neutron.pecan_wsgi.hooks.policy_enforcement [req-5049ffe2-49c1-418e-b566-96811ec56cf1 req-b41e41e9-83c0-4f4b-a99a-9571565b0557 tempest-AttachVolumeTestJSON-214789268 tempest-AttachVolumeTestJSON-214789268-project] Attributes excluded by policy engine: ['standard_attr_id', 'binding:profile', 'binding:host_id', 'binding:vif_type', 'binding:vif_details', 'network'] {{(pid=104276) _exclude_attributes_by_policy /opt/stack/neutron/neutron/pecan_wsgi/hooks/policy_enforcement.py:259}}
Aug 10 11:33:07.374417 dv-cinder-852725-3-iscsi neutron-server[104276]: DEBUG neutron_lib.callbacks.manager [req-5049ffe2-49c1-418e-b566-96811ec56cf1 req-b41e41e9-83c0-4f4b-a99a-9571565b0557 tempest-AttachVolumeTestJSON-214789268 tempest-AttachVolumeTestJSON-214789268-project] Publish callbacks ['neutron.notifiers.nova.Notifier._send_nova_notification-501526', 'neutron.api.rpc.agentnotifiers.dhcp_rpc_agent_api.DhcpAgentNotifyAPI._send_dhcp_notification-1578595'] for port (None), before_response {{(pid=104276) _notify_loop /usr/local/lib/python3.8/dist-packages/neutron_lib/callbacks/manager.py:176}}
Aug 10 11:33:07.382389 dv-cinder-852725-3-iscsi neutron-server[104277]: DEBUG neutron.pecan_wsgi.hooks.policy_enforcement [req-66c97411-20ba-453e-a0f3-7c54d2b15b73 req-b7a117b0-8643-471f-99d6-31fc9435ce04 service neutron] Attributes excluded by policy engine: ['standard_attr_id'] {{(pid=104277) _exclude_attributes_by_policy /opt/stack/neutron/neutron/pecan_wsgi/hooks/policy_enforcement.py:259}}
Aug 10 11:33:07.383892 dv-cinder-852725-3-iscsi neutron-server[104277]: INFO neutron.wsgi [req-66c97411-20ba-453e-a0f3-7c54d2b15b73 req-b7a117b0-8643-471f-99d6-31fc9435ce04 service neutron] 10.222.0.26 "GET /networking/v2.0/ports?network_id=d102d081-8c69-47b6-afdc-5c97e89f5998&device_owner=network%3Adhcp HTTP/1.1" status: 200 len: 1212 time: 0.5212102
Aug 10 11:33:07.387337 dv-cinder-852725-3-iscsi neutron-server[104276]: DEBUG neutron.api.rpc.handlers.resources_rpc [None req-b41e41e9-83c0-4f4b-a99a-9571565b0557 tempest-AttachVolumeTestJSON-214789268 tempest-AttachVolumeTestJSON-214789268-project] Pushing event updated for resources: {'Port': ['ID=6a87af65-add0-4b0b-b0e4-e0ac69cae1fd,revision_number=1']} {{(pid=104276) push /opt/stack/neutron/neutron/api/rpc/handlers/resources_rpc.py:237}}
Aug 10 11:33:07.422262 dv-cinder-852725-3-iscsi neutron-server[104276]: DEBUG neutron.pecan_wsgi.hooks.policy_enforcement [req-4aa05fbe-a5bd-468a-a070-df03aa04b19e req-be916127-5471-4780-b639-8726a6590e8c tempest-ServerRescueNegativeTestJSON-956924328 tempest-ServerRescueNegativeTestJSON-956924328-project] Attributes excluded by policy engine: ['standard_attr_id', 'binding:profile', 'binding:host_id', 'binding:vif_type', 'binding:vif_details'] {{(pid=104276) _exclude_attributes_by_policy /opt/stack/neutron/neutron/pecan_wsgi/hooks/policy_enforcement.py:259}}
Aug 10 11:33:07.426115 dv-cinder-852725-3-iscsi neutron-server[104276]: INFO neutron.wsgi [req-4aa05fbe-a5bd-468a-a070-df03aa04b19e req-be916127-5471-4780-b639-8726a6590e8c tempest-ServerRescueNegativeTestJSON-956924328 tempest-ServerRescueNegativeTestJSON-956924328-project] 10.222.0.62 "GET /networking/v2.0/ports?device_id=23e6c8bd-1889-4c18-9580-0022eb962549 HTTP/1.1" status: 200 len: 943 time: 0.2208786
Aug 10 11:33:07.439711 dv-cinder-852725-3-iscsi neutron-server[104277]: DEBUG neutron.plugins.ml2.managers [req-c647f03b-7eb0-40a4-94bc-c8d5fcb9a57c req-ebfd36ca-044e-463c-bf4c-8f375db0aa44 service neutron] Attempting to bind port f3f3926f-a2b3-40b5-a25f-a37b15cc0401 on host hv-cinder-85272 for vnic_type normal with profile {{(pid=104277) bind_port /opt/stack/neutron/neutron/plugins/ml2/managers.py:810}}
Aug 10 11:33:07.445763 dv-cinder-852725-3-iscsi neutron-server[104277]: DEBUG neutron.plugins.ml2.managers [req-c647f03b-7eb0-40a4-94bc-c8d5fcb9a57c req-ebfd36ca-044e-463c-bf4c-8f375db0aa44 service neutron] Attempting to bind port f3f3926f-a2b3-40b5-a25f-a37b15cc0401 by drivers openvswitch,hyperv on host hv-cinder-85272 at level 0 using segments [{'id': 'f979a24c-33eb-46fa-af6d-fa0077bb7ec9', 'network_type': 'vlan', 'physical_network': 'physnet1', 'segmentation_id': 828, 'network_id': 'a343c28e-970e-43e5-9083-e849cc490dbe'}] {{(pid=104277) _bind_port_level /opt/stack/neutron/neutron/plugins/ml2/managers.py:835}}
Aug 10 11:33:07.445763 dv-cinder-852725-3-iscsi neutron-server[104277]: DEBUG neutron.plugins.ml2.drivers.mech_agent [req-c647f03b-7eb0-40a4-94bc-c8d5fcb9a57c req-ebfd36ca-044e-463c-bf4c-8f375db0aa44 service neutron] Attempting to bind port f3f3926f-a2b3-40b5-a25f-a37b15cc0401 on network a343c28e-970e-43e5-9083-e849cc490dbe {{(pid=104277) bind_port /opt/stack/neutron/neutron/plugins/ml2/drivers/mech_agent.py:91}}
Aug 10 11:33:07.515756 dv-cinder-852725-3-iscsi neutron-server[104277]: DEBUG neutron.plugins.ml2.drivers.mech_agent [req-c647f03b-7eb0-40a4-94bc-c8d5fcb9a57c req-ebfd36ca-044e-463c-bf4c-8f375db0aa44 service neutron] Port f3f3926f-a2b3-40b5-a25f-a37b15cc0401 on network a343c28e-970e-43e5-9083-e849cc490dbe not bound, no agent of type Open vSwitch agent registered on host hv-cinder-85272 {{(pid=104277) bind_port /opt/stack/neutron/neutron/plugins/ml2/drivers/mech_agent.py:103}}
Aug 10 11:33:07.516415 dv-cinder-852725-3-iscsi neutron-server[104277]: DEBUG neutron.plugins.ml2.drivers.mech_agent [req-c647f03b-7eb0-40a4-94bc-c8d5fcb9a57c req-ebfd36ca-044e-463c-bf4c-8f375db0aa44 service neutron] Attempting to bind port f3f3926f-a2b3-40b5-a25f-a37b15cc0401 on network a343c28e-970e-43e5-9083-e849cc490dbe {{(pid=104277) bind_port /opt/stack/neutron/neutron/plugins/ml2/drivers/mech_agent.py:91}}
Aug 10 11:33:07.551739 dv-cinder-852725-3-iscsi neutron-server[104277]: INFO neutron.wsgi [req-7eb741a6-0906-4857-b5b3-b8e35184b7e1 req-aa2e8a7a-9cfe-4049-9cf4-5ab3571fe133 tempest-DeleteServersTestJSON-234489286 tempest-DeleteServersTestJSON-234489286-project] 10.222.0.62 "GET /networking/v2.0/security-groups?id=c046b738-7f0a-4049-922d-ba2556d1e243&fields=id&fields=name HTTP/1.1" status: 200 len: 286 time: 0.6509140
Aug 10 11:33:07.567806 dv-cinder-852725-3-iscsi neutron-server[104277]: DEBUG neutron.plugins.ml2.drivers.mech_agent [req-c647f03b-7eb0-40a4-94bc-c8d5fcb9a57c req-ebfd36ca-044e-463c-bf4c-8f375db0aa44 service neutron] Checking agent: {'id': '96fbfeef-2f55-4341-96c4-cf1c021417be', 'agent_type': 'HyperV agent', 'binary': 'neutron-hyperv-agent', 'topic': 'N/A', 'host': 'hv-cinder-85272', 'admin_state_up': True, 'created_at': datetime.datetime(2022, 8, 10, 11, 30, 43), 'started_at': datetime.datetime(2022, 8, 10, 11, 30, 43), 'heartbeat_timestamp': datetime.datetime(2022, 8, 10, 11, 32, 43), 'description': None, 'resources_synced': None, 'availability_zone': None, 'alive': True, 'configurations': {'vswitch_mappings': {'physnet1$': 'br-data'}}, 'resource_versions': {}} {{(pid=104277) bind_port /opt/stack/neutron/neutron/plugins/ml2/drivers/mech_agent.py:110}}
Aug 10 11:33:07.568604 dv-cinder-852725-3-iscsi neutron-server[104277]: DEBUG neutron.plugins.ml2.drivers.mech_agent [req-c647f03b-7eb0-40a4-94bc-c8d5fcb9a57c req-ebfd36ca-044e-463c-bf4c-8f375db0aa44 service neutron] Checking segment: {'id': 'f979a24c-33eb-46fa-af6d-fa0077bb7ec9', 'network_type': 'vlan', 'physical_network': 'physnet1', 'segmentation_id': 828, 'network_id': 'a343c28e-970e-43e5-9083-e849cc490dbe'} for mappings: {'physnet1$': 'br-data'} with network types: ['local', 'flat', 'vlan'] {{(pid=104277) check_segment_for_agent /opt/stack/neutron/neutron/plugins/ml2/drivers/mech_agent.py:373}}
Aug 10 11:33:07.569212 dv-cinder-852725-3-iscsi neutron-server[104277]: DEBUG neutron.plugins.ml2.drivers.mech_agent [req-c647f03b-7eb0-40a4-94bc-c8d5fcb9a57c req-ebfd36ca-044e-463c-bf4c-8f375db0aa44 service neutron] Bound using segment: {'id': 'f979a24c-33eb-46fa-af6d-fa0077bb7ec9', 'network_type': 'vlan', 'physical_network': 'physnet1', 'segmentation_id': 828, 'network_id': 'a343c28e-970e-43e5-9083-e849cc490dbe'} {{(pid=104277) bind_port /opt/stack/neutron/neutron/plugins/ml2/drivers/mech_agent.py:120}}
Aug 10 11:33:07.570074 dv-cinder-852725-3-iscsi neutron-server[104277]: DEBUG neutron.plugins.ml2.managers [req-c647f03b-7eb0-40a4-94bc-c8d5fcb9a57c req-ebfd36ca-044e-463c-bf4c-8f375db0aa44 service neutron] Bound port: f3f3926f-a2b3-40b5-a25f-a37b15cc0401, host: hv-cinder-85272, vif_type: hyperv, vif_details: {"connectivity": "legacy", "port_filter": false}, binding_levels: [{'bound_driver': 'hyperv', 'bound_segment': {'id': 'f979a24c-33eb-46fa-af6d-fa0077bb7ec9', 'network_type': 'vlan', 'physical_network': 'physnet1', 'segmentation_id': 828, 'network_id': 'a343c28e-970e-43e5-9083-e849cc490dbe'}}] {{(pid=104277) _bind_port_level /opt/stack/neutron/neutron/plugins/ml2/managers.py:947}}
Aug 10 11:33:07.570636 dv-cinder-852725-3-iscsi neutron-server[104277]: DEBUG neutron_lib.callbacks.manager [req-c647f03b-7eb0-40a4-94bc-c8d5fcb9a57c req-ebfd36ca-044e-463c-bf4c-8f375db0aa44 service neutron] Publish callbacks ['neutron.plugins.ml2.plugin.SecurityGroupDbMixin._ensure_default_security_group_handler-767973'] for port (f3f3926f-a2b3-40b5-a25f-a37b15cc0401), before_update {{(pid=104277) _notify_loop /usr/local/lib/python3.8/dist-packages/neutron_lib/callbacks/manager.py:176}}
Aug 10 11:33:07.573347 dv-cinder-852725-3-iscsi neutron-server[104277]: DEBUG neutron_lib.callbacks.manager [None req-5a14f657-b234-45eb-bf11-2aeabc201580 admin admin] Publish callbacks [] for security_group (ee77a6ed-e54a-476f-9dfd-af4f23b13813), before_delete {{(pid=104277) _notify_loop /usr/local/lib/python3.8/dist-packages/neutron_lib/callbacks/manager.py:176}}
Aug 10 11:33:07.578867 dv-cinder-852725-3-iscsi neutron-server[104276]: DEBUG neutron_lib.callbacks.manager [req-32ee513a-3225-495e-b74c-3b544e310667 req-f12626e1-8d42-42ec-ae32-dd9a720ab004 service neutron] Publish callbacks ['neutron.plugins.ml2.plugin.SecurityGroupServerNotifierRpcMixin._notify_sg_on_port_change-767908', 'neutron.plugins.ml2.ovo_rpc._ObjectChangeHandler.handle_event-409395', 'neutron.api.rpc.agentnotifiers.dhcp_rpc_agent_api.DhcpAgentNotifyAPI._native_event_send_dhcp_notification-1578613', 'neutron.db.l3_db.L3RpcNotifierMixin._notify_gateway_port_ip_changed-8756118410662', 'neutron.db.l3_dvrscheduler_db._notify_l3_agent_port_update-8756118027192', 'neutron.db.l3_hascheduler_db._notify_l3_agent_ha_port_update-8756118027210'] for port (8069a065-c0f3-4da4-a7ea-aadcc5bfe815), after_update {{(pid=104276) _notify_loop /usr/local/lib/python3.8/dist-packages/neutron_lib/callbacks/manager.py:176}}
Aug 10 11:33:07.590538 dv-cinder-852725-3-iscsi neutron-server[104276]: DEBUG neutron.pecan_wsgi.hooks.policy_enforcement [req-32ee513a-3225-495e-b74c-3b544e310667 req-f12626e1-8d42-42ec-ae32-dd9a720ab004 service neutron] Attributes excluded by policy engine: ['standard_attr_id'] {{(pid=104276) _exclude_attributes_by_policy /opt/stack/neutron/neutron/pecan_wsgi/hooks/policy_enforcement.py:259}}
Aug 10 11:33:07.596158 dv-cinder-852725-3-iscsi neutron-server[104276]: DEBUG neutron_lib.callbacks.manager [req-32ee513a-3225-495e-b74c-3b544e310667 req-f12626e1-8d42-42ec-ae32-dd9a720ab004 service neutron] Publish callbacks ['neutron.notifiers.nova.Notifier._send_nova_notification-501526', 'neutron.api.rpc.agentnotifiers.dhcp_rpc_agent_api.DhcpAgentNotifyAPI._send_dhcp_notification-1578595'] for port (None), before_response {{(pid=104276) _notify_loop /usr/local/lib/python3.8/dist-packages/neutron_lib/callbacks/manager.py:176}}
Aug 10 11:33:07.606157 dv-cinder-852725-3-iscsi neutron-server[104276]: INFO neutron.wsgi [req-32ee513a-3225-495e-b74c-3b544e310667 req-f12626e1-8d42-42ec-ae32-dd9a720ab004 service neutron] 10.222.0.26 "PUT /networking/v2.0/ports/8069a065-c0f3-4da4-a7ea-aadcc5bfe815 HTTP/1.1" status: 200 len: 1093 time: 5.1582146
Aug 10 11:33:07.704067 dv-cinder-852725-3-iscsi neutron-server[104276]: INFO neutron.wsgi [req-f032359a-462e-4961-83c6-5682f6fd7f92 req-764a5f5d-74b0-4885-96ba-32cbae044bed service neutron] 10.222.0.26 "GET /networking/v2.0/networks/33de9024-0342-43c4-b011-697e74d98369?fields=provider%3Aphysical_network&fields=provider%3Anetwork_type HTTP/1.1" status: 200 len: 281 time: 0.5422320
Aug 10 11:33:07.709046 dv-cinder-852725-3-iscsi neutron-server[104276]: INFO neutron.wsgi [req-5049ffe2-49c1-418e-b566-96811ec56cf1 req-b41e41e9-83c0-4f4b-a99a-9571565b0557 tempest-AttachVolumeTestJSON-214789268 tempest-AttachVolumeTestJSON-214789268-project] 10.222.0.26 "POST /networking/v2.0/ports HTTP/1.1" status: 201 len: 934 time: 3.8020661
Aug 10 11:33:07.710591 dv-cinder-852725-3-iscsi neutron-server[104277]: DEBUG neutron_lib.callbacks.manager [None req-5a14f657-b234-45eb-bf11-2aeabc201580 admin admin] Publish callbacks [] for security_group (ee77a6ed-e54a-476f-9dfd-af4f23b13813), precommit_delete {{(pid=104277) _notify_loop /usr/local/lib/python3.8/dist-packages/neutron_lib/callbacks/manager.py:176}}
Aug 10 11:33:07.740651 dv-cinder-852725-3-iscsi neutron-server[104276]: DEBUG neutron.api.v2.base [req-5049ffe2-49c1-418e-b566-96811ec56cf1 req-eea18a60-472f-424d-885d-c1b66dceafef service neutron] Request body: {'port': {'device_id': '61282604-5de4-413b-be4c-80aadca981b3', 'device_owner': 'compute:nova', 'binding:host_id': 'hv-cinder-85272'}} {{(pid=104276) prepare_request_body /opt/stack/neutron/neutron/api/v2/base.py:730}}
Aug 10 11:33:07.778213 dv-cinder-852725-3-iscsi neutron-server[104276]: INFO neutron.wsgi [req-4aa05fbe-a5bd-468a-a070-df03aa04b19e req-95600a2c-9509-42a9-b59f-1b84fefd19e6 tempest-ServerRescueNegativeTestJSON-956924328 tempest-ServerRescueNegativeTestJSON-956924328-project] 10.222.0.62 "GET /networking/v2.0/security-groups?id=91855e59-82b0-438d-b9c1-12345e7f7bba&fields=id&fields=name HTTP/1.1" status: 200 len: 286 time: 0.3163600
Aug 10 11:33:07.782368 dv-cinder-852725-3-iscsi neutron-server[104276]: DEBUG dbcounter [-] [104276] Writing DB stats neutron:SELECT=95,neutron:UPDATE=2,neutron:INSERT=3 {{(pid=104276) stat_writer /usr/local/lib/python3.8/dist-packages/dbcounter.py:114}}
Aug 10 11:33:07.783988 dv-cinder-852725-3-iscsi neutron-server[104277]: INFO neutron.wsgi [req-66c97411-20ba-453e-a0f3-7c54d2b15b73 req-7800b593-9f9c-4539-83cc-f599e8779ad7 service neutron] 10.222.0.26 "GET /networking/v2.0/networks/d102d081-8c69-47b6-afdc-5c97e89f5998?fields=segments HTTP/1.1" status: 200 len: 212 time: 0.3703871
Aug 10 11:33:07.845558 dv-cinder-852725-3-iscsi neutron-server[104276]: DEBUG neutron.api.rpc.handlers.resources_rpc [None req-f12626e1-8d42-42ec-ae32-dd9a720ab004 service neutron] Pushing event updated for resources: {'Port': ['ID=8069a065-c0f3-4da4-a7ea-aadcc5bfe815,revision_number=3']} {{(pid=104276) push /opt/stack/neutron/neutron/api/rpc/handlers/resources_rpc.py:237}}
Aug 10 11:33:07.860125 dv-cinder-852725-3-iscsi neutron-server[104277]: DEBUG neutron.plugins.ml2.db [req-c647f03b-7eb0-40a4-94bc-c8d5fcb9a57c req-ebfd36ca-044e-463c-bf4c-8f375db0aa44 service neutron] For port f3f3926f-a2b3-40b5-a25f-a37b15cc0401, host hv-cinder-85272, cleared binding levels {{(pid=104277) clear_binding_levels /opt/stack/neutron/neutron/plugins/ml2/db.py:87}}
Aug 10 11:33:07.867677 dv-cinder-852725-3-iscsi neutron-server[104277]: DEBUG neutron.plugins.ml2.db [req-c647f03b-7eb0-40a4-94bc-c8d5fcb9a57c req-ebfd36ca-044e-463c-bf4c-8f375db0aa44 service neutron] For port f3f3926f-a2b3-40b5-a25f-a37b15cc0401, host hv-cinder-85272, set binding levels [PortBindingLevel(driver='hyperv',host='hv-cinder-85272',level=0,port_id=f3f3926f-a2b3-40b5-a25f-a37b15cc0401,segment=NetworkSegment(f979a24c-33eb-46fa-af6d-fa0077bb7ec9),segment_id=f979a24c-33eb-46fa-af6d-fa0077bb7ec9)] {{(pid=104277) set_binding_levels /opt/stack/neutron/neutron/plugins/ml2/db.py:59}}
Aug 10 11:33:07.944177 dv-cinder-852725-3-iscsi neutron-server[104277]: DEBUG neutron_lib.callbacks.manager [None req-27bbd0e5-e54d-4f04-afbd-1877d4f962e1 admin admin] Publish callbacks [] for security_group (6af33341-7f0a-4d4f-8465-acec418a0891), precommit_create {{(pid=104277) _notify_loop /usr/local/lib/python3.8/dist-packages/neutron_lib/callbacks/manager.py:176}}
Aug 10 11:33:07.953115 dv-cinder-852725-3-iscsi neutron-server[104276]: DEBUG neutron_lib.callbacks.manager [req-5049ffe2-49c1-418e-b566-96811ec56cf1 req-eea18a60-472f-424d-885d-c1b66dceafef service neutron] Publish callbacks ['neutron.plugins.ml2.plugin.SecurityGroupDbMixin._ensure_default_security_group_handler-767973'] for port (6a87af65-add0-4b0b-b0e4-e0ac69cae1fd), before_update {{(pid=104276) _notify_loop /usr/local/lib/python3.8/dist-packages/neutron_lib/callbacks/manager.py:176}}
Aug 10 11:33:08.039872 dv-cinder-852725-3-iscsi neutron-server[104278]: DEBUG neutron.db.provisioning_blocks [None req-c7cd7b13-7f57-48f8-a225-02b7d4897b29 None None] Provisioning complete for port 6a87af65-add0-4b0b-b0e4-e0ac69cae1fd triggered by entity DHCP. {{(pid=104278) provisioning_complete /opt/stack/neutron/neutron/db/provisioning_blocks.py:145}}
Aug 10 11:33:08.041254 dv-cinder-852725-3-iscsi neutron-server[104278]: DEBUG neutron_lib.callbacks.manager [None req-c7cd7b13-7f57-48f8-a225-02b7d4897b29 None None] Publish callbacks ['neutron.plugins.ml2.plugin.Ml2Plugin._port_provisioned-725801'] for port (6a87af65-add0-4b0b-b0e4-e0ac69cae1fd), provisioning_complete {{(pid=104278) _notify_loop /usr/local/lib/python3.8/dist-packages/neutron_lib/callbacks/manager.py:176}}
Aug 10 11:33:08.102055 dv-cinder-852725-3-iscsi neutron-server[104277]: DEBUG neutron_lib.callbacks.manager [req-c647f03b-7eb0-40a4-94bc-c8d5fcb9a57c req-ebfd36ca-044e-463c-bf4c-8f375db0aa44 service neutron] Publish callbacks ['neutron.plugins.ml2.plugin.SecurityGroupServerNotifierRpcMixin._notify_sg_on_port_change-767908', 'neutron.plugins.ml2.ovo_rpc._ObjectChangeHandler.handle_event-409395', 'neutron.api.rpc.agentnotifiers.dhcp_rpc_agent_api.DhcpAgentNotifyAPI._native_event_send_dhcp_notification-1578613', 'neutron.db.l3_db.L3RpcNotifierMixin._notify_gateway_port_ip_changed-8756118410662', 'neutron.db.l3_dvrscheduler_db._notify_l3_agent_port_update-8756118027192', 'neutron.db.l3_hascheduler_db._notify_l3_agent_ha_port_update-8756118027210', 'neutron.services.segments.plugin.NovaSegmentNotifier._notify_port_updated-7803042'] for port (f3f3926f-a2b3-40b5-a25f-a37b15cc0401), after_update {{(pid=104277) _notify_loop /usr/local/lib/python3.8/dist-packages/neutron_lib/callbacks/manager.py:176}}
Aug 10 11:33:08.108716 dv-cinder-852725-3-iscsi neutron-server[104277]: DEBUG neutron_lib.callbacks.manager [None req-27bbd0e5-e54d-4f04-afbd-1877d4f962e1 admin admin] Publish callbacks ['neutron.plugins.ml2.ovo_rpc._ObjectChangeHandler.handle_event-1769319'] for security_group (6af33341-7f0a-4d4f-8465-acec418a0891), after_create {{(pid=104277) _notify_loop /usr/local/lib/python3.8/dist-packages/neutron_lib/callbacks/manager.py:176}}
Aug 10 11:33:08.109675 dv-cinder-852725-3-iscsi neutron-server[104277]: DEBUG neutron.pecan_wsgi.hooks.policy_enforcement [req-c647f03b-7eb0-40a4-94bc-c8d5fcb9a57c req-ebfd36ca-044e-463c-bf4c-8f375db0aa44 service neutron] Attributes excluded by policy engine: ['standard_attr_id'] {{(pid=104277) _exclude_attributes_by_policy /opt/stack/neutron/neutron/pecan_wsgi/hooks/policy_enforcement.py:259}}
Aug 10 11:33:08.110529 dv-cinder-852725-3-iscsi neutron-server[104277]: DEBUG neutron_lib.callbacks.manager [req-c647f03b-7eb0-40a4-94bc-c8d5fcb9a57c req-ebfd36ca-044e-463c-bf4c-8f375db0aa44 service neutron] Publish callbacks ['neutron.notifiers.nova.Notifier._send_nova_notification-501526', 'neutron.api.rpc.agentnotifiers.dhcp_rpc_agent_api.DhcpAgentNotifyAPI._send_dhcp_notification-1578595'] for port (None), before_response {{(pid=104277) _notify_loop /usr/local/lib/python3.8/dist-packages/neutron_lib/callbacks/manager.py:176}}
Aug 10 11:33:08.112839 dv-cinder-852725-3-iscsi neutron-server[104277]: INFO neutron.wsgi [req-c647f03b-7eb0-40a4-94bc-c8d5fcb9a57c req-ebfd36ca-044e-463c-bf4c-8f375db0aa44 service neutron] 10.222.0.26 "PUT /networking/v2.0/ports/f3f3926f-a2b3-40b5-a25f-a37b15cc0401 HTTP/1.1" status: 200 len: 1094 time: 3.7808878
Aug 10 11:33:08.120951 dv-cinder-852725-3-iscsi neutron-server[104277]: INFO neutron.wsgi [req-66c97411-20ba-453e-a0f3-7c54d2b15b73 req-435c66a9-fcc1-403b-83f6-059334bdf55e service neutron] 10.222.0.26 "GET /networking/v2.0/networks/d102d081-8c69-47b6-afdc-5c97e89f5998?fields=provider%3Aphysical_network&fields=provider%3Anetwork_type HTTP/1.1" status: 200 len: 281 time: 0.1978302
Aug 10 11:33:08.150727 dv-cinder-852725-3-iscsi neutron-server[104276]: DEBUG neutron.pecan_wsgi.hooks.policy_enforcement [req-32ee513a-3225-495e-b74c-3b544e310667 req-4288a985-64c8-4ff0-a1ec-682ec0a54a2b service neutron] Attributes excluded by policy engine: ['standard_attr_id'] {{(pid=104276) _exclude_attributes_by_policy /opt/stack/neutron/neutron/pecan_wsgi/hooks/policy_enforcement.py:259}}
Aug 10 11:33:08.163209 dv-cinder-852725-3-iscsi neutron-server[104276]: INFO neutron.wsgi [req-32ee513a-3225-495e-b74c-3b544e310667 req-4288a985-64c8-4ff0-a1ec-682ec0a54a2b service neutron] 10.222.0.26 "GET /networking/v2.0/ports?tenant_id=a66fd06041084a16b8d5c5b9a9dbea52&device_id=23e6c8bd-1889-4c18-9580-0022eb962549 HTTP/1.1" status: 200 len: 1127 time: 0.3946798
Aug 10 11:33:08.183484 dv-cinder-852725-3-iscsi neutron-server[104278]: DEBUG neutron.plugins.ml2.plugin [None req-c7cd7b13-7f57-48f8-a225-02b7d4897b29 None None] Port 6a87af65-add0-4b0b-b0e4-e0ac69cae1fd cannot update to ACTIVE because it is not bound. {{(pid=104278) _port_provisioned /opt/stack/neutron/neutron/plugins/ml2/plugin.py:348}}
Aug 10 11:33:08.239843 dv-cinder-852725-3-iscsi neutron-server[104277]: DEBUG novaclient.v2.client [-] RESP: [200] Connection: close Content-Length: 179 Content-Type: application/json Date: Wed, 10 Aug 2022 11:33:06 GMT OpenStack-API-Version: compute 2.1 Server: Apache/2.4.41 (Ubuntu) Vary: OpenStack-API-Version,X-OpenStack-Nova-API-Version X-OpenStack-Nova-API-Version: 2.1 x-compute-request-id: req-a6bd9cea-7711-4ddd-9ff4-15d16f50582c x-openstack-request-id: req-a6bd9cea-7711-4ddd-9ff4-15d16f50582c {{(pid=104277) _http_log_response /usr/local/lib/python3.8/dist-packages/keystoneauth1/session.py:550}}
Aug 10 11:33:08.240194 dv-cinder-852725-3-iscsi neutron-server[104277]: DEBUG novaclient.v2.client [-] RESP BODY: {"events": [{"name": "network-changed", "server_uuid": "420b7baa-d100-4d8d-973f-3b29beebba6b", "tag": "b777f638-0433-408a-abe4-fd50173e4085", "status": "completed", "code": 200}]} {{(pid=104277) _http_log_response /usr/local/lib/python3.8/dist-packages/keystoneauth1/session.py:582}}
Aug 10 11:33:08.240469 dv-cinder-852725-3-iscsi neutron-server[104277]: DEBUG novaclient.v2.client [-] POST call to compute for http://10.222.0.62/compute/v2.1/os-server-external-events used request id req-a6bd9cea-7711-4ddd-9ff4-15d16f50582c {{(pid=104277) request /usr/local/lib/python3.8/dist-packages/keystoneauth1/session.py:954}}
Aug 10 11:33:08.241198 dv-cinder-852725-3-iscsi neutron-server[104277]: INFO neutron.notifiers.nova [-] Nova event matching ['req-a6bd9cea-7711-4ddd-9ff4-15d16f50582c'] response: {'name': 'network-changed', 'server_uuid': '420b7baa-d100-4d8d-973f-3b29beebba6b', 'tag': 'b777f638-0433-408a-abe4-fd50173e4085', 'status': 'completed', 'code': 200}
Aug 10 11:33:08.244359 dv-cinder-852725-3-iscsi neutron-server[104278]: DEBUG neutron.plugins.ml2.rpc [None req-f9b7f86c-2537-46d3-ae5f-c6128e620a53 None None] Device 87ddf714-9a81-45d9-a5bb-ac4b3cdcb74a up at agent ovs-agent-dv-cinder-852725-3-iscsi {{(pid=104278) update_device_up /opt/stack/neutron/neutron/plugins/ml2/rpc.py:296}}
Aug 10 11:33:08.254135 dv-cinder-852725-3-iscsi neutron-server[104277]: DEBUG neutron_lib.callbacks.manager [None req-5a14f657-b234-45eb-bf11-2aeabc201580 admin admin] Publish callbacks ['neutron.plugins.ml2.ovo_rpc._ObjectChangeHandler.handle_event-1769319'] for security_group (ee77a6ed-e54a-476f-9dfd-af4f23b13813), after_delete {{(pid=104277) _notify_loop /usr/local/lib/python3.8/dist-packages/neutron_lib/callbacks/manager.py:176}}
Aug 10 11:33:08.256906 dv-cinder-852725-3-iscsi neutron-server[104277]: DEBUG neutron_lib.callbacks.manager [None req-5a14f657-b234-45eb-bf11-2aeabc201580 admin admin] Publish callbacks [] for security_group (None), before_response {{(pid=104277) _notify_loop /usr/local/lib/python3.8/dist-packages/neutron_lib/callbacks/manager.py:176}}
Aug 10 11:33:08.283614 dv-cinder-852725-3-iscsi neutron-server[104277]: INFO neutron.wsgi [None req-5a14f657-b234-45eb-bf11-2aeabc201580 admin admin] 10.222.0.62 "DELETE /networking/v2.0/security-groups/ee77a6ed-e54a-476f-9dfd-af4f23b13813 HTTP/1.1" status: 204 len: 168 time: 1.3932915
Aug 10 11:33:08.319170 dv-cinder-852725-3-iscsi neutron-server[104278]: DEBUG neutron.db.provisioning_blocks [None req-f9b7f86c-2537-46d3-ae5f-c6128e620a53 None None] Provisioning complete for port 87ddf714-9a81-45d9-a5bb-ac4b3cdcb74a triggered by entity L2. {{(pid=104278) provisioning_complete /opt/stack/neutron/neutron/db/provisioning_blocks.py:145}}
Aug 10 11:33:08.319833 dv-cinder-852725-3-iscsi neutron-server[104278]: DEBUG neutron_lib.callbacks.manager [None req-f9b7f86c-2537-46d3-ae5f-c6128e620a53 None None] Publish callbacks ['neutron.plugins.ml2.plugin.Ml2Plugin._port_provisioned-725801'] for port (87ddf714-9a81-45d9-a5bb-ac4b3cdcb74a), provisioning_complete {{(pid=104278) _notify_loop /usr/local/lib/python3.8/dist-packages/neutron_lib/callbacks/manager.py:176}}
Aug 10 11:33:08.330454 dv-cinder-852725-3-iscsi neutron-server[104276]: INFO neutron.wsgi [req-32ee513a-3225-495e-b74c-3b544e310667 req-4fbb0393-7e53-4776-a2aa-3af3e68282f1 service neutron] 10.222.0.26 "GET /networking/v2.0/floatingips?fixed_ip_address=172.20.0.3&port_id=8069a065-c0f3-4da4-a7ea-aadcc5bfe815 HTTP/1.1" status: 200 len: 217 time: 0.1398427
Aug 10 11:33:08.436835 dv-cinder-852725-3-iscsi neutron-server[104278]: DEBUG dbcounter [-] [104278] Writing DB stats neutron:SELECT=98,neutron:UPDATE=2 {{(pid=104278) stat_writer /usr/local/lib/python3.8/dist-packages/dbcounter.py:114}}
Aug 10 11:33:08.448622 dv-cinder-852725-3-iscsi neutron-server[104276]: DEBUG novaclient.v2.client [-] RESP: [200] Connection: close Content-Length: 179 Content-Type: application/json Date: Wed, 10 Aug 2022 11:33:06 GMT OpenStack-API-Version: compute 2.1 Server: Apache/2.4.41 (Ubuntu) Vary: OpenStack-API-Version,X-OpenStack-Nova-API-Version X-OpenStack-Nova-API-Version: 2.1 x-compute-request-id: req-41bbdbab-8689-470a-a04c-9143a6a2c497 x-openstack-request-id: req-41bbdbab-8689-470a-a04c-9143a6a2c497 {{(pid=104276) _http_log_response /usr/local/lib/python3.8/dist-packages/keystoneauth1/session.py:550}}
Aug 10 11:33:08.451574 dv-cinder-852725-3-iscsi neutron-server[104276]: DEBUG novaclient.v2.client [-] RESP BODY: {"events": [{"name": "network-changed", "server_uuid": "85d76c52-fcda-4805-aa95-a00f88e39970", "tag": "e488c9e1-d9f1-4e1f-8ee8-652d229c8978", "status": "completed", "code": 200}]} {{(pid=104276) _http_log_response /usr/local/lib/python3.8/dist-packages/keystoneauth1/session.py:582}}
Aug 10 11:33:08.453009 dv-cinder-852725-3-iscsi neutron-server[104276]: DEBUG novaclient.v2.client [-] POST call to compute for http://10.222.0.62/compute/v2.1/os-server-external-events used request id req-41bbdbab-8689-470a-a04c-9143a6a2c497 {{(pid=104276) request /usr/local/lib/python3.8/dist-packages/keystoneauth1/session.py:954}}
Aug 10 11:33:08.460609 dv-cinder-852725-3-iscsi neutron-server[104276]: INFO neutron.notifiers.nova [-] Nova event matching ['req-41bbdbab-8689-470a-a04c-9143a6a2c497'] response: {'name': 'network-changed', 'server_uuid': '85d76c52-fcda-4805-aa95-a00f88e39970', 'tag': 'e488c9e1-d9f1-4e1f-8ee8-652d229c8978', 'status': 'completed', 'code': 200}
Aug 10 11:33:08.542637 dv-cinder-852725-3-iscsi neutron-server[104278]: DEBUG neutron.plugins.ml2.plugin [None req-f9b7f86c-2537-46d3-ae5f-c6128e620a53 None None] Current status of the port 87ddf714-9a81-45d9-a5bb-ac4b3cdcb74a is: ACTIVE; New status is: ACTIVE {{(pid=104278) _update_individual_port_db_status /opt/stack/neutron/neutron/plugins/ml2/plugin.py:2292}}
