Aug 10 11:23:40.938534 dv-cinder-852724-1-smb neutron-server[104632]: DEBUG novaclient.v2.client [-] REQ: curl -g -i --cacert "/opt/stack/data/ca-bundle.pem" -X POST http://10.222.0.40/compute/v2.1/os-server-external-events -H "Accept: application/json" -H "Content-Type: application/json" -H "User-Agent: python-novaclient" -H "X-Auth-Token: {SHA256}927808e14b10cb42160f6c3a098ebc08531654dd8565928f4155259dc7948208" -H "X-OpenStack-Nova-API-Version: 2.1" -H "X-OpenStack-Request-ID: req-a06050ef-0541-4219-adee-20909d772f85" -d '{"events": [{"server_uuid": "1f4e9e36-04b7-4464-8537-050da4b57565", "name": "network-vif-deleted", "tag": "3898921b-e3da-4c29-abad-1de26623b0b4"}]}' {{(pid=104632) _http_log_request /usr/local/lib/python3.8/dist-packages/keystoneauth1/session.py:519}}
Aug 10 11:23:40.986412 dv-cinder-852724-1-smb neutron-server[104632]: DEBUG novaclient.v2.client [-] RESP: [200] Connection: close Content-Length: 183 Content-Type: application/json Date: Wed, 10 Aug 2022 11:23:40 GMT OpenStack-API-Version: compute 2.1 Server: Apache/2.4.41 (Ubuntu) Vary: OpenStack-API-Version,X-OpenStack-Nova-API-Version X-OpenStack-Nova-API-Version: 2.1 x-compute-request-id: req-7e7131db-ee63-46a7-9b10-0afd3e86f953 x-openstack-request-id: req-7e7131db-ee63-46a7-9b10-0afd3e86f953 {{(pid=104632) _http_log_response /usr/local/lib/python3.8/dist-packages/keystoneauth1/session.py:550}}
Aug 10 11:23:40.986725 dv-cinder-852724-1-smb neutron-server[104632]: DEBUG novaclient.v2.client [-] RESP BODY: {"events": [{"server_uuid": "1f4e9e36-04b7-4464-8537-050da4b57565", "name": "network-vif-deleted", "tag": "3898921b-e3da-4c29-abad-1de26623b0b4", "status": "completed", "code": 200}]} {{(pid=104632) _http_log_response /usr/local/lib/python3.8/dist-packages/keystoneauth1/session.py:582}}
Aug 10 11:23:40.987849 dv-cinder-852724-1-smb neutron-server[104632]: DEBUG novaclient.v2.client [-] POST call to compute for http://10.222.0.40/compute/v2.1/os-server-external-events used request id req-7e7131db-ee63-46a7-9b10-0afd3e86f953 {{(pid=104632) request /usr/local/lib/python3.8/dist-packages/keystoneauth1/session.py:954}}
Aug 10 11:23:40.988291 dv-cinder-852724-1-smb neutron-server[104632]: INFO neutron.notifiers.nova [-] Nova event matching ['req-7e7131db-ee63-46a7-9b10-0afd3e86f953'] response: {'server_uuid': '1f4e9e36-04b7-4464-8537-050da4b57565', 'name': 'network-vif-deleted', 'tag': '3898921b-e3da-4c29-abad-1de26623b0b4', 'status': 'completed', 'code': 200}
Aug 10 11:23:41.274151 dv-cinder-852724-1-smb neutron-server[104633]: DEBUG neutron.wsgi [-] (104633) accepted ('10.222.0.40', 43128) {{(pid=104633) server /usr/local/lib/python3.8/dist-packages/eventlet/wsgi.py:1004}}
Aug 10 11:23:41.347748 dv-cinder-852724-1-smb neutron-server[104634]: DEBUG neutron_lib.callbacks.manager [None req-24580ad9-e486-454c-ae74-ecf945cc277b None None] Publish callbacks ['neutron.services.segments.db._update_segment_host_mapping_for_agent-8771158738140', 'neutron.plugins.ml2.plugin.Ml2Plugin._retry_binding_revived_agents-1645043'] for agent (50297fcf-9972-459f-a74a-3200d0a5b8a2), after_update {{(pid=104634) _notify_loop /usr/local/lib/python3.8/dist-packages/neutron_lib/callbacks/manager.py:176}}
Aug 10 11:23:41.355648 dv-cinder-852724-1-smb neutron-server[104633]: INFO neutron.wsgi [req-e2c53a25-3320-4304-8409-1d75de03e2dc req-f7af38f1-54bd-4139-b72a-637992599a35 tempest-DeleteServersTestJSON-1141061767 tempest-DeleteServersTestJSON-1141061767-project] 10.222.0.40 "GET /networking/v2.0/ports?device_id=1f4e9e36-04b7-4464-8537-050da4b57565 HTTP/1.1" status: 200 len: 210 time: 0.0303495
Aug 10 11:23:41.482461 dv-cinder-852724-1-smb neutron-server[104633]: DEBUG neutron_lib.callbacks.manager [None req-d671f9b4-24b0-45b4-8dcd-fff113c3532c admin admin] Publish callbacks [] for security_group (None), before_create {{(pid=104633) _notify_loop /usr/local/lib/python3.8/dist-packages/neutron_lib/callbacks/manager.py:176}}
Aug 10 11:23:41.572734 dv-cinder-852724-1-smb neutron-server[104633]: DEBUG neutron_lib.callbacks.manager [None req-d671f9b4-24b0-45b4-8dcd-fff113c3532c admin admin] Publish callbacks [] for security_group (76cde41f-4b0c-4166-a8ed-176350172748), precommit_create {{(pid=104633) _notify_loop /usr/local/lib/python3.8/dist-packages/neutron_lib/callbacks/manager.py:176}}
Aug 10 11:23:41.645092 dv-cinder-852724-1-smb neutron-server[104633]: DEBUG neutron_lib.callbacks.manager [None req-d671f9b4-24b0-45b4-8dcd-fff113c3532c admin admin] Publish callbacks ['neutron.plugins.ml2.ovo_rpc._ObjectChangeHandler.handle_event-566399'] for security_group (76cde41f-4b0c-4166-a8ed-176350172748), after_create {{(pid=104633) _notify_loop /usr/local/lib/python3.8/dist-packages/neutron_lib/callbacks/manager.py:176}}
Aug 10 11:23:41.688653 dv-cinder-852724-1-smb neutron-server[104633]: INFO neutron.wsgi [None req-d671f9b4-24b0-45b4-8dcd-fff113c3532c admin admin] 10.222.0.40 "GET /networking/v2.0/security-groups?tenant_id=c2958f697ce94cfa82df2eb6fec7ebf1&name=default HTTP/1.1" status: 200 len: 2996 time: 0.4132857
Aug 10 11:23:41.689711 dv-cinder-852724-1-smb neutron-server[104633]: DEBUG neutron.api.rpc.handlers.resources_rpc [None req-d671f9b4-24b0-45b4-8dcd-fff113c3532c admin admin] Pushing event updated for resources: {'SecurityGroup': ['ID=76cde41f-4b0c-4166-a8ed-176350172748,revision_number=1']} {{(pid=104633) push /opt/stack/neutron/neutron/api/rpc/handlers/resources_rpc.py:237}}
Aug 10 11:23:41.691427 dv-cinder-852724-1-smb neutron-server[104632]: DEBUG neutron.wsgi [-] (104632) accepted ('10.222.0.40', 43146) {{(pid=104632) server /usr/local/lib/python3.8/dist-packages/eventlet/wsgi.py:1004}}
Aug 10 11:23:41.754861 dv-cinder-852724-1-smb neutron-server[104632]: DEBUG neutron_lib.callbacks.manager [None req-82d6a166-e7af-47a8-999e-746a6032b08d admin admin] Publish callbacks [] for security_group (76cde41f-4b0c-4166-a8ed-176350172748), before_delete {{(pid=104632) _notify_loop /usr/local/lib/python3.8/dist-packages/neutron_lib/callbacks/manager.py:176}}
Aug 10 11:23:41.784969 dv-cinder-852724-1-smb neutron-server[104632]: DEBUG neutron_lib.callbacks.manager [None req-82d6a166-e7af-47a8-999e-746a6032b08d admin admin] Publish callbacks [] for security_group (76cde41f-4b0c-4166-a8ed-176350172748), precommit_delete {{(pid=104632) _notify_loop /usr/local/lib/python3.8/dist-packages/neutron_lib/callbacks/manager.py:176}}
Aug 10 11:23:42.074086 dv-cinder-852724-1-smb neutron-server[104632]: DEBUG neutron_lib.callbacks.manager [None req-82d6a166-e7af-47a8-999e-746a6032b08d admin admin] Publish callbacks ['neutron.plugins.ml2.ovo_rpc._ObjectChangeHandler.handle_event-566399'] for security_group (76cde41f-4b0c-4166-a8ed-176350172748), after_delete {{(pid=104632) _notify_loop /usr/local/lib/python3.8/dist-packages/neutron_lib/callbacks/manager.py:176}}
Aug 10 11:23:42.077693 dv-cinder-852724-1-smb neutron-server[104632]: DEBUG neutron_lib.callbacks.manager [None req-82d6a166-e7af-47a8-999e-746a6032b08d admin admin] Publish callbacks [] for security_group (None), before_response {{(pid=104632) _notify_loop /usr/local/lib/python3.8/dist-packages/neutron_lib/callbacks/manager.py:176}}
Aug 10 11:23:42.078852 dv-cinder-852724-1-smb neutron-server[104632]: INFO neutron.wsgi [None req-82d6a166-e7af-47a8-999e-746a6032b08d admin admin] 10.222.0.40 "DELETE /networking/v2.0/security-groups/76cde41f-4b0c-4166-a8ed-176350172748 HTTP/1.1" status: 204 len: 168 time: 0.3858185
Aug 10 11:23:42.087177 dv-cinder-852724-1-smb neutron-server[104632]: DEBUG neutron.api.rpc.handlers.resources_rpc [None req-82d6a166-e7af-47a8-999e-746a6032b08d admin admin] Pushing event deleted for resources: {'SecurityGroup': ['ID=76cde41f-4b0c-4166-a8ed-176350172748,revision_number=None']} {{(pid=104632) push /opt/stack/neutron/neutron/api/rpc/handlers/resources_rpc.py:237}}
Aug 10 11:23:42.374783 dv-cinder-852724-1-smb neutron-server[104633]: DEBUG neutron.wsgi [-] (104633) accepted ('10.222.0.40', 43162) {{(pid=104633) server /usr/local/lib/python3.8/dist-packages/eventlet/wsgi.py:1004}}
Aug 10 11:23:42.493843 dv-cinder-852724-1-smb neutron-server[104633]: DEBUG neutron_lib.callbacks.manager [None req-49ed6c97-d4cf-4013-a278-25a260c70e19 admin admin] Publish callbacks [] for security_group (None), before_create {{(pid=104633) _notify_loop /usr/local/lib/python3.8/dist-packages/neutron_lib/callbacks/manager.py:176}}
Aug 10 11:23:42.516996 dv-cinder-852724-1-smb neutron-server[104632]: INFO neutron.wsgi [req-53dc311e-8ff3-414e-a6d3-d9bc43e43c63 req-a6d2ff34-34b1-43b4-ba05-e1a59564e0c8 tempest-DeleteServersTestJSON-1141061767 tempest-DeleteServersTestJSON-1141061767-project] 10.222.0.40 "GET /networking/v2.0/ports?device_id=1f4e9e36-04b7-4464-8537-050da4b57565 HTTP/1.1" status: 200 len: 210 time: 0.0481117
Aug 10 11:23:42.590755 dv-cinder-852724-1-smb neutron-server[104633]: DEBUG neutron_lib.callbacks.manager [None req-49ed6c97-d4cf-4013-a278-25a260c70e19 admin admin] Publish callbacks [] for security_group (26ae7734-7a03-4bfd-8435-01f43502a8a9), precommit_create {{(pid=104633) _notify_loop /usr/local/lib/python3.8/dist-packages/neutron_lib/callbacks/manager.py:176}}
Aug 10 11:23:42.645330 dv-cinder-852724-1-smb neutron-server[104633]: DEBUG neutron_lib.callbacks.manager [None req-49ed6c97-d4cf-4013-a278-25a260c70e19 admin admin] Publish callbacks ['neutron.plugins.ml2.ovo_rpc._ObjectChangeHandler.handle_event-566399'] for security_group (26ae7734-7a03-4bfd-8435-01f43502a8a9), after_create {{(pid=104633) _notify_loop /usr/local/lib/python3.8/dist-packages/neutron_lib/callbacks/manager.py:176}}
Aug 10 11:23:42.690963 dv-cinder-852724-1-smb neutron-server[104633]: INFO neutron.wsgi [None req-49ed6c97-d4cf-4013-a278-25a260c70e19 admin admin] 10.222.0.40 "GET /networking/v2.0/security-groups?tenant_id=c5b0eb39a67145bdac1dd84da14063f7&name=default HTTP/1.1" status: 200 len: 2996 time: 0.3150997
Aug 10 11:23:42.693060 dv-cinder-852724-1-smb neutron-server[104633]: DEBUG neutron.api.rpc.handlers.resources_rpc [None req-49ed6c97-d4cf-4013-a278-25a260c70e19 admin admin] Pushing event updated for resources: {'SecurityGroup': ['ID=26ae7734-7a03-4bfd-8435-01f43502a8a9,revision_number=1']} {{(pid=104633) push /opt/stack/neutron/neutron/api/rpc/handlers/resources_rpc.py:237}}
Aug 10 11:23:42.695095 dv-cinder-852724-1-smb neutron-server[104632]: DEBUG neutron.wsgi [-] (104632) accepted ('10.222.0.40', 43178) {{(pid=104632) server /usr/local/lib/python3.8/dist-packages/eventlet/wsgi.py:1004}}
Aug 10 11:23:42.704498 dv-cinder-852724-1-smb neutron-server[104634]: DEBUG neutron.plugins.ml2.rpc [None req-24580ad9-e486-454c-ae74-ecf945cc277b None None] Device 3898921b-e3da-4c29-abad-1de26623b0b4 no longer exists at agent hyperv_hv-cinder-85272 {{(pid=104634) update_device_down /opt/stack/neutron/neutron/plugins/ml2/rpc.py:259}}
Aug 10 11:23:42.734526 dv-cinder-852724-1-smb neutron-server[104634]: DEBUG neutron.plugins.ml2.plugin [None req-24580ad9-e486-454c-ae74-ecf945cc277b None None] No Port match for: 3898921b-e3da-4c29-abad-1de26623b0b4 {{(pid=104634) port_bound_to_host /opt/stack/neutron/neutron/plugins/ml2/plugin.py:2376}}
Aug 10 11:23:42.735170 dv-cinder-852724-1-smb neutron-server[104634]: DEBUG neutron.plugins.ml2.rpc [None req-24580ad9-e486-454c-ae74-ecf945cc277b None None] Device 3898921b-e3da-4c29-abad-1de26623b0b4 not bound to the agent host hv-cinder-85272 {{(pid=104634) update_device_down /opt/stack/neutron/neutron/plugins/ml2/rpc.py:269}}
Aug 10 11:23:42.773443 dv-cinder-852724-1-smb neutron-server[104632]: DEBUG neutron_lib.callbacks.manager [None req-6dce6192-f099-4184-8176-be23ff77e633 admin admin] Publish callbacks [] for security_group (26ae7734-7a03-4bfd-8435-01f43502a8a9), before_delete {{(pid=104632) _notify_loop /usr/local/lib/python3.8/dist-packages/neutron_lib/callbacks/manager.py:176}}
Aug 10 11:23:42.797638 dv-cinder-852724-1-smb neutron-server[104632]: DEBUG neutron_lib.callbacks.manager [None req-6dce6192-f099-4184-8176-be23ff77e633 admin admin] Publish callbacks [] for security_group (26ae7734-7a03-4bfd-8435-01f43502a8a9), precommit_delete {{(pid=104632) _notify_loop /usr/local/lib/python3.8/dist-packages/neutron_lib/callbacks/manager.py:176}}
Aug 10 11:23:42.829416 dv-cinder-852724-1-smb neutron-server[104633]: DEBUG neutron.wsgi [-] (104633) accepted ('10.222.0.40', 43180) {{(pid=104633) server /usr/local/lib/python3.8/dist-packages/eventlet/wsgi.py:1004}}
Aug 10 11:23:42.851469 dv-cinder-852724-1-smb neutron-server[104633]: DEBUG neutron_lib.callbacks.manager [None req-00c84849-0c00-4965-8ec7-cccba4adb807 admin admin] Publish callbacks [] for security_group (None), before_create {{(pid=104633) _notify_loop /usr/local/lib/python3.8/dist-packages/neutron_lib/callbacks/manager.py:176}}
Aug 10 11:23:42.956911 dv-cinder-852724-1-smb neutron-server[104632]: DEBUG neutron_lib.callbacks.manager [None req-6dce6192-f099-4184-8176-be23ff77e633 admin admin] Publish callbacks ['neutron.plugins.ml2.ovo_rpc._ObjectChangeHandler.handle_event-566399'] for security_group (26ae7734-7a03-4bfd-8435-01f43502a8a9), after_delete {{(pid=104632) _notify_loop /usr/local/lib/python3.8/dist-packages/neutron_lib/callbacks/manager.py:176}}
Aug 10 11:23:42.959938 dv-cinder-852724-1-smb neutron-server[104632]: DEBUG neutron_lib.callbacks.manager [None req-6dce6192-f099-4184-8176-be23ff77e633 admin admin] Publish callbacks [] for security_group (None), before_response {{(pid=104632) _notify_loop /usr/local/lib/python3.8/dist-packages/neutron_lib/callbacks/manager.py:176}}
Aug 10 11:23:42.961205 dv-cinder-852724-1-smb neutron-server[104632]: INFO neutron.wsgi [None req-6dce6192-f099-4184-8176-be23ff77e633 admin admin] 10.222.0.40 "DELETE /networking/v2.0/security-groups/26ae7734-7a03-4bfd-8435-01f43502a8a9 HTTP/1.1" status: 204 len: 168 time: 0.2645371
Aug 10 11:23:42.970302 dv-cinder-852724-1-smb neutron-server[104632]: DEBUG neutron.api.rpc.handlers.resources_rpc [None req-6dce6192-f099-4184-8176-be23ff77e633 admin admin] Pushing event deleted for resources: {'SecurityGroup': ['ID=26ae7734-7a03-4bfd-8435-01f43502a8a9,revision_number=None']} {{(pid=104632) push /opt/stack/neutron/neutron/api/rpc/handlers/resources_rpc.py:237}}
Aug 10 11:23:43.040241 dv-cinder-852724-1-smb neutron-server[104633]: DEBUG dbcounter [-] [104633] Writing DB stats neutron:SELECT=81,neutron:DELETE=4,neutron:INSERT=14,neutron:UPDATE=1 {{(pid=104633) stat_writer /usr/local/lib/python3.8/dist-packages/dbcounter.py:114}}
Aug 10 11:23:43.055786 dv-cinder-852724-1-smb neutron-server[104633]: DEBUG neutron_lib.callbacks.manager [None req-00c84849-0c00-4965-8ec7-cccba4adb807 admin admin] Publish callbacks [] for security_group (248a2e30-7a53-4d77-be94-b6ba7650b772), precommit_create {{(pid=104633) _notify_loop /usr/local/lib/python3.8/dist-packages/neutron_lib/callbacks/manager.py:176}}
Aug 10 11:23:43.155086 dv-cinder-852724-1-smb neutron-server[104633]: DEBUG neutron_lib.callbacks.manager [None req-00c84849-0c00-4965-8ec7-cccba4adb807 admin admin] Publish callbacks ['neutron.plugins.ml2.ovo_rpc._ObjectChangeHandler.handle_event-566399'] for security_group (248a2e30-7a53-4d77-be94-b6ba7650b772), after_create {{(pid=104633) _notify_loop /usr/local/lib/python3.8/dist-packages/neutron_lib/callbacks/manager.py:176}}
Aug 10 11:23:43.197183 dv-cinder-852724-1-smb neutron-server[104633]: INFO neutron.wsgi [None req-00c84849-0c00-4965-8ec7-cccba4adb807 admin admin] 10.222.0.40 "GET /networking/v2.0/security-groups?tenant_id=ad8911767f53402994451e3f5e8fc266&name=default HTTP/1.1" status: 200 len: 2996 time: 0.3666637
Aug 10 11:23:43.198598 dv-cinder-852724-1-smb neutron-server[104633]: DEBUG neutron.api.rpc.handlers.resources_rpc [None req-00c84849-0c00-4965-8ec7-cccba4adb807 admin admin] Pushing event updated for resources: {'SecurityGroup': ['ID=248a2e30-7a53-4d77-be94-b6ba7650b772,revision_number=1']} {{(pid=104633) push /opt/stack/neutron/neutron/api/rpc/handlers/resources_rpc.py:237}}
Aug 10 11:23:43.200198 dv-cinder-852724-1-smb neutron-server[104632]: DEBUG neutron.wsgi [-] (104632) accepted ('10.222.0.40', 43192) {{(pid=104632) server /usr/local/lib/python3.8/dist-packages/eventlet/wsgi.py:1004}}
Aug 10 11:23:43.258242 dv-cinder-852724-1-smb neutron-server[104632]: DEBUG neutron_lib.callbacks.manager [None req-914b1502-77a6-4ced-81b7-4675a7441e2c admin admin] Publish callbacks [] for security_group (248a2e30-7a53-4d77-be94-b6ba7650b772), before_delete {{(pid=104632) _notify_loop /usr/local/lib/python3.8/dist-packages/neutron_lib/callbacks/manager.py:176}}
Aug 10 11:23:43.283108 dv-cinder-852724-1-smb neutron-server[104632]: DEBUG neutron_lib.callbacks.manager [None req-914b1502-77a6-4ced-81b7-4675a7441e2c admin admin] Publish callbacks [] for security_group (248a2e30-7a53-4d77-be94-b6ba7650b772), precommit_delete {{(pid=104632) _notify_loop /usr/local/lib/python3.8/dist-packages/neutron_lib/callbacks/manager.py:176}}
Aug 10 11:23:43.397854 dv-cinder-852724-1-smb neutron-server[104632]: DEBUG neutron.wsgi [-] (104632) accepted ('10.222.0.40', 43198) {{(pid=104632) server /usr/local/lib/python3.8/dist-packages/eventlet/wsgi.py:1004}}
Aug 10 11:23:43.406292 dv-cinder-852724-1-smb neutron-server[104632]: DEBUG neutron_lib.callbacks.manager [None req-914b1502-77a6-4ced-81b7-4675a7441e2c admin admin] Publish callbacks ['neutron.plugins.ml2.ovo_rpc._ObjectChangeHandler.handle_event-566399'] for security_group (248a2e30-7a53-4d77-be94-b6ba7650b772), after_delete {{(pid=104632) _notify_loop /usr/local/lib/python3.8/dist-packages/neutron_lib/callbacks/manager.py:176}}
Aug 10 11:23:43.409894 dv-cinder-852724-1-smb neutron-server[104632]: DEBUG neutron_lib.callbacks.manager [None req-914b1502-77a6-4ced-81b7-4675a7441e2c admin admin] Publish callbacks [] for security_group (None), before_response {{(pid=104632) _notify_loop /usr/local/lib/python3.8/dist-packages/neutron_lib/callbacks/manager.py:176}}
Aug 10 11:23:43.411726 dv-cinder-852724-1-smb neutron-server[104632]: INFO neutron.wsgi [None req-914b1502-77a6-4ced-81b7-4675a7441e2c admin admin] 10.222.0.40 "DELETE /networking/v2.0/security-groups/248a2e30-7a53-4d77-be94-b6ba7650b772 HTTP/1.1" status: 204 len: 168 time: 0.2090175
Aug 10 11:23:43.420370 dv-cinder-852724-1-smb neutron-server[104632]: DEBUG neutron.api.rpc.handlers.resources_rpc [None req-914b1502-77a6-4ced-81b7-4675a7441e2c admin admin] Pushing event deleted for resources: {'SecurityGroup': ['ID=248a2e30-7a53-4d77-be94-b6ba7650b772,revision_number=None']} {{(pid=104632) push /opt/stack/neutron/neutron/api/rpc/handlers/resources_rpc.py:237}}
Aug 10 11:23:43.520796 dv-cinder-852724-1-smb neutron-server[104632]: DEBUG neutron_lib.callbacks.manager [None req-0d319d95-8481-493a-9095-63e94669add1 admin admin] Publish callbacks [] for security_group (None), before_create {{(pid=104632) _notify_loop /usr/local/lib/python3.8/dist-packages/neutron_lib/callbacks/manager.py:176}}
Aug 10 11:23:43.536008 dv-cinder-852724-1-smb neutron-server[104632]: DEBUG dbcounter [-] [104632] Writing DB stats neutron:SELECT=95,neutron:DELETE=5 {{(pid=104632) stat_writer /usr/local/lib/python3.8/dist-packages/dbcounter.py:114}}
Aug 10 11:23:43.619003 dv-cinder-852724-1-smb neutron-server[104632]: DEBUG neutron_lib.callbacks.manager [None req-0d319d95-8481-493a-9095-63e94669add1 admin admin] Publish callbacks [] for security_group (5303afb4-9321-4fd0-b986-6371784315e6), precommit_create {{(pid=104632) _notify_loop /usr/local/lib/python3.8/dist-packages/neutron_lib/callbacks/manager.py:176}}
Aug 10 11:23:43.684909 dv-cinder-852724-1-smb neutron-server[104632]: DEBUG neutron_lib.callbacks.manager [None req-0d319d95-8481-493a-9095-63e94669add1 admin admin] Publish callbacks ['neutron.plugins.ml2.ovo_rpc._ObjectChangeHandler.handle_event-566399'] for security_group (5303afb4-9321-4fd0-b986-6371784315e6), after_create {{(pid=104632) _notify_loop /usr/local/lib/python3.8/dist-packages/neutron_lib/callbacks/manager.py:176}}
Aug 10 11:23:43.728817 dv-cinder-852724-1-smb neutron-server[104632]: INFO neutron.wsgi [None req-0d319d95-8481-493a-9095-63e94669add1 admin admin] 10.222.0.40 "GET /networking/v2.0/security-groups?tenant_id=ba0becb1f6e342ad8593bc9c37551a2b&name=default HTTP/1.1" status: 200 len: 2996 time: 0.3295934
Aug 10 11:23:43.732270 dv-cinder-852724-1-smb neutron-server[104632]: DEBUG neutron.api.rpc.handlers.resources_rpc [None req-0d319d95-8481-493a-9095-63e94669add1 admin admin] Pushing event updated for resources: {'SecurityGroup': ['ID=5303afb4-9321-4fd0-b986-6371784315e6,revision_number=1']} {{(pid=104632) push /opt/stack/neutron/neutron/api/rpc/handlers/resources_rpc.py:237}}
Aug 10 11:23:43.738852 dv-cinder-852724-1-smb neutron-server[104633]: DEBUG neutron.wsgi [-] (104633) accepted ('10.222.0.40', 43218) {{(pid=104633) server /usr/local/lib/python3.8/dist-packages/eventlet/wsgi.py:1004}}
Aug 10 11:23:43.823078 dv-cinder-852724-1-smb neutron-server[104633]: DEBUG neutron_lib.callbacks.manager [None req-39536b2f-7e95-4095-b4cf-c7b200008eb7 admin admin] Publish callbacks [] for security_group (5303afb4-9321-4fd0-b986-6371784315e6), before_delete {{(pid=104633) _notify_loop /usr/local/lib/python3.8/dist-packages/neutron_lib/callbacks/manager.py:176}}
Aug 10 11:23:43.856081 dv-cinder-852724-1-smb neutron-server[104633]: DEBUG neutron_lib.callbacks.manager [None req-39536b2f-7e95-4095-b4cf-c7b200008eb7 admin admin] Publish callbacks [] for security_group (5303afb4-9321-4fd0-b986-6371784315e6), precommit_delete {{(pid=104633) _notify_loop /usr/local/lib/python3.8/dist-packages/neutron_lib/callbacks/manager.py:176}}
Aug 10 11:23:43.866108 dv-cinder-852724-1-smb neutron-server[104633]: DEBUG dbcounter [-] [104633] Writing DB stats neutron:SELECT=79,neutron:INSERT=19,neutron:UPDATE=2 {{(pid=104633) stat_writer /usr/local/lib/python3.8/dist-packages/dbcounter.py:114}}
Aug 10 11:23:44.016475 dv-cinder-852724-1-smb neutron-server[104633]: DEBUG neutron_lib.callbacks.manager [None req-39536b2f-7e95-4095-b4cf-c7b200008eb7 admin admin] Publish callbacks ['neutron.plugins.ml2.ovo_rpc._ObjectChangeHandler.handle_event-566399'] for security_group (5303afb4-9321-4fd0-b986-6371784315e6), after_delete {{(pid=104633) _notify_loop /usr/local/lib/python3.8/dist-packages/neutron_lib/callbacks/manager.py:176}}
Aug 10 11:23:44.019274 dv-cinder-852724-1-smb neutron-server[104633]: DEBUG neutron_lib.callbacks.manager [None req-39536b2f-7e95-4095-b4cf-c7b200008eb7 admin admin] Publish callbacks [] for security_group (None), before_response {{(pid=104633) _notify_loop /usr/local/lib/python3.8/dist-packages/neutron_lib/callbacks/manager.py:176}}
Aug 10 11:23:44.023236 dv-cinder-852724-1-smb neutron-server[104633]: INFO neutron.wsgi [None req-39536b2f-7e95-4095-b4cf-c7b200008eb7 admin admin] 10.222.0.40 "DELETE /networking/v2.0/security-groups/5303afb4-9321-4fd0-b986-6371784315e6 HTTP/1.1" status: 204 len: 168 time: 0.2836192
Aug 10 11:23:44.031717 dv-cinder-852724-1-smb neutron-server[104633]: DEBUG neutron.api.rpc.handlers.resources_rpc [None req-39536b2f-7e95-4095-b4cf-c7b200008eb7 admin admin] Pushing event deleted for resources: {'SecurityGroup': ['ID=5303afb4-9321-4fd0-b986-6371784315e6,revision_number=None']} {{(pid=104633) push /opt/stack/neutron/neutron/api/rpc/handlers/resources_rpc.py:237}}
Aug 10 11:23:44.629403 dv-cinder-852724-1-smb neutron-server[104632]: DEBUG neutron.wsgi [-] (104632) accepted ('10.222.0.40', 43256) {{(pid=104632) server /usr/local/lib/python3.8/dist-packages/eventlet/wsgi.py:1004}}
Aug 10 11:23:44.636816 dv-cinder-852724-1-smb neutron-server[104632]: DEBUG dbcounter [-] [104632] Writing DB stats neutron:SELECT=80,neutron:DELETE=8,neutron:INSERT=11,neutron:UPDATE=1 {{(pid=104632) stat_writer /usr/local/lib/python3.8/dist-packages/dbcounter.py:114}}
Aug 10 11:23:44.644763 dv-cinder-852724-1-smb neutron-server[104632]: DEBUG neutron_lib.callbacks.manager [None req-e4df0650-4419-434a-891d-948caf2af8c7 admin admin] Publish callbacks [] for security_group (None), before_create {{(pid=104632) _notify_loop /usr/local/lib/python3.8/dist-packages/neutron_lib/callbacks/manager.py:176}}
Aug 10 11:23:44.726508 dv-cinder-852724-1-smb neutron-server[104632]: DEBUG neutron_lib.callbacks.manager [None req-e4df0650-4419-434a-891d-948caf2af8c7 admin admin] Publish callbacks [] for security_group (6cd42df5-6f2c-4fe6-a788-8149af6b4b97), precommit_create {{(pid=104632) _notify_loop /usr/local/lib/python3.8/dist-packages/neutron_lib/callbacks/manager.py:176}}
Aug 10 11:23:44.798959 dv-cinder-852724-1-smb neutron-server[104632]: DEBUG neutron_lib.callbacks.manager [None req-e4df0650-4419-434a-891d-948caf2af8c7 admin admin] Publish callbacks ['neutron.plugins.ml2.ovo_rpc._ObjectChangeHandler.handle_event-566399'] for security_group (6cd42df5-6f2c-4fe6-a788-8149af6b4b97), after_create {{(pid=104632) _notify_loop /usr/local/lib/python3.8/dist-packages/neutron_lib/callbacks/manager.py:176}}
Aug 10 11:23:44.853117 dv-cinder-852724-1-smb neutron-server[104632]: DEBUG neutron.api.rpc.handlers.resources_rpc [None req-e4df0650-4419-434a-891d-948caf2af8c7 admin admin] Pushing event updated for resources: {'SecurityGroup': ['ID=6cd42df5-6f2c-4fe6-a788-8149af6b4b97,revision_number=1']} {{(pid=104632) push /opt/stack/neutron/neutron/api/rpc/handlers/resources_rpc.py:237}}
Aug 10 11:23:44.857667 dv-cinder-852724-1-smb neutron-server[104632]: INFO neutron.wsgi [None req-e4df0650-4419-434a-891d-948caf2af8c7 admin admin] 10.222.0.40 "GET /networking/v2.0/security-groups?tenant_id=4e8a72d42e1d4fb08a682d64f160ff98&name=default HTTP/1.1" status: 200 len: 2996 time: 0.2271955
Aug 10 11:23:44.861647 dv-cinder-852724-1-smb neutron-server[104633]: DEBUG neutron.wsgi [-] (104633) accepted ('10.222.0.40', 43268) {{(pid=104633) server /usr/local/lib/python3.8/dist-packages/eventlet/wsgi.py:1004}}
Aug 10 11:23:44.939132 dv-cinder-852724-1-smb neutron-server[104633]: DEBUG neutron_lib.callbacks.manager [None req-8d777b74-f5d6-4817-8a14-5d06cc2c53dc admin admin] Publish callbacks [] for security_group (6cd42df5-6f2c-4fe6-a788-8149af6b4b97), before_delete {{(pid=104633) _notify_loop /usr/local/lib/python3.8/dist-packages/neutron_lib/callbacks/manager.py:176}}
Aug 10 11:23:44.946776 dv-cinder-852724-1-smb neutron-server[104635]: DEBUG dbcounter [-] [104635] Writing DB stats neutron:SELECT=46 {{(pid=104635) stat_writer /usr/local/lib/python3.8/dist-packages/dbcounter.py:114}}
Aug 10 11:23:44.963170 dv-cinder-852724-1-smb neutron-server[104633]: DEBUG neutron_lib.callbacks.manager [None req-8d777b74-f5d6-4817-8a14-5d06cc2c53dc admin admin] Publish callbacks [] for security_group (6cd42df5-6f2c-4fe6-a788-8149af6b4b97), precommit_delete {{(pid=104633) _notify_loop /usr/local/lib/python3.8/dist-packages/neutron_lib/callbacks/manager.py:176}}
Aug 10 11:23:45.079122 dv-cinder-852724-1-smb neutron-server[104633]: DEBUG neutron_lib.callbacks.manager [None req-8d777b74-f5d6-4817-8a14-5d06cc2c53dc admin admin] Publish callbacks ['neutron.plugins.ml2.ovo_rpc._ObjectChangeHandler.handle_event-566399'] for security_group (6cd42df5-6f2c-4fe6-a788-8149af6b4b97), after_delete {{(pid=104633) _notify_loop /usr/local/lib/python3.8/dist-packages/neutron_lib/callbacks/manager.py:176}}
Aug 10 11:23:45.081955 dv-cinder-852724-1-smb neutron-server[104633]: DEBUG neutron_lib.callbacks.manager [None req-8d777b74-f5d6-4817-8a14-5d06cc2c53dc admin admin] Publish callbacks [] for security_group (None), before_response {{(pid=104633) _notify_loop /usr/local/lib/python3.8/dist-packages/neutron_lib/callbacks/manager.py:176}}
Aug 10 11:23:45.083131 dv-cinder-852724-1-smb neutron-server[104633]: INFO neutron.wsgi [None req-8d777b74-f5d6-4817-8a14-5d06cc2c53dc admin admin] 10.222.0.40 "DELETE /networking/v2.0/security-groups/6cd42df5-6f2c-4fe6-a788-8149af6b4b97 HTTP/1.1" status: 204 len: 168 time: 0.2208614
Aug 10 11:23:45.092794 dv-cinder-852724-1-smb neutron-server[104633]: DEBUG neutron.api.rpc.handlers.resources_rpc [None req-8d777b74-f5d6-4817-8a14-5d06cc2c53dc admin admin] Pushing event deleted for resources: {'SecurityGroup': ['ID=6cd42df5-6f2c-4fe6-a788-8149af6b4b97,revision_number=None']} {{(pid=104633) push /opt/stack/neutron/neutron/api/rpc/handlers/resources_rpc.py:237}}
Aug 10 11:23:45.257164 dv-cinder-852724-1-smb neutron-server[104632]: DEBUG neutron.wsgi [-] (104632) accepted ('10.222.0.40', 43288) {{(pid=104632) server /usr/local/lib/python3.8/dist-packages/eventlet/wsgi.py:1004}}
Aug 10 11:23:45.536771 dv-cinder-852724-1-smb neutron-server[104632]: DEBUG dbcounter [-] [104632] Writing DB stats neutron:SELECT=88,neutron:INSERT=11,neutron:UPDATE=1 {{(pid=104632) stat_writer /usr/local/lib/python3.8/dist-packages/dbcounter.py:114}}
Aug 10 11:23:45.658571 dv-cinder-852724-1-smb neutron-server[104632]: DEBUG neutron_lib.callbacks.manager [None req-bd3554df-d13d-4fcc-bd60-b524a568d010 admin admin] Publish callbacks ['neutron.services.l3_router.l3_router_plugin.DVRResourceOperationHandler._cache_related_dvr_routers_info_before_interface_removal-566064'] for router_interface (9e3748ae-e65d-4e08-b67b-56293c46f55f), before_delete {{(pid=104632) _notify_loop /usr/local/lib/python3.8/dist-packages/neutron_lib/callbacks/manager.py:176}}
Aug 10 11:23:45.953068 dv-cinder-852724-1-smb neutron-server[104632]: DEBUG neutron.plugins.ml2.plugin [None req-bd3554df-d13d-4fcc-bd60-b524a568d010 admin admin] Deleting port 71bd9630-be95-4621-a99c-a1fcf95ba5f8 {{(pid=104632) _pre_delete_port /opt/stack/neutron/neutron/plugins/ml2/plugin.py:2037}}
Aug 10 11:23:45.953659 dv-cinder-852724-1-smb neutron-server[104632]: DEBUG neutron_lib.callbacks.manager [None req-bd3554df-d13d-4fcc-bd60-b524a568d010 admin admin] Publish callbacks ['neutron.db.l3_db.L3_NAT_dbonly_mixin._prevent_l3_port_delete_callback-8771158614065'] for port (71bd9630-be95-4621-a99c-a1fcf95ba5f8), before_delete {{(pid=104632) _notify_loop /usr/local/lib/python3.8/dist-packages/neutron_lib/callbacks/manager.py:176}}
Aug 10 11:23:46.043065 dv-cinder-852724-1-smb neutron-server[104632]: DEBUG neutron.plugins.ml2.db [None req-bd3554df-d13d-4fcc-bd60-b524a568d010 admin admin] For port 71bd9630-be95-4621-a99c-a1fcf95ba5f8, host dv-cinder-852724-1-smb, got binding levels [PortBindingLevel(driver='openvswitch',host='dv-cinder-852724-1-smb',level=0,port_id=71bd9630-be95-4621-a99c-a1fcf95ba5f8,segment=NetworkSegment(f9a95042-6de4-452b-8b68-639d0a8dc4ba),segment_id=f9a95042-6de4-452b-8b68-639d0a8dc4ba)] {{(pid=104632) get_binding_level_objs /opt/stack/neutron/neutron/plugins/ml2/db.py:74}}
Aug 10 11:23:46.044945 dv-cinder-852724-1-smb neutron-server[104632]: DEBUG neutron_lib.callbacks.manager [None req-bd3554df-d13d-4fcc-bd60-b524a568d010 admin admin] Publish callbacks ['neutron.services.l3_router.l3_router_plugin.L3_NAT_dbonly_mixin._precommit_delete_port_callback-960841'] for port (71bd9630-be95-4621-a99c-a1fcf95ba5f8), precommit_delete {{(pid=104632) _notify_loop /usr/local/lib/python3.8/dist-packages/neutron_lib/callbacks/manager.py:176}}
Aug 10 11:23:46.057832 dv-cinder-852724-1-smb neutron-server[104632]: DEBUG neutron.plugins.ml2.plugin [None req-bd3554df-d13d-4fcc-bd60-b524a568d010 admin admin] Calling delete_port for 71bd9630-be95-4621-a99c-a1fcf95ba5f8 owned by network:router_interface {{(pid=104632) delete_port /opt/stack/neutron/neutron/plugins/ml2/plugin.py:2116}}
Aug 10 11:23:46.105135 dv-cinder-852724-1-smb neutron-server[104632]: DEBUG dbcounter [-] [104632] Writing DB stats neutron:SELECT=100 {{(pid=104632) stat_writer /usr/local/lib/python3.8/dist-packages/dbcounter.py:114}}
Aug 10 11:23:46.307523 dv-cinder-852724-1-smb neutron-server[104632]: DEBUG neutron_lib.callbacks.manager [None req-bd3554df-d13d-4fcc-bd60-b524a568d010 admin admin] Publish callbacks ['neutron.plugins.ml2.plugin.SecurityGroupServerNotifierRpcMixin._notify_sg_on_port_change-1670331', 'neutron.plugins.ml2.ovo_rpc._ObjectChangeHandler.handle_event-484106', 'neutron.api.rpc.agentnotifiers.dhcp_rpc_agent_api.DhcpAgentNotifyAPI._native_event_send_dhcp_notification-530552', 'neutron.db.l3_db.L3RpcNotifierMixin._notify_routers_callback-8771158617582', 'neutron.db.l3_dvrscheduler_db._notify_port_delete-8771158217090'] for port (71bd9630-be95-4621-a99c-a1fcf95ba5f8), after_delete {{(pid=104632) _notify_loop /usr/local/lib/python3.8/dist-packages/neutron_lib/callbacks/manager.py:176}}
Aug 10 11:23:46.385630 dv-cinder-852724-1-smb neutron-server[104632]: DEBUG neutron.api.rpc.handlers.resources_rpc [None req-bd3554df-d13d-4fcc-bd60-b524a568d010 admin admin] Pushing event deleted for resources: {'Port': ['ID=71bd9630-be95-4621-a99c-a1fcf95ba5f8,revision_number=None']} {{(pid=104632) push /opt/stack/neutron/neutron/api/rpc/handlers/resources_rpc.py:237}}
Aug 10 11:23:46.539805 dv-cinder-852724-1-smb neutron-server[104632]: DEBUG neutron_lib.callbacks.manager [None req-bd3554df-d13d-4fcc-bd60-b524a568d010 admin admin] Publish callbacks ['neutron.api.rpc.agentnotifiers.dhcp_rpc_agent_api.DhcpAgentNotifyAPI._after_router_interface_deleted-530563', 'neutron.services.l3_router.l3_router_plugin.DVRResourceOperationHandler._cleanup_after_interface_removal-566188'] for router_interface (9e3748ae-e65d-4e08-b67b-56293c46f55f), after_delete {{(pid=104632) _notify_loop /usr/local/lib/python3.8/dist-packages/neutron_lib/callbacks/manager.py:176}}
Aug 10 11:23:46.727688 dv-cinder-852724-1-smb neutron-server[104632]: DEBUG dbcounter [-] [104632] Writing DB stats neutron:SELECT=91,neutron:DELETE=8,neutron:UPDATE=1 {{(pid=104632) stat_writer /usr/local/lib/python3.8/dist-packages/dbcounter.py:114}}
Aug 10 11:23:46.759131 dv-cinder-852724-1-smb neutron-server[104632]: DEBUG neutron.scheduler.l3_agent_scheduler [None req-bd3554df-d13d-4fcc-bd60-b524a568d010 admin admin] Router 9e3748ae-e65d-4e08-b67b-56293c46f55f has already been hosted by L3 agent cf2de112-ab5f-4cb2-90d0-59ce8a00c0f6 {{(pid=104632) _get_candidates /opt/stack/neutron/neutron/scheduler/l3_agent_scheduler.py:126}}
Aug 10 11:23:46.867067 dv-cinder-852724-1-smb neutron-server[104632]: DEBUG neutron.api.rpc.agentnotifiers.l3_rpc_agent_api [None req-bd3554df-d13d-4fcc-bd60-b524a568d010 admin admin] Notify agent at l3_agent.dv-cinder-852724-1-smb the message routers_updated {{(pid=104632) _agent_notification /opt/stack/neutron/neutron/api/rpc/agentnotifiers/l3_rpc_agent_api.py:65}}
Aug 10 11:23:46.872422 dv-cinder-852724-1-smb neutron-server[104632]: INFO neutron.wsgi [None req-bd3554df-d13d-4fcc-bd60-b524a568d010 admin admin] 10.222.0.40 "PUT /networking/v2.0/routers/9e3748ae-e65d-4e08-b67b-56293c46f55f/remove_router_interface HTTP/1.1" status: 200 len: 503 time: 1.6158526
Aug 10 11:23:46.875140 dv-cinder-852724-1-smb neutron-server[104632]: DEBUG neutron.wsgi [-] (104632) accepted ('10.222.0.40', 43350) {{(pid=104632) server /usr/local/lib/python3.8/dist-packages/eventlet/wsgi.py:1004}}
Aug 10 11:23:46.876833 dv-cinder-852724-1-smb neutron-server[104635]: DEBUG neutron.api.rpc.handlers.l3_rpc [None req-ddb52cbe-0379-4dac-bc78-85959757cbb1 None None] Sync routers for ids ['9e3748ae-e65d-4e08-b67b-56293c46f55f'] in dv-cinder-852724-1-smb {{(pid=104635) sync_routers /opt/stack/neutron/neutron/api/rpc/handlers/l3_rpc.py:125}}
Aug 10 11:23:46.890101 dv-cinder-852724-1-smb neutron-server[104635]: DEBUG neutron.db.l3_dvrscheduler_db [None req-ddb52cbe-0379-4dac-bc78-85959757cbb1 None None] Routers {'9e3748ae-e65d-4e08-b67b-56293c46f55f'} bound to L3 agent in host dv-cinder-852724-1-smb {{(pid=104635) _get_router_ids_for_agent /opt/stack/neutron/neutron/db/l3_dvrscheduler_db.py:426}}
Aug 10 11:23:46.890771 dv-cinder-852724-1-smb neutron-server[104635]: DEBUG neutron.db.l3_hamode_db [None req-ddb52cbe-0379-4dac-bc78-85959757cbb1 None None] neutron.services.l3_router.l3_router_plugin.L3RouterPlugin method get_ha_sync_data_for_host called with arguments (, 'dv-cinder-852724-1-smb', Agent(admin_state_up=True,agent_type='L3 agent',availability_zone='nova',binary='neutron-l3-agent',configurations={"agent_mode": "legacy", "ex_gw_ports": 5, "extensions": [], "floating_ips": 0, "handle_internal_only_routers": true, "interface_driver": "openvswitch", "interfaces": 5, "log_agent_heartbeats": false, "routers": 5},created_at=2022-08-10T11:14:28Z,description=,heartbeat_timestamp=2022-08-10T11:23:28Z,host='dv-cinder-852724-1-smb',id=cf2de112-ab5f-4cb2-90d0-59ce8a00c0f6,load=0,resource_versions=,resources_synced=,started_at=2022-08-10T11:14:29Z,topic='l3_agent')) {'router_ids': ['9e3748ae-e65d-4e08-b67b-56293c46f55f'], 'active': True} {{(pid=104635) wrapper /usr/local/lib/python3.8/dist-packages/oslo_log/helpers.py:65}}
Aug 10 11:23:47.006068 dv-cinder-852724-1-smb neutron-server[104635]: DEBUG neutron.db.l3_dvr_db [None req-ddb52cbe-0379-4dac-bc78-85959757cbb1 None None] Set router 9e3748ae-e65d-4e08-b67b-56293c46f55f gateway port host: dv-cinder-852724-1-smb {{(pid=104635) _build_routers_list /opt/stack/neutron/neutron/db/l3_dvr_db.py:907}}
Aug 10 11:23:47.184225 dv-cinder-852724-1-smb neutron-server[104632]: DEBUG neutron_lib.callbacks.manager [None req-54879eae-26df-4f99-bb16-165a6b4b044f admin admin] Publish callbacks [] for router (9e3748ae-e65d-4e08-b67b-56293c46f55f), before_delete {{(pid=104632) _notify_loop /usr/local/lib/python3.8/dist-packages/neutron_lib/callbacks/manager.py:176}}
Aug 10 11:23:47.196616 dv-cinder-852724-1-smb neutron-server[104635]: DEBUG neutron.db.l3_hamode_db [None req-ddb52cbe-0379-4dac-bc78-85959757cbb1 None None] neutron.services.l3_router.l3_router_plugin.L3RouterPlugin method _process_sync_ha_data called with arguments (, [{'id': '9e3748ae-e65d-4e08-b67b-56293c46f55f', 'name': 'tempest-DeleteServersTestJSON-1237315305-router', 'tenant_id': '79b8312155724fd2aaf494f06a6241ec', 'admin_state_up': True, 'status': 'ACTIVE', 'external_gateway_info': {'network_id': 'e063f911-11de-4513-88b1-1aa68cf91d7d', 'external_fixed_ips': [{'subnet_id': '1a67e174-3c7d-4f02-ad2d-f8caa5e408db', 'ip_address': '172.28.0.248'}], 'enable_snat': True}, 'gw_port_id': '726d1f04-45bc-4d55-81c1-1d977eeb7353', 'description': '', 'availability_zones': ['nova'], 'distributed': False, 'ha': False, 'ha_vr_id': 0, 'availability_zone_hints': [], 'routes': [], 'flavor_id': None, 'tags': [], 'created_at': '2022-08-10T11:22:37Z', 'updated_at': '2022-08-10T11:23:46Z', 'revision_number': 5, 'project_id': '79b8312155724fd2aaf494f06a6241ec', 'gw_port': {'id': '726d1f04-45bc-4d55-81c1-1d977eeb7353', 'name': '', 'network_id': 'e063f911-11de-4513-88b1-1aa68cf91d7d', 'tenant_id': '', 'mac_address': 'fa:16:3e:84:07:04', 'admin_state_up': True, 'status': 'ACTIVE', 'device_id': '9e3748ae-e65d-4e08-b67b-56293c46f55f', 'device_owner': 'network:router_gateway', 'standard_attr_id': 79, 'fixed_ips': [{'subnet_id': '1a67e174-3c7d-4f02-ad2d-f8caa5e408db', 'ip_address': '172.28.0.248', 'prefixlen': 24}], 'allowed_address_pairs': [], 'extra_dhcp_opts': [], 'security_groups': [], 'description': '', 'binding:vnic_type': 'normal', 'binding:profile': {}, 'binding:host_id': 'dv-cinder-852724-1-smb', 'binding:vif_type': 'ovs', 'binding:vif_details': {'connectivity': 'l2', 'port_filter': True, 'ovs_hybrid_plug': False, 'datapath_type': 'system', 'bridge_name': 'br-int', 'bound_drivers': {'0': 'openvswitch'}}, 'port_security_enabled': False, 'tags': [], 'created_at': '2022-08-10T11:22:38Z', 'updated_at': '2022-08-10T11:22:51Z', 'revision_number': 4, 'project_id': '', 'subnets': [{'id': '1a67e174-3c7d-4f02-ad2d-f8caa5e408db', 'cidr': '172.28.0.0/24', 'gateway_ip': '172.28.0.1', 'dns_nameservers': [], 'ipv6_ra_mode': None, 'subnetpool_id': None}], 'extra_subnets': [], 'address_scopes': {4: None, 6: None}, 'mtu': 1500}, 'enable_snat': True, 'gw_port_host': 'dv-cinder-852724-1-smb'}], 'dv-cinder-852724-1-smb', False) {} {{(pid=104635) wrapper /usr/local/lib/python3.8/dist-packages/oslo_log/helpers.py:65}}
Aug 10 11:23:47.229075 dv-cinder-852724-1-smb neutron-server[104635]: DEBUG neutron.api.rpc.handlers.l3_rpc [None req-ddb52cbe-0379-4dac-bc78-85959757cbb1 None None] Checking router: 9e3748ae-e65d-4e08-b67b-56293c46f55f for host: dv-cinder-852724-1-smb {{(pid=104635) _ensure_host_set_on_ports /opt/stack/neutron/neutron/api/rpc/handlers/l3_rpc.py:155}}
Aug 10 11:23:47.238525 dv-cinder-852724-1-smb neutron-server[104635]: DEBUG neutron.db.l3_dvrscheduler_db [None req-ddb52cbe-0379-4dac-bc78-85959757cbb1 None None] Routers {'9e3748ae-e65d-4e08-b67b-56293c46f55f'} bound to L3 agent in host dv-cinder-852724-1-smb {{(pid=104635) _get_router_ids_for_agent /opt/stack/neutron/neutron/db/l3_dvrscheduler_db.py:426}}
Aug 10 11:23:47.239207 dv-cinder-852724-1-smb neutron-server[104635]: DEBUG neutron.db.l3_hamode_db [None req-ddb52cbe-0379-4dac-bc78-85959757cbb1 None None] neutron.services.l3_router.l3_router_plugin.L3RouterPlugin method get_ha_sync_data_for_host called with arguments (, 'dv-cinder-852724-1-smb', Agent(admin_state_up=True,agent_type='L3 agent',availability_zone='nova',binary='neutron-l3-agent',configurations={"agent_mode": "legacy", "ex_gw_ports": 5, "extensions": [], "floating_ips": 0, "handle_internal_only_routers": true, "interface_driver": "openvswitch", "interfaces": 5, "log_agent_heartbeats": false, "routers": 5},created_at=2022-08-10T11:14:28Z,description=,heartbeat_timestamp=2022-08-10T11:23:28Z,host='dv-cinder-852724-1-smb',id=cf2de112-ab5f-4cb2-90d0-59ce8a00c0f6,load=0,resource_versions=,resources_synced=,started_at=2022-08-10T11:14:29Z,topic='l3_agent')) {'router_ids': ['9e3748ae-e65d-4e08-b67b-56293c46f55f'], 'active': True} {{(pid=104635) wrapper /usr/local/lib/python3.8/dist-packages/oslo_log/helpers.py:65}}
Aug 10 11:23:47.297925 dv-cinder-852724-1-smb neutron-server[104632]: DEBUG neutron_lib.callbacks.manager [None req-54879eae-26df-4f99-bb16-165a6b4b044f admin admin] Publish callbacks [] for router_gateway (9e3748ae-e65d-4e08-b67b-56293c46f55f), before_delete {{(pid=104632) _notify_loop /usr/local/lib/python3.8/dist-packages/neutron_lib/callbacks/manager.py:176}}
Aug 10 11:23:47.351665 dv-cinder-852724-1-smb neutron-server[104635]: DEBUG neutron.db.l3_dvr_db [None req-ddb52cbe-0379-4dac-bc78-85959757cbb1 None None] Set router 9e3748ae-e65d-4e08-b67b-56293c46f55f gateway port host: dv-cinder-852724-1-smb {{(pid=104635) _build_routers_list /opt/stack/neutron/neutron/db/l3_dvr_db.py:907}}
Aug 10 11:23:47.439237 dv-cinder-852724-1-smb neutron-server[104632]: DEBUG neutron.plugins.ml2.plugin [None req-54879eae-26df-4f99-bb16-165a6b4b044f admin admin] Deleting port 726d1f04-45bc-4d55-81c1-1d977eeb7353 {{(pid=104632) _pre_delete_port /opt/stack/neutron/neutron/plugins/ml2/plugin.py:2037}}
Aug 10 11:23:47.440297 dv-cinder-852724-1-smb neutron-server[104632]: DEBUG neutron_lib.callbacks.manager [None req-54879eae-26df-4f99-bb16-165a6b4b044f admin admin] Publish callbacks ['neutron.db.l3_db.L3_NAT_dbonly_mixin._prevent_l3_port_delete_callback-8771158614065'] for port (726d1f04-45bc-4d55-81c1-1d977eeb7353), before_delete {{(pid=104632) _notify_loop /usr/local/lib/python3.8/dist-packages/neutron_lib/callbacks/manager.py:176}}
Aug 10 11:23:47.547417 dv-cinder-852724-1-smb neutron-server[104632]: DEBUG neutron.plugins.ml2.db [None req-54879eae-26df-4f99-bb16-165a6b4b044f admin admin] For port 726d1f04-45bc-4d55-81c1-1d977eeb7353, host dv-cinder-852724-1-smb, got binding levels [PortBindingLevel(driver='openvswitch',host='dv-cinder-852724-1-smb',level=0,port_id=726d1f04-45bc-4d55-81c1-1d977eeb7353,segment=NetworkSegment(5aa1082d-06e1-4432-8b57-178e5261ed97),segment_id=5aa1082d-06e1-4432-8b57-178e5261ed97)] {{(pid=104632) get_binding_level_objs /opt/stack/neutron/neutron/plugins/ml2/db.py:74}}
Aug 10 11:23:47.548115 dv-cinder-852724-1-smb neutron-server[104632]: DEBUG neutron_lib.callbacks.manager [None req-54879eae-26df-4f99-bb16-165a6b4b044f admin admin] Publish callbacks ['neutron.services.l3_router.l3_router_plugin.L3_NAT_dbonly_mixin._precommit_delete_port_callback-960841'] for port (726d1f04-45bc-4d55-81c1-1d977eeb7353), precommit_delete {{(pid=104632) _notify_loop /usr/local/lib/python3.8/dist-packages/neutron_lib/callbacks/manager.py:176}}
Aug 10 11:23:47.566489 dv-cinder-852724-1-smb neutron-server[104632]: DEBUG neutron.plugins.ml2.plugin [None req-54879eae-26df-4f99-bb16-165a6b4b044f admin admin] Calling delete_port for 726d1f04-45bc-4d55-81c1-1d977eeb7353 owned by network:router_gateway {{(pid=104632) delete_port /opt/stack/neutron/neutron/plugins/ml2/plugin.py:2116}}
Aug 10 11:23:47.571106 dv-cinder-852724-1-smb neutron-server[104632]: DEBUG dbcounter [-] [104632] Writing DB stats neutron:SELECT=98,neutron:UPDATE=2 {{(pid=104632) stat_writer /usr/local/lib/python3.8/dist-packages/dbcounter.py:114}}
Aug 10 11:23:47.684765 dv-cinder-852724-1-smb neutron-server[104635]: DEBUG neutron.db.l3_hamode_db [None req-ddb52cbe-0379-4dac-bc78-85959757cbb1 None None] neutron.services.l3_router.l3_router_plugin.L3RouterPlugin method _process_sync_ha_data called with arguments (, [{'id': '9e3748ae-e65d-4e08-b67b-56293c46f55f', 'name': 'tempest-DeleteServersTestJSON-1237315305-router', 'tenant_id': '79b8312155724fd2aaf494f06a6241ec', 'admin_state_up': True, 'status': 'ACTIVE', 'external_gateway_info': {'network_id': 'e063f911-11de-4513-88b1-1aa68cf91d7d', 'external_fixed_ips': [{'subnet_id': '1a67e174-3c7d-4f02-ad2d-f8caa5e408db', 'ip_address': '172.28.0.248'}], 'enable_snat': True}, 'gw_port_id': '726d1f04-45bc-4d55-81c1-1d977eeb7353', 'description': '', 'availability_zones': ['nova'], 'distributed': False, 'ha': False, 'ha_vr_id': 0, 'availability_zone_hints': [], 'routes': [], 'flavor_id': None, 'tags': [], 'created_at': '2022-08-10T11:22:37Z', 'updated_at': '2022-08-10T11:23:46Z', 'revision_number': 5, 'project_id': '79b8312155724fd2aaf494f06a6241ec', 'gw_port': {'id': '726d1f04-45bc-4d55-81c1-1d977eeb7353', 'name': '', 'network_id': 'e063f911-11de-4513-88b1-1aa68cf91d7d', 'tenant_id': '', 'mac_address': 'fa:16:3e:84:07:04', 'admin_state_up': True, 'status': 'ACTIVE', 'device_id': '9e3748ae-e65d-4e08-b67b-56293c46f55f', 'device_owner': 'network:router_gateway', 'standard_attr_id': 79, 'fixed_ips': [{'subnet_id': '1a67e174-3c7d-4f02-ad2d-f8caa5e408db', 'ip_address': '172.28.0.248', 'prefixlen': 24}], 'allowed_address_pairs': [], 'extra_dhcp_opts': [], 'security_groups': [], 'description': '', 'binding:vnic_type': 'normal', 'binding:profile': {}, 'binding:host_id': 'dv-cinder-852724-1-smb', 'binding:vif_type': 'ovs', 'binding:vif_details': {'connectivity': 'l2', 'port_filter': True, 'ovs_hybrid_plug': False, 'datapath_type': 'system', 'bridge_name': 'br-int', 'bound_drivers': {'0': 'openvswitch'}}, 'port_security_enabled': False, 'tags': [], 'created_at': '2022-08-10T11:22:38Z', 'updated_at': '2022-08-10T11:22:51Z', 'revision_number': 4, 'project_id': '', 'subnets': [{'id': '1a67e174-3c7d-4f02-ad2d-f8caa5e408db', 'cidr': '172.28.0.0/24', 'gateway_ip': '172.28.0.1', 'dns_nameservers': [], 'ipv6_ra_mode': None, 'subnetpool_id': None}], 'extra_subnets': [], 'address_scopes': {4: None, 6: None}, 'mtu': 1500}, 'enable_snat': True, 'gw_port_host': 'dv-cinder-852724-1-smb'}], 'dv-cinder-852724-1-smb', False) {} {{(pid=104635) wrapper /usr/local/lib/python3.8/dist-packages/oslo_log/helpers.py:65}}
Aug 10 11:23:47.706701 dv-cinder-852724-1-smb neutron-server[104635]: DEBUG neutron.api.rpc.handlers.l3_rpc [None req-ddb52cbe-0379-4dac-bc78-85959757cbb1 None None] The sync data for ids ['9e3748ae-e65d-4e08-b67b-56293c46f55f'] in dv-cinder-852724-1-smb is: [{'id': '9e3748ae-e65d-4e08-b67b-56293c46f55f', 'name': 'tempest-DeleteServersTestJSON-1237315305-router', 'tenant_id': '79b8312155724fd2aaf494f06a6241ec', 'admin_state_up': True, 'status': 'ACTIVE', 'external_gateway_info': {'network_id': 'e063f911-11de-4513-88b1-1aa68cf91d7d', 'external_fixed_ips': [{'subnet_id': '1a67e174-3c7d-4f02-ad2d-f8caa5e408db', 'ip_address': '172.28.0.248'}], 'enable_snat': True}, 'gw_port_id': '726d1f04-45bc-4d55-81c1-1d977eeb7353', 'description': '', 'availability_zones': ['nova'], 'distributed': False, 'ha': False, 'ha_vr_id': 0, 'availability_zone_hints': [], 'routes': [], 'flavor_id': None, 'tags': [], 'created_at': '2022-08-10T11:22:37Z', 'updated_at': '2022-08-10T11:23:46Z', 'revision_number': 5, 'project_id': '79b8312155724fd2aaf494f06a6241ec', 'gw_port': {'id': '726d1f04-45bc-4d55-81c1-1d977eeb7353', 'name': '', 'network_id': 'e063f911-11de-4513-88b1-1aa68cf91d7d', 'tenant_id': '', 'mac_address': 'fa:16:3e:84:07:04', 'admin_state_up': True, 'status': 'ACTIVE', 'device_id': '9e3748ae-e65d-4e08-b67b-56293c46f55f', 'device_owner': 'network:router_gateway', 'standard_attr_id': 79, 'fixed_ips': [{'subnet_id': '1a67e174-3c7d-4f02-ad2d-f8caa5e408db', 'ip_address': '172.28.0.248', 'prefixlen': 24}], 'allowed_address_pairs': [], 'extra_dhcp_opts': [], 'security_groups': [], 'description': '', 'binding:vnic_type': 'normal', 'binding:profile': {}, 'binding:host_id': 'dv-cinder-852724-1-smb', 'binding:vif_type': 'ovs', 'binding:vif_details': {'connectivity': 'l2', 'port_filter': True, 'ovs_hybrid_plug': False, 'datapath_type': 'system', 'bridge_name': 'br-int', 'bound_drivers': {'0': 'openvswitch'}}, 'port_security_enabled': False, 'tags': [], 'created_at': '2022-08-10T11:22:38Z', 'updated_at': '2022-08-10T11:22:51Z', 'revision_number': 4, 'project_id': '', 'subnets': [{'id': '1a67e174-3c7d-4f02-ad2d-f8caa5e408db', 'cidr': '172.28.0.0/24', 'gateway_ip': '172.28.0.1', 'dns_nameservers': [], 'ipv6_ra_mode': None, 'subnetpool_id': None}], 'extra_subnets': [], 'address_scopes': {4: None, 6: None}, 'mtu': 1500}, 'enable_snat': True, 'gw_port_host': 'dv-cinder-852724-1-smb'}] {{(pid=104635) sync_routers /opt/stack/neutron/neutron/api/rpc/handlers/l3_rpc.py:137}}
