Aug 10 11:23:14.569361 dv-cinder-852724-1-smb neutron-server[104633]: DEBUG neutron.api.rpc.handlers.resources_rpc [None req-82d38862-ec85-41f4-8008-35400d3b10e2 admin admin] Pushing event deleted for resources: {'SecurityGroup': ['ID=ec8adcd4-a2b4-4a0c-a728-7111b63ac1f6,revision_number=None']} {{(pid=104633) push /opt/stack/neutron/neutron/api/rpc/handlers/resources_rpc.py:237}}
Aug 10 11:23:14.598735 dv-cinder-852724-1-smb neutron-server[104632]: INFO neutron.wsgi [req-8efd01cd-b801-45d3-838b-167f1e093492 req-97c00401-f122-4bd9-9cb9-f880eb6f7fae service neutron] 10.222.0.47 "GET /networking/v2.0/floatingips?fixed_ip_address=172.20.0.9&port_id=7e9e6147-0b51-4c20-a57b-5fd1ed41f843 HTTP/1.1" status: 200 len: 217 time: 0.0453074
Aug 10 11:23:14.666177 dv-cinder-852724-1-smb neutron-server[104632]: DEBUG neutron_lib.callbacks.manager [None req-0fc0b23c-bc3b-4290-a6f5-5dda62c3abae admin admin] Publish callbacks [] for security_group (58751cb2-d1db-4310-9436-792715b06634), precommit_create {{(pid=104632) _notify_loop /usr/local/lib/python3.8/dist-packages/neutron_lib/callbacks/manager.py:176}}
Aug 10 11:23:14.729017 dv-cinder-852724-1-smb neutron-server[104632]: DEBUG neutron.pecan_wsgi.hooks.policy_enforcement [req-8efd01cd-b801-45d3-838b-167f1e093492 req-f40af83c-48f8-4870-96c7-03cc7527a238 service neutron] Attributes excluded by policy engine: ['standard_attr_id', 'shared'] {{(pid=104632) _exclude_attributes_by_policy /opt/stack/neutron/neutron/pecan_wsgi/hooks/policy_enforcement.py:259}}
Aug 10 11:23:14.729939 dv-cinder-852724-1-smb neutron-server[104632]: INFO neutron.wsgi [req-8efd01cd-b801-45d3-838b-167f1e093492 req-f40af83c-48f8-4870-96c7-03cc7527a238 service neutron] 10.222.0.47 "GET /networking/v2.0/subnets?id=c713c655-ea4c-44a4-b2e2-366d20423c54 HTTP/1.1" status: 200 len: 853 time: 0.1180739
Aug 10 11:23:14.781302 dv-cinder-852724-1-smb neutron-server[104632]: DEBUG neutron.pecan_wsgi.hooks.policy_enforcement [req-7e626442-5388-49bc-ae21-c3e78d4c0f25 req-34f51e6e-8dc4-462b-8057-1cb80507b4eb tempest-AttachVolumeShelveTestJSON-856522541 tempest-AttachVolumeShelveTestJSON-856522541-project] Attributes excluded by policy engine: ['standard_attr_id', 'binding:profile', 'binding:host_id', 'binding:vif_type', 'binding:vif_details'] {{(pid=104632) _exclude_attributes_by_policy /opt/stack/neutron/neutron/pecan_wsgi/hooks/policy_enforcement.py:259}}
Aug 10 11:23:14.782905 dv-cinder-852724-1-smb neutron-server[104632]: INFO neutron.wsgi [req-7e626442-5388-49bc-ae21-c3e78d4c0f25 req-34f51e6e-8dc4-462b-8057-1cb80507b4eb tempest-AttachVolumeShelveTestJSON-856522541 tempest-AttachVolumeShelveTestJSON-856522541-project] 10.222.0.40 "GET /networking/v2.0/ports?device_id=f9ba3578-320e-4a1d-aa31-986178604936 HTTP/1.1" status: 200 len: 943 time: 0.0714507
Aug 10 11:23:14.870249 dv-cinder-852724-1-smb neutron-server[104633]: DEBUG neutron.pecan_wsgi.hooks.policy_enforcement [req-5a749d0b-0c00-4a93-b7eb-5b35b625feab req-e41763a9-7e8f-4ecb-a9f8-1078dc8506aa tempest-AttachVolumeTestJSON-872605765 tempest-AttachVolumeTestJSON-872605765-project] Attributes excluded by policy engine: ['standard_attr_id', 'binding:profile', 'binding:host_id', 'binding:vif_type', 'binding:vif_details'] {{(pid=104633) _exclude_attributes_by_policy /opt/stack/neutron/neutron/pecan_wsgi/hooks/policy_enforcement.py:259}}
Aug 10 11:23:14.881167 dv-cinder-852724-1-smb neutron-server[104633]: INFO neutron.wsgi [req-5a749d0b-0c00-4a93-b7eb-5b35b625feab req-e41763a9-7e8f-4ecb-a9f8-1078dc8506aa tempest-AttachVolumeTestJSON-872605765 tempest-AttachVolumeTestJSON-872605765-project] 10.222.0.40 "GET /networking/v2.0/ports?device_id=0d7538ef-52f2-4fb5-87d8-295cf16df71f HTTP/1.1" status: 200 len: 943 time: 0.1863368
Aug 10 11:23:14.909801 dv-cinder-852724-1-smb neutron-server[104632]: DEBUG neutron.pecan_wsgi.hooks.policy_enforcement [req-8efd01cd-b801-45d3-838b-167f1e093492 req-237c9fca-e30f-4a2d-b901-3c4a8c94fdf4 service neutron] Attributes excluded by policy engine: ['standard_attr_id'] {{(pid=104632) _exclude_attributes_by_policy /opt/stack/neutron/neutron/pecan_wsgi/hooks/policy_enforcement.py:259}}
Aug 10 11:23:14.923276 dv-cinder-852724-1-smb neutron-server[104632]: INFO neutron.wsgi [req-8efd01cd-b801-45d3-838b-167f1e093492 req-237c9fca-e30f-4a2d-b901-3c4a8c94fdf4 service neutron] 10.222.0.47 "GET /networking/v2.0/ports?network_id=a8d48f85-2c1f-4007-88a9-0a24e064fa45&device_owner=network%3Adhcp HTTP/1.1" status: 200 len: 1210 time: 0.1133559
Aug 10 11:23:14.949759 dv-cinder-852724-1-smb neutron-server[104632]: INFO neutron.wsgi [req-7e626442-5388-49bc-ae21-c3e78d4c0f25 req-e0a5cfa5-a9ca-4f4f-9327-dc94845ee68f tempest-AttachVolumeShelveTestJSON-856522541 tempest-AttachVolumeShelveTestJSON-856522541-project] 10.222.0.40 "GET /networking/v2.0/security-groups?id=9f99a812-12ce-456c-a6c4-57fd239cded5&fields=id&fields=name HTTP/1.1" status: 200 len: 313 time: 0.1528563
Aug 10 11:23:14.993851 dv-cinder-852724-1-smb neutron-server[104633]: INFO neutron.wsgi [req-5a749d0b-0c00-4a93-b7eb-5b35b625feab req-963079f8-28f3-4bab-8095-a75dd2160f55 tempest-AttachVolumeTestJSON-872605765 tempest-AttachVolumeTestJSON-872605765-project] 10.222.0.40 "GET /networking/v2.0/security-groups?id=cad07ec1-7e4d-47ac-b041-c0b0623b951e&fields=id&fields=name HTTP/1.1" status: 200 len: 312 time: 0.1116567
Aug 10 11:23:15.108885 dv-cinder-852724-1-smb neutron-server[104632]: INFO neutron.wsgi [req-8efd01cd-b801-45d3-838b-167f1e093492 req-f3277b97-fba4-4533-8774-fc4d887c8e37 service neutron] 10.222.0.47 "GET /networking/v2.0/networks/a8d48f85-2c1f-4007-88a9-0a24e064fa45?fields=segments HTTP/1.1" status: 200 len: 212 time: 0.1887143
Aug 10 11:23:15.400766 dv-cinder-852724-1-smb neutron-server[104632]: DEBUG neutron.pecan_wsgi.hooks.policy_enforcement [req-52632177-7943-4b41-8e83-f824622bd6c7 req-fa372812-b09b-4c2b-8b32-816b7a3ebb8c tempest-DeleteServersTestJSON-1141061767 tempest-DeleteServersTestJSON-1141061767-project] Attributes excluded by policy engine: ['standard_attr_id', 'binding:profile', 'binding:host_id', 'binding:vif_type', 'binding:vif_details'] {{(pid=104632) _exclude_attributes_by_policy /opt/stack/neutron/neutron/pecan_wsgi/hooks/policy_enforcement.py:259}}
Aug 10 11:23:15.408839 dv-cinder-852724-1-smb neutron-server[104632]: INFO neutron.wsgi [req-52632177-7943-4b41-8e83-f824622bd6c7 req-fa372812-b09b-4c2b-8b32-816b7a3ebb8c tempest-DeleteServersTestJSON-1141061767 tempest-DeleteServersTestJSON-1141061767-project] 10.222.0.40 "GET /networking/v2.0/ports?device_id=1f4e9e36-04b7-4464-8537-050da4b57565 HTTP/1.1" status: 200 len: 943 time: 0.0652909
Aug 10 11:23:15.474815 dv-cinder-852724-1-smb neutron-server[104632]: INFO neutron.wsgi [req-52632177-7943-4b41-8e83-f824622bd6c7 req-9f56ba06-1ece-4565-8ab8-84f6ab61a15c tempest-DeleteServersTestJSON-1141061767 tempest-DeleteServersTestJSON-1141061767-project] 10.222.0.40 "GET /networking/v2.0/security-groups?id=165a56fb-f119-4bc5-aee0-d5b761202f76&fields=id&fields=name HTTP/1.1" status: 200 len: 286 time: 0.0643342
Aug 10 11:23:15.582616 dv-cinder-852724-1-smb neutron-server[104633]: DEBUG neutron.pecan_wsgi.hooks.policy_enforcement [req-c0895f17-e4e4-4da7-a953-f5ad15543277 req-5ec8ef3f-6dc5-417a-a12c-9625c2ba065d tempest-AttachVolumeNegativeTest-1137479755 tempest-AttachVolumeNegativeTest-1137479755-project] Attributes excluded by policy engine: ['standard_attr_id', 'binding:profile', 'binding:host_id', 'binding:vif_type', 'binding:vif_details'] {{(pid=104633) _exclude_attributes_by_policy /opt/stack/neutron/neutron/pecan_wsgi/hooks/policy_enforcement.py:259}}
Aug 10 11:23:15.583859 dv-cinder-852724-1-smb neutron-server[104633]: INFO neutron.wsgi [req-c0895f17-e4e4-4da7-a953-f5ad15543277 req-5ec8ef3f-6dc5-417a-a12c-9625c2ba065d tempest-AttachVolumeNegativeTest-1137479755 tempest-AttachVolumeNegativeTest-1137479755-project] 10.222.0.40 "GET /networking/v2.0/ports?device_id=bcf49c49-a4c6-4099-a4a0-dbaf6e8caa85 HTTP/1.1" status: 200 len: 943 time: 0.0485468
Aug 10 11:23:15.632821 dv-cinder-852724-1-smb neutron-server[104633]: INFO neutron.wsgi [req-c0895f17-e4e4-4da7-a953-f5ad15543277 req-0ee1469b-c20f-4b76-88c8-fd7045de22e0 tempest-AttachVolumeNegativeTest-1137479755 tempest-AttachVolumeNegativeTest-1137479755-project] 10.222.0.40 "GET /networking/v2.0/security-groups?id=e3067b59-09e5-48d2-8471-4e652461765f&fields=id&fields=name HTTP/1.1" status: 200 len: 312 time: 0.0431275
Aug 10 11:23:15.653799 dv-cinder-852724-1-smb neutron-server[104632]: DEBUG neutron_lib.callbacks.manager [None req-0fc0b23c-bc3b-4290-a6f5-5dda62c3abae admin admin] Publish callbacks ['neutron.plugins.ml2.ovo_rpc._ObjectChangeHandler.handle_event-566399'] for security_group (58751cb2-d1db-4310-9436-792715b06634), after_create {{(pid=104632) _notify_loop /usr/local/lib/python3.8/dist-packages/neutron_lib/callbacks/manager.py:176}}
Aug 10 11:23:15.657818 dv-cinder-852724-1-smb neutron-server[104632]: DEBUG dbcounter [-] [104632] Writing DB stats neutron:SELECT=98,neutron:INSERT=2 {{(pid=104632) stat_writer /usr/local/lib/python3.8/dist-packages/dbcounter.py:114}}
Aug 10 11:23:15.702657 dv-cinder-852724-1-smb neutron-server[104632]: INFO neutron.wsgi [None req-0fc0b23c-bc3b-4290-a6f5-5dda62c3abae admin admin] 10.222.0.40 "GET /networking/v2.0/security-groups?tenant_id=2ade44ff6e7b419d8747a1feef81bbb3&name=default HTTP/1.1" status: 200 len: 2996 time: 1.8528008
Aug 10 11:23:15.704464 dv-cinder-852724-1-smb neutron-server[104632]: DEBUG neutron.api.rpc.handlers.resources_rpc [None req-0fc0b23c-bc3b-4290-a6f5-5dda62c3abae admin admin] Pushing event updated for resources: {'SecurityGroup': ['ID=58751cb2-d1db-4310-9436-792715b06634,revision_number=1']} {{(pid=104632) push /opt/stack/neutron/neutron/api/rpc/handlers/resources_rpc.py:237}}
Aug 10 11:23:15.705529 dv-cinder-852724-1-smb neutron-server[104633]: DEBUG neutron.wsgi [-] (104633) accepted ('10.222.0.40', 42122) {{(pid=104633) server /usr/local/lib/python3.8/dist-packages/eventlet/wsgi.py:1004}}
Aug 10 11:23:15.769318 dv-cinder-852724-1-smb neutron-server[104633]: DEBUG neutron_lib.callbacks.manager [None req-3b2c8c82-f0ca-4bd1-bdc7-7908ebb29aab admin admin] Publish callbacks [] for security_group (58751cb2-d1db-4310-9436-792715b06634), before_delete {{(pid=104633) _notify_loop /usr/local/lib/python3.8/dist-packages/neutron_lib/callbacks/manager.py:176}}
Aug 10 11:23:15.802179 dv-cinder-852724-1-smb neutron-server[104633]: DEBUG neutron_lib.callbacks.manager [None req-3b2c8c82-f0ca-4bd1-bdc7-7908ebb29aab admin admin] Publish callbacks [] for security_group (58751cb2-d1db-4310-9436-792715b06634), precommit_delete {{(pid=104633) _notify_loop /usr/local/lib/python3.8/dist-packages/neutron_lib/callbacks/manager.py:176}}
Aug 10 11:23:15.995135 dv-cinder-852724-1-smb neutron-server[104633]: DEBUG neutron_lib.callbacks.manager [None req-3b2c8c82-f0ca-4bd1-bdc7-7908ebb29aab admin admin] Publish callbacks ['neutron.plugins.ml2.ovo_rpc._ObjectChangeHandler.handle_event-566399'] for security_group (58751cb2-d1db-4310-9436-792715b06634), after_delete {{(pid=104633) _notify_loop /usr/local/lib/python3.8/dist-packages/neutron_lib/callbacks/manager.py:176}}
Aug 10 11:23:15.999435 dv-cinder-852724-1-smb neutron-server[104633]: DEBUG neutron_lib.callbacks.manager [None req-3b2c8c82-f0ca-4bd1-bdc7-7908ebb29aab admin admin] Publish callbacks [] for security_group (None), before_response {{(pid=104633) _notify_loop /usr/local/lib/python3.8/dist-packages/neutron_lib/callbacks/manager.py:176}}
Aug 10 11:23:15.999435 dv-cinder-852724-1-smb neutron-server[104633]: INFO neutron.wsgi [None req-3b2c8c82-f0ca-4bd1-bdc7-7908ebb29aab admin admin] 10.222.0.40 "DELETE /networking/v2.0/security-groups/58751cb2-d1db-4310-9436-792715b06634 HTTP/1.1" status: 204 len: 168 time: 0.2924845
Aug 10 11:23:16.007379 dv-cinder-852724-1-smb neutron-server[104633]: DEBUG neutron.api.rpc.handlers.resources_rpc [None req-3b2c8c82-f0ca-4bd1-bdc7-7908ebb29aab admin admin] Pushing event deleted for resources: {'SecurityGroup': ['ID=58751cb2-d1db-4310-9436-792715b06634,revision_number=None']} {{(pid=104633) push /opt/stack/neutron/neutron/api/rpc/handlers/resources_rpc.py:237}}
Aug 10 11:23:16.089604 dv-cinder-852724-1-smb neutron-server[104632]: DEBUG neutron.pecan_wsgi.hooks.policy_enforcement [req-3d08b15c-1ac7-45d5-9b13-ebbaec2ef60b req-f81a60f3-2f65-47e0-a3b5-82815663bb89 tempest-AttachVolumeShelveTestJSON-856522541 tempest-AttachVolumeShelveTestJSON-856522541-project] Attributes excluded by policy engine: ['standard_attr_id', 'binding:profile', 'binding:host_id', 'binding:vif_type', 'binding:vif_details'] {{(pid=104632) _exclude_attributes_by_policy /opt/stack/neutron/neutron/pecan_wsgi/hooks/policy_enforcement.py:259}}
Aug 10 11:23:16.092065 dv-cinder-852724-1-smb neutron-server[104632]: INFO neutron.wsgi [req-3d08b15c-1ac7-45d5-9b13-ebbaec2ef60b req-f81a60f3-2f65-47e0-a3b5-82815663bb89 tempest-AttachVolumeShelveTestJSON-856522541 tempest-AttachVolumeShelveTestJSON-856522541-project] 10.222.0.40 "GET /networking/v2.0/ports?device_id=f9ba3578-320e-4a1d-aa31-986178604936 HTTP/1.1" status: 200 len: 943 time: 0.0503123
Aug 10 11:23:16.127690 dv-cinder-852724-1-smb neutron-server[104633]: DEBUG neutron.pecan_wsgi.hooks.policy_enforcement [req-1351ad3a-d492-4394-9f5e-581324c6576f req-811ed705-b200-4a3c-b099-25db6db2f28b tempest-AttachVolumeTestJSON-872605765 tempest-AttachVolumeTestJSON-872605765-project] Attributes excluded by policy engine: ['standard_attr_id', 'binding:profile', 'binding:host_id', 'binding:vif_type', 'binding:vif_details'] {{(pid=104633) _exclude_attributes_by_policy /opt/stack/neutron/neutron/pecan_wsgi/hooks/policy_enforcement.py:259}}
Aug 10 11:23:16.134478 dv-cinder-852724-1-smb neutron-server[104633]: INFO neutron.wsgi [req-1351ad3a-d492-4394-9f5e-581324c6576f req-811ed705-b200-4a3c-b099-25db6db2f28b tempest-AttachVolumeTestJSON-872605765 tempest-AttachVolumeTestJSON-872605765-project] 10.222.0.40 "GET /networking/v2.0/ports?device_id=0d7538ef-52f2-4fb5-87d8-295cf16df71f HTTP/1.1" status: 200 len: 943 time: 0.0557642
Aug 10 11:23:16.150582 dv-cinder-852724-1-smb neutron-server[104632]: INFO neutron.wsgi [req-3d08b15c-1ac7-45d5-9b13-ebbaec2ef60b req-6cb0df5d-01fa-4e5b-a407-160cae5c4e23 tempest-AttachVolumeShelveTestJSON-856522541 tempest-AttachVolumeShelveTestJSON-856522541-project] 10.222.0.40 "GET /networking/v2.0/security-groups?id=9f99a812-12ce-456c-a6c4-57fd239cded5&fields=id&fields=name HTTP/1.1" status: 200 len: 313 time: 0.0503888
Aug 10 11:23:16.193217 dv-cinder-852724-1-smb neutron-server[104633]: INFO neutron.wsgi [req-1351ad3a-d492-4394-9f5e-581324c6576f req-6bdbbab1-76d3-4a6e-bcb0-806639a3887a tempest-AttachVolumeTestJSON-872605765 tempest-AttachVolumeTestJSON-872605765-project] 10.222.0.40 "GET /networking/v2.0/security-groups?id=cad07ec1-7e4d-47ac-b041-c0b0623b951e&fields=id&fields=name HTTP/1.1" status: 200 len: 312 time: 0.0579011
Aug 10 11:23:16.477464 dv-cinder-852724-1-smb neutron-server[104632]: INFO neutron.wsgi [req-8efd01cd-b801-45d3-838b-167f1e093492 req-bdabd4d6-e112-4525-9bd0-2d2df1bd930c service neutron] 10.222.0.47 "GET /networking/v2.0/networks/a8d48f85-2c1f-4007-88a9-0a24e064fa45?fields=provider%3Aphysical_network&fields=provider%3Anetwork_type HTTP/1.1" status: 200 len: 281 time: 0.0914085
Aug 10 11:23:16.627237 dv-cinder-852724-1-smb neutron-server[104632]: DEBUG neutron.pecan_wsgi.hooks.policy_enforcement [req-8b30522b-39e5-4ea8-8249-7e4fc8e348d5 req-3d577667-dc54-4b0c-8800-9fd3270649c4 tempest-DeleteServersTestJSON-1141061767 tempest-DeleteServersTestJSON-1141061767-project] Attributes excluded by policy engine: ['standard_attr_id', 'binding:profile', 'binding:host_id', 'binding:vif_type', 'binding:vif_details'] {{(pid=104632) _exclude_attributes_by_policy /opt/stack/neutron/neutron/pecan_wsgi/hooks/policy_enforcement.py:259}}
Aug 10 11:23:16.628895 dv-cinder-852724-1-smb neutron-server[104632]: INFO neutron.wsgi [req-8b30522b-39e5-4ea8-8249-7e4fc8e348d5 req-3d577667-dc54-4b0c-8800-9fd3270649c4 tempest-DeleteServersTestJSON-1141061767 tempest-DeleteServersTestJSON-1141061767-project] 10.222.0.40 "GET /networking/v2.0/ports?device_id=1f4e9e36-04b7-4464-8537-050da4b57565 HTTP/1.1" status: 200 len: 943 time: 0.0591190
Aug 10 11:23:16.691332 dv-cinder-852724-1-smb neutron-server[104632]: INFO neutron.wsgi [req-8b30522b-39e5-4ea8-8249-7e4fc8e348d5 req-972abcc9-4059-419b-b3c7-469f1083059a tempest-DeleteServersTestJSON-1141061767 tempest-DeleteServersTestJSON-1141061767-project] 10.222.0.40 "GET /networking/v2.0/security-groups?id=165a56fb-f119-4bc5-aee0-d5b761202f76&fields=id&fields=name HTTP/1.1" status: 200 len: 286 time: 0.0555980
Aug 10 11:23:16.763608 dv-cinder-852724-1-smb neutron-server[104633]: DEBUG neutron.pecan_wsgi.hooks.policy_enforcement [req-c816ba12-f023-47a4-a7c7-11ba57b8e2e9 req-26dfe0fa-be0d-40e1-9dff-ff5dece49fb5 tempest-AttachVolumeNegativeTest-1137479755 tempest-AttachVolumeNegativeTest-1137479755-project] Attributes excluded by policy engine: ['standard_attr_id', 'binding:profile', 'binding:host_id', 'binding:vif_type', 'binding:vif_details'] {{(pid=104633) _exclude_attributes_by_policy /opt/stack/neutron/neutron/pecan_wsgi/hooks/policy_enforcement.py:259}}
Aug 10 11:23:16.765279 dv-cinder-852724-1-smb neutron-server[104633]: INFO neutron.wsgi [req-c816ba12-f023-47a4-a7c7-11ba57b8e2e9 req-26dfe0fa-be0d-40e1-9dff-ff5dece49fb5 tempest-AttachVolumeNegativeTest-1137479755 tempest-AttachVolumeNegativeTest-1137479755-project] 10.222.0.40 "GET /networking/v2.0/ports?device_id=bcf49c49-a4c6-4099-a4a0-dbaf6e8caa85 HTTP/1.1" status: 200 len: 943 time: 0.0494730
Aug 10 11:23:16.766979 dv-cinder-852724-1-smb neutron-server[104632]: DEBUG dbcounter [-] [104632] Writing DB stats neutron:SELECT=90,neutron:INSERT=9,neutron:UPDATE=1 {{(pid=104632) stat_writer /usr/local/lib/python3.8/dist-packages/dbcounter.py:114}}
Aug 10 11:23:16.832353 dv-cinder-852724-1-smb neutron-server[104633]: INFO neutron.wsgi [req-c816ba12-f023-47a4-a7c7-11ba57b8e2e9 req-c4987971-9ecc-435b-b477-a42b1baaaf04 tempest-AttachVolumeNegativeTest-1137479755 tempest-AttachVolumeNegativeTest-1137479755-project] 10.222.0.40 "GET /networking/v2.0/security-groups?id=e3067b59-09e5-48d2-8471-4e652461765f&fields=id&fields=name HTTP/1.1" status: 200 len: 312 time: 0.0579009
Aug 10 11:23:16.858713 dv-cinder-852724-1-smb neutron-server[104633]: DEBUG dbcounter [-] [104633] Writing DB stats neutron:SELECT=91,neutron:UPDATE=4,neutron:INSERT=5 {{(pid=104633) stat_writer /usr/local/lib/python3.8/dist-packages/dbcounter.py:114}}
Aug 10 11:23:16.880971 dv-cinder-852724-1-smb neutron-server[104632]: DEBUG dbcounter [-] [104632] Writing DB stats neutron:SELECT=88,neutron:INSERT=11,neutron:UPDATE=1 {{(pid=104632) stat_writer /usr/local/lib/python3.8/dist-packages/dbcounter.py:114}}
Aug 10 11:23:17.321557 dv-cinder-852724-1-smb neutron-server[104632]: DEBUG neutron.pecan_wsgi.hooks.policy_enforcement [req-e4131b7e-bbbf-4333-94e2-da16d52b742e req-df82bf1f-3632-4079-9e40-8e7e0bb93d0a tempest-AttachVolumeShelveTestJSON-856522541 tempest-AttachVolumeShelveTestJSON-856522541-project] Attributes excluded by policy engine: ['standard_attr_id', 'binding:profile', 'binding:host_id', 'binding:vif_type', 'binding:vif_details'] {{(pid=104632) _exclude_attributes_by_policy /opt/stack/neutron/neutron/pecan_wsgi/hooks/policy_enforcement.py:259}}
Aug 10 11:23:17.323113 dv-cinder-852724-1-smb neutron-server[104632]: INFO neutron.wsgi [req-e4131b7e-bbbf-4333-94e2-da16d52b742e req-df82bf1f-3632-4079-9e40-8e7e0bb93d0a tempest-AttachVolumeShelveTestJSON-856522541 tempest-AttachVolumeShelveTestJSON-856522541-project] 10.222.0.40 "GET /networking/v2.0/ports?device_id=f9ba3578-320e-4a1d-aa31-986178604936 HTTP/1.1" status: 200 len: 943 time: 0.0800755
Aug 10 11:23:17.370149 dv-cinder-852724-1-smb neutron-server[104633]: DEBUG dbcounter [-] [104633] Writing DB stats neutron:SELECT=88,neutron:INSERT=9,neutron:UPDATE=3 {{(pid=104633) stat_writer /usr/local/lib/python3.8/dist-packages/dbcounter.py:114}}
Aug 10 11:23:17.400370 dv-cinder-852724-1-smb neutron-server[104633]: DEBUG neutron.pecan_wsgi.hooks.policy_enforcement [req-56d7f347-6aea-483d-8dd9-6469a34198dc req-f968b021-94c7-4525-9ae8-95af85146465 tempest-AttachVolumeTestJSON-872605765 tempest-AttachVolumeTestJSON-872605765-project] Attributes excluded by policy engine: ['standard_attr_id', 'binding:profile', 'binding:host_id', 'binding:vif_type', 'binding:vif_details'] {{(pid=104633) _exclude_attributes_by_policy /opt/stack/neutron/neutron/pecan_wsgi/hooks/policy_enforcement.py:259}}
Aug 10 11:23:17.407492 dv-cinder-852724-1-smb neutron-server[104633]: INFO neutron.wsgi [req-56d7f347-6aea-483d-8dd9-6469a34198dc req-f968b021-94c7-4525-9ae8-95af85146465 tempest-AttachVolumeTestJSON-872605765 tempest-AttachVolumeTestJSON-872605765-project] 10.222.0.40 "GET /networking/v2.0/ports?device_id=0d7538ef-52f2-4fb5-87d8-295cf16df71f HTTP/1.1" status: 200 len: 943 time: 0.0827570
Aug 10 11:23:17.419410 dv-cinder-852724-1-smb neutron-server[104632]: INFO neutron.wsgi [req-e4131b7e-bbbf-4333-94e2-da16d52b742e req-ae84dc1e-5c4e-44e0-8a65-c826aa4b9bfc tempest-AttachVolumeShelveTestJSON-856522541 tempest-AttachVolumeShelveTestJSON-856522541-project] 10.222.0.40 "GET /networking/v2.0/security-groups?id=9f99a812-12ce-456c-a6c4-57fd239cded5&fields=id&fields=name HTTP/1.1" status: 200 len: 313 time: 0.0832245
Aug 10 11:23:17.451246 dv-cinder-852724-1-smb neutron-server[104633]: INFO neutron.wsgi [req-56d7f347-6aea-483d-8dd9-6469a34198dc req-26caba44-28e2-4a7b-a6b6-9e0ce5ba4219 tempest-AttachVolumeTestJSON-872605765 tempest-AttachVolumeTestJSON-872605765-project] 10.222.0.40 "GET /networking/v2.0/security-groups?id=cad07ec1-7e4d-47ac-b041-c0b0623b951e&fields=id&fields=name HTTP/1.1" status: 200 len: 312 time: 0.0429113
Aug 10 11:23:17.841284 dv-cinder-852724-1-smb neutron-server[104632]: DEBUG neutron.pecan_wsgi.hooks.policy_enforcement [req-85bf5068-8cdf-4052-ac81-e6e8a5380c4c req-544abd49-c5d3-484e-8329-44db25c8f294 tempest-DeleteServersTestJSON-1141061767 tempest-DeleteServersTestJSON-1141061767-project] Attributes excluded by policy engine: ['standard_attr_id', 'binding:profile', 'binding:host_id', 'binding:vif_type', 'binding:vif_details'] {{(pid=104632) _exclude_attributes_by_policy /opt/stack/neutron/neutron/pecan_wsgi/hooks/policy_enforcement.py:259}}
Aug 10 11:23:17.842922 dv-cinder-852724-1-smb neutron-server[104632]: INFO neutron.wsgi [req-85bf5068-8cdf-4052-ac81-e6e8a5380c4c req-544abd49-c5d3-484e-8329-44db25c8f294 tempest-DeleteServersTestJSON-1141061767 tempest-DeleteServersTestJSON-1141061767-project] 10.222.0.40 "GET /networking/v2.0/ports?device_id=1f4e9e36-04b7-4464-8537-050da4b57565 HTTP/1.1" status: 200 len: 943 time: 0.0737708
Aug 10 11:23:17.882865 dv-cinder-852724-1-smb neutron-server[104632]: DEBUG dbcounter [-] [104632] Writing DB stats neutron:SELECT=92,neutron:DELETE=8 {{(pid=104632) stat_writer /usr/local/lib/python3.8/dist-packages/dbcounter.py:114}}
Aug 10 11:23:17.897936 dv-cinder-852724-1-smb neutron-server[104632]: INFO neutron.wsgi [req-85bf5068-8cdf-4052-ac81-e6e8a5380c4c req-72d9a3da-1fa6-4b76-84a9-14b7078ba05f tempest-DeleteServersTestJSON-1141061767 tempest-DeleteServersTestJSON-1141061767-project] 10.222.0.40 "GET /networking/v2.0/security-groups?id=165a56fb-f119-4bc5-aee0-d5b761202f76&fields=id&fields=name HTTP/1.1" status: 200 len: 286 time: 0.0495667
Aug 10 11:23:17.966293 dv-cinder-852724-1-smb neutron-server[104633]: DEBUG dbcounter [-] [104633] Writing DB stats neutron:SELECT=100 {{(pid=104633) stat_writer /usr/local/lib/python3.8/dist-packages/dbcounter.py:114}}
Aug 10 11:23:17.975248 dv-cinder-852724-1-smb neutron-server[104633]: DEBUG neutron.pecan_wsgi.hooks.policy_enforcement [req-35ffab6e-e221-487c-882d-f40f454eb071 req-ce9d6fc6-6058-4dc5-8e1e-6d13a5795fae tempest-AttachVolumeNegativeTest-1137479755 tempest-AttachVolumeNegativeTest-1137479755-project] Attributes excluded by policy engine: ['standard_attr_id', 'binding:profile', 'binding:host_id', 'binding:vif_type', 'binding:vif_details'] {{(pid=104633) _exclude_attributes_by_policy /opt/stack/neutron/neutron/pecan_wsgi/hooks/policy_enforcement.py:259}}
Aug 10 11:23:17.983778 dv-cinder-852724-1-smb neutron-server[104633]: INFO neutron.wsgi [req-35ffab6e-e221-487c-882d-f40f454eb071 req-ce9d6fc6-6058-4dc5-8e1e-6d13a5795fae tempest-AttachVolumeNegativeTest-1137479755 tempest-AttachVolumeNegativeTest-1137479755-project] 10.222.0.40 "GET /networking/v2.0/ports?device_id=bcf49c49-a4c6-4099-a4a0-dbaf6e8caa85 HTTP/1.1" status: 200 len: 943 time: 0.0821629
Aug 10 11:23:18.030480 dv-cinder-852724-1-smb neutron-server[104632]: DEBUG dbcounter [-] [104632] Writing DB stats neutron:SELECT=96,neutron:DELETE=4 {{(pid=104632) stat_writer /usr/local/lib/python3.8/dist-packages/dbcounter.py:114}}
Aug 10 11:23:18.036771 dv-cinder-852724-1-smb neutron-server[104633]: INFO neutron.wsgi [req-35ffab6e-e221-487c-882d-f40f454eb071 req-3517bb62-d002-42af-86ef-49f06996faf4 tempest-AttachVolumeNegativeTest-1137479755 tempest-AttachVolumeNegativeTest-1137479755-project] 10.222.0.40 "GET /networking/v2.0/security-groups?id=e3067b59-09e5-48d2-8471-4e652461765f&fields=id&fields=name HTTP/1.1" status: 200 len: 312 time: 0.0520573
Aug 10 11:23:18.571558 dv-cinder-852724-1-smb neutron-server[104633]: DEBUG dbcounter [-] [104633] Writing DB stats neutron:SELECT=100 {{(pid=104633) stat_writer /usr/local/lib/python3.8/dist-packages/dbcounter.py:114}}
Aug 10 11:23:18.584007 dv-cinder-852724-1-smb neutron-server[104632]: DEBUG neutron.pecan_wsgi.hooks.policy_enforcement [req-e56d1adb-b7eb-4875-8d63-921e73fca16b req-3358e051-165d-4b4d-94af-6e098edbd1ba tempest-AttachVolumeShelveTestJSON-856522541 tempest-AttachVolumeShelveTestJSON-856522541-project] Attributes excluded by policy engine: ['standard_attr_id', 'binding:profile', 'binding:host_id', 'binding:vif_type', 'binding:vif_details'] {{(pid=104632) _exclude_attributes_by_policy /opt/stack/neutron/neutron/pecan_wsgi/hooks/policy_enforcement.py:259}}
Aug 10 11:23:18.585740 dv-cinder-852724-1-smb neutron-server[104632]: INFO neutron.wsgi [req-e56d1adb-b7eb-4875-8d63-921e73fca16b req-3358e051-165d-4b4d-94af-6e098edbd1ba tempest-AttachVolumeShelveTestJSON-856522541 tempest-AttachVolumeShelveTestJSON-856522541-project] 10.222.0.40 "GET /networking/v2.0/ports?device_id=f9ba3578-320e-4a1d-aa31-986178604936 HTTP/1.1" status: 200 len: 943 time: 0.0500977
Aug 10 11:23:18.588458 dv-cinder-852724-1-smb neutron-server[104633]: DEBUG neutron.pecan_wsgi.hooks.policy_enforcement [req-34a2d9ab-44b4-4ba3-97a4-0c69e8ba19a1 req-12cd476e-32c5-445b-a94a-fbf3f88a35e8 tempest-AttachVolumeTestJSON-872605765 tempest-AttachVolumeTestJSON-872605765-project] Attributes excluded by policy engine: ['standard_attr_id', 'binding:profile', 'binding:host_id', 'binding:vif_type', 'binding:vif_details'] {{(pid=104633) _exclude_attributes_by_policy /opt/stack/neutron/neutron/pecan_wsgi/hooks/policy_enforcement.py:259}}
Aug 10 11:23:18.597118 dv-cinder-852724-1-smb neutron-server[104633]: INFO neutron.wsgi [req-34a2d9ab-44b4-4ba3-97a4-0c69e8ba19a1 req-12cd476e-32c5-445b-a94a-fbf3f88a35e8 tempest-AttachVolumeTestJSON-872605765 tempest-AttachVolumeTestJSON-872605765-project] 10.222.0.40 "GET /networking/v2.0/ports?device_id=0d7538ef-52f2-4fb5-87d8-295cf16df71f HTTP/1.1" status: 200 len: 943 time: 0.0624971
Aug 10 11:23:18.644262 dv-cinder-852724-1-smb neutron-server[104632]: INFO neutron.wsgi [req-e56d1adb-b7eb-4875-8d63-921e73fca16b req-7062edd5-c335-4481-afbc-6bb338908f85 tempest-AttachVolumeShelveTestJSON-856522541 tempest-AttachVolumeShelveTestJSON-856522541-project] 10.222.0.40 "GET /networking/v2.0/security-groups?id=9f99a812-12ce-456c-a6c4-57fd239cded5&fields=id&fields=name HTTP/1.1" status: 200 len: 313 time: 0.0473785
Aug 10 11:23:18.657421 dv-cinder-852724-1-smb neutron-server[104633]: INFO neutron.wsgi [req-34a2d9ab-44b4-4ba3-97a4-0c69e8ba19a1 req-bc575d1e-082d-40a1-bd33-e84adee31190 tempest-AttachVolumeTestJSON-872605765 tempest-AttachVolumeTestJSON-872605765-project] 10.222.0.40 "GET /networking/v2.0/security-groups?id=cad07ec1-7e4d-47ac-b041-c0b0623b951e&fields=id&fields=name HTTP/1.1" status: 200 len: 312 time: 0.0592003
Aug 10 11:23:18.851875 dv-cinder-852724-1-smb neutron-server[104633]: DEBUG dbcounter [-] [104633] Writing DB stats neutron:SELECT=100 {{(pid=104633) stat_writer /usr/local/lib/python3.8/dist-packages/dbcounter.py:114}}
Aug 10 11:23:18.886625 dv-cinder-852724-1-smb neutron-server[104632]: DEBUG dbcounter [-] [104632] Writing DB stats neutron:SELECT=88,neutron:INSERT=11,neutron:UPDATE=1 {{(pid=104632) stat_writer /usr/local/lib/python3.8/dist-packages/dbcounter.py:114}}
Aug 10 11:23:18.949458 dv-cinder-852724-1-smb neutron-server[104633]: DEBUG dbcounter [-] [104633] Writing DB stats neutron:SELECT=96,neutron:DELETE=4 {{(pid=104633) stat_writer /usr/local/lib/python3.8/dist-packages/dbcounter.py:114}}
Aug 10 11:23:19.018075 dv-cinder-852724-1-smb neutron-server[104633]: DEBUG neutron.pecan_wsgi.hooks.policy_enforcement [req-91cc937b-29c9-46cd-9835-f3829755d955 req-f3231c32-d5cd-41c1-8b1d-1ecacbd78730 tempest-DeleteServersTestJSON-1141061767 tempest-DeleteServersTestJSON-1141061767-project] Attributes excluded by policy engine: ['standard_attr_id', 'binding:profile', 'binding:host_id', 'binding:vif_type', 'binding:vif_details'] {{(pid=104633) _exclude_attributes_by_policy /opt/stack/neutron/neutron/pecan_wsgi/hooks/policy_enforcement.py:259}}
Aug 10 11:23:19.019825 dv-cinder-852724-1-smb neutron-server[104633]: INFO neutron.wsgi [req-91cc937b-29c9-46cd-9835-f3829755d955 req-f3231c32-d5cd-41c1-8b1d-1ecacbd78730 tempest-DeleteServersTestJSON-1141061767 tempest-DeleteServersTestJSON-1141061767-project] 10.222.0.40 "GET /networking/v2.0/ports?device_id=1f4e9e36-04b7-4464-8537-050da4b57565 HTTP/1.1" status: 200 len: 943 time: 0.0490227
Aug 10 11:23:19.029522 dv-cinder-852724-1-smb neutron-server[104632]: DEBUG dbcounter [-] [104632] Writing DB stats neutron:SELECT=93,neutron:INSERT=6,neutron:UPDATE=1 {{(pid=104632) stat_writer /usr/local/lib/python3.8/dist-packages/dbcounter.py:114}}
Aug 10 11:23:19.071907 dv-cinder-852724-1-smb neutron-server[104633]: INFO neutron.wsgi [req-91cc937b-29c9-46cd-9835-f3829755d955 req-e994fcf6-c935-4dd5-b831-ae6079149664 tempest-DeleteServersTestJSON-1141061767 tempest-DeleteServersTestJSON-1141061767-project] 10.222.0.40 "GET /networking/v2.0/security-groups?id=165a56fb-f119-4bc5-aee0-d5b761202f76&fields=id&fields=name HTTP/1.1" status: 200 len: 286 time: 0.0459092
Aug 10 11:23:19.167260 dv-cinder-852724-1-smb neutron-server[104632]: DEBUG neutron.pecan_wsgi.hooks.policy_enforcement [req-6500807f-0ec2-4411-9d60-5c25cfb175b1 req-68ef2c62-9a20-4f13-8b58-6dac390906d0 tempest-AttachVolumeNegativeTest-1137479755 tempest-AttachVolumeNegativeTest-1137479755-project] Attributes excluded by policy engine: ['standard_attr_id', 'binding:profile', 'binding:host_id', 'binding:vif_type', 'binding:vif_details'] {{(pid=104632) _exclude_attributes_by_policy /opt/stack/neutron/neutron/pecan_wsgi/hooks/policy_enforcement.py:259}}
Aug 10 11:23:19.168790 dv-cinder-852724-1-smb neutron-server[104632]: INFO neutron.wsgi [req-6500807f-0ec2-4411-9d60-5c25cfb175b1 req-68ef2c62-9a20-4f13-8b58-6dac390906d0 tempest-AttachVolumeNegativeTest-1137479755 tempest-AttachVolumeNegativeTest-1137479755-project] 10.222.0.40 "GET /networking/v2.0/ports?device_id=bcf49c49-a4c6-4099-a4a0-dbaf6e8caa85 HTTP/1.1" status: 200 len: 943 time: 0.0514967
Aug 10 11:23:19.219830 dv-cinder-852724-1-smb neutron-server[104632]: INFO neutron.wsgi [req-6500807f-0ec2-4411-9d60-5c25cfb175b1 req-8845b0c0-682b-47d4-8a28-229072c92746 tempest-AttachVolumeNegativeTest-1137479755 tempest-AttachVolumeNegativeTest-1137479755-project] 10.222.0.40 "GET /networking/v2.0/security-groups?id=e3067b59-09e5-48d2-8471-4e652461765f&fields=id&fields=name HTTP/1.1" status: 200 len: 312 time: 0.0452015
Aug 10 11:23:19.223806 dv-cinder-852724-1-smb neutron-server[104633]: DEBUG dbcounter [-] [104633] Writing DB stats neutron:SELECT=96,neutron:DELETE=4 {{(pid=104633) stat_writer /usr/local/lib/python3.8/dist-packages/dbcounter.py:114}}
Aug 10 11:23:19.782070 dv-cinder-852724-1-smb neutron-server[104633]: DEBUG neutron.pecan_wsgi.hooks.policy_enforcement [req-b5c6402e-0e9d-420b-8574-4a494d0c67bc req-789d879a-ce3b-4e9c-bf72-e2a368a394fe tempest-AttachVolumeTestJSON-872605765 tempest-AttachVolumeTestJSON-872605765-project] Attributes excluded by policy engine: ['standard_attr_id', 'binding:profile', 'binding:host_id', 'binding:vif_type', 'binding:vif_details'] {{(pid=104633) _exclude_attributes_by_policy /opt/stack/neutron/neutron/pecan_wsgi/hooks/policy_enforcement.py:259}}
Aug 10 11:23:19.789177 dv-cinder-852724-1-smb neutron-server[104633]: INFO neutron.wsgi [req-b5c6402e-0e9d-420b-8574-4a494d0c67bc req-789d879a-ce3b-4e9c-bf72-e2a368a394fe tempest-AttachVolumeTestJSON-872605765 tempest-AttachVolumeTestJSON-872605765-project] 10.222.0.40 "GET /networking/v2.0/ports?device_id=0d7538ef-52f2-4fb5-87d8-295cf16df71f HTTP/1.1" status: 200 len: 943 time: 0.0504234
Aug 10 11:23:19.795220 dv-cinder-852724-1-smb neutron-server[104632]: DEBUG neutron.pecan_wsgi.hooks.policy_enforcement [req-eb85cef6-78c4-4f03-bc8f-1fbd517dd850 req-b7180d50-a604-4fbd-b536-4282af660d60 tempest-AttachVolumeShelveTestJSON-856522541 tempest-AttachVolumeShelveTestJSON-856522541-project] Attributes excluded by policy engine: ['standard_attr_id', 'binding:profile', 'binding:host_id', 'binding:vif_type', 'binding:vif_details'] {{(pid=104632) _exclude_attributes_by_policy /opt/stack/neutron/neutron/pecan_wsgi/hooks/policy_enforcement.py:259}}
Aug 10 11:23:19.796949 dv-cinder-852724-1-smb neutron-server[104632]: INFO neutron.wsgi [req-eb85cef6-78c4-4f03-bc8f-1fbd517dd850 req-b7180d50-a604-4fbd-b536-4282af660d60 tempest-AttachVolumeShelveTestJSON-856522541 tempest-AttachVolumeShelveTestJSON-856522541-project] 10.222.0.40 "GET /networking/v2.0/ports?device_id=f9ba3578-320e-4a1d-aa31-986178604936 HTTP/1.1" status: 200 len: 943 time: 0.0579085
Aug 10 11:23:19.841255 dv-cinder-852724-1-smb neutron-server[104634]: DEBUG neutron.plugins.ml2.rpc [None req-24580ad9-e486-454c-ae74-ecf945cc277b None None] Device 7ac8b8f6-d7bc-4245-84f2-1f2e9ed75bd3 details requested by agent hyperv_hv-cinder-85272 with host hv-cinder-85272 {{(pid=104634) get_device_details /opt/stack/neutron/neutron/plugins/ml2/rpc.py:102}}
Aug 10 11:23:19.862654 dv-cinder-852724-1-smb neutron-server[104633]: INFO neutron.wsgi [req-b5c6402e-0e9d-420b-8574-4a494d0c67bc req-c77c1d5d-5b40-4ad2-90f8-5ec25db9e31e tempest-AttachVolumeTestJSON-872605765 tempest-AttachVolumeTestJSON-872605765-project] 10.222.0.40 "GET /networking/v2.0/security-groups?id=cad07ec1-7e4d-47ac-b041-c0b0623b951e&fields=id&fields=name HTTP/1.1" status: 200 len: 312 time: 0.0720482
Aug 10 11:23:19.899332 dv-cinder-852724-1-smb neutron-server[104632]: INFO neutron.wsgi [req-eb85cef6-78c4-4f03-bc8f-1fbd517dd850 req-fadb1d31-6517-4796-9784-ec697dce1335 tempest-AttachVolumeShelveTestJSON-856522541 tempest-AttachVolumeShelveTestJSON-856522541-project] 10.222.0.40 "GET /networking/v2.0/security-groups?id=9f99a812-12ce-456c-a6c4-57fd239cded5&fields=id&fields=name HTTP/1.1" status: 200 len: 313 time: 0.0964806
Aug 10 11:23:19.960486 dv-cinder-852724-1-smb neutron-server[104634]: DEBUG neutron.plugins.ml2.db [None req-24580ad9-e486-454c-ae74-ecf945cc277b None None] For port 7ac8b8f6-d7bc-4245-84f2-1f2e9ed75bd3, host hv-cinder-85272, got binding levels [PortBindingLevel(driver='hyperv',host='hv-cinder-85272',level=0,port_id=7ac8b8f6-d7bc-4245-84f2-1f2e9ed75bd3,segment=NetworkSegment(327af8c2-c7da-4d7b-9ac3-3e0446d5cd36),segment_id=327af8c2-c7da-4d7b-9ac3-3e0446d5cd36)] {{(pid=104634) get_binding_level_objs /opt/stack/neutron/neutron/plugins/ml2/db.py:74}}
Aug 10 11:23:19.972140 dv-cinder-852724-1-smb neutron-server[104634]: DEBUG neutron.plugins.ml2.rpc [None req-24580ad9-e486-454c-ae74-ecf945cc277b None None] Returning: {'device': '7ac8b8f6-d7bc-4245-84f2-1f2e9ed75bd3', 'network_id': 'c5ecd12d-6436-4b65-ac45-3365a7466754', 'port_id': '7ac8b8f6-d7bc-4245-84f2-1f2e9ed75bd3', 'mac_address': 'fa:16:3e:53:cc:cb', 'admin_state_up': True, 'network_type': 'vlan', 'segmentation_id': 226, 'physical_network': 'physnet1', 'mtu': 1500, 'fixed_ips': [{'subnet_id': '8d887539-caf9-4b09-bfc8-9a2bd9b53992', 'ip_address': '172.20.0.8'}], 'device_owner': 'compute:nova', 'allowed_address_pairs': [], 'port_security_enabled': True, 'qos_policy_id': None, 'qos_network_policy_id': None, 'profile': {}, 'propagate_uplink_status': False} {{(pid=104634) _get_device_details /opt/stack/neutron/neutron/plugins/ml2/rpc.py:184}}
Aug 10 11:23:20.007148 dv-cinder-852724-1-smb neutron-server[104634]: DEBUG neutron.plugins.ml2.plugin [None req-24580ad9-e486-454c-ae74-ecf945cc277b None None] Current status of the port 7ac8b8f6-d7bc-4245-84f2-1f2e9ed75bd3 is: DOWN; New status is: BUILD {{(pid=104634) _update_individual_port_db_status /opt/stack/neutron/neutron/plugins/ml2/plugin.py:2292}}
Aug 10 11:23:20.007538 dv-cinder-852724-1-smb neutron-server[104634]: DEBUG neutron_lib.callbacks.manager [None req-24580ad9-e486-454c-ae74-ecf945cc277b None None] Publish callbacks ['neutron.plugins.ml2.plugin.SecurityGroupDbMixin._ensure_default_security_group_handler-1670394'] for port (7ac8b8f6-d7bc-4245-84f2-1f2e9ed75bd3), before_update {{(pid=104634) _notify_loop /usr/local/lib/python3.8/dist-packages/neutron_lib/callbacks/manager.py:176}}
Aug 10 11:23:20.021654 dv-cinder-852724-1-smb neutron-server[104634]: DEBUG neutron.notifiers.nova [None req-24580ad9-e486-454c-ae74-ecf945cc277b None None] Ignoring state change previous_port_status: DOWN current_port_status: BUILD port_id 7ac8b8f6-d7bc-4245-84f2-1f2e9ed75bd3 {{(pid=104634) record_port_status_changed /opt/stack/neutron/neutron/notifiers/nova.py:233}}
Aug 10 11:23:20.041342 dv-cinder-852724-1-smb neutron-server[104634]: DEBUG neutron.plugins.ml2.db [None req-24580ad9-e486-454c-ae74-ecf945cc277b None None] For port 7ac8b8f6-d7bc-4245-84f2-1f2e9ed75bd3, host hv-cinder-85272, got binding levels [PortBindingLevel(driver='hyperv',host='hv-cinder-85272',level=0,port_id=7ac8b8f6-d7bc-4245-84f2-1f2e9ed75bd3,segment=NetworkSegment(327af8c2-c7da-4d7b-9ac3-3e0446d5cd36),segment_id=327af8c2-c7da-4d7b-9ac3-3e0446d5cd36)] {{(pid=104634) get_binding_level_objs /opt/stack/neutron/neutron/plugins/ml2/db.py:74}}
Aug 10 11:23:20.154693 dv-cinder-852724-1-smb neutron-server[104634]: DEBUG neutron_lib.callbacks.manager [None req-24580ad9-e486-454c-ae74-ecf945cc277b None None] Publish callbacks ['neutron.plugins.ml2.plugin.SecurityGroupServerNotifierRpcMixin._notify_sg_on_port_change-1670331', 'neutron.plugins.ml2.ovo_rpc._ObjectChangeHandler.handle_event-484106', 'neutron.api.rpc.agentnotifiers.dhcp_rpc_agent_api.DhcpAgentNotifyAPI._native_event_send_dhcp_notification-530552', 'neutron.db.l3_db.L3RpcNotifierMixin._notify_gateway_port_ip_changed-8771158617573', 'neutron.db.l3_dvrscheduler_db._notify_l3_agent_port_update-8771158217099', 'neutron.db.l3_hascheduler_db._notify_l3_agent_ha_port_update-8771158217117'] for port (7ac8b8f6-d7bc-4245-84f2-1f2e9ed75bd3), after_update {{(pid=104634) _notify_loop /usr/local/lib/python3.8/dist-packages/neutron_lib/callbacks/manager.py:176}}
Aug 10 11:23:20.155390 dv-cinder-852724-1-smb neutron-server[104634]: DEBUG neutron.plugins.ml2.rpc [None req-24580ad9-e486-454c-ae74-ecf945cc277b None None] Device 3898921b-e3da-4c29-abad-1de26623b0b4 details requested by agent hyperv_hv-cinder-85272 with host hv-cinder-85272 {{(pid=104634) get_device_details /opt/stack/neutron/neutron/plugins/ml2/rpc.py:102}}
Aug 10 11:23:20.197871 dv-cinder-852724-1-smb neutron-server[104633]: DEBUG neutron.pecan_wsgi.hooks.policy_enforcement [req-35af7ffa-dcfe-4beb-8888-c0f082c5ba16 req-0a08e023-a629-44dd-8d59-49f53099633b tempest-DeleteServersTestJSON-1141061767 tempest-DeleteServersTestJSON-1141061767-project] Attributes excluded by policy engine: ['standard_attr_id', 'binding:profile', 'binding:host_id', 'binding:vif_type', 'binding:vif_details'] {{(pid=104633) _exclude_attributes_by_policy /opt/stack/neutron/neutron/pecan_wsgi/hooks/policy_enforcement.py:259}}
Aug 10 11:23:20.199827 dv-cinder-852724-1-smb neutron-server[104633]: INFO neutron.wsgi [req-35af7ffa-dcfe-4beb-8888-c0f082c5ba16 req-0a08e023-a629-44dd-8d59-49f53099633b tempest-DeleteServersTestJSON-1141061767 tempest-DeleteServersTestJSON-1141061767-project] 10.222.0.40 "GET /networking/v2.0/ports?device_id=1f4e9e36-04b7-4464-8537-050da4b57565 HTTP/1.1" status: 200 len: 943 time: 0.0514398
Aug 10 11:23:20.242985 dv-cinder-852724-1-smb neutron-server[104634]: DEBUG neutron.api.rpc.handlers.resources_rpc [None req-24580ad9-e486-454c-ae74-ecf945cc277b None None] Pushing event updated for resources: {'Port': ['ID=7ac8b8f6-d7bc-4245-84f2-1f2e9ed75bd3,revision_number=4']} {{(pid=104634) push /opt/stack/neutron/neutron/api/rpc/handlers/resources_rpc.py:237}}
Aug 10 11:23:20.280553 dv-cinder-852724-1-smb neutron-server[104633]: INFO neutron.wsgi [req-35af7ffa-dcfe-4beb-8888-c0f082c5ba16 req-b8b26e33-24a9-4b64-9bde-d5920b0996ac tempest-DeleteServersTestJSON-1141061767 tempest-DeleteServersTestJSON-1141061767-project] 10.222.0.40 "GET /networking/v2.0/security-groups?id=165a56fb-f119-4bc5-aee0-d5b761202f76&fields=id&fields=name HTTP/1.1" status: 200 len: 286 time: 0.0735502
Aug 10 11:23:20.357986 dv-cinder-852724-1-smb neutron-server[104634]: DEBUG neutron.plugins.ml2.db [None req-24580ad9-e486-454c-ae74-ecf945cc277b None None] For port 3898921b-e3da-4c29-abad-1de26623b0b4, host hv-cinder-85272, got binding levels [PortBindingLevel(driver='hyperv',host='hv-cinder-85272',level=0,port_id=3898921b-e3da-4c29-abad-1de26623b0b4,segment=NetworkSegment(f9a95042-6de4-452b-8b68-639d0a8dc4ba),segment_id=f9a95042-6de4-452b-8b68-639d0a8dc4ba)] {{(pid=104634) get_binding_level_objs /opt/stack/neutron/neutron/plugins/ml2/db.py:74}}
Aug 10 11:23:20.361031 dv-cinder-852724-1-smb neutron-server[104632]: DEBUG neutron.pecan_wsgi.hooks.policy_enforcement [req-5adb1280-9703-43e4-bf46-c1d08c3d74f1 req-e9b381b2-51c6-4c00-be80-151381d19dd5 tempest-AttachVolumeNegativeTest-1137479755 tempest-AttachVolumeNegativeTest-1137479755-project] Attributes excluded by policy engine: ['standard_attr_id', 'binding:profile', 'binding:host_id', 'binding:vif_type', 'binding:vif_details'] {{(pid=104632) _exclude_attributes_by_policy /opt/stack/neutron/neutron/pecan_wsgi/hooks/policy_enforcement.py:259}}
Aug 10 11:23:20.362535 dv-cinder-852724-1-smb neutron-server[104632]: INFO neutron.wsgi [req-5adb1280-9703-43e4-bf46-c1d08c3d74f1 req-e9b381b2-51c6-4c00-be80-151381d19dd5 tempest-AttachVolumeNegativeTest-1137479755 tempest-AttachVolumeNegativeTest-1137479755-project] 10.222.0.40 "GET /networking/v2.0/ports?device_id=bcf49c49-a4c6-4099-a4a0-dbaf6e8caa85 HTTP/1.1" status: 200 len: 943 time: 0.0485179
Aug 10 11:23:20.369864 dv-cinder-852724-1-smb neutron-server[104634]: DEBUG neutron.plugins.ml2.rpc [None req-24580ad9-e486-454c-ae74-ecf945cc277b None None] Returning: {'device': '3898921b-e3da-4c29-abad-1de26623b0b4', 'network_id': 'a6b70717-7bb0-41ee-986a-189b818994a2', 'port_id': '3898921b-e3da-4c29-abad-1de26623b0b4', 'mac_address': 'fa:16:3e:89:f3:fe', 'admin_state_up': True, 'network_type': 'vlan', 'segmentation_id': 224, 'physical_network': 'physnet1', 'mtu': 1500, 'fixed_ips': [{'subnet_id': '86ef86c2-75fd-4e25-a752-d95cfb632e33', 'ip_address': '172.20.0.8'}], 'device_owner': 'compute:nova', 'allowed_address_pairs': [], 'port_security_enabled': True, 'qos_policy_id': None, 'qos_network_policy_id': None, 'profile': {}, 'propagate_uplink_status': False} {{(pid=104634) _get_device_details /opt/stack/neutron/neutron/plugins/ml2/rpc.py:184}}
Aug 10 11:23:20.412169 dv-cinder-852724-1-smb neutron-server[104634]: DEBUG neutron.plugins.ml2.plugin [None req-24580ad9-e486-454c-ae74-ecf945cc277b None None] Current status of the port 3898921b-e3da-4c29-abad-1de26623b0b4 is: DOWN; New status is: BUILD {{(pid=104634) _update_individual_port_db_status /opt/stack/neutron/neutron/plugins/ml2/plugin.py:2292}}
Aug 10 11:23:20.412169 dv-cinder-852724-1-smb neutron-server[104634]: DEBUG neutron_lib.callbacks.manager [None req-24580ad9-e486-454c-ae74-ecf945cc277b None None] Publish callbacks ['neutron.plugins.ml2.plugin.SecurityGroupDbMixin._ensure_default_security_group_handler-1670394'] for port (3898921b-e3da-4c29-abad-1de26623b0b4), before_update {{(pid=104634) _notify_loop /usr/local/lib/python3.8/dist-packages/neutron_lib/callbacks/manager.py:176}}
Aug 10 11:23:20.423817 dv-cinder-852724-1-smb neutron-server[104634]: DEBUG neutron.notifiers.nova [None req-24580ad9-e486-454c-ae74-ecf945cc277b None None] Ignoring state change previous_port_status: DOWN current_port_status: BUILD port_id 3898921b-e3da-4c29-abad-1de26623b0b4 {{(pid=104634) record_port_status_changed /opt/stack/neutron/neutron/notifiers/nova.py:233}}
Aug 10 11:23:20.434256 dv-cinder-852724-1-smb neutron-server[104632]: DEBUG dbcounter [-] [104632] Writing DB stats neutron:SELECT=95,neutron:INSERT=5 {{(pid=104632) stat_writer /usr/local/lib/python3.8/dist-packages/dbcounter.py:114}}
Aug 10 11:23:20.440532 dv-cinder-852724-1-smb neutron-server[104632]: INFO neutron.wsgi [req-5adb1280-9703-43e4-bf46-c1d08c3d74f1 req-2abc0087-1e15-4c6c-92c8-e16a41a77053 tempest-AttachVolumeNegativeTest-1137479755 tempest-AttachVolumeNegativeTest-1137479755-project] 10.222.0.40 "GET /networking/v2.0/security-groups?id=e3067b59-09e5-48d2-8471-4e652461765f&fields=id&fields=name HTTP/1.1" status: 200 len: 312 time: 0.0692420
Aug 10 11:23:20.444681 dv-cinder-852724-1-smb neutron-server[104634]: DEBUG neutron.plugins.ml2.db [None req-24580ad9-e486-454c-ae74-ecf945cc277b None None] For port 3898921b-e3da-4c29-abad-1de26623b0b4, host hv-cinder-85272, got binding levels [PortBindingLevel(driver='hyperv',host='hv-cinder-85272',level=0,port_id=3898921b-e3da-4c29-abad-1de26623b0b4,segment=NetworkSegment(f9a95042-6de4-452b-8b68-639d0a8dc4ba),segment_id=f9a95042-6de4-452b-8b68-639d0a8dc4ba)] {{(pid=104634) get_binding_level_objs /opt/stack/neutron/neutron/plugins/ml2/db.py:74}}
Aug 10 11:23:20.554359 dv-cinder-852724-1-smb neutron-server[104634]: DEBUG neutron_lib.callbacks.manager [None req-24580ad9-e486-454c-ae74-ecf945cc277b None None] Publish callbacks ['neutron.plugins.ml2.plugin.SecurityGroupServerNotifierRpcMixin._notify_sg_on_port_change-1670331', 'neutron.plugins.ml2.ovo_rpc._ObjectChangeHandler.handle_event-484106', 'neutron.api.rpc.agentnotifiers.dhcp_rpc_agent_api.DhcpAgentNotifyAPI._native_event_send_dhcp_notification-530552', 'neutron.db.l3_db.L3RpcNotifierMixin._notify_gateway_port_ip_changed-8771158617573', 'neutron.db.l3_dvrscheduler_db._notify_l3_agent_port_update-8771158217099', 'neutron.db.l3_hascheduler_db._notify_l3_agent_ha_port_update-8771158217117'] for port (3898921b-e3da-4c29-abad-1de26623b0b4), after_update {{(pid=104634) _notify_loop /usr/local/lib/python3.8/dist-packages/neutron_lib/callbacks/manager.py:176}}
Aug 10 11:23:20.605539 dv-cinder-852724-1-smb neutron-server[104634]: DEBUG neutron.api.rpc.handlers.resources_rpc [None req-24580ad9-e486-454c-ae74-ecf945cc277b None None] Pushing event updated for resources: {'Port': ['ID=3898921b-e3da-4c29-abad-1de26623b0b4,revision_number=4']} {{(pid=104634) push /opt/stack/neutron/neutron/api/rpc/handlers/resources_rpc.py:237}}
Aug 10 11:23:20.674592 dv-cinder-852724-1-smb neutron-server[104632]: DEBUG dbcounter [-] [104632] Writing DB stats neutron:SELECT=100 {{(pid=104632) stat_writer /usr/local/lib/python3.8/dist-packages/dbcounter.py:114}}
Aug 10 11:23:20.996782 dv-cinder-852724-1-smb neutron-server[104633]: DEBUG neutron.pecan_wsgi.hooks.policy_enforcement [req-140e4405-0a17-4f77-b89e-8d7e7015b46b req-7a10331a-3e73-4b27-8c48-228646c3132c tempest-AttachVolumeTestJSON-872605765 tempest-AttachVolumeTestJSON-872605765-project] Attributes excluded by policy engine: ['standard_attr_id', 'binding:profile', 'binding:host_id', 'binding:vif_type', 'binding:vif_details'] {{(pid=104633) _exclude_attributes_by_policy /opt/stack/neutron/neutron/pecan_wsgi/hooks/policy_enforcement.py:259}}
Aug 10 11:23:20.998729 dv-cinder-852724-1-smb neutron-server[104633]: INFO neutron.wsgi [req-140e4405-0a17-4f77-b89e-8d7e7015b46b req-7a10331a-3e73-4b27-8c48-228646c3132c tempest-AttachVolumeTestJSON-872605765 tempest-AttachVolumeTestJSON-872605765-project] 10.222.0.40 "GET /networking/v2.0/ports?device_id=0d7538ef-52f2-4fb5-87d8-295cf16df71f HTTP/1.1" status: 200 len: 943 time: 0.0668423
Aug 10 11:23:21.032385 dv-cinder-852724-1-smb neutron-server[104632]: DEBUG neutron.pecan_wsgi.hooks.policy_enforcement [req-c712f8eb-8f85-480e-9c7d-09ff83d71d51 req-deb7d21b-49df-4a13-bc7e-1f0abeddf28f tempest-AttachVolumeShelveTestJSON-856522541 tempest-AttachVolumeShelveTestJSON-856522541-project] Attributes excluded by policy engine: ['standard_attr_id', 'binding:profile', 'binding:host_id', 'binding:vif_type', 'binding:vif_details'] {{(pid=104632) _exclude_attributes_by_policy /opt/stack/neutron/neutron/pecan_wsgi/hooks/policy_enforcement.py:259}}
Aug 10 11:23:21.033965 dv-cinder-852724-1-smb neutron-server[104632]: INFO neutron.wsgi [req-c712f8eb-8f85-480e-9c7d-09ff83d71d51 req-deb7d21b-49df-4a13-bc7e-1f0abeddf28f tempest-AttachVolumeShelveTestJSON-856522541 tempest-AttachVolumeShelveTestJSON-856522541-project] 10.222.0.40 "GET /networking/v2.0/ports?device_id=f9ba3578-320e-4a1d-aa31-986178604936 HTTP/1.1" status: 200 len: 944 time: 0.0511246
Aug 10 11:23:21.054767 dv-cinder-852724-1-smb neutron-server[104633]: INFO neutron.wsgi [req-140e4405-0a17-4f77-b89e-8d7e7015b46b req-f809db96-8a58-453f-95f2-b8ea75f85e0c tempest-AttachVolumeTestJSON-872605765 tempest-AttachVolumeTestJSON-872605765-project] 10.222.0.40 "GET /networking/v2.0/security-groups?id=cad07ec1-7e4d-47ac-b041-c0b0623b951e&fields=id&fields=name HTTP/1.1" status: 200 len: 312 time: 0.0492229
