Aug 18 20:48:00.852680 dv-cinder-852654-2-smb devstack@c-api.service[120275]: DEBUG cinder.api.openstack.wsgi [None req-ff868578-b63b-4a6b-8a19-5d3a9226ce97 tempest-VolumeTypesAccessTest-1715159712 tempest-VolumeTypesAccessTest-1715159712-project-admin] Action: 'create', calling method: _create, body: {"volume_type": {"name": "tempest-VolumeTypesAccessTest-volume-type-460387592", "os-volume-type-access:is_public": false}} {{(pid=120275) _process_stack /opt/stack/cinder/cinder/api/openstack/wsgi.py:866}}
Aug 18 20:48:00.883549 dv-cinder-852654-2-smb devstack@c-api.service[120274]: INFO cinder.api.openstack.wsgi [None req-bda64687-33c7-4a21-9d7c-567809d6b86d tempest-VolumesTestJSON-1993850185 tempest-VolumesTestJSON-1993850185-project] http://10.222.0.65/volume/v3/80ca71a62121492aa200f3ef79c89db7/volumes/badad8f0-1b05-44ef-a2aa-25182de381be returned with HTTP 404
Aug 18 20:48:00.886282 dv-cinder-852654-2-smb devstack@c-api.service[120274]: [pid: 120274|app: 0|req: 67/140] 10.222.0.65 () {58 vars in 1325 bytes} [Thu Aug 18 20:48:00 2022] GET /volume/v3/80ca71a62121492aa200f3ef79c89db7/volumes/badad8f0-1b05-44ef-a2aa-25182de381be => generated 109 bytes in 45 msecs (HTTP/1.1 404) 7 headers in 292 bytes (1 switches on core 0)
Aug 18 20:48:00.890649 dv-cinder-852654-2-smb devstack@c-api.service[120274]: DEBUG cinder.api.middleware.request_id [None req-081140b2-0590-4794-955a-f162acba58cc None None] RequestId filter calling following filter/app {{(pid=120274) _context_setter /opt/stack/cinder/cinder/api/middleware/request_id.py:62}}
Aug 18 20:48:00.894405 dv-cinder-852654-2-smb devstack@c-api.service[120274]: INFO cinder.api.openstack.wsgi [None req-081140b2-0590-4794-955a-f162acba58cc tempest-VolumesTestJSON-1993850185 tempest-VolumesTestJSON-1993850185-project] DELETE http://10.222.0.65/volume/v3/80ca71a62121492aa200f3ef79c89db7/volumes/27d9ab4e-b1ab-4d0b-8915-9d531a9c2c35
Aug 18 20:48:00.894879 dv-cinder-852654-2-smb devstack@c-api.service[120274]: DEBUG cinder.api.openstack.wsgi [None req-081140b2-0590-4794-955a-f162acba58cc tempest-VolumesTestJSON-1993850185 tempest-VolumesTestJSON-1993850185-project] Empty body provided in request {{(pid=120274) get_body /opt/stack/cinder/cinder/api/openstack/wsgi.py:715}}
Aug 18 20:48:00.895390 dv-cinder-852654-2-smb devstack@c-api.service[120274]: DEBUG cinder.api.openstack.wsgi [None req-081140b2-0590-4794-955a-f162acba58cc tempest-VolumesTestJSON-1993850185 tempest-VolumesTestJSON-1993850185-project] Calling method 'delete' {{(pid=120274) _process_stack /opt/stack/cinder/cinder/api/openstack/wsgi.py:868}}
Aug 18 20:48:00.895791 dv-cinder-852654-2-smb devstack@c-api.service[120274]: INFO cinder.api.v3.volumes [None req-081140b2-0590-4794-955a-f162acba58cc tempest-VolumesTestJSON-1993850185 tempest-VolumesTestJSON-1993850185-project] Delete volume with id: 27d9ab4e-b1ab-4d0b-8915-9d531a9c2c35
Aug 18 20:48:00.912765 dv-cinder-852654-2-smb devstack@c-api.service[120275]: INFO cinder.api.openstack.wsgi [None req-ff868578-b63b-4a6b-8a19-5d3a9226ce97 tempest-VolumeTypesAccessTest-1715159712 tempest-VolumeTypesAccessTest-1715159712-project-admin] http://10.222.0.65/volume/v3/6081e49567484f81984b764ac0987bbe/types returned with HTTP 200
Aug 18 20:48:00.913471 dv-cinder-852654-2-smb devstack@c-api.service[120275]: [pid: 120275|app: 0|req: 74/141] 10.222.0.65 () {60 vars in 1230 bytes} [Thu Aug 18 20:48:00 2022] POST /volume/v3/6081e49567484f81984b764ac0987bbe/types => generated 228 bytes in 361 msecs (HTTP/1.1 200) 7 headers in 285 bytes (1 switches on core 0)
Aug 18 20:48:00.921103 dv-cinder-852654-2-smb devstack@c-api.service[120275]: DEBUG cinder.api.middleware.request_id [None req-0e88a26b-6502-4996-bc8b-762f33eb6d13 None None] RequestId filter calling following filter/app {{(pid=120275) _context_setter /opt/stack/cinder/cinder/api/middleware/request_id.py:62}}
Aug 18 20:48:00.953593 dv-cinder-852654-2-smb devstack@c-api.service[120274]: /usr/local/lib/python3.8/dist-packages/oslo_context/context.py:100: DeprecationWarning: Policy enforcement is depending on the value of is_admin. This key is deprecated. Please update your policy file to use the standard policy values.
Aug 18 20:48:00.953593 dv-cinder-852654-2-smb devstack@c-api.service[120274]: warnings.warn('Policy enforcement is depending on the value of '
Aug 18 20:48:00.957805 dv-cinder-852654-2-smb devstack@c-api.service[120274]: INFO cinder.volume.api [None req-081140b2-0590-4794-955a-f162acba58cc tempest-VolumesTestJSON-1993850185 tempest-VolumesTestJSON-1993850185-project] Volume info retrieved successfully.
Aug 18 20:48:01.032271 dv-cinder-852654-2-smb devstack@c-api.service[120274]: INFO cinder.volume.api [None req-081140b2-0590-4794-955a-f162acba58cc tempest-VolumesTestJSON-1993850185 tempest-VolumesTestJSON-1993850185-project] Delete volume request issued successfully.
Aug 18 20:48:01.034879 dv-cinder-852654-2-smb devstack@c-api.service[120274]: INFO cinder.api.openstack.wsgi [None req-081140b2-0590-4794-955a-f162acba58cc tempest-VolumesTestJSON-1993850185 tempest-VolumesTestJSON-1993850185-project] http://10.222.0.65/volume/v3/80ca71a62121492aa200f3ef79c89db7/volumes/27d9ab4e-b1ab-4d0b-8915-9d531a9c2c35 returned with HTTP 202
Aug 18 20:48:01.042291 dv-cinder-852654-2-smb devstack@c-api.service[120274]: [pid: 120274|app: 0|req: 68/142] 10.222.0.65 () {58 vars in 1328 bytes} [Thu Aug 18 20:48:00 2022] DELETE /volume/v3/80ca71a62121492aa200f3ef79c89db7/volumes/27d9ab4e-b1ab-4d0b-8915-9d531a9c2c35 => generated 0 bytes in 151 msecs (HTTP/1.1 202) 6 headers in 233 bytes (2 switches on core 0)
Aug 18 20:48:01.045641 dv-cinder-852654-2-smb devstack@c-api.service[120274]: DEBUG cinder.api.middleware.request_id [None req-81932b6b-f9f9-4d1e-99ea-5c5603f6d038 None None] RequestId filter calling following filter/app {{(pid=120274) _context_setter /opt/stack/cinder/cinder/api/middleware/request_id.py:62}}
Aug 18 20:48:01.058855 dv-cinder-852654-2-smb devstack@c-api.service[120274]: INFO cinder.api.openstack.wsgi [None req-81932b6b-f9f9-4d1e-99ea-5c5603f6d038 tempest-VolumesTestJSON-1993850185 tempest-VolumesTestJSON-1993850185-project] GET http://10.222.0.65/volume/v3/80ca71a62121492aa200f3ef79c89db7/volumes/27d9ab4e-b1ab-4d0b-8915-9d531a9c2c35
Aug 18 20:48:01.059417 dv-cinder-852654-2-smb devstack@c-api.service[120274]: DEBUG cinder.api.openstack.wsgi [None req-81932b6b-f9f9-4d1e-99ea-5c5603f6d038 tempest-VolumesTestJSON-1993850185 tempest-VolumesTestJSON-1993850185-project] Empty body provided in request {{(pid=120274) get_body /opt/stack/cinder/cinder/api/openstack/wsgi.py:715}}
Aug 18 20:48:01.062181 dv-cinder-852654-2-smb devstack@c-api.service[120274]: DEBUG cinder.api.openstack.wsgi [None req-81932b6b-f9f9-4d1e-99ea-5c5603f6d038 tempest-VolumesTestJSON-1993850185 tempest-VolumesTestJSON-1993850185-project] Calling method 'show' {{(pid=120274) _process_stack /opt/stack/cinder/cinder/api/openstack/wsgi.py:868}}
Aug 18 20:48:01.110666 dv-cinder-852654-2-smb devstack@c-api.service[120274]: /usr/local/lib/python3.8/dist-packages/oslo_context/context.py:100: DeprecationWarning: Policy enforcement is depending on the value of is_admin. This key is deprecated. Please update your policy file to use the standard policy values.
Aug 18 20:48:01.110666 dv-cinder-852654-2-smb devstack@c-api.service[120274]: warnings.warn('Policy enforcement is depending on the value of '
Aug 18 20:48:01.148783 dv-cinder-852654-2-smb devstack@c-api.service[120274]: INFO cinder.volume.api [None req-81932b6b-f9f9-4d1e-99ea-5c5603f6d038 tempest-VolumesTestJSON-1993850185 tempest-VolumesTestJSON-1993850185-project] Volume info retrieved successfully.
Aug 18 20:48:01.167594 dv-cinder-852654-2-smb devstack@c-api.service[120274]: INFO cinder.api.openstack.wsgi [None req-81932b6b-f9f9-4d1e-99ea-5c5603f6d038 tempest-VolumesTestJSON-1993850185 tempest-VolumesTestJSON-1993850185-project] http://10.222.0.65/volume/v3/80ca71a62121492aa200f3ef79c89db7/volumes/27d9ab4e-b1ab-4d0b-8915-9d531a9c2c35 returned with HTTP 200
Aug 18 20:48:01.168544 dv-cinder-852654-2-smb devstack@c-api.service[120274]: [pid: 120274|app: 0|req: 69/143] 10.222.0.65 () {58 vars in 1325 bytes} [Thu Aug 18 20:48:01 2022] GET /volume/v3/80ca71a62121492aa200f3ef79c89db7/volumes/27d9ab4e-b1ab-4d0b-8915-9d531a9c2c35 => generated 920 bytes in 126 msecs (HTTP/1.1 200) 7 headers in 285 bytes (1 switches on core 0)
Aug 18 20:48:01.248130 dv-cinder-852654-2-smb devstack@c-api.service[120275]: INFO cinder.api.openstack.wsgi [None req-0e88a26b-6502-4996-bc8b-762f33eb6d13 tempest-VolumeTypesAccessTest-85534619 tempest-VolumeTypesAccessTest-85534619-project] POST http://10.222.0.65/volume/v3/106c2b3709fe46c587943e3b6d85460a/volumes
Aug 18 20:48:01.250308 dv-cinder-852654-2-smb devstack@c-api.service[120275]: DEBUG cinder.api.openstack.wsgi [None req-0e88a26b-6502-4996-bc8b-762f33eb6d13 tempest-VolumeTypesAccessTest-85534619 tempest-VolumeTypesAccessTest-85534619-project] Action: 'create', calling method: create, body: {"volume": {"volume_type": "6a1ac60d-6bc3-4608-9d2e-c98be47d31f5", "size": 1}} {{(pid=120275) _process_stack /opt/stack/cinder/cinder/api/openstack/wsgi.py:866}}
Aug 18 20:48:01.270556 dv-cinder-852654-2-smb devstack@c-api.service[120275]: DEBUG cinder.api.v3.volumes [None req-0e88a26b-6502-4996-bc8b-762f33eb6d13 tempest-VolumeTypesAccessTest-85534619 tempest-VolumeTypesAccessTest-85534619-project] Create volume request body: {'volume': {'volume_type': '6a1ac60d-6bc3-4608-9d2e-c98be47d31f5', 'size': 1}} {{(pid=120275) create /opt/stack/cinder/cinder/api/v3/volumes.py:298}}
Aug 18 20:48:01.291530 dv-cinder-852654-2-smb devstack@c-api.service[120275]: INFO cinder.api.openstack.wsgi [None req-0e88a26b-6502-4996-bc8b-762f33eb6d13 tempest-VolumeTypesAccessTest-85534619 tempest-VolumeTypesAccessTest-85534619-project] http://10.222.0.65/volume/v3/106c2b3709fe46c587943e3b6d85460a/volumes returned with HTTP 404
Aug 18 20:48:01.293507 dv-cinder-852654-2-smb devstack@c-api.service[120275]: [pid: 120275|app: 0|req: 75/144] 10.222.0.65 () {60 vars in 1235 bytes} [Thu Aug 18 20:48:00 2022] POST /volume/v3/106c2b3709fe46c587943e3b6d85460a/volumes => generated 114 bytes in 373 msecs (HTTP/1.1 404) 7 headers in 292 bytes (2 switches on core 0)
Aug 18 20:48:01.306239 dv-cinder-852654-2-smb devstack@c-api.service[120274]: DEBUG cinder.api.middleware.request_id [None req-018e49d4-555f-47b0-9e4e-4ad0b980af47 None None] RequestId filter calling following filter/app {{(pid=120274) _context_setter /opt/stack/cinder/cinder/api/middleware/request_id.py:62}}
Aug 18 20:48:01.314254 dv-cinder-852654-2-smb devstack@c-api.service[120274]: INFO cinder.api.openstack.wsgi [None req-018e49d4-555f-47b0-9e4e-4ad0b980af47 tempest-VolumeTypesAccessTest-1715159712 tempest-VolumeTypesAccessTest-1715159712-project-admin] POST http://10.222.0.65/volume/v3/6081e49567484f81984b764ac0987bbe/types/6a1ac60d-6bc3-4608-9d2e-c98be47d31f5/action
Aug 18 20:48:01.318715 dv-cinder-852654-2-smb devstack@c-api.service[120274]: DEBUG cinder.api.openstack.wsgi [None req-018e49d4-555f-47b0-9e4e-4ad0b980af47 tempest-VolumeTypesAccessTest-1715159712 tempest-VolumeTypesAccessTest-1715159712-project-admin] Action body: b'{"addProjectAccess": {"project": "106c2b3709fe46c587943e3b6d85460a"}}' {{(pid=120274) get_method /opt/stack/cinder/cinder/api/openstack/wsgi.py:983}}
Aug 18 20:48:01.319305 dv-cinder-852654-2-smb devstack@c-api.service[120274]: DEBUG cinder.api.openstack.wsgi [None req-018e49d4-555f-47b0-9e4e-4ad0b980af47 tempest-VolumeTypesAccessTest-1715159712 tempest-VolumeTypesAccessTest-1715159712-project-admin] Action: 'action', calling method: _addProjectAccess, body: {"addProjectAccess": {"project": "106c2b3709fe46c587943e3b6d85460a"}} {{(pid=120274) _process_stack /opt/stack/cinder/cinder/api/openstack/wsgi.py:866}}
Aug 18 20:48:01.359249 dv-cinder-852654-2-smb devstack@c-api.service[120274]: DEBUG dbcounter [-] [120274] Writing DB stats cinder:SELECT=95,cinder:UPDATE=4,cinder:INSERT=1 {{(pid=120274) stat_writer /usr/local/lib/python3.8/dist-packages/dbcounter.py:114}}
Aug 18 20:48:01.370096 dv-cinder-852654-2-smb devstack@c-api.service[120275]: DEBUG cinder.api.middleware.request_id [None req-15f81b56-42e7-4e80-ab8c-a94eee71cc03 None None] RequestId filter calling following filter/app {{(pid=120275) _context_setter /opt/stack/cinder/cinder/api/middleware/request_id.py:62}}
Aug 18 20:48:01.374984 dv-cinder-852654-2-smb devstack@c-api.service[120275]: INFO cinder.api.openstack.wsgi [None req-15f81b56-42e7-4e80-ab8c-a94eee71cc03 tempest-GroupsTest-1821982407 tempest-GroupsTest-1821982407-project] GET http://10.222.0.65/volume/v3/8654ca6e6e984434aebb5f921ab94dc4/volumes/db423ae0-8588-4dd4-a5ac-0b4f393f40cf
Aug 18 20:48:01.375749 dv-cinder-852654-2-smb devstack@c-api.service[120275]: DEBUG cinder.api.openstack.wsgi [None req-15f81b56-42e7-4e80-ab8c-a94eee71cc03 tempest-GroupsTest-1821982407 tempest-GroupsTest-1821982407-project] Empty body provided in request {{(pid=120275) get_body /opt/stack/cinder/cinder/api/openstack/wsgi.py:715}}
Aug 18 20:48:01.377194 dv-cinder-852654-2-smb devstack@c-api.service[120275]: DEBUG cinder.api.openstack.wsgi [None req-15f81b56-42e7-4e80-ab8c-a94eee71cc03 tempest-GroupsTest-1821982407 tempest-GroupsTest-1821982407-project] Calling method 'show' {{(pid=120275) _process_stack /opt/stack/cinder/cinder/api/openstack/wsgi.py:868}}
Aug 18 20:48:01.406530 dv-cinder-852654-2-smb devstack@c-api.service[120274]: INFO cinder.api.openstack.wsgi [None req-018e49d4-555f-47b0-9e4e-4ad0b980af47 tempest-VolumeTypesAccessTest-1715159712 tempest-VolumeTypesAccessTest-1715159712-project-admin] http://10.222.0.65/volume/v3/6081e49567484f81984b764ac0987bbe/types/6a1ac60d-6bc3-4608-9d2e-c98be47d31f5/action returned with HTTP 202
Aug 18 20:48:01.412466 dv-cinder-852654-2-smb devstack@c-api.service[120274]: [pid: 120274|app: 0|req: 70/145] 10.222.0.65 () {60 vars in 1361 bytes} [Thu Aug 18 20:48:01 2022] POST /volume/v3/6081e49567484f81984b764ac0987bbe/types/6a1ac60d-6bc3-4608-9d2e-c98be47d31f5/action => generated 0 bytes in 108 msecs (HTTP/1.1 202) 6 headers in 233 bytes (1 switches on core 0)
Aug 18 20:48:01.420587 dv-cinder-852654-2-smb devstack@c-api.service[120274]: DEBUG cinder.api.middleware.request_id [None req-a1a35af8-f931-4b35-8bd2-aa9c28ce7cdc None None] RequestId filter calling following filter/app {{(pid=120274) _context_setter /opt/stack/cinder/cinder/api/middleware/request_id.py:62}}
Aug 18 20:48:01.436508 dv-cinder-852654-2-smb devstack@c-api.service[120275]: INFO cinder.api.openstack.wsgi [None req-15f81b56-42e7-4e80-ab8c-a94eee71cc03 tempest-GroupsTest-1821982407 tempest-GroupsTest-1821982407-project] http://10.222.0.65/volume/v3/8654ca6e6e984434aebb5f921ab94dc4/volumes/db423ae0-8588-4dd4-a5ac-0b4f393f40cf returned with HTTP 404
Aug 18 20:48:01.438140 dv-cinder-852654-2-smb devstack@c-api.service[120275]: [pid: 120275|app: 0|req: 76/146] 10.222.0.65 () {60 vars in 1366 bytes} [Thu Aug 18 20:48:01 2022] GET /volume/v3/8654ca6e6e984434aebb5f921ab94dc4/volumes/db423ae0-8588-4dd4-a5ac-0b4f393f40cf => generated 109 bytes in 69 msecs (HTTP/1.1 404) 7 headers in 293 bytes (1 switches on core 0)
Aug 18 20:48:01.439700 dv-cinder-852654-2-smb devstack@c-api.service[120275]: DEBUG cinder.api.middleware.request_id [None req-7305e566-7adf-4b2a-9f5a-897c099a6da5 None None] RequestId filter calling following filter/app {{(pid=120275) _context_setter /opt/stack/cinder/cinder/api/middleware/request_id.py:62}}
Aug 18 20:48:01.449620 dv-cinder-852654-2-smb devstack@c-api.service[120274]: INFO cinder.api.openstack.wsgi [None req-a1a35af8-f931-4b35-8bd2-aa9c28ce7cdc tempest-VolumesImageMetadata-1945540245 tempest-VolumesImageMetadata-1945540245-project] GET http://10.222.0.65/volume/v3/d04e732b943f4853968b0f38403baea1/volumes/77acfff2-ce51-4a68-ae46-448637ddd810
Aug 18 20:48:01.450301 dv-cinder-852654-2-smb devstack@c-api.service[120274]: DEBUG cinder.api.openstack.wsgi [None req-a1a35af8-f931-4b35-8bd2-aa9c28ce7cdc tempest-VolumesImageMetadata-1945540245 tempest-VolumesImageMetadata-1945540245-project] Empty body provided in request {{(pid=120274) get_body /opt/stack/cinder/cinder/api/openstack/wsgi.py:715}}
Aug 18 20:48:01.451212 dv-cinder-852654-2-smb devstack@c-api.service[120274]: DEBUG cinder.api.openstack.wsgi [None req-a1a35af8-f931-4b35-8bd2-aa9c28ce7cdc tempest-VolumesImageMetadata-1945540245 tempest-VolumesImageMetadata-1945540245-project] Calling method 'show' {{(pid=120274) _process_stack /opt/stack/cinder/cinder/api/openstack/wsgi.py:868}}
Aug 18 20:48:01.452598 dv-cinder-852654-2-smb devstack@c-api.service[120275]: INFO cinder.api.openstack.wsgi [None req-7305e566-7adf-4b2a-9f5a-897c099a6da5 tempest-VolumeTypesAccessTest-85534619 tempest-VolumeTypesAccessTest-85534619-project] POST http://10.222.0.65/volume/v3/106c2b3709fe46c587943e3b6d85460a/volumes
Aug 18 20:48:01.453708 dv-cinder-852654-2-smb devstack@c-api.service[120275]: DEBUG cinder.api.openstack.wsgi [None req-7305e566-7adf-4b2a-9f5a-897c099a6da5 tempest-VolumeTypesAccessTest-85534619 tempest-VolumeTypesAccessTest-85534619-project] Action: 'create', calling method: create, body: {"volume": {"volume_type": "6a1ac60d-6bc3-4608-9d2e-c98be47d31f5", "size": 1, "name": "tempest-VolumeTypesAccessTest-Volume-768493728"}} {{(pid=120275) _process_stack /opt/stack/cinder/cinder/api/openstack/wsgi.py:866}}
Aug 18 20:48:01.459715 dv-cinder-852654-2-smb devstack@c-api.service[120275]: DEBUG cinder.api.v3.volumes [None req-7305e566-7adf-4b2a-9f5a-897c099a6da5 tempest-VolumeTypesAccessTest-85534619 tempest-VolumeTypesAccessTest-85534619-project] Create volume request body: {'volume': {'volume_type': '6a1ac60d-6bc3-4608-9d2e-c98be47d31f5', 'size': 1, 'name': 'tempest-VolumeTypesAccessTest-Volume-768493728'}} {{(pid=120275) create /opt/stack/cinder/cinder/api/v3/volumes.py:298}}
Aug 18 20:48:01.469495 dv-cinder-852654-2-smb devstack@c-api.service[120274]: /usr/local/lib/python3.8/dist-packages/oslo_context/context.py:100: DeprecationWarning: Policy enforcement is depending on the value of is_admin. This key is deprecated. Please update your policy file to use the standard policy values.
Aug 18 20:48:01.469495 dv-cinder-852654-2-smb devstack@c-api.service[120274]: warnings.warn('Policy enforcement is depending on the value of '
Aug 18 20:48:01.477340 dv-cinder-852654-2-smb devstack@c-api.service[120274]: INFO cinder.volume.api [None req-a1a35af8-f931-4b35-8bd2-aa9c28ce7cdc tempest-VolumesImageMetadata-1945540245 tempest-VolumesImageMetadata-1945540245-project] Volume info retrieved successfully.
Aug 18 20:48:01.485694 dv-cinder-852654-2-smb devstack@c-api.service[120275]: INFO cinder.api.v3.volumes [None req-7305e566-7adf-4b2a-9f5a-897c099a6da5 tempest-VolumeTypesAccessTest-85534619 tempest-VolumeTypesAccessTest-85534619-project] Create volume of 1 GB
Aug 18 20:48:01.486534 dv-cinder-852654-2-smb devstack@c-api.service[120275]: /usr/local/lib/python3.8/dist-packages/oslo_context/context.py:100: DeprecationWarning: Policy enforcement is depending on the value of is_admin. This key is deprecated. Please update your policy file to use the standard policy values.
Aug 18 20:48:01.486534 dv-cinder-852654-2-smb devstack@c-api.service[120275]: warnings.warn('Policy enforcement is depending on the value of '
Aug 18 20:48:01.487799 dv-cinder-852654-2-smb devstack@c-api.service[120275]: INFO cinder.volume.api [None req-7305e566-7adf-4b2a-9f5a-897c099a6da5 tempest-VolumeTypesAccessTest-85534619 tempest-VolumeTypesAccessTest-85534619-project] Availability Zones retrieved successfully.
Aug 18 20:48:01.490683 dv-cinder-852654-2-smb devstack@c-api.service[120274]: INFO cinder.api.openstack.wsgi [None req-a1a35af8-f931-4b35-8bd2-aa9c28ce7cdc tempest-VolumesImageMetadata-1945540245 tempest-VolumesImageMetadata-1945540245-project] http://10.222.0.65/volume/v3/d04e732b943f4853968b0f38403baea1/volumes/77acfff2-ce51-4a68-ae46-448637ddd810 returned with HTTP 200
Aug 18 20:48:01.503821 dv-cinder-852654-2-smb devstack@c-api.service[120274]: [pid: 120274|app: 0|req: 71/147] 10.222.0.65 () {58 vars in 1325 bytes} [Thu Aug 18 20:48:01 2022] GET /volume/v3/d04e732b943f4853968b0f38403baea1/volumes/77acfff2-ce51-4a68-ae46-448637ddd810 => generated 911 bytes in 90 msecs (HTTP/1.1 200) 7 headers in 285 bytes (1 switches on core 0)
Aug 18 20:48:01.508734 dv-cinder-852654-2-smb devstack@c-api.service[120274]: DEBUG cinder.api.middleware.request_id [None req-695058b1-fe9d-4ce3-9f7a-3a477c8dcf34 None None] RequestId filter calling following filter/app {{(pid=120274) _context_setter /opt/stack/cinder/cinder/api/middleware/request_id.py:62}}
Aug 18 20:48:01.514726 dv-cinder-852654-2-smb devstack@c-api.service[120274]: INFO cinder.api.openstack.wsgi [None req-695058b1-fe9d-4ce3-9f7a-3a477c8dcf34 tempest-GroupsTest-1821982407 tempest-GroupsTest-1821982407-project] GET http://10.222.0.65/volume/v3/8654ca6e6e984434aebb5f921ab94dc4/groups/e6ea1f2e-db71-455a-903e-d9140f4e5dbb
Aug 18 20:48:01.515650 dv-cinder-852654-2-smb devstack@c-api.service[120274]: DEBUG cinder.api.openstack.wsgi [None req-695058b1-fe9d-4ce3-9f7a-3a477c8dcf34 tempest-GroupsTest-1821982407 tempest-GroupsTest-1821982407-project] Empty body provided in request {{(pid=120274) get_body /opt/stack/cinder/cinder/api/openstack/wsgi.py:715}}
Aug 18 20:48:01.516359 dv-cinder-852654-2-smb devstack@c-api.service[120274]: DEBUG cinder.api.openstack.wsgi [None req-695058b1-fe9d-4ce3-9f7a-3a477c8dcf34 tempest-GroupsTest-1821982407 tempest-GroupsTest-1821982407-project] Calling method 'version_select' {{(pid=120274) _process_stack /opt/stack/cinder/cinder/api/openstack/wsgi.py:868}}
Aug 18 20:48:01.516858 dv-cinder-852654-2-smb devstack@c-api.service[120274]: DEBUG cinder.api.v3.groups [None req-695058b1-fe9d-4ce3-9f7a-3a477c8dcf34 tempest-GroupsTest-1821982407 tempest-GroupsTest-1821982407-project] show called for member e6ea1f2e-db71-455a-903e-d9140f4e5dbb {{(pid=120274) show /opt/stack/cinder/cinder/api/v3/groups.py:58}}
Aug 18 20:48:01.522677 dv-cinder-852654-2-smb devstack@c-api.service[120274]: INFO cinder.api.openstack.wsgi [None req-695058b1-fe9d-4ce3-9f7a-3a477c8dcf34 tempest-GroupsTest-1821982407 tempest-GroupsTest-1821982407-project] http://10.222.0.65/volume/v3/8654ca6e6e984434aebb5f921ab94dc4/groups/e6ea1f2e-db71-455a-903e-d9140f4e5dbb returned with HTTP 404
Aug 18 20:48:01.528860 dv-cinder-852654-2-smb devstack@c-api.service[120274]: [pid: 120274|app: 0|req: 72/148] 10.222.0.65 () {60 vars in 1363 bytes} [Thu Aug 18 20:48:01 2022] GET /volume/v3/8654ca6e6e984434aebb5f921ab94dc4/groups/e6ea1f2e-db71-455a-903e-d9140f4e5dbb => generated 108 bytes in 24 msecs (HTTP/1.1 404) 7 headers in 293 bytes (1 switches on core 0)
Aug 18 20:48:01.531041 dv-cinder-852654-2-smb devstack@c-api.service[120274]: DEBUG cinder.api.middleware.request_id [None req-5a0ce918-8cee-4ecd-8a68-998d646eae0a None None] RequestId filter calling following filter/app {{(pid=120274) _context_setter /opt/stack/cinder/cinder/api/middleware/request_id.py:62}}
Aug 18 20:48:01.536790 dv-cinder-852654-2-smb devstack@c-api.service[120274]: INFO cinder.api.openstack.wsgi [None req-5a0ce918-8cee-4ecd-8a68-998d646eae0a tempest-GroupsTest-1821982407 tempest-GroupsTest-1821982407-project] POST http://10.222.0.65/volume/v3/8654ca6e6e984434aebb5f921ab94dc4/groups/d03b4289-88f6-4f75-9dd8-597775cea624/action
Aug 18 20:48:01.537814 dv-cinder-852654-2-smb devstack@c-api.service[120274]: DEBUG cinder.api.openstack.wsgi [None req-5a0ce918-8cee-4ecd-8a68-998d646eae0a tempest-GroupsTest-1821982407 tempest-GroupsTest-1821982407-project] Action body: b'{"delete": {"delete-volumes": false}}' {{(pid=120274) get_method /opt/stack/cinder/cinder/api/openstack/wsgi.py:983}}
Aug 18 20:48:01.538127 dv-cinder-852654-2-smb devstack@c-api.service[120275]: DEBUG cinder.volume.api [None req-7305e566-7adf-4b2a-9f5a-897c099a6da5 tempest-VolumeTypesAccessTest-85534619 tempest-VolumeTypesAccessTest-85534619-project] Flow 'volume_create_api' (607946d4-dc92-40a6-9690-f2163fc600bb) transitioned into state 'RUNNING' from state 'PENDING' {{(pid=120275) _flow_receiver /usr/local/lib/python3.8/dist-packages/taskflow/listeners/logging.py:141}}
Aug 18 20:48:01.538475 dv-cinder-852654-2-smb devstack@c-api.service[120274]: DEBUG cinder.api.openstack.wsgi [None req-5a0ce918-8cee-4ecd-8a68-998d646eae0a tempest-GroupsTest-1821982407 tempest-GroupsTest-1821982407-project] Action: 'action', calling method: delete_group, body: {"delete": {"delete-volumes": false}} {{(pid=120274) _process_stack /opt/stack/cinder/cinder/api/openstack/wsgi.py:866}}
Aug 18 20:48:01.540807 dv-cinder-852654-2-smb devstack@c-api.service[120274]: DEBUG cinder.api.v3.groups [None req-5a0ce918-8cee-4ecd-8a68-998d646eae0a tempest-GroupsTest-1821982407 tempest-GroupsTest-1821982407-project] delete called for group d03b4289-88f6-4f75-9dd8-597775cea624 {{(pid=120274) _delete /opt/stack/cinder/cinder/api/v3/groups.py:117}}
Aug 18 20:48:01.540962 dv-cinder-852654-2-smb devstack@c-api.service[120275]: DEBUG cinder.volume.api [None req-7305e566-7adf-4b2a-9f5a-897c099a6da5 tempest-VolumeTypesAccessTest-85534619 tempest-VolumeTypesAccessTest-85534619-project] Task 'cinder.volume.flows.api.create_volume.ExtractVolumeRequestTask;volume:create' (38ee45eb-7dc2-4a85-bbab-2125f53a5d04) transitioned into state 'RUNNING' from state 'PENDING' {{(pid=120275) _task_receiver /usr/local/lib/python3.8/dist-packages/taskflow/listeners/logging.py:190}}
Aug 18 20:48:01.542043 dv-cinder-852654-2-smb devstack@c-api.service[120274]: INFO cinder.api.v3.groups [None req-5a0ce918-8cee-4ecd-8a68-998d646eae0a tempest-GroupsTest-1821982407 tempest-GroupsTest-1821982407-project] Delete group with id: d03b4289-88f6-4f75-9dd8-597775cea624
Aug 18 20:48:01.547330 dv-cinder-852654-2-smb devstack@c-api.service[120275]: DEBUG cinder.volume.flows.api.create_volume [None req-7305e566-7adf-4b2a-9f5a-897c099a6da5 tempest-VolumeTypesAccessTest-85534619 tempest-VolumeTypesAccessTest-85534619-project] Validating volume size '1' using validate_int {{(pid=120275) _extract_size /opt/stack/cinder/cinder/volume/flows/api/create_volume.py:228}}
Aug 18 20:48:01.569261 dv-cinder-852654-2-smb devstack@c-api.service[120274]: /usr/local/lib/python3.8/dist-packages/oslo_context/context.py:100: DeprecationWarning: Policy enforcement is depending on the value of is_admin. This key is deprecated. Please update your policy file to use the standard policy values.
Aug 18 20:48:01.569261 dv-cinder-852654-2-smb devstack@c-api.service[120274]: warnings.warn('Policy enforcement is depending on the value of '
Aug 18 20:48:01.619356 dv-cinder-852654-2-smb devstack@c-api.service[120275]: DEBUG cinder.volume.api [None req-7305e566-7adf-4b2a-9f5a-897c099a6da5 tempest-VolumeTypesAccessTest-85534619 tempest-VolumeTypesAccessTest-85534619-project] Task 'cinder.volume.flows.api.create_volume.ExtractVolumeRequestTask;volume:create' (38ee45eb-7dc2-4a85-bbab-2125f53a5d04) transitioned into state 'SUCCESS' from state 'RUNNING' with result '{'size': 1, 'snapshot_id': None, 'source_volid': None, 'volume_type': VolumeType(created_at=2022-08-18T20:48:01Z,deleted=False,deleted_at=None,description=None,extra_specs={},id=6a1ac60d-6bc3-4608-9d2e-c98be47d31f5,is_public=False,name='tempest-VolumeTypesAccessTest-volume-type-460387592',projects=[],qos_specs=,qos_specs_id=None,updated_at=None), 'volume_type_id': '6a1ac60d-6bc3-4608-9d2e-c98be47d31f5', 'encryption_key_id': None, 'qos_specs': None, 'consistencygroup_id': None, 'cgsnapshot_id': None, 'group_id': None, 'replication_status': 'disabled', 'refresh_az': False, 'backup_id': None, 'multiattach': False, 'availability_zones': ['nova']}' {{(pid=120275) _task_receiver /usr/local/lib/python3.8/dist-packages/taskflow/listeners/logging.py:178}}
Aug 18 20:48:01.622178 dv-cinder-852654-2-smb devstack@c-api.service[120275]: DEBUG cinder.volume.api [None req-7305e566-7adf-4b2a-9f5a-897c099a6da5 tempest-VolumeTypesAccessTest-85534619 tempest-VolumeTypesAccessTest-85534619-project] Task 'cinder.volume.flows.api.create_volume.QuotaReserveTask;volume:create' (d0e203aa-d9c6-412c-8d28-c70e653d8243) transitioned into state 'RUNNING' from state 'PENDING' {{(pid=120275) _task_receiver /usr/local/lib/python3.8/dist-packages/taskflow/listeners/logging.py:190}}
Aug 18 20:48:01.654905 dv-cinder-852654-2-smb devstack@c-api.service[120275]: DEBUG dbcounter [-] [120275] Writing DB stats cinder:SELECT=97,cinder:UPDATE=1,cinder:INSERT=2 {{(pid=120275) stat_writer /usr/local/lib/python3.8/dist-packages/dbcounter.py:114}}
Aug 18 20:48:01.675035 dv-cinder-852654-2-smb devstack@c-api.service[120274]: INFO cinder.api.openstack.wsgi [None req-5a0ce918-8cee-4ecd-8a68-998d646eae0a tempest-GroupsTest-1821982407 tempest-GroupsTest-1821982407-project] http://10.222.0.65/volume/v3/8654ca6e6e984434aebb5f921ab94dc4/groups/d03b4289-88f6-4f75-9dd8-597775cea624/action returned with HTTP 202
Aug 18 20:48:01.676800 dv-cinder-852654-2-smb devstack@c-api.service[120274]: [pid: 120274|app: 0|req: 73/149] 10.222.0.65 () {62 vars in 1405 bytes} [Thu Aug 18 20:48:01 2022] POST /volume/v3/8654ca6e6e984434aebb5f921ab94dc4/groups/d03b4289-88f6-4f75-9dd8-597775cea624/action => generated 0 bytes in 147 msecs (HTTP/1.1 202) 6 headers in 234 bytes (1 switches on core 0)
Aug 18 20:48:01.694821 dv-cinder-852654-2-smb devstack@c-api.service[120274]: DEBUG cinder.api.middleware.request_id [None req-b8bc6867-4c13-4ce8-9cc8-aa5b84bd07d3 None None] RequestId filter calling following filter/app {{(pid=120274) _context_setter /opt/stack/cinder/cinder/api/middleware/request_id.py:62}}
Aug 18 20:48:01.696035 dv-cinder-852654-2-smb devstack@c-api.service[120275]: WARNING cinder.quota [None req-7305e566-7adf-4b2a-9f5a-897c099a6da5 tempest-VolumeTypesAccessTest-85534619 tempest-VolumeTypesAccessTest-85534619-project] Deprecated: Default quota for resource: volumes_tempest-VolumeTypesAccessTest-volume-type-460387592 is set by the default quota flag: quota_volumes_tempest-VolumeTypesAccessTest-volume-type-460387592, it is now deprecated. Please use the default quota class for default quota.
Aug 18 20:48:01.696035 dv-cinder-852654-2-smb devstack@c-api.service[120275]: WARNING cinder.quota [None req-7305e566-7adf-4b2a-9f5a-897c099a6da5 tempest-VolumeTypesAccessTest-85534619 tempest-VolumeTypesAccessTest-85534619-project] Deprecated: Default quota for resource: gigabytes_tempest-VolumeTypesAccessTest-volume-type-460387592 is set by the default quota flag: quota_gigabytes_tempest-VolumeTypesAccessTest-volume-type-460387592, it is now deprecated. Please use the default quota class for default quota.
Aug 18 20:48:01.702148 dv-cinder-852654-2-smb devstack@c-api.service[120274]: INFO cinder.api.openstack.wsgi [None req-b8bc6867-4c13-4ce8-9cc8-aa5b84bd07d3 tempest-GroupsTest-1821982407 tempest-GroupsTest-1821982407-project] GET http://10.222.0.65/volume/v3/8654ca6e6e984434aebb5f921ab94dc4/groups/d03b4289-88f6-4f75-9dd8-597775cea624
Aug 18 20:48:01.703094 dv-cinder-852654-2-smb devstack@c-api.service[120274]: DEBUG cinder.api.openstack.wsgi [None req-b8bc6867-4c13-4ce8-9cc8-aa5b84bd07d3 tempest-GroupsTest-1821982407 tempest-GroupsTest-1821982407-project] Empty body provided in request {{(pid=120274) get_body /opt/stack/cinder/cinder/api/openstack/wsgi.py:715}}
Aug 18 20:48:01.703676 dv-cinder-852654-2-smb devstack@c-api.service[120274]: DEBUG cinder.api.openstack.wsgi [None req-b8bc6867-4c13-4ce8-9cc8-aa5b84bd07d3 tempest-GroupsTest-1821982407 tempest-GroupsTest-1821982407-project] Calling method 'version_select' {{(pid=120274) _process_stack /opt/stack/cinder/cinder/api/openstack/wsgi.py:868}}
Aug 18 20:48:01.705594 dv-cinder-852654-2-smb devstack@c-api.service[120274]: DEBUG cinder.api.v3.groups [None req-b8bc6867-4c13-4ce8-9cc8-aa5b84bd07d3 tempest-GroupsTest-1821982407 tempest-GroupsTest-1821982407-project] show called for member d03b4289-88f6-4f75-9dd8-597775cea624 {{(pid=120274) show /opt/stack/cinder/cinder/api/v3/groups.py:58}}
Aug 18 20:48:01.714119 dv-cinder-852654-2-smb devstack@c-api.service[120274]: /usr/local/lib/python3.8/dist-packages/oslo_context/context.py:100: DeprecationWarning: Policy enforcement is depending on the value of is_admin. This key is deprecated. Please update your policy file to use the standard policy values.
Aug 18 20:48:01.714119 dv-cinder-852654-2-smb devstack@c-api.service[120274]: warnings.warn('Policy enforcement is depending on the value of '
Aug 18 20:48:01.736834 dv-cinder-852654-2-smb devstack@c-api.service[120274]: INFO cinder.api.openstack.wsgi [None req-b8bc6867-4c13-4ce8-9cc8-aa5b84bd07d3 tempest-GroupsTest-1821982407 tempest-GroupsTest-1821982407-project] http://10.222.0.65/volume/v3/8654ca6e6e984434aebb5f921ab94dc4/groups/d03b4289-88f6-4f75-9dd8-597775cea624 returned with HTTP 200
Aug 18 20:48:01.743019 dv-cinder-852654-2-smb devstack@c-api.service[120274]: [pid: 120274|app: 0|req: 74/150] 10.222.0.65 () {60 vars in 1363 bytes} [Thu Aug 18 20:48:01 2022] GET /volume/v3/8654ca6e6e984434aebb5f921ab94dc4/groups/d03b4289-88f6-4f75-9dd8-597775cea624 => generated 322 bytes in 57 msecs (HTTP/1.1 200) 7 headers in 286 bytes (1 switches on core 0)
Aug 18 20:48:01.800673 dv-cinder-852654-2-smb devstack@c-api.service[120275]: DEBUG cinder.quota [None req-7305e566-7adf-4b2a-9f5a-897c099a6da5 tempest-VolumeTypesAccessTest-85534619 tempest-VolumeTypesAccessTest-85534619-project] Created reservations ['6cb0af86-52ad-48ad-98d1-9af8a1ab153f', 'df8f3595-c9ee-4d3d-a3c0-092d0eeec535', '504eb368-f50d-4082-809d-ffcdbe90b08c', '78631eb6-40c3-4db6-a8f1-3feb83c35538'] {{(pid=120275) reserve /opt/stack/cinder/cinder/quota.py:755}}
Aug 18 20:48:01.803119 dv-cinder-852654-2-smb devstack@c-api.service[120275]: DEBUG cinder.volume.api [None req-7305e566-7adf-4b2a-9f5a-897c099a6da5 tempest-VolumeTypesAccessTest-85534619 tempest-VolumeTypesAccessTest-85534619-project] Task 'cinder.volume.flows.api.create_volume.QuotaReserveTask;volume:create' (d0e203aa-d9c6-412c-8d28-c70e653d8243) transitioned into state 'SUCCESS' from state 'RUNNING' with result '{'reservations': ['6cb0af86-52ad-48ad-98d1-9af8a1ab153f', 'df8f3595-c9ee-4d3d-a3c0-092d0eeec535', '504eb368-f50d-4082-809d-ffcdbe90b08c', '78631eb6-40c3-4db6-a8f1-3feb83c35538']}' {{(pid=120275) _task_receiver /usr/local/lib/python3.8/dist-packages/taskflow/listeners/logging.py:178}}
Aug 18 20:48:01.806043 dv-cinder-852654-2-smb devstack@c-api.service[120275]: DEBUG cinder.volume.api [None req-7305e566-7adf-4b2a-9f5a-897c099a6da5 tempest-VolumeTypesAccessTest-85534619 tempest-VolumeTypesAccessTest-85534619-project] Task 'cinder.volume.flows.api.create_volume.EntryCreateTask;volume:create' (f788721e-59bd-4e65-9a71-08f261a06934) transitioned into state 'RUNNING' from state 'PENDING' {{(pid=120275) _task_receiver /usr/local/lib/python3.8/dist-packages/taskflow/listeners/logging.py:190}}
Aug 18 20:48:01.841254 dv-cinder-852654-2-smb devstack@c-api.service[120275]: DEBUG cinder.volume.api [None req-7305e566-7adf-4b2a-9f5a-897c099a6da5 tempest-VolumeTypesAccessTest-85534619 tempest-VolumeTypesAccessTest-85534619-project] Task 'cinder.volume.flows.api.create_volume.EntryCreateTask;volume:create' (f788721e-59bd-4e65-9a71-08f261a06934) transitioned into state 'SUCCESS' from state 'RUNNING' with result '{'volume_id': 'd727b5c6-a787-441f-bf6b-87f37f81ec01', 'volume_properties': VolumeProperties(attach_status='detached',availability_zone='nova',cgsnapshot_id=None,consistencygroup_id=None,display_description=None,display_name='tempest-VolumeTypesAccessTest-Volume-768493728',encryption_key_id=None,group_id=None,group_type_id=,metadata={},multiattach=False,project_id='106c2b3709fe46c587943e3b6d85460a',qos_specs=None,replication_status=,reservations=['6cb0af86-52ad-48ad-98d1-9af8a1ab153f','df8f3595-c9ee-4d3d-a3c0-092d0eeec535','504eb368-f50d-4082-809d-ffcdbe90b08c','78631eb6-40c3-4db6-a8f1-3feb83c35538'],size=1,snapshot_id=None,source_replicaid=,source_volid=None,status='creating',user_id='597be1140bb3460c9c1b4798a0355757',volume_type_id=6a1ac60d-6bc3-4608-9d2e-c98be47d31f5), 'volume': Volume(_name_id=None,admin_metadata=,attach_status='detached',availability_zone='nova',bootable=False,cluster=,cluster_name=None,consistencygroup=,consistencygroup_id=None,created_at=2022-08-18T20:48:01Z,deleted=False,deleted_at=None,display_description=None,display_name='tempest-VolumeTypesAccessTest-Volume-768493728',ec2_id=None,encryption_key_id=None,glance_metadata=,group=,group_id=None,host=None,id=d727b5c6-a787-441f-bf6b-87f37f81ec01,launched_at=None,metadata={},migration_status=None,multiattach=False,previous_status=None,project_id='106c2b3709fe46c587943e3b6d85460a',provider_auth=None,provider_geometry=None,provider_id=None,provider_location=None,replication_driver_data=None,replication_extended_status=None,replication_status=None,scheduled_at=None,service_uuid=None,shared_targets=True,size=1,snapshot_id=None,snapshots=,source_volid=None,status='creating',terminated_at=None,updated_at=None,use_quota=True,user_id='597be1140bb3460c9c1b4798a0355757',volume_attachment=VolumeAttachmentList,volume_type=VolumeType(6a1ac60d-6bc3-4608-9d2e-c98be47d31f5),volume_type_id=6a1ac60d-6bc3-4608-9d2e-c98be47d31f5)}' {{(pid=120275) _task_receiver /usr/local/lib/python3.8/dist-packages/taskflow/listeners/logging.py:178}}
Aug 18 20:48:01.844659 dv-cinder-852654-2-smb devstack@c-api.service[120275]: DEBUG cinder.volume.api [None req-7305e566-7adf-4b2a-9f5a-897c099a6da5 tempest-VolumeTypesAccessTest-85534619 tempest-VolumeTypesAccessTest-85534619-project] Task 'cinder.volume.flows.api.create_volume.QuotaCommitTask;volume:create' (0a1029f0-ba7f-4a7b-ab3f-346609661de6) transitioned into state 'RUNNING' from state 'PENDING' {{(pid=120275) _task_receiver /usr/local/lib/python3.8/dist-packages/taskflow/listeners/logging.py:190}}
Aug 18 20:48:01.906901 dv-cinder-852654-2-smb devstack@c-api.service[120275]: DEBUG cinder.volume.api [None req-7305e566-7adf-4b2a-9f5a-897c099a6da5 tempest-VolumeTypesAccessTest-85534619 tempest-VolumeTypesAccessTest-85534619-project] Task 'cinder.volume.flows.api.create_volume.QuotaCommitTask;volume:create' (0a1029f0-ba7f-4a7b-ab3f-346609661de6) transitioned into state 'SUCCESS' from state 'RUNNING' with result '{'volume_properties': VolumeProperties(attach_status='detached',availability_zone='nova',cgsnapshot_id=None,consistencygroup_id=None,display_description=None,display_name='tempest-VolumeTypesAccessTest-Volume-768493728',encryption_key_id=None,group_id=None,group_type_id=,metadata={},multiattach=False,project_id='106c2b3709fe46c587943e3b6d85460a',qos_specs=None,replication_status=,reservations=['6cb0af86-52ad-48ad-98d1-9af8a1ab153f','df8f3595-c9ee-4d3d-a3c0-092d0eeec535','504eb368-f50d-4082-809d-ffcdbe90b08c','78631eb6-40c3-4db6-a8f1-3feb83c35538'],size=1,snapshot_id=None,source_replicaid=,source_volid=None,status='creating',user_id='597be1140bb3460c9c1b4798a0355757',volume_type_id=6a1ac60d-6bc3-4608-9d2e-c98be47d31f5)}' {{(pid=120275) _task_receiver /usr/local/lib/python3.8/dist-packages/taskflow/listeners/logging.py:178}}
Aug 18 20:48:01.910798 dv-cinder-852654-2-smb devstack@c-api.service[120275]: DEBUG cinder.volume.api [None req-7305e566-7adf-4b2a-9f5a-897c099a6da5 tempest-VolumeTypesAccessTest-85534619 tempest-VolumeTypesAccessTest-85534619-project] Task 'cinder.volume.flows.api.create_volume.VolumeCastTask;volume:create' (761a0570-716a-4192-8a5e-d05cddc287ba) transitioned into state 'RUNNING' from state 'PENDING' {{(pid=120275) _task_receiver /usr/local/lib/python3.8/dist-packages/taskflow/listeners/logging.py:190}}
Aug 18 20:48:01.999603 dv-cinder-852654-2-smb devstack@c-api.service[120275]: DEBUG cinder.volume.api [None req-7305e566-7adf-4b2a-9f5a-897c099a6da5 tempest-VolumeTypesAccessTest-85534619 tempest-VolumeTypesAccessTest-85534619-project] Task 'cinder.volume.flows.api.create_volume.VolumeCastTask;volume:create' (761a0570-716a-4192-8a5e-d05cddc287ba) transitioned into state 'SUCCESS' from state 'RUNNING' with result 'None' {{(pid=120275) _task_receiver /usr/local/lib/python3.8/dist-packages/taskflow/listeners/logging.py:178}}
Aug 18 20:48:02.009894 dv-cinder-852654-2-smb devstack@c-api.service[120275]: DEBUG cinder.volume.api [None req-7305e566-7adf-4b2a-9f5a-897c099a6da5 tempest-VolumeTypesAccessTest-85534619 tempest-VolumeTypesAccessTest-85534619-project] Flow 'volume_create_api' (607946d4-dc92-40a6-9690-f2163fc600bb) transitioned into state 'SUCCESS' from state 'RUNNING' {{(pid=120275) _flow_receiver /usr/local/lib/python3.8/dist-packages/taskflow/listeners/logging.py:141}}
Aug 18 20:48:02.012671 dv-cinder-852654-2-smb devstack@c-api.service[120275]: INFO cinder.volume.api [None req-7305e566-7adf-4b2a-9f5a-897c099a6da5 tempest-VolumeTypesAccessTest-85534619 tempest-VolumeTypesAccessTest-85534619-project] Create volume request issued successfully.
Aug 18 20:48:02.018869 dv-cinder-852654-2-smb devstack@c-api.service[120275]: INFO cinder.api.openstack.wsgi [None req-7305e566-7adf-4b2a-9f5a-897c099a6da5 tempest-VolumeTypesAccessTest-85534619 tempest-VolumeTypesAccessTest-85534619-project] http://10.222.0.65/volume/v3/106c2b3709fe46c587943e3b6d85460a/volumes returned with HTTP 202
Aug 18 20:48:02.031197 dv-cinder-852654-2-smb devstack@c-api.service[120275]: [pid: 120275|app: 0|req: 77/151] 10.222.0.65 () {60 vars in 1236 bytes} [Thu Aug 18 20:48:01 2022] POST /volume/v3/106c2b3709fe46c587943e3b6d85460a/volumes => generated 860 bytes in 589 msecs (HTTP/1.1 202) 7 headers in 291 bytes (1 switches on core 0)
Aug 18 20:48:02.045035 dv-cinder-852654-2-smb devstack@c-api.service[120274]: DEBUG cinder.api.middleware.request_id [None req-2f4b6b23-e65c-4267-8c4f-7332451e9de4 None None] RequestId filter calling following filter/app {{(pid=120274) _context_setter /opt/stack/cinder/cinder/api/middleware/request_id.py:62}}
Aug 18 20:48:02.054207 dv-cinder-852654-2-smb devstack@c-api.service[120274]: INFO cinder.api.openstack.wsgi [None req-2f4b6b23-e65c-4267-8c4f-7332451e9de4 tempest-VolumeTypesAccessTest-85534619 tempest-VolumeTypesAccessTest-85534619-project] GET http://10.222.0.65/volume/v3/106c2b3709fe46c587943e3b6d85460a/volumes/d727b5c6-a787-441f-bf6b-87f37f81ec01
Aug 18 20:48:02.055166 dv-cinder-852654-2-smb devstack@c-api.service[120274]: DEBUG cinder.api.openstack.wsgi [None req-2f4b6b23-e65c-4267-8c4f-7332451e9de4 tempest-VolumeTypesAccessTest-85534619 tempest-VolumeTypesAccessTest-85534619-project] Empty body provided in request {{(pid=120274) get_body /opt/stack/cinder/cinder/api/openstack/wsgi.py:715}}
Aug 18 20:48:02.056751 dv-cinder-852654-2-smb devstack@c-api.service[120274]: DEBUG cinder.api.openstack.wsgi [None req-2f4b6b23-e65c-4267-8c4f-7332451e9de4 tempest-VolumeTypesAccessTest-85534619 tempest-VolumeTypesAccessTest-85534619-project] Calling method 'show' {{(pid=120274) _process_stack /opt/stack/cinder/cinder/api/openstack/wsgi.py:868}}
Aug 18 20:48:02.104965 dv-cinder-852654-2-smb devstack@c-api.service[120274]: /usr/local/lib/python3.8/dist-packages/oslo_context/context.py:100: DeprecationWarning: Policy enforcement is depending on the value of is_admin. This key is deprecated. Please update your policy file to use the standard policy values.
Aug 18 20:48:02.104965 dv-cinder-852654-2-smb devstack@c-api.service[120274]: warnings.warn('Policy enforcement is depending on the value of '
Aug 18 20:48:02.124119 dv-cinder-852654-2-smb devstack@c-api.service[120274]: INFO cinder.volume.api [None req-2f4b6b23-e65c-4267-8c4f-7332451e9de4 tempest-VolumeTypesAccessTest-85534619 tempest-VolumeTypesAccessTest-85534619-project] Volume info retrieved successfully.
Aug 18 20:48:02.151479 dv-cinder-852654-2-smb devstack@c-api.service[120274]: INFO cinder.api.openstack.wsgi [None req-2f4b6b23-e65c-4267-8c4f-7332451e9de4 tempest-VolumeTypesAccessTest-85534619 tempest-VolumeTypesAccessTest-85534619-project] http://10.222.0.65/volume/v3/106c2b3709fe46c587943e3b6d85460a/volumes/d727b5c6-a787-441f-bf6b-87f37f81ec01 returned with HTTP 200
Aug 18 20:48:02.152497 dv-cinder-852654-2-smb devstack@c-api.service[120274]: [pid: 120274|app: 0|req: 75/152] 10.222.0.65 () {58 vars in 1325 bytes} [Thu Aug 18 20:48:02 2022] GET /volume/v3/106c2b3709fe46c587943e3b6d85460a/volumes/d727b5c6-a787-441f-bf6b-87f37f81ec01 => generated 928 bytes in 112 msecs (HTTP/1.1 200) 7 headers in 285 bytes (1 switches on core 0)
Aug 18 20:48:02.185006 dv-cinder-852654-2-smb devstack@c-api.service[120275]: DEBUG cinder.api.middleware.request_id [None req-4b94ee0b-d630-49e0-8444-88c73e872796 None None] RequestId filter calling following filter/app {{(pid=120275) _context_setter /opt/stack/cinder/cinder/api/middleware/request_id.py:62}}
Aug 18 20:48:02.190824 dv-cinder-852654-2-smb devstack@c-api.service[120275]: INFO cinder.api.openstack.wsgi [None req-4b94ee0b-d630-49e0-8444-88c73e872796 tempest-VolumesTestJSON-1993850185 tempest-VolumesTestJSON-1993850185-project] GET http://10.222.0.65/volume/v3/80ca71a62121492aa200f3ef79c89db7/volumes/27d9ab4e-b1ab-4d0b-8915-9d531a9c2c35
Aug 18 20:48:02.191410 dv-cinder-852654-2-smb devstack@c-api.service[120275]: DEBUG cinder.api.openstack.wsgi [None req-4b94ee0b-d630-49e0-8444-88c73e872796 tempest-VolumesTestJSON-1993850185 tempest-VolumesTestJSON-1993850185-project] Empty body provided in request {{(pid=120275) get_body /opt/stack/cinder/cinder/api/openstack/wsgi.py:715}}
Aug 18 20:48:02.192049 dv-cinder-852654-2-smb devstack@c-api.service[120275]: DEBUG cinder.api.openstack.wsgi [None req-4b94ee0b-d630-49e0-8444-88c73e872796 tempest-VolumesTestJSON-1993850185 tempest-VolumesTestJSON-1993850185-project] Calling method 'show' {{(pid=120275) _process_stack /opt/stack/cinder/cinder/api/openstack/wsgi.py:868}}
Aug 18 20:48:02.216538 dv-cinder-852654-2-smb devstack@c-api.service[120275]: INFO cinder.api.openstack.wsgi [None req-4b94ee0b-d630-49e0-8444-88c73e872796 tempest-VolumesTestJSON-1993850185 tempest-VolumesTestJSON-1993850185-project] http://10.222.0.65/volume/v3/80ca71a62121492aa200f3ef79c89db7/volumes/27d9ab4e-b1ab-4d0b-8915-9d531a9c2c35 returned with HTTP 404
Aug 18 20:48:02.219163 dv-cinder-852654-2-smb devstack@c-api.service[120275]: [pid: 120275|app: 0|req: 78/153] 10.222.0.65 () {58 vars in 1325 bytes} [Thu Aug 18 20:48:02 2022] GET /volume/v3/80ca71a62121492aa200f3ef79c89db7/volumes/27d9ab4e-b1ab-4d0b-8915-9d531a9c2c35 => generated 109 bytes in 34 msecs (HTTP/1.1 404) 7 headers in 292 bytes (1 switches on core 0)
Aug 18 20:48:02.223319 dv-cinder-852654-2-smb devstack@c-api.service[120274]: DEBUG cinder.api.middleware.request_id [None req-a0985c1d-c60b-48a8-ac59-7329676fd910 None None] RequestId filter calling following filter/app {{(pid=120274) _context_setter /opt/stack/cinder/cinder/api/middleware/request_id.py:62}}
Aug 18 20:48:02.227552 dv-cinder-852654-2-smb devstack@c-api.service[120274]: INFO cinder.api.openstack.wsgi [None req-a0985c1d-c60b-48a8-ac59-7329676fd910 tempest-VolumesTestJSON-1993850185 tempest-VolumesTestJSON-1993850185-project] DELETE http://10.222.0.65/volume/v3/80ca71a62121492aa200f3ef79c89db7/volumes/4a4a48a9-408f-434f-a513-a22c4920e070
Aug 18 20:48:02.228112 dv-cinder-852654-2-smb devstack@c-api.service[120274]: DEBUG cinder.api.openstack.wsgi [None req-a0985c1d-c60b-48a8-ac59-7329676fd910 tempest-VolumesTestJSON-1993850185 tempest-VolumesTestJSON-1993850185-project] Empty body provided in request {{(pid=120274) get_body /opt/stack/cinder/cinder/api/openstack/wsgi.py:715}}
Aug 18 20:48:02.228719 dv-cinder-852654-2-smb devstack@c-api.service[120274]: DEBUG cinder.api.openstack.wsgi [None req-a0985c1d-c60b-48a8-ac59-7329676fd910 tempest-VolumesTestJSON-1993850185 tempest-VolumesTestJSON-1993850185-project] Calling method 'delete' {{(pid=120274) _process_stack /opt/stack/cinder/cinder/api/openstack/wsgi.py:868}}
Aug 18 20:48:02.229165 dv-cinder-852654-2-smb devstack@c-api.service[120274]: INFO cinder.api.v3.volumes [None req-a0985c1d-c60b-48a8-ac59-7329676fd910 tempest-VolumesTestJSON-1993850185 tempest-VolumesTestJSON-1993850185-project] Delete volume with id: 4a4a48a9-408f-434f-a513-a22c4920e070
Aug 18 20:48:02.271014 dv-cinder-852654-2-smb devstack@c-api.service[120274]: /usr/local/lib/python3.8/dist-packages/oslo_context/context.py:100: DeprecationWarning: Policy enforcement is depending on the value of is_admin. This key is deprecated. Please update your policy file to use the standard policy values.
Aug 18 20:48:02.271014 dv-cinder-852654-2-smb devstack@c-api.service[120274]: warnings.warn('Policy enforcement is depending on the value of '
Aug 18 20:48:02.271966 dv-cinder-852654-2-smb devstack@c-api.service[120274]: INFO cinder.volume.api [None req-a0985c1d-c60b-48a8-ac59-7329676fd910 tempest-VolumesTestJSON-1993850185 tempest-VolumesTestJSON-1993850185-project] Volume info retrieved successfully.
Aug 18 20:48:02.346651 dv-cinder-852654-2-smb devstack@c-api.service[120274]: INFO cinder.volume.api [None req-a0985c1d-c60b-48a8-ac59-7329676fd910 tempest-VolumesTestJSON-1993850185 tempest-VolumesTestJSON-1993850185-project] Delete volume request issued successfully.
Aug 18 20:48:02.347764 dv-cinder-852654-2-smb devstack@c-api.service[120274]: INFO cinder.api.openstack.wsgi [None req-a0985c1d-c60b-48a8-ac59-7329676fd910 tempest-VolumesTestJSON-1993850185 tempest-VolumesTestJSON-1993850185-project] http://10.222.0.65/volume/v3/80ca71a62121492aa200f3ef79c89db7/volumes/4a4a48a9-408f-434f-a513-a22c4920e070 returned with HTTP 202
Aug 18 20:48:02.357433 dv-cinder-852654-2-smb devstack@c-api.service[120275]: DEBUG cinder.api.middleware.request_id [None req-5d363427-0158-468a-b1aa-d7e9618e1654 None None] RequestId filter calling following filter/app {{(pid=120275) _context_setter /opt/stack/cinder/cinder/api/middleware/request_id.py:62}}
