Aug 09 18:59:24.055189 dv-cinder-852654-1-smb devstack@keystone.service[80524]: ERROR keystone.server.flask.application
File "/opt/stack/keystone/keystone/assignment/core.py", line 1276, in get_role
Aug 09 18:59:24.055189 dv-cinder-852654-1-smb devstack@keystone.service[80524]: ERROR keystone.server.flask.application return self.driver.get_role(role_id)
Aug 09 18:59:24.055189 dv-cinder-852654-1-smb devstack@keystone.service[80524]: ERROR keystone.server.flask.application
File "/opt/stack/keystone/keystone/assignment/role_backends/sql.py", line 70, in get_role
Aug 09 18:59:24.055189 dv-cinder-852654-1-smb devstack@keystone.service[80524]: ERROR keystone.server.flask.application return self._get_role(session, role_id).to_dict()
Aug 09 18:59:24.055189 dv-cinder-852654-1-smb devstack@keystone.service[80524]: ERROR keystone.server.flask.application
File "/opt/stack/keystone/keystone/assignment/role_backends/sql.py", line 65, in _get_role
Aug 09 18:59:24.055189 dv-cinder-852654-1-smb devstack@keystone.service[80524]: ERROR keystone.server.flask.application raise exception.RoleNotFound(role_id=role_id)
Aug 09 18:59:24.055189 dv-cinder-852654-1-smb devstack@keystone.service[80524]: ERROR keystone.server.flask.application keystone.exception.RoleNotFound: Could not find role: reader.
Aug 09 18:59:24.055189 dv-cinder-852654-1-smb devstack@keystone.service[80524]: ERROR keystone.server.flask.application
Aug 09 18:59:24.055189 dv-cinder-852654-1-smb devstack@keystone.service[80524]: [pid: 80524|app: 0|req: 96/188] 10.222.0.65 () {56 vars in 1099 bytes} [Tue Aug 9 18:59:23 2022] GET /identity/v3/roles/reader => generated 84 bytes in 163 msecs (HTTP/1.1 404) 5 headers in 183 bytes (1 switches on core 0)
Aug 09 18:59:24.058248 dv-cinder-852654-1-smb devstack@keystone.service[80524]: DEBUG keystone.server.flask.request_processing.middleware.auth_context [None req-40cd9f1d-b5bc-4063-a5db-9da5d79aaf73 None admin] Authenticating user token {{(pid=80524) process_request /usr/local/lib/python3.8/dist-packages/keystonemiddleware/auth_token/__init__.py:407}}
Aug 09 18:59:24.067841 dv-cinder-852654-1-smb devstack@keystone.service[80523]: [pid: 80523|app: 0|req: 93/189] 10.222.0.65 () {56 vars in 1099 bytes} [Tue Aug 9 18:59:23 2022] GET /identity/v3/roles?name=admin => generated 339 bytes in 160 msecs (HTTP/1.1 200) 5 headers in 177 bytes (2 switches on core 0)
Aug 09 18:59:24.067841 dv-cinder-852654-1-smb devstack@keystone.service[80523]: DEBUG keystone.server.flask.request_processing.req_logging [None req-56815309-7728-4d80-93c7-74fd36b8fb14 None None] REQUEST_METHOD: `GET` {{(pid=80523) log_request_info /opt/stack/keystone/keystone/server/flask/request_processing/req_logging.py:27}}
Aug 09 18:59:24.067841 dv-cinder-852654-1-smb devstack@keystone.service[80523]: DEBUG keystone.server.flask.request_processing.req_logging [None req-56815309-7728-4d80-93c7-74fd36b8fb14 None None] SCRIPT_NAME: `/identity` {{(pid=80523) log_request_info /opt/stack/keystone/keystone/server/flask/request_processing/req_logging.py:28}}
Aug 09 18:59:24.067841 dv-cinder-852654-1-smb devstack@keystone.service[80523]: DEBUG keystone.server.flask.request_processing.req_logging [None req-56815309-7728-4d80-93c7-74fd36b8fb14 None None] PATH_INFO: `/` {{(pid=80523) log_request_info /opt/stack/keystone/keystone/server/flask/request_processing/req_logging.py:29}}
Aug 09 18:59:24.067841 dv-cinder-852654-1-smb devstack@keystone.service[80523]: [pid: 80523|app: 0|req: 94/190] 10.222.0.65 () {54 vars in 927 bytes} [Tue Aug 9 18:59:24 2022] GET /identity => generated 270 bytes in 2 msecs (HTTP/1.1 300) 6 headers in 234 bytes (1 switches on core 0)
Aug 09 18:59:24.067841 dv-cinder-852654-1-smb devstack@keystone.service[80523]: DEBUG keystone.server.flask.request_processing.middleware.auth_context [None req-56815309-7728-4d80-93c7-74fd36b8fb14 None None] Authenticating user token {{(pid=80523) process_request /usr/local/lib/python3.8/dist-packages/keystonemiddleware/auth_token/__init__.py:407}}
Aug 09 18:59:24.106509 dv-cinder-852654-1-smb devstack@keystone.service[80524]: DEBUG dbcounter [-] [80524] Writing DB stats keystone:SELECT=100 {{(pid=80524) stat_writer /usr/local/lib/python3.8/dist-packages/dbcounter.py:114}}
Aug 09 18:59:24.121547 dv-cinder-852654-1-smb devstack@keystone.service[80523]: DEBUG dbcounter [-] [80523] Writing DB stats keystone:SELECT=100 {{(pid=80523) stat_writer /usr/local/lib/python3.8/dist-packages/dbcounter.py:114}}
Aug 09 18:59:24.159024 dv-cinder-852654-1-smb devstack@keystone.service[80524]: DEBUG keystone.server.flask.request_processing.middleware.auth_context [None req-40cd9f1d-b5bc-4063-a5db-9da5d79aaf73 None admin] Validating token access rules against request {{(pid=80524) validate_allowed_request /usr/local/lib/python3.8/dist-packages/keystonemiddleware/auth_token/__init__.py:545}}
Aug 09 18:59:24.169488 dv-cinder-852654-1-smb devstack@keystone.service[80523]: DEBUG keystone.server.flask.request_processing.middleware.auth_context [None req-56815309-7728-4d80-93c7-74fd36b8fb14 None None] Validating token access rules against request {{(pid=80523) validate_allowed_request /usr/local/lib/python3.8/dist-packages/keystonemiddleware/auth_token/__init__.py:545}}
Aug 09 18:59:24.192018 dv-cinder-852654-1-smb devstack@keystone.service[80524]: DEBUG keystone.server.flask.request_processing.middleware.auth_context [None req-64225480-938b-4b86-88ec-d38606214749 None admin] RBAC: auth_context: {'token': , 'domain_id': None, 'trust_id': None, 'trustor_id': None, 'trustee_id': None, 'domain_name': None, 'group_ids': [], 'user_id': 'de54cc4aa2214403a8d5cfbff5af1478', 'user_domain_id': 'default', 'system_scope': 'all', 'project_id': None, 'project_domain_id': None, 'roles': ['admin', 'member', 'reader'], 'is_admin_project': True, 'service_user_id': None, 'service_user_domain_id': None, 'service_project_id': None, 'service_project_domain_id': None, 'service_roles': []} {{(pid=80524) fill_context /opt/stack/keystone/keystone/server/flask/request_processing/middleware/auth_context.py:478}}
Aug 09 18:59:24.192645 dv-cinder-852654-1-smb devstack@keystone.service[80524]: DEBUG keystone.server.flask.request_processing.req_logging [None req-64225480-938b-4b86-88ec-d38606214749 None admin] REQUEST_METHOD: `GET` {{(pid=80524) log_request_info /opt/stack/keystone/keystone/server/flask/request_processing/req_logging.py:27}}
Aug 09 18:59:24.192923 dv-cinder-852654-1-smb devstack@keystone.service[80524]: DEBUG keystone.server.flask.request_processing.req_logging [None req-64225480-938b-4b86-88ec-d38606214749 None admin] SCRIPT_NAME: `/identity` {{(pid=80524) log_request_info /opt/stack/keystone/keystone/server/flask/request_processing/req_logging.py:28}}
Aug 09 18:59:24.193195 dv-cinder-852654-1-smb devstack@keystone.service[80524]: DEBUG keystone.server.flask.request_processing.req_logging [None req-64225480-938b-4b86-88ec-d38606214749 None admin] PATH_INFO: `/v3/domains/default` {{(pid=80524) log_request_info /opt/stack/keystone/keystone/server/flask/request_processing/req_logging.py:29}}
Aug 09 18:59:24.194347 dv-cinder-852654-1-smb devstack@keystone.service[80524]: DEBUG keystone.common.rbac_enforcer.enforcer [None req-64225480-938b-4b86-88ec-d38606214749 None admin] RBAC: Authorizing `identity:get_domain(domain_id=default)` {{(pid=80524) enforce_call /opt/stack/keystone/keystone/common/rbac_enforcer/enforcer.py:449}}
Aug 09 18:59:24.195784 dv-cinder-852654-1-smb devstack@keystone.service[80524]: DEBUG keystone.common.rbac_enforcer.enforcer [None req-64225480-938b-4b86-88ec-d38606214749 None admin] RBAC: Authorization granted {{(pid=80524) enforce_call /opt/stack/keystone/keystone/common/rbac_enforcer/enforcer.py:457}}
Aug 09 18:59:24.197340 dv-cinder-852654-1-smb devstack@keystone.service[80524]: [pid: 80524|app: 0|req: 97/191] 10.222.0.65 () {56 vars in 1108 bytes} [Tue Aug 9 18:59:24 2022] GET /identity/v3/domains/default => generated 199 bytes in 143 msecs (HTTP/1.1 200) 5 headers in 177 bytes (1 switches on core 0)
Aug 09 18:59:24.201525 dv-cinder-852654-1-smb devstack@keystone.service[80523]: DEBUG keystone.server.flask.request_processing.middleware.auth_context [None req-dd23372a-c30b-40fe-a8d6-61d2b93ffd6a None admin] RBAC: auth_context: {'token': , 'domain_id': None, 'trust_id': None, 'trustor_id': None, 'trustee_id': None, 'domain_name': None, 'group_ids': [], 'user_id': 'de54cc4aa2214403a8d5cfbff5af1478', 'user_domain_id': 'default', 'system_scope': 'all', 'project_id': None, 'project_domain_id': None, 'roles': ['admin', 'member', 'reader'], 'is_admin_project': True, 'service_user_id': None, 'service_user_domain_id': None, 'service_project_id': None, 'service_project_domain_id': None, 'service_roles': []} {{(pid=80523) fill_context /opt/stack/keystone/keystone/server/flask/request_processing/middleware/auth_context.py:478}}
Aug 09 18:59:24.202133 dv-cinder-852654-1-smb devstack@keystone.service[80523]: DEBUG keystone.server.flask.request_processing.req_logging [None req-dd23372a-c30b-40fe-a8d6-61d2b93ffd6a None admin] REQUEST_METHOD: `GET` {{(pid=80523) log_request_info /opt/stack/keystone/keystone/server/flask/request_processing/req_logging.py:27}}
Aug 09 18:59:24.202382 dv-cinder-852654-1-smb devstack@keystone.service[80524]: DEBUG keystone.server.flask.request_processing.middleware.auth_context [None req-64225480-938b-4b86-88ec-d38606214749 None admin] Authenticating user token {{(pid=80524) process_request /usr/local/lib/python3.8/dist-packages/keystonemiddleware/auth_token/__init__.py:407}}
Aug 09 18:59:24.202474 dv-cinder-852654-1-smb devstack@keystone.service[80523]: DEBUG keystone.server.flask.request_processing.req_logging [None req-dd23372a-c30b-40fe-a8d6-61d2b93ffd6a None admin] SCRIPT_NAME: `/identity` {{(pid=80523) log_request_info /opt/stack/keystone/keystone/server/flask/request_processing/req_logging.py:28}}
Aug 09 18:59:24.202671 dv-cinder-852654-1-smb devstack@keystone.service[80523]: DEBUG keystone.server.flask.request_processing.req_logging [None req-dd23372a-c30b-40fe-a8d6-61d2b93ffd6a None admin] PATH_INFO: `/v3/roles` {{(pid=80523) log_request_info /opt/stack/keystone/keystone/server/flask/request_processing/req_logging.py:29}}
Aug 09 18:59:24.203379 dv-cinder-852654-1-smb devstack@keystone.service[80523]: DEBUG keystone.common.rbac_enforcer.enforcer [None req-dd23372a-c30b-40fe-a8d6-61d2b93ffd6a None admin] RBAC: Adding query filter params (name=reader) {{(pid=80523) _extract_filter_values /opt/stack/keystone/keystone/common/rbac_enforcer/enforcer.py:167}}
Aug 09 18:59:24.203685 dv-cinder-852654-1-smb devstack@keystone.service[80523]: DEBUG keystone.common.rbac_enforcer.enforcer [None req-dd23372a-c30b-40fe-a8d6-61d2b93ffd6a None admin] RBAC: Authorizing `identity:list_roles()` {{(pid=80523) enforce_call /opt/stack/keystone/keystone/common/rbac_enforcer/enforcer.py:449}}
Aug 09 18:59:24.205045 dv-cinder-852654-1-smb devstack@keystone.service[80523]: DEBUG keystone.common.rbac_enforcer.enforcer [None req-dd23372a-c30b-40fe-a8d6-61d2b93ffd6a None admin] RBAC: Authorization granted {{(pid=80523) enforce_call /opt/stack/keystone/keystone/common/rbac_enforcer/enforcer.py:457}}
Aug 09 18:59:24.213966 dv-cinder-852654-1-smb devstack@keystone.service[80523]: [pid: 80523|app: 0|req: 95/192] 10.222.0.65 () {56 vars in 1101 bytes} [Tue Aug 9 18:59:24 2022] GET /identity/v3/roles?name=reader => generated 341 bytes in 147 msecs (HTTP/1.1 200) 5 headers in 177 bytes (1 switches on core 0)
Aug 09 18:59:24.218437 dv-cinder-852654-1-smb devstack@keystone.service[80523]: DEBUG keystone.server.flask.request_processing.req_logging [None req-4f8351f5-82f0-406a-82dc-dff769d65020 None None] REQUEST_METHOD: `POST` {{(pid=80523) log_request_info /opt/stack/keystone/keystone/server/flask/request_processing/req_logging.py:27}}
Aug 09 18:59:24.218981 dv-cinder-852654-1-smb devstack@keystone.service[80523]: DEBUG keystone.server.flask.request_processing.req_logging [None req-4f8351f5-82f0-406a-82dc-dff769d65020 None None] SCRIPT_NAME: `/identity` {{(pid=80523) log_request_info /opt/stack/keystone/keystone/server/flask/request_processing/req_logging.py:28}}
Aug 09 18:59:24.218981 dv-cinder-852654-1-smb devstack@keystone.service[80523]: DEBUG keystone.server.flask.request_processing.req_logging [None req-4f8351f5-82f0-406a-82dc-dff769d65020 None None] PATH_INFO: `/v3/auth/tokens` {{(pid=80523) log_request_info /opt/stack/keystone/keystone/server/flask/request_processing/req_logging.py:29}}
Aug 09 18:59:24.235865 dv-cinder-852654-1-smb devstack@keystone.service[80523]: DEBUG keystone.auth.core [None req-4f8351f5-82f0-406a-82dc-dff769d65020 None None] MFA Rules not processed for user `de54cc4aa2214403a8d5cfbff5af1478`. Rule list: `[]` (Enabled: `True`). {{(pid=80523) check_auth_methods_against_rules /opt/stack/keystone/keystone/auth/core.py:438}}
Aug 09 18:59:24.237050 dv-cinder-852654-1-smb devstack@keystone.service[80523]: DEBUG keystone.common.fernet_utils [None req-4f8351f5-82f0-406a-82dc-dff769d65020 None None] Loaded 2 Fernet keys from /etc/keystone/fernet-keys/, but `[fernet_tokens] max_active_keys = 3`; perhaps there have not been enough key rotations to reach `max_active_keys` yet? {{(pid=80523) load_keys /opt/stack/keystone/keystone/common/fernet_utils.py:286}}
Aug 09 18:59:24.301338 dv-cinder-852654-1-smb devstack@keystone.service[80524]: DEBUG keystone.server.flask.request_processing.middleware.auth_context [None req-64225480-938b-4b86-88ec-d38606214749 None admin] Validating token access rules against request {{(pid=80524) validate_allowed_request /usr/local/lib/python3.8/dist-packages/keystonemiddleware/auth_token/__init__.py:545}}
Aug 09 18:59:24.303167 dv-cinder-852654-1-smb devstack@keystone.service[80523]: [pid: 80523|app: 0|req: 96/193] 10.222.0.65 () {58 vars in 1024 bytes} [Tue Aug 9 18:59:24 2022] POST /identity/v3/auth/tokens => generated 799 bytes in 86 msecs (HTTP/1.1 201) 6 headers in 363 bytes (1 switches on core 0)
Aug 09 18:59:24.303970 dv-cinder-852654-1-smb devstack@keystone.service[80523]: DEBUG keystone.server.flask.request_processing.middleware.auth_context [None req-4f8351f5-82f0-406a-82dc-dff769d65020 None None] Authenticating user token {{(pid=80523) process_request /usr/local/lib/python3.8/dist-packages/keystonemiddleware/auth_token/__init__.py:407}}
Aug 09 18:59:24.329979 dv-cinder-852654-1-smb devstack@keystone.service[80524]: DEBUG dbcounter [-] [80524] Writing DB stats keystone:SELECT=100 {{(pid=80524) stat_writer /usr/local/lib/python3.8/dist-packages/dbcounter.py:114}}
Aug 09 18:59:24.349675 dv-cinder-852654-1-smb devstack@keystone.service[80523]: DEBUG dbcounter [-] [80523] Writing DB stats keystone:SELECT=100 {{(pid=80523) stat_writer /usr/local/lib/python3.8/dist-packages/dbcounter.py:114}}
Aug 09 18:59:24.351203 dv-cinder-852654-1-smb devstack@keystone.service[80524]: DEBUG keystone.server.flask.request_processing.middleware.auth_context [None req-db159e7e-56bc-44c0-8914-7b7f2098ab90 None admin] RBAC: auth_context: {'token': , 'domain_id': None, 'trust_id': None, 'trustor_id': None, 'trustee_id': None, 'domain_name': None, 'group_ids': [], 'user_id': 'de54cc4aa2214403a8d5cfbff5af1478', 'user_domain_id': 'default', 'system_scope': 'all', 'project_id': None, 'project_domain_id': None, 'roles': ['admin', 'member', 'reader'], 'is_admin_project': True, 'service_user_id': None, 'service_user_domain_id': None, 'service_project_id': None, 'service_project_domain_id': None, 'service_roles': []} {{(pid=80524) fill_context /opt/stack/keystone/keystone/server/flask/request_processing/middleware/auth_context.py:478}}
Aug 09 18:59:24.351841 dv-cinder-852654-1-smb devstack@keystone.service[80524]: DEBUG keystone.server.flask.request_processing.req_logging [None req-db159e7e-56bc-44c0-8914-7b7f2098ab90 None admin] REQUEST_METHOD: `GET` {{(pid=80524) log_request_info /opt/stack/keystone/keystone/server/flask/request_processing/req_logging.py:27}}
Aug 09 18:59:24.352125 dv-cinder-852654-1-smb devstack@keystone.service[80524]: DEBUG keystone.server.flask.request_processing.req_logging [None req-db159e7e-56bc-44c0-8914-7b7f2098ab90 None admin] SCRIPT_NAME: `/identity` {{(pid=80524) log_request_info /opt/stack/keystone/keystone/server/flask/request_processing/req_logging.py:28}}
Aug 09 18:59:24.352400 dv-cinder-852654-1-smb devstack@keystone.service[80524]: DEBUG keystone.server.flask.request_processing.req_logging [None req-db159e7e-56bc-44c0-8914-7b7f2098ab90 None admin] PATH_INFO: `/v3/users/39600eea237c471db007812ac7039844` {{(pid=80524) log_request_info /opt/stack/keystone/keystone/server/flask/request_processing/req_logging.py:29}}
Aug 09 18:59:24.366583 dv-cinder-852654-1-smb devstack@keystone.service[80524]: DEBUG keystone.common.rbac_enforcer.enforcer [None req-db159e7e-56bc-44c0-8914-7b7f2098ab90 None admin] RBAC: Authorizing `identity:get_user(user_id=39600eea237c471db007812ac7039844)` {{(pid=80524) enforce_call /opt/stack/keystone/keystone/common/rbac_enforcer/enforcer.py:449}}
Aug 09 18:59:24.368042 dv-cinder-852654-1-smb devstack@keystone.service[80524]: DEBUG keystone.common.rbac_enforcer.enforcer [None req-db159e7e-56bc-44c0-8914-7b7f2098ab90 None admin] RBAC: Authorization granted {{(pid=80524) enforce_call /opt/stack/keystone/keystone/common/rbac_enforcer/enforcer.py:457}}
Aug 09 18:59:24.369750 dv-cinder-852654-1-smb devstack@keystone.service[80524]: [pid: 80524|app: 0|req: 98/194] 10.222.0.65 () {56 vars in 1177 bytes} [Tue Aug 9 18:59:24 2022] GET /identity/v3/users/39600eea237c471db007812ac7039844 => generated 283 bytes in 172 msecs (HTTP/1.1 200) 5 headers in 177 bytes (1 switches on core 0)
Aug 09 18:59:24.374445 dv-cinder-852654-1-smb devstack@keystone.service[80524]: DEBUG keystone.server.flask.request_processing.middleware.auth_context [None req-db159e7e-56bc-44c0-8914-7b7f2098ab90 None admin] Authenticating user token {{(pid=80524) process_request /usr/local/lib/python3.8/dist-packages/keystonemiddleware/auth_token/__init__.py:407}}
Aug 09 18:59:24.403509 dv-cinder-852654-1-smb devstack@keystone.service[80523]: DEBUG keystone.server.flask.request_processing.middleware.auth_context [None req-4f8351f5-82f0-406a-82dc-dff769d65020 None None] Validating token access rules against request {{(pid=80523) validate_allowed_request /usr/local/lib/python3.8/dist-packages/keystonemiddleware/auth_token/__init__.py:545}}
Aug 09 18:59:24.438199 dv-cinder-852654-1-smb devstack@keystone.service[80523]: DEBUG keystone.server.flask.request_processing.middleware.auth_context [None req-ba43f016-89c9-46f1-ad78-cd84b949bc5f None admin] RBAC: auth_context: {'token': , 'domain_id': None, 'trust_id': None, 'trustor_id': None, 'trustee_id': None, 'domain_name': None, 'group_ids': [], 'user_id': 'de54cc4aa2214403a8d5cfbff5af1478', 'user_domain_id': 'default', 'system_scope': 'all', 'project_id': None, 'project_domain_id': None, 'roles': ['admin', 'member', 'reader'], 'is_admin_project': True, 'service_user_id': None, 'service_user_domain_id': None, 'service_project_id': None, 'service_project_domain_id': None, 'service_roles': []} {{(pid=80523) fill_context /opt/stack/keystone/keystone/server/flask/request_processing/middleware/auth_context.py:478}}
Aug 09 18:59:24.438806 dv-cinder-852654-1-smb devstack@keystone.service[80523]: DEBUG keystone.server.flask.request_processing.req_logging [None req-ba43f016-89c9-46f1-ad78-cd84b949bc5f None admin] REQUEST_METHOD: `POST` {{(pid=80523) log_request_info /opt/stack/keystone/keystone/server/flask/request_processing/req_logging.py:27}}
Aug 09 18:59:24.439082 dv-cinder-852654-1-smb devstack@keystone.service[80523]: DEBUG keystone.server.flask.request_processing.req_logging [None req-ba43f016-89c9-46f1-ad78-cd84b949bc5f None admin] SCRIPT_NAME: `/identity` {{(pid=80523) log_request_info /opt/stack/keystone/keystone/server/flask/request_processing/req_logging.py:28}}
Aug 09 18:59:24.439350 dv-cinder-852654-1-smb devstack@keystone.service[80523]: DEBUG keystone.server.flask.request_processing.req_logging [None req-ba43f016-89c9-46f1-ad78-cd84b949bc5f None admin] PATH_INFO: `/v3/users` {{(pid=80523) log_request_info /opt/stack/keystone/keystone/server/flask/request_processing/req_logging.py:29}}
Aug 09 18:59:24.439995 dv-cinder-852654-1-smb devstack@keystone.service[80523]: DEBUG keystone.common.rbac_enforcer.enforcer [None req-ba43f016-89c9-46f1-ad78-cd84b949bc5f None admin] RBAC: Authorizing `identity:create_user()` {{(pid=80523) enforce_call /opt/stack/keystone/keystone/common/rbac_enforcer/enforcer.py:449}}
Aug 09 18:59:24.441440 dv-cinder-852654-1-smb devstack@keystone.service[80523]: DEBUG keystone.common.rbac_enforcer.enforcer [None req-ba43f016-89c9-46f1-ad78-cd84b949bc5f None admin] RBAC: Authorization granted {{(pid=80523) enforce_call /opt/stack/keystone/keystone/common/rbac_enforcer/enforcer.py:457}}
Aug 09 18:59:24.469698 dv-cinder-852654-1-smb devstack@keystone.service[80524]: DEBUG keystone.server.flask.request_processing.middleware.auth_context [None req-db159e7e-56bc-44c0-8914-7b7f2098ab90 None admin] Validating token access rules against request {{(pid=80524) validate_allowed_request /usr/local/lib/python3.8/dist-packages/keystonemiddleware/auth_token/__init__.py:545}}
Aug 09 18:59:24.502126 dv-cinder-852654-1-smb devstack@keystone.service[80524]: DEBUG keystone.server.flask.request_processing.middleware.auth_context [None req-4ca5e199-28dd-41cb-8c59-7cecdf2c410c None admin] RBAC: auth_context: {'token': , 'domain_id': None, 'trust_id': None, 'trustor_id': None, 'trustee_id': None, 'domain_name': None, 'group_ids': [], 'user_id': 'de54cc4aa2214403a8d5cfbff5af1478', 'user_domain_id': 'default', 'system_scope': 'all', 'project_id': None, 'project_domain_id': None, 'roles': ['admin', 'member', 'reader'], 'is_admin_project': True, 'service_user_id': None, 'service_user_domain_id': None, 'service_project_id': None, 'service_project_domain_id': None, 'service_roles': []} {{(pid=80524) fill_context /opt/stack/keystone/keystone/server/flask/request_processing/middleware/auth_context.py:478}}
Aug 09 18:59:24.502779 dv-cinder-852654-1-smb devstack@keystone.service[80524]: DEBUG keystone.server.flask.request_processing.req_logging [None req-4ca5e199-28dd-41cb-8c59-7cecdf2c410c None admin] REQUEST_METHOD: `GET` {{(pid=80524) log_request_info /opt/stack/keystone/keystone/server/flask/request_processing/req_logging.py:27}}
Aug 09 18:59:24.503055 dv-cinder-852654-1-smb devstack@keystone.service[80524]: DEBUG keystone.server.flask.request_processing.req_logging [None req-4ca5e199-28dd-41cb-8c59-7cecdf2c410c None admin] SCRIPT_NAME: `/identity` {{(pid=80524) log_request_info /opt/stack/keystone/keystone/server/flask/request_processing/req_logging.py:28}}
Aug 09 18:59:24.503323 dv-cinder-852654-1-smb devstack@keystone.service[80524]: DEBUG keystone.server.flask.request_processing.req_logging [None req-4ca5e199-28dd-41cb-8c59-7cecdf2c410c None admin] PATH_INFO: `/v3/users/e54114cc544f4c9390757d63b2888138` {{(pid=80524) log_request_info /opt/stack/keystone/keystone/server/flask/request_processing/req_logging.py:29}}
Aug 09 18:59:24.505364 dv-cinder-852654-1-smb devstack@keystone.service[80524]: DEBUG keystone.common.rbac_enforcer.enforcer [None req-4ca5e199-28dd-41cb-8c59-7cecdf2c410c None admin] RBAC: Authorizing `identity:get_user(user_id=e54114cc544f4c9390757d63b2888138)` {{(pid=80524) enforce_call /opt/stack/keystone/keystone/common/rbac_enforcer/enforcer.py:449}}
Aug 09 18:59:24.506409 dv-cinder-852654-1-smb devstack@keystone.service[80524]: DEBUG keystone.common.rbac_enforcer.enforcer [None req-4ca5e199-28dd-41cb-8c59-7cecdf2c410c None admin] RBAC: Authorization granted {{(pid=80524) enforce_call /opt/stack/keystone/keystone/common/rbac_enforcer/enforcer.py:457}}
Aug 09 18:59:24.512769 dv-cinder-852654-1-smb devstack@keystone.service[80524]: [pid: 80524|app: 0|req: 99/195] 10.222.0.65 () {56 vars in 1177 bytes} [Tue Aug 9 18:59:24 2022] GET /identity/v3/users/e54114cc544f4c9390757d63b2888138 => generated 289 bytes in 138 msecs (HTTP/1.1 200) 5 headers in 177 bytes (1 switches on core 0)
Aug 09 18:59:24.512769 dv-cinder-852654-1-smb devstack@keystone.service[80524]: DEBUG keystone.server.flask.request_processing.middleware.auth_context [None req-4ca5e199-28dd-41cb-8c59-7cecdf2c410c None admin] Authenticating user token {{(pid=80524) process_request /usr/local/lib/python3.8/dist-packages/keystonemiddleware/auth_token/__init__.py:407}}
Aug 09 18:59:24.548298 dv-cinder-852654-1-smb devstack@keystone.service[80524]: DEBUG dbcounter [-] [80524] Writing DB stats keystone:SELECT=100 {{(pid=80524) stat_writer /usr/local/lib/python3.8/dist-packages/dbcounter.py:114}}
Aug 09 18:59:24.558415 dv-cinder-852654-1-smb devstack@keystone.service[80523]: [pid: 80523|app: 0|req: 97/196] 10.222.0.65 () {60 vars in 1132 bytes} [Tue Aug 9 18:59:24 2022] POST /identity/v3/users => generated 297 bytes in 247 msecs (HTTP/1.1 201) 5 headers in 182 bytes (1 switches on core 0)
Aug 09 18:59:24.558415 dv-cinder-852654-1-smb devstack@keystone.service[80523]: DEBUG keystone.server.flask.request_processing.middleware.auth_context [None req-ba43f016-89c9-46f1-ad78-cd84b949bc5f None admin] Authenticating user token {{(pid=80523) process_request /usr/local/lib/python3.8/dist-packages/keystonemiddleware/auth_token/__init__.py:407}}
Aug 09 18:59:24.623745 dv-cinder-852654-1-smb devstack@keystone.service[80524]: DEBUG keystone.server.flask.request_processing.middleware.auth_context [None req-4ca5e199-28dd-41cb-8c59-7cecdf2c410c None admin] Validating token access rules against request {{(pid=80524) validate_allowed_request /usr/local/lib/python3.8/dist-packages/keystonemiddleware/auth_token/__init__.py:545}}
Aug 09 18:59:24.662732 dv-cinder-852654-1-smb devstack@keystone.service[80524]: DEBUG keystone.server.flask.request_processing.middleware.auth_context [None req-95f396e7-3645-4a1f-8f69-2c6443f7195d None admin] RBAC: auth_context: {'token': , 'domain_id': None, 'trust_id': None, 'trustor_id': None, 'trustee_id': None, 'domain_name': None, 'group_ids': [], 'user_id': 'de54cc4aa2214403a8d5cfbff5af1478', 'user_domain_id': 'default', 'system_scope': 'all', 'project_id': None, 'project_domain_id': None, 'roles': ['admin', 'member', 'reader'], 'is_admin_project': True, 'service_user_id': None, 'service_user_domain_id': None, 'service_project_id': None, 'service_project_domain_id': None, 'service_roles': []} {{(pid=80524) fill_context /opt/stack/keystone/keystone/server/flask/request_processing/middleware/auth_context.py:478}}
Aug 09 18:59:24.663384 dv-cinder-852654-1-smb devstack@keystone.service[80524]: DEBUG keystone.server.flask.request_processing.req_logging [None req-95f396e7-3645-4a1f-8f69-2c6443f7195d None admin] REQUEST_METHOD: `GET` {{(pid=80524) log_request_info /opt/stack/keystone/keystone/server/flask/request_processing/req_logging.py:27}}
Aug 09 18:59:24.663515 dv-cinder-852654-1-smb devstack@keystone.service[80523]: DEBUG dbcounter [-] [80523] Writing DB stats keystone:SELECT=97,keystone:INSERT=3 {{(pid=80523) stat_writer /usr/local/lib/python3.8/dist-packages/dbcounter.py:114}}
Aug 09 18:59:24.663719 dv-cinder-852654-1-smb devstack@keystone.service[80524]: DEBUG keystone.server.flask.request_processing.req_logging [None req-95f396e7-3645-4a1f-8f69-2c6443f7195d None admin] SCRIPT_NAME: `/identity` {{(pid=80524) log_request_info /opt/stack/keystone/keystone/server/flask/request_processing/req_logging.py:28}}
Aug 09 18:59:24.663991 dv-cinder-852654-1-smb devstack@keystone.service[80524]: DEBUG keystone.server.flask.request_processing.req_logging [None req-95f396e7-3645-4a1f-8f69-2c6443f7195d None admin] PATH_INFO: `/v3/roles/anotherrole` {{(pid=80524) log_request_info /opt/stack/keystone/keystone/server/flask/request_processing/req_logging.py:29}}
Aug 09 18:59:24.667097 dv-cinder-852654-1-smb devstack@keystone.service[80523]: DEBUG keystone.server.flask.request_processing.middleware.auth_context [None req-ba43f016-89c9-46f1-ad78-cd84b949bc5f None admin] Validating token access rules against request {{(pid=80523) validate_allowed_request /usr/local/lib/python3.8/dist-packages/keystonemiddleware/auth_token/__init__.py:545}}
Aug 09 18:59:24.676123 dv-cinder-852654-1-smb devstack@keystone.service[80524]: DEBUG keystone.common.rbac_enforcer.enforcer [None req-95f396e7-3645-4a1f-8f69-2c6443f7195d None admin] Extracting inferred target data resulted in "NOT FOUND (404)". {{(pid=80524) enforce_call /opt/stack/keystone/keystone/common/rbac_enforcer/enforcer.py:409}}
Aug 09 18:59:24.681061 dv-cinder-852654-1-smb devstack@keystone.service[80524]: ERROR keystone.server.flask.application [None req-95f396e7-3645-4a1f-8f69-2c6443f7195d None admin] Could not find role: anotherrole.: keystone.exception.RoleNotFound: Could not find role: anotherrole.
Aug 09 18:59:24.681061 dv-cinder-852654-1-smb devstack@keystone.service[80524]: ERROR keystone.server.flask.application
Traceback (most recent call last):
Aug 09 18:59:24.681061 dv-cinder-852654-1-smb devstack@keystone.service[80524]: ERROR keystone.server.flask.application
File "/usr/local/lib/python3.8/dist-packages/flask/app.py", line 1820, in full_dispatch_request
Aug 09 18:59:24.681061 dv-cinder-852654-1-smb devstack@keystone.service[80524]: ERROR keystone.server.flask.application rv = self.dispatch_request()
Aug 09 18:59:24.681061 dv-cinder-852654-1-smb devstack@keystone.service[80524]: ERROR keystone.server.flask.application
File "/usr/local/lib/python3.8/dist-packages/flask/app.py", line 1796, in dispatch_request
Aug 09 18:59:24.681061 dv-cinder-852654-1-smb devstack@keystone.service[80524]: ERROR keystone.server.flask.application return self.ensure_sync(self.view_functions[rule.endpoint])(**view_args)
Aug 09 18:59:24.681061 dv-cinder-852654-1-smb devstack@keystone.service[80524]: ERROR keystone.server.flask.application
File "/usr/local/lib/python3.8/dist-packages/flask_restful/__init__.py", line 467, in wrapper
Aug 09 18:59:24.681061 dv-cinder-852654-1-smb devstack@keystone.service[80524]: ERROR keystone.server.flask.application resp = resource(*args, **kwargs)
Aug 09 18:59:24.681061 dv-cinder-852654-1-smb devstack@keystone.service[80524]: ERROR keystone.server.flask.application
File "/usr/local/lib/python3.8/dist-packages/flask/views.py", line 107, in view
Aug 09 18:59:24.681061 dv-cinder-852654-1-smb devstack@keystone.service[80524]: ERROR keystone.server.flask.application return current_app.ensure_sync(self.dispatch_request)(**kwargs)
Aug 09 18:59:24.681061 dv-cinder-852654-1-smb devstack@keystone.service[80524]: ERROR keystone.server.flask.application
File "/usr/local/lib/python3.8/dist-packages/flask_restful/__init__.py", line 582, in dispatch_request
Aug 09 18:59:24.681061 dv-cinder-852654-1-smb devstack@keystone.service[80524]: ERROR keystone.server.flask.application resp = meth(*args, **kwargs)
Aug 09 18:59:24.681061 dv-cinder-852654-1-smb devstack@keystone.service[80524]: ERROR keystone.server.flask.application
File "/opt/stack/keystone/keystone/api/roles.py", line 50, in get
Aug 09 18:59:24.681061 dv-cinder-852654-1-smb devstack@keystone.service[80524]: ERROR keystone.server.flask.application return self._get_role(role_id)
Aug 09 18:59:24.681061 dv-cinder-852654-1-smb devstack@keystone.service[80524]: ERROR keystone.server.flask.application
File "/opt/stack/keystone/keystone/api/roles.py", line 70, in _get_role
Aug 09 18:59:24.681061 dv-cinder-852654-1-smb devstack@keystone.service[80524]: ERROR keystone.server.flask.application ENFORCER.enforce_call(action='identity:get_role')
Aug 09 18:59:24.682260 dv-cinder-852654-1-smb devstack@keystone.service[80524]: ERROR keystone.server.flask.application
File "/opt/stack/keystone/keystone/common/rbac_enforcer/enforcer.py", line 402, in enforce_call
Aug 09 18:59:24.682260 dv-cinder-852654-1-smb devstack@keystone.service[80524]: ERROR keystone.server.flask.application policy_dict.update(cls._extract_member_target_data(
Aug 09 18:59:24.682260 dv-cinder-852654-1-smb devstack@keystone.service[80524]: ERROR keystone.server.flask.application
File "/opt/stack/keystone/keystone/common/rbac_enforcer/enforcer.py", line 234, in _extract_member_target_data
Aug 09 18:59:24.682260 dv-cinder-852654-1-smb devstack@keystone.service[80524]: ERROR keystone.server.flask.application member_name: func(flask.request.view_args[key])
Aug 09 18:59:24.682260 dv-cinder-852654-1-smb devstack@keystone.service[80524]: ERROR keystone.server.flask.application
File "/opt/stack/keystone/keystone/common/manager.py", line 115, in wrapped
Aug 09 18:59:24.682260 dv-cinder-852654-1-smb devstack@keystone.service[80524]: ERROR keystone.server.flask.application __ret_val = __f(*args, **kwargs)
Aug 09 18:59:24.682260 dv-cinder-852654-1-smb devstack@keystone.service[80524]: ERROR keystone.server.flask.application
File "/usr/local/lib/python3.8/dist-packages/decorator.py", line 232, in fun
Aug 09 18:59:24.682260 dv-cinder-852654-1-smb devstack@keystone.service[80524]: ERROR keystone.server.flask.application return caller(func, *(extras + args), **kw)
Aug 09 18:59:24.682260 dv-cinder-852654-1-smb devstack@keystone.service[80524]: ERROR keystone.server.flask.application
File "/usr/local/lib/python3.8/dist-packages/dogpile/cache/region.py", line 1577, in get_or_create_for_user_func
Aug 09 18:59:24.682260 dv-cinder-852654-1-smb devstack@keystone.service[80524]: ERROR keystone.server.flask.application return self.get_or_create(
Aug 09 18:59:24.682260 dv-cinder-852654-1-smb devstack@keystone.service[80524]: ERROR keystone.server.flask.application
File "/usr/local/lib/python3.8/dist-packages/dogpile/cache/region.py", line 1042, in get_or_create
Aug 09 18:59:24.682260 dv-cinder-852654-1-smb devstack@keystone.service[80524]: ERROR keystone.server.flask.application with Lock(
Aug 09 18:59:24.682260 dv-cinder-852654-1-smb devstack@keystone.service[80524]: ERROR keystone.server.flask.application
File "/usr/local/lib/python3.8/dist-packages/dogpile/lock.py", line 185, in __enter__
Aug 09 18:59:24.682260 dv-cinder-852654-1-smb devstack@keystone.service[80524]: ERROR keystone.server.flask.application return self._enter()
Aug 09 18:59:24.682260 dv-cinder-852654-1-smb devstack@keystone.service[80524]: ERROR keystone.server.flask.application
File "/usr/local/lib/python3.8/dist-packages/dogpile/lock.py", line 94, in _enter
Aug 09 18:59:24.682260 dv-cinder-852654-1-smb devstack@keystone.service[80524]: ERROR keystone.server.flask.application generated = self._enter_create(value, createdtime)
Aug 09 18:59:24.683069 dv-cinder-852654-1-smb devstack@keystone.service[80524]: ERROR keystone.server.flask.application
File "/usr/local/lib/python3.8/dist-packages/dogpile/lock.py", line 178, in _enter_create
Aug 09 18:59:24.683069 dv-cinder-852654-1-smb devstack@keystone.service[80524]: ERROR keystone.server.flask.application return self.creator()
Aug 09 18:59:24.683069 dv-cinder-852654-1-smb devstack@keystone.service[80524]: ERROR keystone.server.flask.application
File "/usr/local/lib/python3.8/dist-packages/dogpile/cache/region.py", line 995, in gen_value
Aug 09 18:59:24.683069 dv-cinder-852654-1-smb devstack@keystone.service[80524]: ERROR keystone.server.flask.application created_value = creator(
Aug 09 18:59:24.683069 dv-cinder-852654-1-smb devstack@keystone.service[80524]: ERROR keystone.server.flask.application
File "/opt/stack/keystone/keystone/assignment/core.py", line 1276, in get_role
Aug 09 18:59:24.683069 dv-cinder-852654-1-smb devstack@keystone.service[80524]: ERROR keystone.server.flask.application return self.driver.get_role(role_id)
Aug 09 18:59:24.683069 dv-cinder-852654-1-smb devstack@keystone.service[80524]: ERROR keystone.server.flask.application
File "/opt/stack/keystone/keystone/assignment/role_backends/sql.py", line 70, in get_role
Aug 09 18:59:24.683069 dv-cinder-852654-1-smb devstack@keystone.service[80524]: ERROR keystone.server.flask.application return self._get_role(session, role_id).to_dict()
Aug 09 18:59:24.683069 dv-cinder-852654-1-smb devstack@keystone.service[80524]: ERROR keystone.server.flask.application
File "/opt/stack/keystone/keystone/assignment/role_backends/sql.py", line 65, in _get_role
Aug 09 18:59:24.683069 dv-cinder-852654-1-smb devstack@keystone.service[80524]: ERROR keystone.server.flask.application raise exception.RoleNotFound(role_id=role_id)
Aug 09 18:59:24.683069 dv-cinder-852654-1-smb devstack@keystone.service[80524]: ERROR keystone.server.flask.application keystone.exception.RoleNotFound: Could not find role: anotherrole.
Aug 09 18:59:24.683069 dv-cinder-852654-1-smb devstack@keystone.service[80524]: ERROR keystone.server.flask.application
Aug 09 18:59:24.683069 dv-cinder-852654-1-smb devstack@keystone.service[80524]: [pid: 80524|app: 0|req: 100/197] 10.222.0.65 () {56 vars in 1114 bytes} [Tue Aug 9 18:59:24 2022] GET /identity/v3/roles/anotherrole => generated 89 bytes in 173 msecs (HTTP/1.1 404) 5 headers in 183 bytes (1 switches on core 0)
Aug 09 18:59:24.683069 dv-cinder-852654-1-smb devstack@keystone.service[80524]: DEBUG keystone.server.flask.request_processing.middleware.auth_context [None req-95f396e7-3645-4a1f-8f69-2c6443f7195d None admin] Authenticating user token {{(pid=80524) process_request /usr/local/lib/python3.8/dist-packages/keystonemiddleware/auth_token/__init__.py:407}}
Aug 09 18:59:24.715102 dv-cinder-852654-1-smb devstack@keystone.service[80523]: DEBUG keystone.server.flask.request_processing.middleware.auth_context [None req-63ad27d1-8d4b-42ff-bcb6-1a8e4cceddad None admin] RBAC: auth_context: {'token': , 'domain_id': None, 'trust_id': None, 'trustor_id': None, 'trustee_id': None, 'domain_name': None, 'group_ids': [], 'user_id': 'de54cc4aa2214403a8d5cfbff5af1478', 'user_domain_id': 'default', 'system_scope': 'all', 'project_id': None, 'project_domain_id': None, 'roles': ['admin', 'member', 'reader'], 'is_admin_project': True, 'service_user_id': None, 'service_user_domain_id': None, 'service_project_id': None, 'service_project_domain_id': None, 'service_roles': []} {{(pid=80523) fill_context /opt/stack/keystone/keystone/server/flask/request_processing/middleware/auth_context.py:478}}
Aug 09 18:59:24.715760 dv-cinder-852654-1-smb devstack@keystone.service[80523]: DEBUG keystone.server.flask.request_processing.req_logging [None req-63ad27d1-8d4b-42ff-bcb6-1a8e4cceddad None admin] REQUEST_METHOD: `GET` {{(pid=80523) log_request_info /opt/stack/keystone/keystone/server/flask/request_processing/req_logging.py:27}}
Aug 09 18:59:24.716297 dv-cinder-852654-1-smb devstack@keystone.service[80523]: DEBUG keystone.server.flask.request_processing.req_logging [None req-63ad27d1-8d4b-42ff-bcb6-1a8e4cceddad None admin] SCRIPT_NAME: `/identity` {{(pid=80523) log_request_info /opt/stack/keystone/keystone/server/flask/request_processing/req_logging.py:28}}
Aug 09 18:59:24.716605 dv-cinder-852654-1-smb devstack@keystone.service[80523]: DEBUG keystone.server.flask.request_processing.req_logging [None req-63ad27d1-8d4b-42ff-bcb6-1a8e4cceddad None admin] PATH_INFO: `/v3/auth/tokens` {{(pid=80523) log_request_info /opt/stack/keystone/keystone/server/flask/request_processing/req_logging.py:29}}
Aug 09 18:59:24.792930 dv-cinder-852654-1-smb devstack@keystone.service[80524]: DEBUG dbcounter [-] [80524] Writing DB stats keystone:SELECT=100 {{(pid=80524) stat_writer /usr/local/lib/python3.8/dist-packages/dbcounter.py:114}}
Aug 09 18:59:24.798516 dv-cinder-852654-1-smb devstack@keystone.service[80524]: DEBUG keystone.server.flask.request_processing.middleware.auth_context [None req-95f396e7-3645-4a1f-8f69-2c6443f7195d None admin] Validating token access rules against request {{(pid=80524) validate_allowed_request /usr/local/lib/python3.8/dist-packages/keystonemiddleware/auth_token/__init__.py:545}}
Aug 09 18:59:24.805083 dv-cinder-852654-1-smb devstack@keystone.service[80523]: DEBUG keystone.common.rbac_enforcer.enforcer [None req-63ad27d1-8d4b-42ff-bcb6-1a8e4cceddad None admin] RBAC: Authorizing `identity:validate_token()` {{(pid=80523) enforce_call /opt/stack/keystone/keystone/common/rbac_enforcer/enforcer.py:449}}
Aug 09 18:59:24.806774 dv-cinder-852654-1-smb devstack@keystone.service[80523]: DEBUG keystone.common.rbac_enforcer.enforcer [None req-63ad27d1-8d4b-42ff-bcb6-1a8e4cceddad None admin] RBAC: Authorization granted {{(pid=80523) enforce_call /opt/stack/keystone/keystone/common/rbac_enforcer/enforcer.py:457}}
Aug 09 18:59:24.840949 dv-cinder-852654-1-smb devstack@keystone.service[80524]: DEBUG keystone.server.flask.request_processing.middleware.auth_context [None req-107763b0-d1df-45cf-950c-a00260e6127c None admin] RBAC: auth_context: {'token': , 'domain_id': None, 'trust_id': None, 'trustor_id': None, 'trustee_id': None, 'domain_name': None, 'group_ids': [], 'user_id': 'de54cc4aa2214403a8d5cfbff5af1478', 'user_domain_id': 'default', 'system_scope': 'all', 'project_id': None, 'project_domain_id': None, 'roles': ['admin', 'member', 'reader'], 'is_admin_project': True, 'service_user_id': None, 'service_user_domain_id': None, 'service_project_id': None, 'service_project_domain_id': None, 'service_roles': []} {{(pid=80524) fill_context /opt/stack/keystone/keystone/server/flask/request_processing/middleware/auth_context.py:478}}
Aug 09 18:59:24.840949 dv-cinder-852654-1-smb devstack@keystone.service[80524]: DEBUG keystone.server.flask.request_processing.req_logging [None req-107763b0-d1df-45cf-950c-a00260e6127c None admin] REQUEST_METHOD: `GET` {{(pid=80524) log_request_info /opt/stack/keystone/keystone/server/flask/request_processing/req_logging.py:27}}
Aug 09 18:59:24.840949 dv-cinder-852654-1-smb devstack@keystone.service[80524]: DEBUG keystone.server.flask.request_processing.req_logging [None req-107763b0-d1df-45cf-950c-a00260e6127c None admin] SCRIPT_NAME: `/identity` {{(pid=80524) log_request_info /opt/stack/keystone/keystone/server/flask/request_processing/req_logging.py:28}}
Aug 09 18:59:24.841329 dv-cinder-852654-1-smb devstack@keystone.service[80524]: DEBUG keystone.server.flask.request_processing.req_logging [None req-107763b0-d1df-45cf-950c-a00260e6127c None admin] PATH_INFO: `/v3/auth/tokens` {{(pid=80524) log_request_info /opt/stack/keystone/keystone/server/flask/request_processing/req_logging.py:29}}
Aug 09 18:59:24.927712 dv-cinder-852654-1-smb devstack@keystone.service[80523]: DEBUG dbcounter [-] [80523] Writing DB stats keystone:SELECT=100 {{(pid=80523) stat_writer /usr/local/lib/python3.8/dist-packages/dbcounter.py:114}}
Aug 09 18:59:24.930100 dv-cinder-852654-1-smb devstack@keystone.service[80524]: DEBUG keystone.common.rbac_enforcer.enforcer [None req-107763b0-d1df-45cf-950c-a00260e6127c None admin] RBAC: Authorizing `identity:validate_token()` {{(pid=80524) enforce_call /opt/stack/keystone/keystone/common/rbac_enforcer/enforcer.py:449}}
Aug 09 18:59:24.932091 dv-cinder-852654-1-smb devstack@keystone.service[80524]: DEBUG keystone.common.rbac_enforcer.enforcer [None req-107763b0-d1df-45cf-950c-a00260e6127c None admin] RBAC: Authorization granted {{(pid=80524) enforce_call /opt/stack/keystone/keystone/common/rbac_enforcer/enforcer.py:457}}
Aug 09 18:59:24.932951 dv-cinder-852654-1-smb devstack@keystone.service[80523]: [pid: 80523|app: 0|req: 98/198] 10.222.0.65 () {58 vars in 1282 bytes} [Tue Aug 9 18:59:24 2022] GET /identity/v3/auth/tokens => generated 799 bytes in 382 msecs (HTTP/1.1 200) 6 headers in 358 bytes (1 switches on core 0)
Aug 09 18:59:24.937477 dv-cinder-852654-1-smb devstack@keystone.service[80523]: DEBUG keystone.server.flask.request_processing.middleware.auth_context [None req-63ad27d1-8d4b-42ff-bcb6-1a8e4cceddad None admin] Authenticating user token {{(pid=80523) process_request /usr/local/lib/python3.8/dist-packages/keystonemiddleware/auth_token/__init__.py:407}}
Aug 09 18:59:25.044167 dv-cinder-852654-1-smb devstack@keystone.service[80524]: DEBUG dbcounter [-] [80524] Writing DB stats keystone:SELECT=100 {{(pid=80524) stat_writer /usr/local/lib/python3.8/dist-packages/dbcounter.py:114}}
Aug 09 18:59:25.049185 dv-cinder-852654-1-smb devstack@keystone.service[80524]: [pid: 80524|app: 0|req: 101/199] 10.222.0.65 () {58 vars in 1282 bytes} [Tue Aug 9 18:59:24 2022] GET /identity/v3/auth/tokens => generated 799 bytes in 366 msecs (HTTP/1.1 200) 6 headers in 358 bytes (1 switches on core 0)
Aug 09 18:59:25.054670 dv-cinder-852654-1-smb devstack@keystone.service[80524]: DEBUG keystone.server.flask.request_processing.middleware.auth_context [None req-107763b0-d1df-45cf-950c-a00260e6127c None admin] Authenticating user token {{(pid=80524) process_request /usr/local/lib/python3.8/dist-packages/keystonemiddleware/auth_token/__init__.py:407}}
Aug 09 18:59:25.068458 dv-cinder-852654-1-smb devstack@keystone.service[80523]: DEBUG keystone.server.flask.request_processing.middleware.auth_context [None req-63ad27d1-8d4b-42ff-bcb6-1a8e4cceddad None admin] Validating token access rules against request {{(pid=80523) validate_allowed_request /usr/local/lib/python3.8/dist-packages/keystonemiddleware/auth_token/__init__.py:545}}
Aug 09 18:59:25.111807 dv-cinder-852654-1-smb devstack@keystone.service[80523]: DEBUG keystone.server.flask.request_processing.middleware.auth_context [None req-a28c4821-3946-444b-8dfe-614c39436ab7 None admin] RBAC: auth_context: {'token': , 'domain_id': None, 'trust_id': None, 'trustor_id': None, 'trustee_id': None, 'domain_name': None, 'group_ids': [], 'user_id': 'de54cc4aa2214403a8d5cfbff5af1478', 'user_domain_id': 'default', 'system_scope': 'all', 'project_id': None, 'project_domain_id': None, 'roles': ['admin', 'member', 'reader'], 'is_admin_project': True, 'service_user_id': None, 'service_user_domain_id': None, 'service_project_id': None, 'service_project_domain_id': None, 'service_roles': []} {{(pid=80523) fill_context /opt/stack/keystone/keystone/server/flask/request_processing/middleware/auth_context.py:478}}
Aug 09 18:59:25.112426 dv-cinder-852654-1-smb devstack@keystone.service[80523]: DEBUG keystone.server.flask.request_processing.req_logging [None req-a28c4821-3946-444b-8dfe-614c39436ab7 None admin] REQUEST_METHOD: `GET` {{(pid=80523) log_request_info /opt/stack/keystone/keystone/server/flask/request_processing/req_logging.py:27}}
Aug 09 18:59:25.112707 dv-cinder-852654-1-smb devstack@keystone.service[80523]: DEBUG keystone.server.flask.request_processing.req_logging [None req-a28c4821-3946-444b-8dfe-614c39436ab7 None admin] SCRIPT_NAME: `/identity` {{(pid=80523) log_request_info /opt/stack/keystone/keystone/server/flask/request_processing/req_logging.py:28}}
Aug 09 18:59:25.112980 dv-cinder-852654-1-smb devstack@keystone.service[80523]: DEBUG keystone.server.flask.request_processing.req_logging [None req-a28c4821-3946-444b-8dfe-614c39436ab7 None admin] PATH_INFO: `/v3/roles` {{(pid=80523) log_request_info /opt/stack/keystone/keystone/server/flask/request_processing/req_logging.py:29}}
Aug 09 18:59:25.114269 dv-cinder-852654-1-smb devstack@keystone.service[80523]: DEBUG keystone.common.rbac_enforcer.enforcer [None req-a28c4821-3946-444b-8dfe-614c39436ab7 None admin] RBAC: Adding query filter params (name=anotherrole) {{(pid=80523) _extract_filter_values /opt/stack/keystone/keystone/common/rbac_enforcer/enforcer.py:167}}
Aug 09 18:59:25.114583 dv-cinder-852654-1-smb devstack@keystone.service[80523]: DEBUG keystone.common.rbac_enforcer.enforcer [None req-a28c4821-3946-444b-8dfe-614c39436ab7 None admin] RBAC: Authorizing `identity:list_roles()` {{(pid=80523) enforce_call /opt/stack/keystone/keystone/common/rbac_enforcer/enforcer.py:449}}
Aug 09 18:59:25.116452 dv-cinder-852654-1-smb devstack@keystone.service[80523]: DEBUG keystone.common.rbac_enforcer.enforcer [None req-a28c4821-3946-444b-8dfe-614c39436ab7 None admin] RBAC: Authorization granted {{(pid=80523) enforce_call /opt/stack/keystone/keystone/common/rbac_enforcer/enforcer.py:457}}
Aug 09 18:59:25.127250 dv-cinder-852654-1-smb devstack@keystone.service[80523]: [pid: 80523|app: 0|req: 99/200] 10.222.0.65 () {56 vars in 1111 bytes} [Tue Aug 9 18:59:24 2022] GET /identity/v3/roles?name=anotherrole => generated 334 bytes in 194 msecs (HTTP/1.1 200) 5 headers in 177 bytes (1 switches on core 0)
Aug 09 18:59:25.128061 dv-cinder-852654-1-smb devstack@keystone.service[80523]: DEBUG keystone.server.flask.request_processing.middleware.auth_context [None req-a28c4821-3946-444b-8dfe-614c39436ab7 None admin] Authenticating user token {{(pid=80523) process_request /usr/local/lib/python3.8/dist-packages/keystonemiddleware/auth_token/__init__.py:407}}
Aug 09 18:59:25.171278 dv-cinder-852654-1-smb devstack@keystone.service[80524]: DEBUG keystone.server.flask.request_processing.middleware.auth_context [None req-107763b0-d1df-45cf-950c-a00260e6127c None admin] Validating token access rules against request {{(pid=80524) validate_allowed_request /usr/local/lib/python3.8/dist-packages/keystonemiddleware/auth_token/__init__.py:545}}
Aug 09 18:59:25.205872 dv-cinder-852654-1-smb devstack@keystone.service[80523]: DEBUG dbcounter [-] [80523] Writing DB stats keystone:SELECT=100 {{(pid=80523) stat_writer /usr/local/lib/python3.8/dist-packages/dbcounter.py:114}}
Aug 09 18:59:25.221194 dv-cinder-852654-1-smb devstack@keystone.service[80524]: DEBUG keystone.server.flask.request_processing.middleware.auth_context [None req-87a89b88-2b6b-4b62-a87f-c94416dc00da None admin] RBAC: auth_context: {'token': , 'domain_id': None, 'trust_id': None, 'trustor_id': None, 'trustee_id': None, 'domain_name': None, 'group_ids': [], 'user_id': 'de54cc4aa2214403a8d5cfbff5af1478', 'user_domain_id': 'default', 'system_scope': 'all', 'project_id': None, 'project_domain_id': None, 'roles': ['admin', 'member', 'reader'], 'is_admin_project': True, 'service_user_id': None, 'service_user_domain_id': None, 'service_project_id': None, 'service_project_domain_id': None, 'service_roles': []} {{(pid=80524) fill_context /opt/stack/keystone/keystone/server/flask/request_processing/middleware/auth_context.py:478}}
