Aug 09 07:03:27.650268 dv-cinder-852514-1-iscsi devstack@c-api.service[110975]: DEBUG cinder.volume.api [None req-55a8cdb3-e82a-49f9-9543-eb8c1ab14120 tempest-VolumesImageMetadata-1377200440 tempest-VolumesImageMetadata-1377200440-project] Task 'cinder.volume.flows.api.create_volume.QuotaCommitTask;volume:create' (4cbe2895-c4f4-4f40-a293-b192ccc1eb8e) transitioned into state 'SUCCESS' from state 'RUNNING' with result '{'volume_properties': VolumeProperties(attach_status='detached',availability_zone='nova',cgsnapshot_id=None,consistencygroup_id=None,display_description=None,display_name='tempest-VolumesImageMetadata-Volume-1207394571',encryption_key_id=None,group_id=None,group_type_id=,metadata={},multiattach=False,project_id='7f0f51c6328d4b37b196d0c17e6abed7',qos_specs=None,replication_status=,reservations=['c6818bce-78f2-480b-b094-59ffe6c7bf78','4db29ebc-8862-4312-b8bd-553b10237287','e3107bb3-ebef-4d57-8fc4-99c71d15f137','1a57410a-3364-45bb-9b93-e27e1052605f'],size=1,snapshot_id=None,source_replicaid=,source_volid=None,status='creating',user_id='f5e97ea3f6e6469aae5451c4aa391699',volume_type_id=e9fd2995-2d2d-4d56-a264-8301178a37c2)}' {{(pid=110975) _task_receiver /usr/local/lib/python3.8/dist-packages/taskflow/listeners/logging.py:178}}
Aug 09 07:03:27.650435 dv-cinder-852514-1-iscsi devstack@c-api.service[110976]: DEBUG cinder.api.openstack.wsgi [None req-115a522e-f8d0-4e62-81c9-3054b42028a0 tempest-GroupSnapshotsTest-1608908108 tempest-GroupSnapshotsTest-1608908108-project-admin] Action: 'create', calling method: _create, body: {"volume_type": {"name": "tempest-GroupSnapshotsTest-volume-type-1149448049"}} {{(pid=110976) _process_stack /opt/stack/cinder/cinder/api/openstack/wsgi.py:866}}
Aug 09 07:03:27.652106 dv-cinder-852514-1-iscsi devstack@c-api.service[110975]: DEBUG cinder.volume.api [None req-55a8cdb3-e82a-49f9-9543-eb8c1ab14120 tempest-VolumesImageMetadata-1377200440 tempest-VolumesImageMetadata-1377200440-project] Task 'cinder.volume.flows.api.create_volume.VolumeCastTask;volume:create' (ad64288c-16f1-4478-a350-b6a8137ecd8d) transitioned into state 'RUNNING' from state 'PENDING' {{(pid=110975) _task_receiver /usr/local/lib/python3.8/dist-packages/taskflow/listeners/logging.py:190}}
Aug 09 07:03:27.669607 dv-cinder-852514-1-iscsi devstack@c-api.service[110975]: DEBUG cinder.volume.api [None req-55a8cdb3-e82a-49f9-9543-eb8c1ab14120 tempest-VolumesImageMetadata-1377200440 tempest-VolumesImageMetadata-1377200440-project] Task 'cinder.volume.flows.api.create_volume.VolumeCastTask;volume:create' (ad64288c-16f1-4478-a350-b6a8137ecd8d) transitioned into state 'SUCCESS' from state 'RUNNING' with result 'None' {{(pid=110975) _task_receiver /usr/local/lib/python3.8/dist-packages/taskflow/listeners/logging.py:178}}
Aug 09 07:03:27.672429 dv-cinder-852514-1-iscsi devstack@c-api.service[110975]: DEBUG cinder.volume.api [None req-55a8cdb3-e82a-49f9-9543-eb8c1ab14120 tempest-VolumesImageMetadata-1377200440 tempest-VolumesImageMetadata-1377200440-project] Flow 'volume_create_api' (18dde517-69f7-4969-a2e7-3d109a50c5ef) transitioned into state 'SUCCESS' from state 'RUNNING' {{(pid=110975) _flow_receiver /usr/local/lib/python3.8/dist-packages/taskflow/listeners/logging.py:141}}
Aug 09 07:03:27.673103 dv-cinder-852514-1-iscsi devstack@c-api.service[110975]: INFO cinder.volume.api [None req-55a8cdb3-e82a-49f9-9543-eb8c1ab14120 tempest-VolumesImageMetadata-1377200440 tempest-VolumesImageMetadata-1377200440-project] Create volume request issued successfully.
Aug 09 07:03:27.674355 dv-cinder-852514-1-iscsi devstack@c-api.service[110975]: INFO cinder.api.openstack.wsgi [None req-55a8cdb3-e82a-49f9-9543-eb8c1ab14120 tempest-VolumesImageMetadata-1377200440 tempest-VolumesImageMetadata-1377200440-project] http://10.222.0.30/volume/v3/7f0f51c6328d4b37b196d0c17e6abed7/volumes returned with HTTP 202
Aug 09 07:03:27.675626 dv-cinder-852514-1-iscsi devstack@c-api.service[110975]: [pid: 110975|app: 0|req: 169/343] 10.222.0.30 () {60 vars in 1236 bytes} [Tue Aug 9 07:03:27 2022] POST /volume/v3/7f0f51c6328d4b37b196d0c17e6abed7/volumes => generated 820 bytes in 578 msecs (HTTP/1.1 202) 7 headers in 291 bytes (1 switches on core 0)
Aug 09 07:03:27.676937 dv-cinder-852514-1-iscsi devstack@c-api.service[110975]: DEBUG cinder.api.middleware.request_id [None req-afa33422-146e-42ab-8bb4-236f8911885c None None] RequestId filter calling following filter/app {{(pid=110975) _context_setter /opt/stack/cinder/cinder/api/middleware/request_id.py:62}}
Aug 09 07:03:27.692357 dv-cinder-852514-1-iscsi devstack@c-api.service[110975]: INFO cinder.api.openstack.wsgi [None req-afa33422-146e-42ab-8bb4-236f8911885c tempest-DeleteServersTestJSON-1255412434 tempest-DeleteServersTestJSON-1255412434-project] GET http://10.222.0.30/volume/v3/a1b8f338b40e4d7e9a6249084bcdaa73/volumes/fa8ab713-85d5-47cf-8a11-75d01ba283de
Aug 09 07:03:27.692788 dv-cinder-852514-1-iscsi devstack@c-api.service[110975]: DEBUG cinder.api.openstack.wsgi [None req-afa33422-146e-42ab-8bb4-236f8911885c tempest-DeleteServersTestJSON-1255412434 tempest-DeleteServersTestJSON-1255412434-project] Empty body provided in request {{(pid=110975) get_body /opt/stack/cinder/cinder/api/openstack/wsgi.py:715}}
Aug 09 07:03:27.693886 dv-cinder-852514-1-iscsi devstack@c-api.service[110975]: DEBUG cinder.api.openstack.wsgi [None req-afa33422-146e-42ab-8bb4-236f8911885c tempest-DeleteServersTestJSON-1255412434 tempest-DeleteServersTestJSON-1255412434-project] Calling method 'show' {{(pid=110975) _process_stack /opt/stack/cinder/cinder/api/openstack/wsgi.py:868}}
Aug 09 07:03:27.705706 dv-cinder-852514-1-iscsi devstack@c-api.service[110976]: INFO cinder.api.openstack.wsgi [None req-115a522e-f8d0-4e62-81c9-3054b42028a0 tempest-GroupSnapshotsTest-1608908108 tempest-GroupSnapshotsTest-1608908108-project-admin] http://10.222.0.30/volume/v3/4cae8fad268e4a69acfa71713aaca9a3/types returned with HTTP 200
Aug 09 07:03:27.706244 dv-cinder-852514-1-iscsi devstack@c-api.service[110976]: [pid: 110976|app: 0|req: 175/344] 10.222.0.30 () {60 vars in 1229 bytes} [Tue Aug 9 07:03:27 2022] POST /volume/v3/4cae8fad268e4a69acfa71713aaca9a3/types => generated 224 bytes in 70 msecs (HTTP/1.1 200) 7 headers in 285 bytes (1 switches on core 0)
Aug 09 07:03:27.707406 dv-cinder-852514-1-iscsi devstack@c-api.service[110976]: DEBUG cinder.api.middleware.request_id [None req-f2a94d33-5fcb-49af-ba16-c636d6feafa5 None None] RequestId filter calling following filter/app {{(pid=110976) _context_setter /opt/stack/cinder/cinder/api/middleware/request_id.py:62}}
Aug 09 07:03:27.716141 dv-cinder-852514-1-iscsi devstack@c-api.service[110976]: INFO cinder.api.openstack.wsgi [None req-f2a94d33-5fcb-49af-ba16-c636d6feafa5 tempest-VolumesImageMetadata-1377200440 tempest-VolumesImageMetadata-1377200440-project] GET http://10.222.0.30/volume/v3/7f0f51c6328d4b37b196d0c17e6abed7/volumes/d67a881e-d235-437b-b433-3fd753a86799
Aug 09 07:03:27.721273 dv-cinder-852514-1-iscsi devstack@c-api.service[110976]: DEBUG cinder.api.openstack.wsgi [None req-f2a94d33-5fcb-49af-ba16-c636d6feafa5 tempest-VolumesImageMetadata-1377200440 tempest-VolumesImageMetadata-1377200440-project] Empty body provided in request {{(pid=110976) get_body /opt/stack/cinder/cinder/api/openstack/wsgi.py:715}}
Aug 09 07:03:27.722327 dv-cinder-852514-1-iscsi devstack@c-api.service[110976]: DEBUG cinder.api.openstack.wsgi [None req-f2a94d33-5fcb-49af-ba16-c636d6feafa5 tempest-VolumesImageMetadata-1377200440 tempest-VolumesImageMetadata-1377200440-project] Calling method 'show' {{(pid=110976) _process_stack /opt/stack/cinder/cinder/api/openstack/wsgi.py:868}}
Aug 09 07:03:27.728329 dv-cinder-852514-1-iscsi devstack@c-api.service[110975]: /usr/local/lib/python3.8/dist-packages/oslo_context/context.py:100: DeprecationWarning: Policy enforcement is depending on the value of is_admin. This key is deprecated. Please update your policy file to use the standard policy values.
Aug 09 07:03:27.728329 dv-cinder-852514-1-iscsi devstack@c-api.service[110975]: warnings.warn('Policy enforcement is depending on the value of '
Aug 09 07:03:27.737304 dv-cinder-852514-1-iscsi devstack@c-api.service[110975]: INFO cinder.volume.api [None req-afa33422-146e-42ab-8bb4-236f8911885c tempest-DeleteServersTestJSON-1255412434 tempest-DeleteServersTestJSON-1255412434-project] Volume info retrieved successfully.
Aug 09 07:03:27.747956 dv-cinder-852514-1-iscsi devstack@c-api.service[110976]: /usr/local/lib/python3.8/dist-packages/oslo_context/context.py:100: DeprecationWarning: Policy enforcement is depending on the value of is_admin. This key is deprecated. Please update your policy file to use the standard policy values.
Aug 09 07:03:27.747956 dv-cinder-852514-1-iscsi devstack@c-api.service[110976]: warnings.warn('Policy enforcement is depending on the value of '
Aug 09 07:03:27.749505 dv-cinder-852514-1-iscsi devstack@c-api.service[110975]: INFO cinder.api.openstack.wsgi [None req-afa33422-146e-42ab-8bb4-236f8911885c tempest-DeleteServersTestJSON-1255412434 tempest-DeleteServersTestJSON-1255412434-project] http://10.222.0.30/volume/v3/a1b8f338b40e4d7e9a6249084bcdaa73/volumes/fa8ab713-85d5-47cf-8a11-75d01ba283de returned with HTTP 200
Aug 09 07:03:27.750346 dv-cinder-852514-1-iscsi devstack@c-api.service[110975]: [pid: 110975|app: 0|req: 170/345] 10.222.0.30 () {58 vars in 1325 bytes} [Tue Aug 9 07:03:27 2022] GET /volume/v3/a1b8f338b40e4d7e9a6249084bcdaa73/volumes/fa8ab713-85d5-47cf-8a11-75d01ba283de => generated 913 bytes in 74 msecs (HTTP/1.1 200) 7 headers in 285 bytes (1 switches on core 0)
Aug 09 07:03:27.764814 dv-cinder-852514-1-iscsi devstack@c-api.service[110976]: INFO cinder.volume.api [None req-f2a94d33-5fcb-49af-ba16-c636d6feafa5 tempest-VolumesImageMetadata-1377200440 tempest-VolumesImageMetadata-1377200440-project] Volume info retrieved successfully.
Aug 09 07:03:27.764960 dv-cinder-852514-1-iscsi devstack@c-api.service[110975]: DEBUG cinder.api.middleware.request_id [None req-2ff1f4a5-8316-4e32-b455-cd3c10642055 None None] RequestId filter calling following filter/app {{(pid=110975) _context_setter /opt/stack/cinder/cinder/api/middleware/request_id.py:62}}
Aug 09 07:03:27.768677 dv-cinder-852514-1-iscsi devstack@c-api.service[110975]: INFO cinder.api.openstack.wsgi [None req-2ff1f4a5-8316-4e32-b455-cd3c10642055 tempest-GroupSnapshotsTest-1608908108 tempest-GroupSnapshotsTest-1608908108-project-admin] POST http://10.222.0.30/volume/v3/4cae8fad268e4a69acfa71713aaca9a3/group_types
Aug 09 07:03:27.769321 dv-cinder-852514-1-iscsi devstack@c-api.service[110975]: DEBUG cinder.api.openstack.wsgi [None req-2ff1f4a5-8316-4e32-b455-cd3c10642055 tempest-GroupSnapshotsTest-1608908108 tempest-GroupSnapshotsTest-1608908108-project-admin] Action: 'create', calling method: version_select, body: {"group_type": {"name": "tempest-GroupSnapshotsTest-group-type-1444784845"}} {{(pid=110975) _process_stack /opt/stack/cinder/cinder/api/openstack/wsgi.py:866}}
Aug 09 07:03:27.775731 dv-cinder-852514-1-iscsi devstack@c-api.service[110976]: INFO cinder.api.openstack.wsgi [None req-f2a94d33-5fcb-49af-ba16-c636d6feafa5 tempest-VolumesImageMetadata-1377200440 tempest-VolumesImageMetadata-1377200440-project] http://10.222.0.30/volume/v3/7f0f51c6328d4b37b196d0c17e6abed7/volumes/d67a881e-d235-437b-b433-3fd753a86799 returned with HTTP 200
Aug 09 07:03:27.776726 dv-cinder-852514-1-iscsi devstack@c-api.service[110976]: [pid: 110976|app: 0|req: 176/346] 10.222.0.30 () {58 vars in 1325 bytes} [Tue Aug 9 07:03:27 2022] GET /volume/v3/7f0f51c6328d4b37b196d0c17e6abed7/volumes/d67a881e-d235-437b-b433-3fd753a86799 => generated 888 bytes in 70 msecs (HTTP/1.1 200) 7 headers in 285 bytes (1 switches on core 0)
Aug 09 07:03:27.807769 dv-cinder-852514-1-iscsi devstack@c-api.service[110975]: INFO cinder.api.openstack.wsgi [None req-2ff1f4a5-8316-4e32-b455-cd3c10642055 tempest-GroupSnapshotsTest-1608908108 tempest-GroupSnapshotsTest-1608908108-project-admin] http://10.222.0.30/volume/v3/4cae8fad268e4a69acfa71713aaca9a3/group_types returned with HTTP 202
Aug 09 07:03:27.809030 dv-cinder-852514-1-iscsi devstack@c-api.service[110975]: [pid: 110975|app: 0|req: 171/347] 10.222.0.30 () {62 vars in 1288 bytes} [Tue Aug 9 07:03:27 2022] POST /volume/v3/4cae8fad268e4a69acfa71713aaca9a3/group_types => generated 181 bytes in 58 msecs (HTTP/1.1 202) 7 headers in 292 bytes (1 switches on core 0)
Aug 09 07:03:27.819634 dv-cinder-852514-1-iscsi devstack@c-api.service[110976]: DEBUG cinder.api.middleware.request_id [None req-eed1a648-bec0-4d97-a169-51a604c1d3da None None] RequestId filter calling following filter/app {{(pid=110976) _context_setter /opt/stack/cinder/cinder/api/middleware/request_id.py:62}}
Aug 09 07:03:27.825457 dv-cinder-852514-1-iscsi devstack@c-api.service[110976]: INFO cinder.api.openstack.wsgi [None req-eed1a648-bec0-4d97-a169-51a604c1d3da tempest-GroupSnapshotsTest-832444643 tempest-GroupSnapshotsTest-832444643-project] POST http://10.222.0.30/volume/v3/c37d5a3b88ab4b169e3f3e4e423a4498/groups
Aug 09 07:03:27.826210 dv-cinder-852514-1-iscsi devstack@c-api.service[110976]: DEBUG cinder.api.openstack.wsgi [None req-eed1a648-bec0-4d97-a169-51a604c1d3da tempest-GroupSnapshotsTest-832444643 tempest-GroupSnapshotsTest-832444643-project] Action: 'create', calling method: version_select, body: {"group": {"group_type": "bd7bf4f7-f694-4d91-bec0-c777349dff3a", "volume_types": ["cce084dd-7fa7-4288-a05d-d3943886293d"], "name": "tempest-GroupSnapshotsTest-Group-398181823"}} {{(pid=110976) _process_stack /opt/stack/cinder/cinder/api/openstack/wsgi.py:866}}
Aug 09 07:03:27.828601 dv-cinder-852514-1-iscsi devstack@c-api.service[110976]: DEBUG cinder.api.v3.groups [None req-eed1a648-bec0-4d97-a169-51a604c1d3da tempest-GroupSnapshotsTest-832444643 tempest-GroupSnapshotsTest-832444643-project] Creating new group {'group': {'group_type': 'bd7bf4f7-f694-4d91-bec0-c777349dff3a', 'volume_types': ['cce084dd-7fa7-4288-a05d-d3943886293d'], 'name': 'tempest-GroupSnapshotsTest-Group-398181823'}} {{(pid=110976) create /opt/stack/cinder/cinder/api/v3/groups.py:190}}
Aug 09 07:03:27.840522 dv-cinder-852514-1-iscsi devstack@c-api.service[110976]: INFO cinder.api.v3.groups [None req-eed1a648-bec0-4d97-a169-51a604c1d3da tempest-GroupSnapshotsTest-832444643 tempest-GroupSnapshotsTest-832444643-project] Creating group tempest-GroupSnapshotsTest-Group-398181823.
Aug 09 07:03:27.863881 dv-cinder-852514-1-iscsi devstack@c-api.service[110976]: INFO cinder.volume.api [None req-eed1a648-bec0-4d97-a169-51a604c1d3da tempest-GroupSnapshotsTest-832444643 tempest-GroupSnapshotsTest-832444643-project] Availability Zones retrieved successfully.
Aug 09 07:03:27.902240 dv-cinder-852514-1-iscsi devstack@c-api.service[110976]: DEBUG cinder.quota [None req-eed1a648-bec0-4d97-a169-51a604c1d3da tempest-GroupSnapshotsTest-832444643 tempest-GroupSnapshotsTest-832444643-project] Created reservations ['bfd3d9d9-e5d3-4e8c-b0ac-3d52a3c0020c'] {{(pid=110976) reserve /opt/stack/cinder/cinder/quota.py:755}}
Aug 09 07:03:27.925348 dv-cinder-852514-1-iscsi devstack@c-api.service[110976]: DEBUG dbcounter [-] [110976] Writing DB stats cinder:SELECT=89,cinder:UPDATE=7,cinder:INSERT=4 {{(pid=110976) stat_writer /usr/local/lib/python3.8/dist-packages/dbcounter.py:114}}
Aug 09 07:03:27.947824 dv-cinder-852514-1-iscsi devstack@c-api.service[110976]: INFO cinder.api.openstack.wsgi [None req-eed1a648-bec0-4d97-a169-51a604c1d3da tempest-GroupSnapshotsTest-832444643 tempest-GroupSnapshotsTest-832444643-project] http://10.222.0.30/volume/v3/c37d5a3b88ab4b169e3f3e4e423a4498/groups returned with HTTP 202
Aug 09 07:03:27.949263 dv-cinder-852514-1-iscsi devstack@c-api.service[110976]: [pid: 110976|app: 0|req: 177/348] 10.222.0.30 () {62 vars in 1274 bytes} [Tue Aug 9 07:03:27 2022] POST /volume/v3/c37d5a3b88ab4b169e3f3e4e423a4498/groups => generated 111 bytes in 134 msecs (HTTP/1.1 202) 7 headers in 292 bytes (1 switches on core 0)
Aug 09 07:03:27.956573 dv-cinder-852514-1-iscsi devstack@c-api.service[110975]: DEBUG cinder.api.middleware.request_id [None req-c1b52001-8497-4a39-9659-0333230f93b6 None None] RequestId filter calling following filter/app {{(pid=110975) _context_setter /opt/stack/cinder/cinder/api/middleware/request_id.py:62}}
Aug 09 07:03:27.960093 dv-cinder-852514-1-iscsi devstack@c-api.service[110975]: INFO cinder.api.openstack.wsgi [None req-c1b52001-8497-4a39-9659-0333230f93b6 tempest-GroupSnapshotsTest-832444643 tempest-GroupSnapshotsTest-832444643-project] GET http://10.222.0.30/volume/v3/c37d5a3b88ab4b169e3f3e4e423a4498/groups/94c6ae0f-6a6d-4873-83fe-d7fdc5e28941
Aug 09 07:03:27.960693 dv-cinder-852514-1-iscsi devstack@c-api.service[110975]: DEBUG cinder.api.openstack.wsgi [None req-c1b52001-8497-4a39-9659-0333230f93b6 tempest-GroupSnapshotsTest-832444643 tempest-GroupSnapshotsTest-832444643-project] Empty body provided in request {{(pid=110975) get_body /opt/stack/cinder/cinder/api/openstack/wsgi.py:715}}
Aug 09 07:03:27.961933 dv-cinder-852514-1-iscsi devstack@c-api.service[110975]: DEBUG cinder.api.openstack.wsgi [None req-c1b52001-8497-4a39-9659-0333230f93b6 tempest-GroupSnapshotsTest-832444643 tempest-GroupSnapshotsTest-832444643-project] Calling method 'version_select' {{(pid=110975) _process_stack /opt/stack/cinder/cinder/api/openstack/wsgi.py:868}}
Aug 09 07:03:27.961933 dv-cinder-852514-1-iscsi devstack@c-api.service[110975]: DEBUG cinder.api.v3.groups [None req-c1b52001-8497-4a39-9659-0333230f93b6 tempest-GroupSnapshotsTest-832444643 tempest-GroupSnapshotsTest-832444643-project] show called for member 94c6ae0f-6a6d-4873-83fe-d7fdc5e28941 {{(pid=110975) show /opt/stack/cinder/cinder/api/v3/groups.py:58}}
Aug 09 07:03:27.969707 dv-cinder-852514-1-iscsi devstack@c-api.service[110975]: /usr/local/lib/python3.8/dist-packages/oslo_context/context.py:100: DeprecationWarning: Policy enforcement is depending on the value of is_admin. This key is deprecated. Please update your policy file to use the standard policy values.
Aug 09 07:03:27.969707 dv-cinder-852514-1-iscsi devstack@c-api.service[110975]: warnings.warn('Policy enforcement is depending on the value of '
Aug 09 07:03:27.986793 dv-cinder-852514-1-iscsi devstack@c-api.service[110975]: INFO cinder.api.openstack.wsgi [None req-c1b52001-8497-4a39-9659-0333230f93b6 tempest-GroupSnapshotsTest-832444643 tempest-GroupSnapshotsTest-832444643-project] http://10.222.0.30/volume/v3/c37d5a3b88ab4b169e3f3e4e423a4498/groups/94c6ae0f-6a6d-4873-83fe-d7fdc5e28941 returned with HTTP 200
Aug 09 07:03:27.987917 dv-cinder-852514-1-iscsi devstack@c-api.service[110975]: [pid: 110975|app: 0|req: 172/349] 10.222.0.30 () {60 vars in 1363 bytes} [Tue Aug 9 07:03:27 2022] GET /volume/v3/c37d5a3b88ab4b169e3f3e4e423a4498/groups/94c6ae0f-6a6d-4873-83fe-d7fdc5e28941 => generated 391 bytes in 33 msecs (HTTP/1.1 200) 7 headers in 286 bytes (1 switches on core 0)
Aug 09 07:03:28.766930 dv-cinder-852514-1-iscsi devstack@c-api.service[110976]: DEBUG cinder.api.middleware.request_id [None req-d61e216d-1bb8-4670-91cd-d895d2969bd4 None None] RequestId filter calling following filter/app {{(pid=110976) _context_setter /opt/stack/cinder/cinder/api/middleware/request_id.py:62}}
Aug 09 07:03:28.771205 dv-cinder-852514-1-iscsi devstack@c-api.service[110976]: INFO cinder.api.openstack.wsgi [None req-d61e216d-1bb8-4670-91cd-d895d2969bd4 tempest-DeleteServersTestJSON-1255412434 tempest-DeleteServersTestJSON-1255412434-project] GET http://10.222.0.30/volume/v3/a1b8f338b40e4d7e9a6249084bcdaa73/volumes/fa8ab713-85d5-47cf-8a11-75d01ba283de
Aug 09 07:03:28.771928 dv-cinder-852514-1-iscsi devstack@c-api.service[110976]: DEBUG cinder.api.openstack.wsgi [None req-d61e216d-1bb8-4670-91cd-d895d2969bd4 tempest-DeleteServersTestJSON-1255412434 tempest-DeleteServersTestJSON-1255412434-project] Empty body provided in request {{(pid=110976) get_body /opt/stack/cinder/cinder/api/openstack/wsgi.py:715}}
Aug 09 07:03:28.772765 dv-cinder-852514-1-iscsi devstack@c-api.service[110976]: DEBUG cinder.api.openstack.wsgi [None req-d61e216d-1bb8-4670-91cd-d895d2969bd4 tempest-DeleteServersTestJSON-1255412434 tempest-DeleteServersTestJSON-1255412434-project] Calling method 'show' {{(pid=110976) _process_stack /opt/stack/cinder/cinder/api/openstack/wsgi.py:868}}
Aug 09 07:03:28.792672 dv-cinder-852514-1-iscsi devstack@c-api.service[110975]: DEBUG cinder.api.middleware.request_id [None req-a4787a33-3a2d-4b90-8d3e-42572642fa15 None None] RequestId filter calling following filter/app {{(pid=110975) _context_setter /opt/stack/cinder/cinder/api/middleware/request_id.py:62}}
Aug 09 07:03:28.796730 dv-cinder-852514-1-iscsi devstack@c-api.service[110975]: INFO cinder.api.openstack.wsgi [None req-a4787a33-3a2d-4b90-8d3e-42572642fa15 tempest-VolumesImageMetadata-1377200440 tempest-VolumesImageMetadata-1377200440-project] GET http://10.222.0.30/volume/v3/7f0f51c6328d4b37b196d0c17e6abed7/volumes/d67a881e-d235-437b-b433-3fd753a86799
Aug 09 07:03:28.797179 dv-cinder-852514-1-iscsi devstack@c-api.service[110975]: DEBUG cinder.api.openstack.wsgi [None req-a4787a33-3a2d-4b90-8d3e-42572642fa15 tempest-VolumesImageMetadata-1377200440 tempest-VolumesImageMetadata-1377200440-project] Empty body provided in request {{(pid=110975) get_body /opt/stack/cinder/cinder/api/openstack/wsgi.py:715}}
Aug 09 07:03:28.797630 dv-cinder-852514-1-iscsi devstack@c-api.service[110975]: DEBUG cinder.api.openstack.wsgi [None req-a4787a33-3a2d-4b90-8d3e-42572642fa15 tempest-VolumesImageMetadata-1377200440 tempest-VolumesImageMetadata-1377200440-project] Calling method 'show' {{(pid=110975) _process_stack /opt/stack/cinder/cinder/api/openstack/wsgi.py:868}}
Aug 09 07:03:28.798867 dv-cinder-852514-1-iscsi devstack@c-api.service[110976]: /usr/local/lib/python3.8/dist-packages/oslo_context/context.py:100: DeprecationWarning: Policy enforcement is depending on the value of is_admin. This key is deprecated. Please update your policy file to use the standard policy values.
Aug 09 07:03:28.798867 dv-cinder-852514-1-iscsi devstack@c-api.service[110976]: warnings.warn('Policy enforcement is depending on the value of '
Aug 09 07:03:28.808056 dv-cinder-852514-1-iscsi devstack@c-api.service[110976]: INFO cinder.volume.api [None req-d61e216d-1bb8-4670-91cd-d895d2969bd4 tempest-DeleteServersTestJSON-1255412434 tempest-DeleteServersTestJSON-1255412434-project] Volume info retrieved successfully.
Aug 09 07:03:28.821849 dv-cinder-852514-1-iscsi devstack@c-api.service[110976]: INFO cinder.api.openstack.wsgi [None req-d61e216d-1bb8-4670-91cd-d895d2969bd4 tempest-DeleteServersTestJSON-1255412434 tempest-DeleteServersTestJSON-1255412434-project] http://10.222.0.30/volume/v3/a1b8f338b40e4d7e9a6249084bcdaa73/volumes/fa8ab713-85d5-47cf-8a11-75d01ba283de returned with HTTP 200
Aug 09 07:03:28.823365 dv-cinder-852514-1-iscsi devstack@c-api.service[110976]: [pid: 110976|app: 0|req: 178/350] 10.222.0.30 () {58 vars in 1325 bytes} [Tue Aug 9 07:03:28 2022] GET /volume/v3/a1b8f338b40e4d7e9a6249084bcdaa73/volumes/fa8ab713-85d5-47cf-8a11-75d01ba283de => generated 913 bytes in 57 msecs (HTTP/1.1 200) 7 headers in 285 bytes (1 switches on core 0)
Aug 09 07:03:28.844153 dv-cinder-852514-1-iscsi devstack@c-api.service[110975]: /usr/local/lib/python3.8/dist-packages/oslo_context/context.py:100: DeprecationWarning: Policy enforcement is depending on the value of is_admin. This key is deprecated. Please update your policy file to use the standard policy values.
Aug 09 07:03:28.844153 dv-cinder-852514-1-iscsi devstack@c-api.service[110975]: warnings.warn('Policy enforcement is depending on the value of '
Aug 09 07:03:28.885440 dv-cinder-852514-1-iscsi devstack@c-api.service[110975]: INFO cinder.volume.api [None req-a4787a33-3a2d-4b90-8d3e-42572642fa15 tempest-VolumesImageMetadata-1377200440 tempest-VolumesImageMetadata-1377200440-project] Volume info retrieved successfully.
Aug 09 07:03:28.916065 dv-cinder-852514-1-iscsi devstack@c-api.service[110975]: INFO cinder.api.openstack.wsgi [None req-a4787a33-3a2d-4b90-8d3e-42572642fa15 tempest-VolumesImageMetadata-1377200440 tempest-VolumesImageMetadata-1377200440-project] http://10.222.0.30/volume/v3/7f0f51c6328d4b37b196d0c17e6abed7/volumes/d67a881e-d235-437b-b433-3fd753a86799 returned with HTTP 200
Aug 09 07:03:28.916867 dv-cinder-852514-1-iscsi devstack@c-api.service[110975]: [pid: 110975|app: 0|req: 173/351] 10.222.0.30 () {58 vars in 1325 bytes} [Tue Aug 9 07:03:28 2022] GET /volume/v3/7f0f51c6328d4b37b196d0c17e6abed7/volumes/d67a881e-d235-437b-b433-3fd753a86799 => generated 912 bytes in 125 msecs (HTTP/1.1 200) 7 headers in 285 bytes (1 switches on core 0)
Aug 09 07:03:28.951847 dv-cinder-852514-1-iscsi devstack@c-api.service[110976]: DEBUG cinder.api.middleware.request_id [None req-77a8d21d-3848-4741-adfa-35bb2d8195a4 None None] RequestId filter calling following filter/app {{(pid=110976) _context_setter /opt/stack/cinder/cinder/api/middleware/request_id.py:62}}
Aug 09 07:03:28.998211 dv-cinder-852514-1-iscsi devstack@c-api.service[110975]: DEBUG cinder.api.middleware.request_id [None req-ce960524-f874-4860-be72-a1b298ca4ff1 None None] RequestId filter calling following filter/app {{(pid=110975) _context_setter /opt/stack/cinder/cinder/api/middleware/request_id.py:62}}
Aug 09 07:03:29.002929 dv-cinder-852514-1-iscsi devstack@c-api.service[110975]: INFO cinder.api.openstack.wsgi [None req-ce960524-f874-4860-be72-a1b298ca4ff1 tempest-GroupSnapshotsTest-832444643 tempest-GroupSnapshotsTest-832444643-project] GET http://10.222.0.30/volume/v3/c37d5a3b88ab4b169e3f3e4e423a4498/groups/94c6ae0f-6a6d-4873-83fe-d7fdc5e28941
Aug 09 07:03:29.003557 dv-cinder-852514-1-iscsi devstack@c-api.service[110975]: DEBUG cinder.api.openstack.wsgi [None req-ce960524-f874-4860-be72-a1b298ca4ff1 tempest-GroupSnapshotsTest-832444643 tempest-GroupSnapshotsTest-832444643-project] Empty body provided in request {{(pid=110975) get_body /opt/stack/cinder/cinder/api/openstack/wsgi.py:715}}
Aug 09 07:03:29.004566 dv-cinder-852514-1-iscsi devstack@c-api.service[110975]: DEBUG cinder.api.openstack.wsgi [None req-ce960524-f874-4860-be72-a1b298ca4ff1 tempest-GroupSnapshotsTest-832444643 tempest-GroupSnapshotsTest-832444643-project] Calling method 'version_select' {{(pid=110975) _process_stack /opt/stack/cinder/cinder/api/openstack/wsgi.py:868}}
Aug 09 07:03:29.005102 dv-cinder-852514-1-iscsi devstack@c-api.service[110975]: DEBUG cinder.api.v3.groups [None req-ce960524-f874-4860-be72-a1b298ca4ff1 tempest-GroupSnapshotsTest-832444643 tempest-GroupSnapshotsTest-832444643-project] show called for member 94c6ae0f-6a6d-4873-83fe-d7fdc5e28941 {{(pid=110975) show /opt/stack/cinder/cinder/api/v3/groups.py:58}}
Aug 09 07:03:29.012924 dv-cinder-852514-1-iscsi devstack@c-api.service[110975]: /usr/local/lib/python3.8/dist-packages/oslo_context/context.py:100: DeprecationWarning: Policy enforcement is depending on the value of is_admin. This key is deprecated. Please update your policy file to use the standard policy values.
Aug 09 07:03:29.012924 dv-cinder-852514-1-iscsi devstack@c-api.service[110975]: warnings.warn('Policy enforcement is depending on the value of '
Aug 09 07:03:29.016602 dv-cinder-852514-1-iscsi devstack@c-api.service[110975]: DEBUG dbcounter [-] [110975] Writing DB stats cinder:SELECT=77,cinder:INSERT=11,cinder:UPDATE=12 {{(pid=110975) stat_writer /usr/local/lib/python3.8/dist-packages/dbcounter.py:114}}
Aug 09 07:03:29.042057 dv-cinder-852514-1-iscsi devstack@c-api.service[110975]: INFO cinder.api.openstack.wsgi [None req-ce960524-f874-4860-be72-a1b298ca4ff1 tempest-GroupSnapshotsTest-832444643 tempest-GroupSnapshotsTest-832444643-project] http://10.222.0.30/volume/v3/c37d5a3b88ab4b169e3f3e4e423a4498/groups/94c6ae0f-6a6d-4873-83fe-d7fdc5e28941 returned with HTTP 200
Aug 09 07:03:29.042834 dv-cinder-852514-1-iscsi devstack@c-api.service[110975]: [pid: 110975|app: 0|req: 174/352] 10.222.0.30 () {60 vars in 1363 bytes} [Tue Aug 9 07:03:28 2022] GET /volume/v3/c37d5a3b88ab4b169e3f3e4e423a4498/groups/94c6ae0f-6a6d-4873-83fe-d7fdc5e28941 => generated 392 bytes in 46 msecs (HTTP/1.1 200) 7 headers in 286 bytes (2 switches on core 0)
Aug 09 07:03:29.051643 dv-cinder-852514-1-iscsi devstack@c-api.service[110975]: DEBUG cinder.api.middleware.request_id [None req-d18cbe11-6662-40ed-9e1d-a7d06df083c3 None None] RequestId filter calling following filter/app {{(pid=110975) _context_setter /opt/stack/cinder/cinder/api/middleware/request_id.py:62}}
Aug 09 07:03:29.055093 dv-cinder-852514-1-iscsi devstack@c-api.service[110975]: INFO cinder.api.openstack.wsgi [None req-d18cbe11-6662-40ed-9e1d-a7d06df083c3 tempest-GroupSnapshotsTest-832444643 tempest-GroupSnapshotsTest-832444643-project] POST http://10.222.0.30/volume/v3/c37d5a3b88ab4b169e3f3e4e423a4498/volumes
Aug 09 07:03:29.055916 dv-cinder-852514-1-iscsi devstack@c-api.service[110975]: DEBUG cinder.api.openstack.wsgi [None req-d18cbe11-6662-40ed-9e1d-a7d06df083c3 tempest-GroupSnapshotsTest-832444643 tempest-GroupSnapshotsTest-832444643-project] Action: 'create', calling method: create, body: {"volume": {"volume_type": "cce084dd-7fa7-4288-a05d-d3943886293d", "group_id": "94c6ae0f-6a6d-4873-83fe-d7fdc5e28941", "size": 1, "name": "tempest-GroupSnapshotsTest-Volume-1148698643"}} {{(pid=110975) _process_stack /opt/stack/cinder/cinder/api/openstack/wsgi.py:866}}
Aug 09 07:03:29.058275 dv-cinder-852514-1-iscsi devstack@c-api.service[110975]: DEBUG cinder.api.v3.volumes [None req-d18cbe11-6662-40ed-9e1d-a7d06df083c3 tempest-GroupSnapshotsTest-832444643 tempest-GroupSnapshotsTest-832444643-project] Create volume request body: {'volume': {'volume_type': 'cce084dd-7fa7-4288-a05d-d3943886293d', 'group_id': '94c6ae0f-6a6d-4873-83fe-d7fdc5e28941', 'size': 1, 'name': 'tempest-GroupSnapshotsTest-Volume-1148698643'}} {{(pid=110975) create /opt/stack/cinder/cinder/api/v3/volumes.py:298}}
Aug 09 07:03:29.073094 dv-cinder-852514-1-iscsi devstack@c-api.service[110975]: /usr/local/lib/python3.8/dist-packages/oslo_context/context.py:100: DeprecationWarning: Policy enforcement is depending on the value of is_admin. This key is deprecated. Please update your policy file to use the standard policy values.
Aug 09 07:03:29.073094 dv-cinder-852514-1-iscsi devstack@c-api.service[110975]: warnings.warn('Policy enforcement is depending on the value of '
Aug 09 07:03:29.074467 dv-cinder-852514-1-iscsi devstack@c-api.service[110975]: INFO cinder.api.v3.volumes [None req-d18cbe11-6662-40ed-9e1d-a7d06df083c3 tempest-GroupSnapshotsTest-832444643 tempest-GroupSnapshotsTest-832444643-project] Create volume of 1 GB
Aug 09 07:03:29.084982 dv-cinder-852514-1-iscsi devstack@c-api.service[110975]: INFO cinder.volume.api [None req-d18cbe11-6662-40ed-9e1d-a7d06df083c3 tempest-GroupSnapshotsTest-832444643 tempest-GroupSnapshotsTest-832444643-project] Availability Zones retrieved successfully.
Aug 09 07:03:29.100893 dv-cinder-852514-1-iscsi devstack@c-api.service[110975]: DEBUG cinder.volume.api [None req-d18cbe11-6662-40ed-9e1d-a7d06df083c3 tempest-GroupSnapshotsTest-832444643 tempest-GroupSnapshotsTest-832444643-project] Flow 'volume_create_api' (2cb748d4-4aef-47d3-850a-12c1f34f9a33) transitioned into state 'RUNNING' from state 'PENDING' {{(pid=110975) _flow_receiver /usr/local/lib/python3.8/dist-packages/taskflow/listeners/logging.py:141}}
Aug 09 07:03:29.103566 dv-cinder-852514-1-iscsi devstack@c-api.service[110975]: DEBUG cinder.volume.api [None req-d18cbe11-6662-40ed-9e1d-a7d06df083c3 tempest-GroupSnapshotsTest-832444643 tempest-GroupSnapshotsTest-832444643-project] Task 'cinder.volume.flows.api.create_volume.ExtractVolumeRequestTask;volume:create' (af8fea57-1ad1-4237-b5a0-29f6f522dfd1) transitioned into state 'RUNNING' from state 'PENDING' {{(pid=110975) _task_receiver /usr/local/lib/python3.8/dist-packages/taskflow/listeners/logging.py:190}}
Aug 09 07:03:29.105185 dv-cinder-852514-1-iscsi devstack@c-api.service[110975]: /usr/local/lib/python3.8/dist-packages/oslo_context/context.py:100: DeprecationWarning: Policy enforcement is depending on the value of is_admin. This key is deprecated. Please update your policy file to use the standard policy values.
Aug 09 07:03:29.105185 dv-cinder-852514-1-iscsi devstack@c-api.service[110975]: warnings.warn('Policy enforcement is depending on the value of '
Aug 09 07:03:29.106057 dv-cinder-852514-1-iscsi devstack@c-api.service[110975]: DEBUG cinder.volume.flows.api.create_volume [None req-d18cbe11-6662-40ed-9e1d-a7d06df083c3 tempest-GroupSnapshotsTest-832444643 tempest-GroupSnapshotsTest-832444643-project] Validating volume size '1' using validate_int {{(pid=110975) _extract_size /opt/stack/cinder/cinder/volume/flows/api/create_volume.py:228}}
Aug 09 07:03:29.125233 dv-cinder-852514-1-iscsi devstack@c-api.service[110976]: INFO cinder.api.openstack.wsgi [None req-77a8d21d-3848-4741-adfa-35bb2d8195a4 tempest-VolumesActionsTest-1153304816 tempest-VolumesActionsTest-1153304816-project] POST http://10.222.0.30/volume/v3/814c528dd56c4e61ae5cba5733bf2f08/volumes
Aug 09 07:03:29.125938 dv-cinder-852514-1-iscsi devstack@c-api.service[110976]: DEBUG cinder.api.openstack.wsgi [None req-77a8d21d-3848-4741-adfa-35bb2d8195a4 tempest-VolumesActionsTest-1153304816 tempest-VolumesActionsTest-1153304816-project] Action: 'create', calling method: create, body: {"volume": {"size": 1, "name": "tempest-VolumesActionsTest-Volume-804296270"}} {{(pid=110976) _process_stack /opt/stack/cinder/cinder/api/openstack/wsgi.py:866}}
Aug 09 07:03:29.128152 dv-cinder-852514-1-iscsi devstack@c-api.service[110976]: DEBUG cinder.api.v3.volumes [None req-77a8d21d-3848-4741-adfa-35bb2d8195a4 tempest-VolumesActionsTest-1153304816 tempest-VolumesActionsTest-1153304816-project] Create volume request body: {'volume': {'size': 1, 'name': 'tempest-VolumesActionsTest-Volume-804296270'}} {{(pid=110976) create /opt/stack/cinder/cinder/api/v3/volumes.py:298}}
Aug 09 07:03:29.128468 dv-cinder-852514-1-iscsi devstack@c-api.service[110976]: INFO cinder.api.v3.volumes [None req-77a8d21d-3848-4741-adfa-35bb2d8195a4 tempest-VolumesActionsTest-1153304816 tempest-VolumesActionsTest-1153304816-project] Create volume of 1 GB
Aug 09 07:03:29.136914 dv-cinder-852514-1-iscsi devstack@c-api.service[110976]: INFO cinder.volume.api [None req-77a8d21d-3848-4741-adfa-35bb2d8195a4 tempest-VolumesActionsTest-1153304816 tempest-VolumesActionsTest-1153304816-project] Availability Zones retrieved successfully.
Aug 09 07:03:29.138566 dv-cinder-852514-1-iscsi devstack@c-api.service[110975]: DEBUG cinder.volume.api [None req-d18cbe11-6662-40ed-9e1d-a7d06df083c3 tempest-GroupSnapshotsTest-832444643 tempest-GroupSnapshotsTest-832444643-project] Task 'cinder.volume.flows.api.create_volume.ExtractVolumeRequestTask;volume:create' (af8fea57-1ad1-4237-b5a0-29f6f522dfd1) transitioned into state 'SUCCESS' from state 'RUNNING' with result '{'size': 1, 'snapshot_id': None, 'source_volid': None, 'volume_type': VolumeType(created_at=2022-08-09T07:03:28Z,deleted=False,deleted_at=None,description=None,extra_specs={},id=cce084dd-7fa7-4288-a05d-d3943886293d,is_public=True,name='tempest-GroupSnapshotsTest-volume-type-1149448049',projects=[],qos_specs=,qos_specs_id=None,updated_at=None), 'volume_type_id': 'cce084dd-7fa7-4288-a05d-d3943886293d', 'encryption_key_id': None, 'qos_specs': None, 'consistencygroup_id': None, 'cgsnapshot_id': None, 'group_id': '94c6ae0f-6a6d-4873-83fe-d7fdc5e28941', 'replication_status': 'disabled', 'refresh_az': False, 'backup_id': None, 'multiattach': False, 'availability_zones': ['nova']}' {{(pid=110975) _task_receiver /usr/local/lib/python3.8/dist-packages/taskflow/listeners/logging.py:178}}
Aug 09 07:03:29.140598 dv-cinder-852514-1-iscsi devstack@c-api.service[110975]: DEBUG cinder.volume.api [None req-d18cbe11-6662-40ed-9e1d-a7d06df083c3 tempest-GroupSnapshotsTest-832444643 tempest-GroupSnapshotsTest-832444643-project] Task 'cinder.volume.flows.api.create_volume.QuotaReserveTask;volume:create' (dff8b5a2-40cc-43de-a4bc-fcfbb0ffde04) transitioned into state 'RUNNING' from state 'PENDING' {{(pid=110975) _task_receiver /usr/local/lib/python3.8/dist-packages/taskflow/listeners/logging.py:190}}
Aug 09 07:03:29.153337 dv-cinder-852514-1-iscsi devstack@c-api.service[110976]: DEBUG cinder.volume.api [None req-77a8d21d-3848-4741-adfa-35bb2d8195a4 tempest-VolumesActionsTest-1153304816 tempest-VolumesActionsTest-1153304816-project] Flow 'volume_create_api' (b56a21db-f064-4775-be0f-ba958996dbbc) transitioned into state 'RUNNING' from state 'PENDING' {{(pid=110976) _flow_receiver /usr/local/lib/python3.8/dist-packages/taskflow/listeners/logging.py:141}}
Aug 09 07:03:29.155817 dv-cinder-852514-1-iscsi devstack@c-api.service[110976]: DEBUG cinder.volume.api [None req-77a8d21d-3848-4741-adfa-35bb2d8195a4 tempest-VolumesActionsTest-1153304816 tempest-VolumesActionsTest-1153304816-project] Task 'cinder.volume.flows.api.create_volume.ExtractVolumeRequestTask;volume:create' (e88bb870-db00-439b-a2a0-ad0e221a3bcf) transitioned into state 'RUNNING' from state 'PENDING' {{(pid=110976) _task_receiver /usr/local/lib/python3.8/dist-packages/taskflow/listeners/logging.py:190}}
Aug 09 07:03:29.158239 dv-cinder-852514-1-iscsi devstack@c-api.service[110976]: DEBUG cinder.volume.flows.api.create_volume [None req-77a8d21d-3848-4741-adfa-35bb2d8195a4 tempest-VolumesActionsTest-1153304816 tempest-VolumesActionsTest-1153304816-project] Validating volume size '1' using validate_int {{(pid=110976) _extract_size /opt/stack/cinder/cinder/volume/flows/api/create_volume.py:228}}
Aug 09 07:03:29.180246 dv-cinder-852514-1-iscsi devstack@c-api.service[110975]: WARNING cinder.quota [None req-d18cbe11-6662-40ed-9e1d-a7d06df083c3 tempest-GroupSnapshotsTest-832444643 tempest-GroupSnapshotsTest-832444643-project] Deprecated: Default quota for resource: volumes_tempest-GroupSnapshotsTest-volume-type-1149448049 is set by the default quota flag: quota_volumes_tempest-GroupSnapshotsTest-volume-type-1149448049, it is now deprecated. Please use the default quota class for default quota.
Aug 09 07:03:29.181171 dv-cinder-852514-1-iscsi devstack@c-api.service[110975]: WARNING cinder.quota [None req-d18cbe11-6662-40ed-9e1d-a7d06df083c3 tempest-GroupSnapshotsTest-832444643 tempest-GroupSnapshotsTest-832444643-project] Deprecated: Default quota for resource: gigabytes_tempest-GroupSnapshotsTest-volume-type-1149448049 is set by the default quota flag: quota_gigabytes_tempest-GroupSnapshotsTest-volume-type-1149448049, it is now deprecated. Please use the default quota class for default quota.
Aug 09 07:03:29.197440 dv-cinder-852514-1-iscsi devstack@c-api.service[110976]: DEBUG cinder.volume.api [None req-77a8d21d-3848-4741-adfa-35bb2d8195a4 tempest-VolumesActionsTest-1153304816 tempest-VolumesActionsTest-1153304816-project] Task 'cinder.volume.flows.api.create_volume.ExtractVolumeRequestTask;volume:create' (e88bb870-db00-439b-a2a0-ad0e221a3bcf) transitioned into state 'SUCCESS' from state 'RUNNING' with result '{'size': 1, 'snapshot_id': None, 'source_volid': None, 'volume_type': VolumeType(created_at=2022-08-09T06:53:08Z,deleted=False,deleted_at=None,description='Default Volume Type',extra_specs={},id=e9fd2995-2d2d-4d56-a264-8301178a37c2,is_public=True,name='__DEFAULT__',projects=[],qos_specs=,qos_specs_id=None,updated_at=2022-08-09T06:53:08Z), 'volume_type_id': 'e9fd2995-2d2d-4d56-a264-8301178a37c2', 'encryption_key_id': None, 'qos_specs': None, 'consistencygroup_id': None, 'cgsnapshot_id': None, 'group_id': None, 'replication_status': 'disabled', 'refresh_az': False, 'backup_id': None, 'multiattach': False, 'availability_zones': ['nova']}' {{(pid=110976) _task_receiver /usr/local/lib/python3.8/dist-packages/taskflow/listeners/logging.py:178}}
Aug 09 07:03:29.200034 dv-cinder-852514-1-iscsi devstack@c-api.service[110976]: DEBUG cinder.volume.api [None req-77a8d21d-3848-4741-adfa-35bb2d8195a4 tempest-VolumesActionsTest-1153304816 tempest-VolumesActionsTest-1153304816-project] Task 'cinder.volume.flows.api.create_volume.QuotaReserveTask;volume:create' (5ce3eb79-77cb-42dc-b5a6-15a93c9c3474) transitioned into state 'RUNNING' from state 'PENDING' {{(pid=110976) _task_receiver /usr/local/lib/python3.8/dist-packages/taskflow/listeners/logging.py:190}}
Aug 09 07:03:29.233060 dv-cinder-852514-1-iscsi devstack@c-api.service[110975]: DEBUG cinder.quota [None req-d18cbe11-6662-40ed-9e1d-a7d06df083c3 tempest-GroupSnapshotsTest-832444643 tempest-GroupSnapshotsTest-832444643-project] Created reservations ['1c5cff7a-32c4-4f46-8467-627aac958d82', 'df1561df-fb9f-4e73-92f3-1ec892b92e92', '24625ae6-71ea-4cda-b7c0-85e91690f2da', '4b7b59fc-e32f-4247-8b77-c71cefb013ca'] {{(pid=110975) reserve /opt/stack/cinder/cinder/quota.py:755}}
Aug 09 07:03:29.235138 dv-cinder-852514-1-iscsi devstack@c-api.service[110975]: DEBUG cinder.volume.api [None req-d18cbe11-6662-40ed-9e1d-a7d06df083c3 tempest-GroupSnapshotsTest-832444643 tempest-GroupSnapshotsTest-832444643-project] Task 'cinder.volume.flows.api.create_volume.QuotaReserveTask;volume:create' (dff8b5a2-40cc-43de-a4bc-fcfbb0ffde04) transitioned into state 'SUCCESS' from state 'RUNNING' with result '{'reservations': ['1c5cff7a-32c4-4f46-8467-627aac958d82', 'df1561df-fb9f-4e73-92f3-1ec892b92e92', '24625ae6-71ea-4cda-b7c0-85e91690f2da', '4b7b59fc-e32f-4247-8b77-c71cefb013ca']}' {{(pid=110975) _task_receiver /usr/local/lib/python3.8/dist-packages/taskflow/listeners/logging.py:178}}
Aug 09 07:03:29.237399 dv-cinder-852514-1-iscsi devstack@c-api.service[110975]: DEBUG cinder.volume.api [None req-d18cbe11-6662-40ed-9e1d-a7d06df083c3 tempest-GroupSnapshotsTest-832444643 tempest-GroupSnapshotsTest-832444643-project] Task 'cinder.volume.flows.api.create_volume.EntryCreateTask;volume:create' (0d38c83d-40ae-47cb-a132-51a2c0760855) transitioned into state 'RUNNING' from state 'PENDING' {{(pid=110975) _task_receiver /usr/local/lib/python3.8/dist-packages/taskflow/listeners/logging.py:190}}
Aug 09 07:03:29.264811 dv-cinder-852514-1-iscsi devstack@c-api.service[110975]: DEBUG cinder.volume.api [None req-d18cbe11-6662-40ed-9e1d-a7d06df083c3 tempest-GroupSnapshotsTest-832444643 tempest-GroupSnapshotsTest-832444643-project] Task 'cinder.volume.flows.api.create_volume.EntryCreateTask;volume:create' (0d38c83d-40ae-47cb-a132-51a2c0760855) transitioned into state 'SUCCESS' from state 'RUNNING' with result '{'volume_id': '4e9cc4d3-b820-44d4-94fe-2ba2ffb251ea', 'volume_properties': VolumeProperties(attach_status='detached',availability_zone='nova',cgsnapshot_id=None,consistencygroup_id=None,display_description=None,display_name='tempest-GroupSnapshotsTest-Volume-1148698643',encryption_key_id=None,group_id=94c6ae0f-6a6d-4873-83fe-d7fdc5e28941,group_type_id=,metadata={},multiattach=False,project_id='c37d5a3b88ab4b169e3f3e4e423a4498',qos_specs=None,replication_status=,reservations=['1c5cff7a-32c4-4f46-8467-627aac958d82','df1561df-fb9f-4e73-92f3-1ec892b92e92','24625ae6-71ea-4cda-b7c0-85e91690f2da','4b7b59fc-e32f-4247-8b77-c71cefb013ca'],size=1,snapshot_id=None,source_replicaid=,source_volid=None,status='creating',user_id='03fe851af95548e6bd74b1942fe581d7',volume_type_id=cce084dd-7fa7-4288-a05d-d3943886293d), 'volume': Volume(_name_id=None,admin_metadata=,attach_status='detached',availability_zone='nova',bootable=False,cluster=,cluster_name=None,consistencygroup=,consistencygroup_id=None,created_at=2022-08-09T07:03:29Z,deleted=False,deleted_at=None,display_description=None,display_name='tempest-GroupSnapshotsTest-Volume-1148698643',ec2_id=None,encryption_key_id=None,glance_metadata=,group=,group_id=94c6ae0f-6a6d-4873-83fe-d7fdc5e28941,host=None,id=4e9cc4d3-b820-44d4-94fe-2ba2ffb251ea,launched_at=None,metadata={},migration_status=None,multiattach=False,previous_status=None,project_id='c37d5a3b88ab4b169e3f3e4e423a4498',provider_auth=None,provider_geometry=None,provider_id=None,provider_location=None,replication_driver_data=None,replication_extended_status=None,replication_status=None,scheduled_at=None,service_uuid=None,shared_targets=True,size=1,snapshot_id=None,snapshots=,source_volid=None,status='creating',terminated_at=None,updated_at=None,use_quota=True,user_id='03fe851af95548e6bd74b1942fe581d7',volume_attachment=VolumeAttachmentList,volume_type=VolumeType(cce084dd-7fa7-4288-a05d-d3943886293d),volume_type_id=cce084dd-7fa7-4288-a05d-d3943886293d)}' {{(pid=110975) _task_receiver /usr/local/lib/python3.8/dist-packages/taskflow/listeners/logging.py:178}}
Aug 09 07:03:29.267091 dv-cinder-852514-1-iscsi devstack@c-api.service[110975]: DEBUG cinder.volume.api [None req-d18cbe11-6662-40ed-9e1d-a7d06df083c3 tempest-GroupSnapshotsTest-832444643 tempest-GroupSnapshotsTest-832444643-project] Task 'cinder.volume.flows.api.create_volume.QuotaCommitTask;volume:create' (2ece1881-0060-425d-807b-98c79ff8d711) transitioned into state 'RUNNING' from state 'PENDING' {{(pid=110975) _task_receiver /usr/local/lib/python3.8/dist-packages/taskflow/listeners/logging.py:190}}
Aug 09 07:03:29.301990 dv-cinder-852514-1-iscsi devstack@c-api.service[110975]: DEBUG cinder.volume.api [None req-d18cbe11-6662-40ed-9e1d-a7d06df083c3 tempest-GroupSnapshotsTest-832444643 tempest-GroupSnapshotsTest-832444643-project] Task 'cinder.volume.flows.api.create_volume.QuotaCommitTask;volume:create' (2ece1881-0060-425d-807b-98c79ff8d711) transitioned into state 'SUCCESS' from state 'RUNNING' with result '{'volume_properties': VolumeProperties(attach_status='detached',availability_zone='nova',cgsnapshot_id=None,consistencygroup_id=None,display_description=None,display_name='tempest-GroupSnapshotsTest-Volume-1148698643',encryption_key_id=None,group_id=94c6ae0f-6a6d-4873-83fe-d7fdc5e28941,group_type_id=,metadata={},multiattach=False,project_id='c37d5a3b88ab4b169e3f3e4e423a4498',qos_specs=None,replication_status=,reservations=['1c5cff7a-32c4-4f46-8467-627aac958d82','df1561df-fb9f-4e73-92f3-1ec892b92e92','24625ae6-71ea-4cda-b7c0-85e91690f2da','4b7b59fc-e32f-4247-8b77-c71cefb013ca'],size=1,snapshot_id=None,source_replicaid=,source_volid=None,status='creating',user_id='03fe851af95548e6bd74b1942fe581d7',volume_type_id=cce084dd-7fa7-4288-a05d-d3943886293d)}' {{(pid=110975) _task_receiver /usr/local/lib/python3.8/dist-packages/taskflow/listeners/logging.py:178}}
Aug 09 07:03:29.304410 dv-cinder-852514-1-iscsi devstack@c-api.service[110975]: DEBUG cinder.volume.api [None req-d18cbe11-6662-40ed-9e1d-a7d06df083c3 tempest-GroupSnapshotsTest-832444643 tempest-GroupSnapshotsTest-832444643-project] Task 'cinder.volume.flows.api.create_volume.VolumeCastTask;volume:create' (6bd1d04a-e56b-4163-b319-5bfddb059ef9) transitioned into state 'RUNNING' from state 'PENDING' {{(pid=110975) _task_receiver /usr/local/lib/python3.8/dist-packages/taskflow/listeners/logging.py:190}}
Aug 09 07:03:29.314175 dv-cinder-852514-1-iscsi devstack@c-api.service[110976]: DEBUG cinder.quota [None req-77a8d21d-3848-4741-adfa-35bb2d8195a4 tempest-VolumesActionsTest-1153304816 tempest-VolumesActionsTest-1153304816-project] Created reservations ['4e149af2-06c2-442d-b5ef-5e947e2f368c', '659b649a-b699-4975-b2ca-a2dc138cdba3', 'c0eb03a2-49d9-4a45-bf83-5b0903d11871', '075b0543-d6e9-4436-aa92-d063cad500b5'] {{(pid=110976) reserve /opt/stack/cinder/cinder/quota.py:755}}
Aug 09 07:03:29.316154 dv-cinder-852514-1-iscsi devstack@c-api.service[110976]: DEBUG cinder.volume.api [None req-77a8d21d-3848-4741-adfa-35bb2d8195a4 tempest-VolumesActionsTest-1153304816 tempest-VolumesActionsTest-1153304816-project] Task 'cinder.volume.flows.api.create_volume.QuotaReserveTask;volume:create' (5ce3eb79-77cb-42dc-b5a6-15a93c9c3474) transitioned into state 'SUCCESS' from state 'RUNNING' with result '{'reservations': ['4e149af2-06c2-442d-b5ef-5e947e2f368c', '659b649a-b699-4975-b2ca-a2dc138cdba3', 'c0eb03a2-49d9-4a45-bf83-5b0903d11871', '075b0543-d6e9-4436-aa92-d063cad500b5']}' {{(pid=110976) _task_receiver /usr/local/lib/python3.8/dist-packages/taskflow/listeners/logging.py:178}}
Aug 09 07:03:29.318219 dv-cinder-852514-1-iscsi devstack@c-api.service[110976]: DEBUG cinder.volume.api [None req-77a8d21d-3848-4741-adfa-35bb2d8195a4 tempest-VolumesActionsTest-1153304816 tempest-VolumesActionsTest-1153304816-project] Task 'cinder.volume.flows.api.create_volume.EntryCreateTask;volume:create' (9ad1f8f9-c29f-4f12-a6db-0c8aa40d8dfa) transitioned into state 'RUNNING' from state 'PENDING' {{(pid=110976) _task_receiver /usr/local/lib/python3.8/dist-packages/taskflow/listeners/logging.py:190}}
Aug 09 07:03:29.334366 dv-cinder-852514-1-iscsi devstack@c-api.service[110975]: DEBUG cinder.volume.api [None req-d18cbe11-6662-40ed-9e1d-a7d06df083c3 tempest-GroupSnapshotsTest-832444643 tempest-GroupSnapshotsTest-832444643-project] Task 'cinder.volume.flows.api.create_volume.VolumeCastTask;volume:create' (6bd1d04a-e56b-4163-b319-5bfddb059ef9) transitioned into state 'SUCCESS' from state 'RUNNING' with result 'None' {{(pid=110975) _task_receiver /usr/local/lib/python3.8/dist-packages/taskflow/listeners/logging.py:178}}
Aug 09 07:03:29.338752 dv-cinder-852514-1-iscsi devstack@c-api.service[110975]: DEBUG cinder.volume.api [None req-d18cbe11-6662-40ed-9e1d-a7d06df083c3 tempest-GroupSnapshotsTest-832444643 tempest-GroupSnapshotsTest-832444643-project] Flow 'volume_create_api' (2cb748d4-4aef-47d3-850a-12c1f34f9a33) transitioned into state 'SUCCESS' from state 'RUNNING' {{(pid=110975) _flow_receiver /usr/local/lib/python3.8/dist-packages/taskflow/listeners/logging.py:141}}
Aug 09 07:03:29.339920 dv-cinder-852514-1-iscsi devstack@c-api.service[110975]: INFO cinder.volume.api [None req-d18cbe11-6662-40ed-9e1d-a7d06df083c3 tempest-GroupSnapshotsTest-832444643 tempest-GroupSnapshotsTest-832444643-project] Create volume request issued successfully.
Aug 09 07:03:29.342458 dv-cinder-852514-1-iscsi devstack@c-api.service[110975]: WARNING stevedore.named [None req-d18cbe11-6662-40ed-9e1d-a7d06df083c3 tempest-GroupSnapshotsTest-832444643 tempest-GroupSnapshotsTest-832444643-project] Could not load cinder.keymgr.conf_key_mgr.ConfKeyManager
