Sep 04 16:15:33.935423 dv-cinder-852364-6-smb neutron-server[106825]: DEBUG neutron_lib.callbacks.manager [req-ed610d09-28da-4f5a-bead-6bc641e88323 req-a15f7adb-6974-455a-94f3-9356b152d8bd service neutron] Publish callbacks ['neutron.plugins.ml2.plugin.SecurityGroupServerNotifierRpcMixin._notify_sg_on_port_change-706457', 'neutron.plugins.ml2.ovo_rpc._ObjectChangeHandler.handle_event-1970891', 'neutron.api.rpc.agentnotifiers.dhcp_rpc_agent_api.DhcpAgentNotifyAPI._native_event_send_dhcp_notification-1602220', 'neutron.db.l3_db.L3RpcNotifierMixin._notify_gateway_port_ip_changed-8733831747970', 'neutron.db.l3_dvrscheduler_db._notify_l3_agent_port_update-8733831286667', 'neutron.db.l3_hascheduler_db._notify_l3_agent_ha_port_update-8733831286685'] for port (b97ad993-d081-48ec-94bb-05d38acf7b6e), after_update {{(pid=106825) _notify_loop /usr/local/lib/python3.8/dist-packages/neutron_lib/callbacks/manager.py:176}}
Sep 04 16:15:34.038204 dv-cinder-852364-6-smb neutron-server[106824]: INFO neutron.wsgi [req-f76ca219-3cae-46c3-8517-c10091f0e42e req-3426c5b2-d2bf-49e3-a998-38877568871e tempest-ServerRescueNegativeTestJSON-1176979504 tempest-ServerRescueNegativeTestJSON-1176979504-project] 10.222.0.13 "POST /networking/v2.0/ports HTTP/1.1" status: 201 len: 933 time: 6.5330386
Sep 04 16:15:34.095441 dv-cinder-852364-6-smb neutron-server[106825]: DEBUG dbcounter [-] [106825] Writing DB stats neutron:SELECT=78,neutron:INSERT=19,neutron:UPDATE=3 {{(pid=106825) stat_writer /usr/local/lib/python3.8/dist-packages/dbcounter.py:114}}
Sep 04 16:15:34.097925 dv-cinder-852364-6-smb neutron-server[106825]: DEBUG neutron.api.rpc.handlers.resources_rpc [None req-a15f7adb-6974-455a-94f3-9356b152d8bd service neutron] Pushing event updated for resources: {'Port': ['ID=b97ad993-d081-48ec-94bb-05d38acf7b6e,revision_number=2']} {{(pid=106825) push /opt/stack/neutron/neutron/api/rpc/handlers/resources_rpc.py:237}}
Sep 04 16:15:34.122746 dv-cinder-852364-6-smb neutron-server[106824]: DEBUG neutron.api.v2.base [req-f76ca219-3cae-46c3-8517-c10091f0e42e req-0a7c820b-7839-404e-9d46-580b5df541ef service neutron] Request body: {'port': {'device_id': '01f07878-44e7-47ce-aef4-9e4f0092b104', 'device_owner': 'compute:nova', 'binding:host_id': 'hv-cinder-85236'}} {{(pid=106824) prepare_request_body /opt/stack/neutron/neutron/api/v2/base.py:730}}
Sep 04 16:15:34.146305 dv-cinder-852364-6-smb neutron-server[106824]: DEBUG neutron.api.rpc.handlers.resources_rpc [None req-88d2acc9-2d49-4d4a-843e-7fd4a452afa8 service neutron] Pushing event updated for resources: {'Port': ['ID=7003e535-b1bb-49b8-8172-575e2a5a5caa,revision_number=2']} {{(pid=106824) push /opt/stack/neutron/neutron/api/rpc/handlers/resources_rpc.py:237}}
Sep 04 16:15:34.189070 dv-cinder-852364-6-smb neutron-server[106824]: DEBUG neutron.wsgi [-] (106824) accepted ('10.222.0.33', 55370) {{(pid=106824) server /usr/local/lib/python3.8/dist-packages/eventlet/wsgi.py:1004}}
Sep 04 16:15:34.214066 dv-cinder-852364-6-smb neutron-server[106824]: DEBUG neutron.api.v2.base [None req-085a8cdd-9ad5-47ef-b81f-9cbe2aa96653 admin admin] Request body: {'network': {'name': 'tempest-EncryptedVolumesExtendAttachedTest-1153070538-network', 'tenant_id': 'e32839040aa140cdb72a853a79239710'}} {{(pid=106824) prepare_request_body /opt/stack/neutron/neutron/api/v2/base.py:730}}
Sep 04 16:15:34.221646 dv-cinder-852364-6-smb neutron-server[106825]: DEBUG neutron_lib.callbacks.manager [None req-09097af8-435b-4b6c-b4ad-f18435c2769f admin admin] Publish callbacks [] for security_group (0b44e53a-c8d6-4190-9f33-70540e2bdf74), precommit_create {{(pid=106825) _notify_loop /usr/local/lib/python3.8/dist-packages/neutron_lib/callbacks/manager.py:176}}
Sep 04 16:15:34.236164 dv-cinder-852364-6-smb neutron-server[106824]: DEBUG neutron_lib.callbacks.manager [req-3a09afcd-c07e-4ef2-97c7-f9b841eaf1c5 req-49eae1d0-e358-4efb-9973-b88cb1b0c258 tempest-ServerRescueNegativeTestJSON-1176979504 tempest-ServerRescueNegativeTestJSON-1176979504-project] Publish callbacks [] for port (c1953225-0dc9-4354-9c62-43c66c39a4b1), precommit_create {{(pid=106824) _notify_loop /usr/local/lib/python3.8/dist-packages/neutron_lib/callbacks/manager.py:176}}
Sep 04 16:15:34.243296 dv-cinder-852364-6-smb neutron-server[106825]: DEBUG neutron.plugins.ml2.managers [req-ed610d09-28da-4f5a-bead-6bc641e88323 req-a15f7adb-6974-455a-94f3-9356b152d8bd service neutron] Attempting to bind port b97ad993-d081-48ec-94bb-05d38acf7b6e on host hv-cinder-85236 for vnic_type normal with profile {{(pid=106825) bind_port /opt/stack/neutron/neutron/plugins/ml2/managers.py:810}}
Sep 04 16:15:34.243667 dv-cinder-852364-6-smb neutron-server[106825]: DEBUG neutron.plugins.ml2.managers [req-ed610d09-28da-4f5a-bead-6bc641e88323 req-a15f7adb-6974-455a-94f3-9356b152d8bd service neutron] Attempting to bind port b97ad993-d081-48ec-94bb-05d38acf7b6e by drivers openvswitch,hyperv on host hv-cinder-85236 at level 0 using segments [{'id': '1bc95abd-7f4f-417f-8630-34b71e32f06c', 'network_type': 'vlan', 'physical_network': 'physnet1', 'segmentation_id': 152, 'network_id': '8963a13b-c528-4a0b-8865-37f6e07cabe0'}] {{(pid=106825) _bind_port_level /opt/stack/neutron/neutron/plugins/ml2/managers.py:835}}
Sep 04 16:15:34.244000 dv-cinder-852364-6-smb neutron-server[106825]: DEBUG neutron.plugins.ml2.drivers.mech_agent [req-ed610d09-28da-4f5a-bead-6bc641e88323 req-a15f7adb-6974-455a-94f3-9356b152d8bd service neutron] Attempting to bind port b97ad993-d081-48ec-94bb-05d38acf7b6e on network 8963a13b-c528-4a0b-8865-37f6e07cabe0 {{(pid=106825) bind_port /opt/stack/neutron/neutron/plugins/ml2/drivers/mech_agent.py:91}}
Sep 04 16:15:34.256246 dv-cinder-852364-6-smb neutron-server[106825]: DEBUG neutron.plugins.ml2.drivers.mech_agent [req-ed610d09-28da-4f5a-bead-6bc641e88323 req-a15f7adb-6974-455a-94f3-9356b152d8bd service neutron] Port b97ad993-d081-48ec-94bb-05d38acf7b6e on network 8963a13b-c528-4a0b-8865-37f6e07cabe0 not bound, no agent of type Open vSwitch agent registered on host hv-cinder-85236 {{(pid=106825) bind_port /opt/stack/neutron/neutron/plugins/ml2/drivers/mech_agent.py:103}}
Sep 04 16:15:34.257312 dv-cinder-852364-6-smb neutron-server[106825]: DEBUG neutron.plugins.ml2.drivers.mech_agent [req-ed610d09-28da-4f5a-bead-6bc641e88323 req-a15f7adb-6974-455a-94f3-9356b152d8bd service neutron] Attempting to bind port b97ad993-d081-48ec-94bb-05d38acf7b6e on network 8963a13b-c528-4a0b-8865-37f6e07cabe0 {{(pid=106825) bind_port /opt/stack/neutron/neutron/plugins/ml2/drivers/mech_agent.py:91}}
Sep 04 16:15:34.263949 dv-cinder-852364-6-smb neutron-server[106825]: DEBUG neutron.plugins.ml2.drivers.mech_agent [req-ed610d09-28da-4f5a-bead-6bc641e88323 req-a15f7adb-6974-455a-94f3-9356b152d8bd service neutron] Checking agent: {'id': '5a01bb7f-3d08-4201-a2ce-6faeb4196d41', 'agent_type': 'HyperV agent', 'binary': 'neutron-hyperv-agent', 'topic': 'N/A', 'host': 'hv-cinder-85236', 'admin_state_up': True, 'created_at': datetime.datetime(2022, 9, 4, 16, 13, 7), 'started_at': datetime.datetime(2022, 9, 4, 16, 13, 7), 'heartbeat_timestamp': datetime.datetime(2022, 9, 4, 16, 15, 7), 'description': None, 'resources_synced': None, 'availability_zone': None, 'alive': True, 'configurations': {'vswitch_mappings': {'physnet1$': 'br-data'}}, 'resource_versions': {}} {{(pid=106825) bind_port /opt/stack/neutron/neutron/plugins/ml2/drivers/mech_agent.py:110}}
Sep 04 16:15:34.277160 dv-cinder-852364-6-smb neutron-server[106825]: DEBUG neutron.plugins.ml2.drivers.mech_agent [req-ed610d09-28da-4f5a-bead-6bc641e88323 req-a15f7adb-6974-455a-94f3-9356b152d8bd service neutron] Checking segment: {'id': '1bc95abd-7f4f-417f-8630-34b71e32f06c', 'network_type': 'vlan', 'physical_network': 'physnet1', 'segmentation_id': 152, 'network_id': '8963a13b-c528-4a0b-8865-37f6e07cabe0'} for mappings: {'physnet1$': 'br-data'} with network types: ['local', 'flat', 'vlan'] {{(pid=106825) check_segment_for_agent /opt/stack/neutron/neutron/plugins/ml2/drivers/mech_agent.py:373}}
Sep 04 16:15:34.278696 dv-cinder-852364-6-smb neutron-server[106825]: DEBUG neutron.plugins.ml2.drivers.mech_agent [req-ed610d09-28da-4f5a-bead-6bc641e88323 req-a15f7adb-6974-455a-94f3-9356b152d8bd service neutron] Bound using segment: {'id': '1bc95abd-7f4f-417f-8630-34b71e32f06c', 'network_type': 'vlan', 'physical_network': 'physnet1', 'segmentation_id': 152, 'network_id': '8963a13b-c528-4a0b-8865-37f6e07cabe0'} {{(pid=106825) bind_port /opt/stack/neutron/neutron/plugins/ml2/drivers/mech_agent.py:120}}
Sep 04 16:15:34.279700 dv-cinder-852364-6-smb neutron-server[106825]: DEBUG neutron.plugins.ml2.managers [req-ed610d09-28da-4f5a-bead-6bc641e88323 req-a15f7adb-6974-455a-94f3-9356b152d8bd service neutron] Bound port: b97ad993-d081-48ec-94bb-05d38acf7b6e, host: hv-cinder-85236, vif_type: hyperv, vif_details: {"connectivity": "legacy", "port_filter": false}, binding_levels: [{'bound_driver': 'hyperv', 'bound_segment': {'id': '1bc95abd-7f4f-417f-8630-34b71e32f06c', 'network_type': 'vlan', 'physical_network': 'physnet1', 'segmentation_id': 152, 'network_id': '8963a13b-c528-4a0b-8865-37f6e07cabe0'}}] {{(pid=106825) _bind_port_level /opt/stack/neutron/neutron/plugins/ml2/managers.py:947}}
Sep 04 16:15:34.280889 dv-cinder-852364-6-smb neutron-server[106825]: DEBUG neutron_lib.callbacks.manager [req-ed610d09-28da-4f5a-bead-6bc641e88323 req-a15f7adb-6974-455a-94f3-9356b152d8bd service neutron] Publish callbacks ['neutron.plugins.ml2.plugin.SecurityGroupDbMixin._ensure_default_security_group_handler-706522'] for port (b97ad993-d081-48ec-94bb-05d38acf7b6e), before_update {{(pid=106825) _notify_loop /usr/local/lib/python3.8/dist-packages/neutron_lib/callbacks/manager.py:176}}
Sep 04 16:15:34.319911 dv-cinder-852364-6-smb neutron-server[106826]: DEBUG neutron.plugins.ml2.rpc [None req-5326417a-2e18-4e38-a87d-b6d18b1a6295 None None] Device feee75c3-9806-4483-99ee-93dbba1ea1bd up at agent ovs-agent-dv-cinder-852364-6-smb {{(pid=106826) update_device_up /opt/stack/neutron/neutron/plugins/ml2/rpc.py:296}}
Sep 04 16:15:34.381443 dv-cinder-852364-6-smb neutron-server[106824]: DEBUG neutron.plugins.ml2.managers [req-fc8addda-5241-466f-8f2c-5b8e5e4b0bb1 req-88d2acc9-2d49-4d4a-843e-7fd4a452afa8 service neutron] Attempting to bind port 7003e535-b1bb-49b8-8172-575e2a5a5caa on host hv-cinder-85236 for vnic_type normal with profile {{(pid=106824) bind_port /opt/stack/neutron/neutron/plugins/ml2/managers.py:810}}
Sep 04 16:15:34.382023 dv-cinder-852364-6-smb neutron-server[106824]: DEBUG neutron.plugins.ml2.managers [req-fc8addda-5241-466f-8f2c-5b8e5e4b0bb1 req-88d2acc9-2d49-4d4a-843e-7fd4a452afa8 service neutron] Attempting to bind port 7003e535-b1bb-49b8-8172-575e2a5a5caa by drivers openvswitch,hyperv on host hv-cinder-85236 at level 0 using segments [{'id': 'd72213ae-e405-476a-9fb4-35b680cfec9e', 'network_type': 'vlan', 'physical_network': 'physnet1', 'segmentation_id': 161, 'network_id': 'e3840818-3c5a-440e-8774-17bd4d1d4cc4'}] {{(pid=106824) _bind_port_level /opt/stack/neutron/neutron/plugins/ml2/managers.py:835}}
Sep 04 16:15:34.382586 dv-cinder-852364-6-smb neutron-server[106824]: DEBUG neutron.plugins.ml2.drivers.mech_agent [req-fc8addda-5241-466f-8f2c-5b8e5e4b0bb1 req-88d2acc9-2d49-4d4a-843e-7fd4a452afa8 service neutron] Attempting to bind port 7003e535-b1bb-49b8-8172-575e2a5a5caa on network e3840818-3c5a-440e-8774-17bd4d1d4cc4 {{(pid=106824) bind_port /opt/stack/neutron/neutron/plugins/ml2/drivers/mech_agent.py:91}}
Sep 04 16:15:34.401679 dv-cinder-852364-6-smb neutron-server[106824]: DEBUG neutron.plugins.ml2.drivers.mech_agent [req-fc8addda-5241-466f-8f2c-5b8e5e4b0bb1 req-88d2acc9-2d49-4d4a-843e-7fd4a452afa8 service neutron] Port 7003e535-b1bb-49b8-8172-575e2a5a5caa on network e3840818-3c5a-440e-8774-17bd4d1d4cc4 not bound, no agent of type Open vSwitch agent registered on host hv-cinder-85236 {{(pid=106824) bind_port /opt/stack/neutron/neutron/plugins/ml2/drivers/mech_agent.py:103}}
Sep 04 16:15:34.402337 dv-cinder-852364-6-smb neutron-server[106824]: DEBUG neutron.plugins.ml2.drivers.mech_agent [req-fc8addda-5241-466f-8f2c-5b8e5e4b0bb1 req-88d2acc9-2d49-4d4a-843e-7fd4a452afa8 service neutron] Attempting to bind port 7003e535-b1bb-49b8-8172-575e2a5a5caa on network e3840818-3c5a-440e-8774-17bd4d1d4cc4 {{(pid=106824) bind_port /opt/stack/neutron/neutron/plugins/ml2/drivers/mech_agent.py:91}}
Sep 04 16:15:34.417970 dv-cinder-852364-6-smb neutron-server[106824]: DEBUG neutron.plugins.ml2.drivers.mech_agent [req-fc8addda-5241-466f-8f2c-5b8e5e4b0bb1 req-88d2acc9-2d49-4d4a-843e-7fd4a452afa8 service neutron] Checking agent: {'id': '5a01bb7f-3d08-4201-a2ce-6faeb4196d41', 'agent_type': 'HyperV agent', 'binary': 'neutron-hyperv-agent', 'topic': 'N/A', 'host': 'hv-cinder-85236', 'admin_state_up': True, 'created_at': datetime.datetime(2022, 9, 4, 16, 13, 7), 'started_at': datetime.datetime(2022, 9, 4, 16, 13, 7), 'heartbeat_timestamp': datetime.datetime(2022, 9, 4, 16, 15, 7), 'description': None, 'resources_synced': None, 'availability_zone': None, 'alive': True, 'configurations': {'vswitch_mappings': {'physnet1$': 'br-data'}}, 'resource_versions': {}} {{(pid=106824) bind_port /opt/stack/neutron/neutron/plugins/ml2/drivers/mech_agent.py:110}}
Sep 04 16:15:34.419298 dv-cinder-852364-6-smb neutron-server[106824]: DEBUG neutron.plugins.ml2.drivers.mech_agent [req-fc8addda-5241-466f-8f2c-5b8e5e4b0bb1 req-88d2acc9-2d49-4d4a-843e-7fd4a452afa8 service neutron] Checking segment: {'id': 'd72213ae-e405-476a-9fb4-35b680cfec9e', 'network_type': 'vlan', 'physical_network': 'physnet1', 'segmentation_id': 161, 'network_id': 'e3840818-3c5a-440e-8774-17bd4d1d4cc4'} for mappings: {'physnet1$': 'br-data'} with network types: ['local', 'flat', 'vlan'] {{(pid=106824) check_segment_for_agent /opt/stack/neutron/neutron/plugins/ml2/drivers/mech_agent.py:373}}
Sep 04 16:15:34.420066 dv-cinder-852364-6-smb neutron-server[106824]: DEBUG neutron.plugins.ml2.drivers.mech_agent [req-fc8addda-5241-466f-8f2c-5b8e5e4b0bb1 req-88d2acc9-2d49-4d4a-843e-7fd4a452afa8 service neutron] Bound using segment: {'id': 'd72213ae-e405-476a-9fb4-35b680cfec9e', 'network_type': 'vlan', 'physical_network': 'physnet1', 'segmentation_id': 161, 'network_id': 'e3840818-3c5a-440e-8774-17bd4d1d4cc4'} {{(pid=106824) bind_port /opt/stack/neutron/neutron/plugins/ml2/drivers/mech_agent.py:120}}
Sep 04 16:15:34.420991 dv-cinder-852364-6-smb neutron-server[106824]: DEBUG neutron.plugins.ml2.managers [req-fc8addda-5241-466f-8f2c-5b8e5e4b0bb1 req-88d2acc9-2d49-4d4a-843e-7fd4a452afa8 service neutron] Bound port: 7003e535-b1bb-49b8-8172-575e2a5a5caa, host: hv-cinder-85236, vif_type: hyperv, vif_details: {"connectivity": "legacy", "port_filter": false}, binding_levels: [{'bound_driver': 'hyperv', 'bound_segment': {'id': 'd72213ae-e405-476a-9fb4-35b680cfec9e', 'network_type': 'vlan', 'physical_network': 'physnet1', 'segmentation_id': 161, 'network_id': 'e3840818-3c5a-440e-8774-17bd4d1d4cc4'}}] {{(pid=106824) _bind_port_level /opt/stack/neutron/neutron/plugins/ml2/managers.py:947}}
Sep 04 16:15:34.421645 dv-cinder-852364-6-smb neutron-server[106824]: DEBUG neutron_lib.callbacks.manager [req-fc8addda-5241-466f-8f2c-5b8e5e4b0bb1 req-88d2acc9-2d49-4d4a-843e-7fd4a452afa8 service neutron] Publish callbacks ['neutron.plugins.ml2.plugin.SecurityGroupDbMixin._ensure_default_security_group_handler-706522'] for port (7003e535-b1bb-49b8-8172-575e2a5a5caa), before_update {{(pid=106824) _notify_loop /usr/local/lib/python3.8/dist-packages/neutron_lib/callbacks/manager.py:176}}
Sep 04 16:15:34.427353 dv-cinder-852364-6-smb neutron-server[106824]: DEBUG neutron_lib.callbacks.manager [req-f76ca219-3cae-46c3-8517-c10091f0e42e req-0a7c820b-7839-404e-9d46-580b5df541ef service neutron] Publish callbacks ['neutron.plugins.ml2.plugin.SecurityGroupDbMixin._ensure_default_security_group_handler-706522'] for port (3f098758-95ce-43b6-8b06-ddf93b2ca3e2), before_update {{(pid=106824) _notify_loop /usr/local/lib/python3.8/dist-packages/neutron_lib/callbacks/manager.py:176}}
Sep 04 16:15:34.456096 dv-cinder-852364-6-smb neutron-server[106826]: DEBUG neutron.db.provisioning_blocks [None req-5326417a-2e18-4e38-a87d-b6d18b1a6295 None None] Provisioning complete for port feee75c3-9806-4483-99ee-93dbba1ea1bd triggered by entity L2. {{(pid=106826) provisioning_complete /opt/stack/neutron/neutron/db/provisioning_blocks.py:144}}
Sep 04 16:15:34.457434 dv-cinder-852364-6-smb neutron-server[106826]: DEBUG neutron_lib.callbacks.manager [None req-5326417a-2e18-4e38-a87d-b6d18b1a6295 None None] Publish callbacks ['neutron.plugins.ml2.plugin.Ml2Plugin._port_provisioned-1386865'] for port (feee75c3-9806-4483-99ee-93dbba1ea1bd), provisioning_complete {{(pid=106826) _notify_loop /usr/local/lib/python3.8/dist-packages/neutron_lib/callbacks/manager.py:176}}
Sep 04 16:15:34.564393 dv-cinder-852364-6-smb neutron-server[106825]: DEBUG neutron.pecan_wsgi.hooks.policy_enforcement [req-ba64ad2b-f300-483c-b677-4e01eb3d87fb req-2428b194-b1c1-4a31-ae17-76045e56b804 tempest-DeleteServersTestJSON-1831903757 tempest-DeleteServersTestJSON-1831903757-project] Attributes excluded by policy engine: ['standard_attr_id', 'binding:profile', 'binding:host_id', 'binding:vif_type', 'binding:vif_details'] {{(pid=106825) _exclude_attributes_by_policy /opt/stack/neutron/neutron/pecan_wsgi/hooks/policy_enforcement.py:259}}
Sep 04 16:15:34.573477 dv-cinder-852364-6-smb neutron-server[106825]: INFO neutron.wsgi [req-ba64ad2b-f300-483c-b677-4e01eb3d87fb req-2428b194-b1c1-4a31-ae17-76045e56b804 tempest-DeleteServersTestJSON-1831903757 tempest-DeleteServersTestJSON-1831903757-project] 10.222.0.33 "GET /networking/v2.0/ports?device_id=f77e3094-1ffa-48d0-82a7-48cf434ab5f1 HTTP/1.1" status: 200 len: 944 time: 0.2687116
Sep 04 16:15:34.616852 dv-cinder-852364-6-smb neutron-server[106825]: DEBUG neutron.plugins.ml2.db [req-ed610d09-28da-4f5a-bead-6bc641e88323 req-a15f7adb-6974-455a-94f3-9356b152d8bd service neutron] For port b97ad993-d081-48ec-94bb-05d38acf7b6e, host hv-cinder-85236, cleared binding levels {{(pid=106825) clear_binding_levels /opt/stack/neutron/neutron/plugins/ml2/db.py:87}}
Sep 04 16:15:34.622976 dv-cinder-852364-6-smb neutron-server[106825]: DEBUG neutron.plugins.ml2.db [req-ed610d09-28da-4f5a-bead-6bc641e88323 req-a15f7adb-6974-455a-94f3-9356b152d8bd service neutron] For port b97ad993-d081-48ec-94bb-05d38acf7b6e, host hv-cinder-85236, set binding levels [PortBindingLevel(driver='hyperv',host='hv-cinder-85236',level=0,port_id=b97ad993-d081-48ec-94bb-05d38acf7b6e,segment=NetworkSegment(1bc95abd-7f4f-417f-8630-34b71e32f06c),segment_id=1bc95abd-7f4f-417f-8630-34b71e32f06c)] {{(pid=106825) set_binding_levels /opt/stack/neutron/neutron/plugins/ml2/db.py:59}}
Sep 04 16:15:34.671874 dv-cinder-852364-6-smb neutron-server[106826]: DEBUG neutron.plugins.ml2.plugin [None req-5326417a-2e18-4e38-a87d-b6d18b1a6295 None None] Current status of the port feee75c3-9806-4483-99ee-93dbba1ea1bd is: ACTIVE; New status is: ACTIVE {{(pid=106826) _update_individual_port_db_status /opt/stack/neutron/neutron/plugins/ml2/plugin.py:2302}}
Sep 04 16:15:34.672985 dv-cinder-852364-6-smb neutron-server[106826]: DEBUG neutron.plugins.ml2.rpc [None req-5326417a-2e18-4e38-a87d-b6d18b1a6295 None None] Device e86753d5-5da1-4b53-9547-4ccbb69ed147 up at agent ovs-agent-dv-cinder-852364-6-smb {{(pid=106826) update_device_up /opt/stack/neutron/neutron/plugins/ml2/rpc.py:296}}
Sep 04 16:15:34.723764 dv-cinder-852364-6-smb neutron-server[106825]: DEBUG neutron.pecan_wsgi.hooks.policy_enforcement [req-1a0c786e-e03e-4e0c-bdc1-def792b83569 req-e4dcadbe-48c8-496d-8c4a-ecef46a6a95d tempest-AttachVolumeTestJSON-210338262 tempest-AttachVolumeTestJSON-210338262-project] Attributes excluded by policy engine: ['standard_attr_id', 'binding:profile', 'binding:host_id', 'binding:vif_type', 'binding:vif_details'] {{(pid=106825) _exclude_attributes_by_policy /opt/stack/neutron/neutron/pecan_wsgi/hooks/policy_enforcement.py:259}}
Sep 04 16:15:34.725398 dv-cinder-852364-6-smb neutron-server[106825]: INFO neutron.wsgi [req-1a0c786e-e03e-4e0c-bdc1-def792b83569 req-e4dcadbe-48c8-496d-8c4a-ecef46a6a95d tempest-AttachVolumeTestJSON-210338262 tempest-AttachVolumeTestJSON-210338262-project] 10.222.0.33 "GET /networking/v2.0/ports?device_id=76b51e43-31c0-4238-87ac-07799fe43628 HTTP/1.1" status: 200 len: 944 time: 0.1886382
Sep 04 16:15:34.761567 dv-cinder-852364-6-smb neutron-server[106824]: DEBUG neutron.plugins.ml2.db [req-fc8addda-5241-466f-8f2c-5b8e5e4b0bb1 req-88d2acc9-2d49-4d4a-843e-7fd4a452afa8 service neutron] For port 7003e535-b1bb-49b8-8172-575e2a5a5caa, host hv-cinder-85236, cleared binding levels {{(pid=106824) clear_binding_levels /opt/stack/neutron/neutron/plugins/ml2/db.py:87}}
Sep 04 16:15:34.778016 dv-cinder-852364-6-smb neutron-server[106825]: INFO neutron.wsgi [req-ba64ad2b-f300-483c-b677-4e01eb3d87fb req-40ca18b1-b6c7-4fe8-a87b-bf1eab65a465 tempest-DeleteServersTestJSON-1831903757 tempest-DeleteServersTestJSON-1831903757-project] 10.222.0.33 "GET /networking/v2.0/security-groups?id=f5996ab1-6212-4eea-a377-ee4e0ba63fdf&fields=id&fields=name HTTP/1.1" status: 200 len: 286 time: 0.2031994
Sep 04 16:15:34.787019 dv-cinder-852364-6-smb neutron-server[106825]: DEBUG neutron_lib.callbacks.manager [None req-09097af8-435b-4b6c-b4ad-f18435c2769f admin admin] Publish callbacks ['neutron.plugins.ml2.ovo_rpc._ObjectChangeHandler.handle_event-1697004'] for security_group (0b44e53a-c8d6-4190-9f33-70540e2bdf74), after_create {{(pid=106825) _notify_loop /usr/local/lib/python3.8/dist-packages/neutron_lib/callbacks/manager.py:176}}
Sep 04 16:15:34.788910 dv-cinder-852364-6-smb neutron-server[106826]: DEBUG neutron.db.provisioning_blocks [None req-5326417a-2e18-4e38-a87d-b6d18b1a6295 None None] Provisioning complete for port e86753d5-5da1-4b53-9547-4ccbb69ed147 triggered by entity L2. {{(pid=106826) provisioning_complete /opt/stack/neutron/neutron/db/provisioning_blocks.py:144}}
Sep 04 16:15:34.789293 dv-cinder-852364-6-smb neutron-server[106826]: DEBUG neutron_lib.callbacks.manager [None req-5326417a-2e18-4e38-a87d-b6d18b1a6295 None None] Publish callbacks ['neutron.plugins.ml2.plugin.Ml2Plugin._port_provisioned-1386865'] for port (e86753d5-5da1-4b53-9547-4ccbb69ed147), provisioning_complete {{(pid=106826) _notify_loop /usr/local/lib/python3.8/dist-packages/neutron_lib/callbacks/manager.py:176}}
Sep 04 16:15:34.828635 dv-cinder-852364-6-smb neutron-server[106825]: INFO neutron.wsgi [None req-09097af8-435b-4b6c-b4ad-f18435c2769f admin admin] 10.222.0.33 "GET /networking/v2.0/security-groups?tenant_id=f0c24b7595fb463e94e9505ce9fa86d8&name=default HTTP/1.1" status: 200 len: 2996 time: 1.6384702
Sep 04 16:15:34.837183 dv-cinder-852364-6-smb neutron-server[106825]: DEBUG neutron_lib.callbacks.manager [req-ed610d09-28da-4f5a-bead-6bc641e88323 req-a15f7adb-6974-455a-94f3-9356b152d8bd service neutron] Publish callbacks ['neutron.plugins.ml2.plugin.SecurityGroupServerNotifierRpcMixin._notify_sg_on_port_change-706457', 'neutron.plugins.ml2.ovo_rpc._ObjectChangeHandler.handle_event-1970891', 'neutron.api.rpc.agentnotifiers.dhcp_rpc_agent_api.DhcpAgentNotifyAPI._native_event_send_dhcp_notification-1602220', 'neutron.db.l3_db.L3RpcNotifierMixin._notify_gateway_port_ip_changed-8733831747970', 'neutron.db.l3_dvrscheduler_db._notify_l3_agent_port_update-8733831286667', 'neutron.db.l3_hascheduler_db._notify_l3_agent_ha_port_update-8733831286685'] for port (b97ad993-d081-48ec-94bb-05d38acf7b6e), after_update {{(pid=106825) _notify_loop /usr/local/lib/python3.8/dist-packages/neutron_lib/callbacks/manager.py:176}}
Sep 04 16:15:34.852543 dv-cinder-852364-6-smb neutron-server[106824]: DEBUG neutron.plugins.ml2.db [req-fc8addda-5241-466f-8f2c-5b8e5e4b0bb1 req-88d2acc9-2d49-4d4a-843e-7fd4a452afa8 service neutron] For port 7003e535-b1bb-49b8-8172-575e2a5a5caa, host hv-cinder-85236, set binding levels [PortBindingLevel(driver='hyperv',host='hv-cinder-85236',level=0,port_id=7003e535-b1bb-49b8-8172-575e2a5a5caa,segment=NetworkSegment(d72213ae-e405-476a-9fb4-35b680cfec9e),segment_id=d72213ae-e405-476a-9fb4-35b680cfec9e)] {{(pid=106824) set_binding_levels /opt/stack/neutron/neutron/plugins/ml2/db.py:59}}
Sep 04 16:15:34.852543 dv-cinder-852364-6-smb neutron-server[106824]: DEBUG neutron.wsgi [-] (106824) accepted ('10.222.0.33', 55380) {{(pid=106824) server /usr/local/lib/python3.8/dist-packages/eventlet/wsgi.py:1004}}
Sep 04 16:15:34.857627 dv-cinder-852364-6-smb neutron-server[106824]: DEBUG neutron_lib.callbacks.manager [req-3a09afcd-c07e-4ef2-97c7-f9b841eaf1c5 req-49eae1d0-e358-4efb-9973-b88cb1b0c258 tempest-ServerRescueNegativeTestJSON-1176979504 tempest-ServerRescueNegativeTestJSON-1176979504-project] Publish callbacks ['neutron.plugins.ml2.plugin.SecurityGroupServerNotifierRpcMixin._notify_sg_on_port_change-706457', 'neutron.plugins.ml2.ovo_rpc._ObjectChangeHandler.handle_event-1970891', 'neutron.api.rpc.agentnotifiers.dhcp_rpc_agent_api.DhcpAgentNotifyAPI._native_event_send_dhcp_notification-1602220', 'neutron.db.l3_dvrscheduler_db._notify_l3_agent_new_port-8733831286649'] for port (c1953225-0dc9-4354-9c62-43c66c39a4b1), after_create {{(pid=106824) _notify_loop /usr/local/lib/python3.8/dist-packages/neutron_lib/callbacks/manager.py:176}}
Sep 04 16:15:34.859374 dv-cinder-852364-6-smb neutron-server[106824]: DEBUG neutron.pecan_wsgi.hooks.quota_enforcement [None req-085a8cdd-9ad5-47ef-b81f-9cbe2aa96653 admin admin] Made reservation on behalf of e32839040aa140cdb72a853a79239710 for: {'network': 1} {{(pid=106824) before /opt/stack/neutron/neutron/pecan_wsgi/hooks/quota_enforcement.py:53}}
Sep 04 16:15:34.861828 dv-cinder-852364-6-smb neutron-server[106824]: DEBUG neutron_lib.callbacks.manager [None req-085a8cdd-9ad5-47ef-b81f-9cbe2aa96653 admin admin] Publish callbacks ['neutron.plugins.ml2.plugin.SecurityGroupDbMixin._ensure_default_security_group_handler-706522'] for network (None), before_create {{(pid=106824) _notify_loop /usr/local/lib/python3.8/dist-packages/neutron_lib/callbacks/manager.py:176}}
Sep 04 16:15:34.911461 dv-cinder-852364-6-smb neutron-server[106825]: DEBUG neutron.pecan_wsgi.hooks.policy_enforcement [req-ed610d09-28da-4f5a-bead-6bc641e88323 req-a15f7adb-6974-455a-94f3-9356b152d8bd service neutron] Attributes excluded by policy engine: ['standard_attr_id'] {{(pid=106825) _exclude_attributes_by_policy /opt/stack/neutron/neutron/pecan_wsgi/hooks/policy_enforcement.py:259}}
Sep 04 16:15:34.911461 dv-cinder-852364-6-smb neutron-server[106825]: DEBUG neutron_lib.callbacks.manager [req-ed610d09-28da-4f5a-bead-6bc641e88323 req-a15f7adb-6974-455a-94f3-9356b152d8bd service neutron] Publish callbacks ['neutron.notifiers.nova.Notifier._send_nova_notification-2036290', 'neutron.api.rpc.agentnotifiers.dhcp_rpc_agent_api.DhcpAgentNotifyAPI._send_dhcp_notification-1602646'] for port (None), before_response {{(pid=106825) _notify_loop /usr/local/lib/python3.8/dist-packages/neutron_lib/callbacks/manager.py:176}}
Sep 04 16:15:34.911461 dv-cinder-852364-6-smb neutron-server[106825]: INFO neutron.wsgi [req-ed610d09-28da-4f5a-bead-6bc641e88323 req-a15f7adb-6974-455a-94f3-9356b152d8bd service neutron] 10.222.0.13 "PUT /networking/v2.0/ports/b97ad993-d081-48ec-94bb-05d38acf7b6e HTTP/1.1" status: 200 len: 1094 time: 4.2015834
Sep 04 16:15:34.911461 dv-cinder-852364-6-smb neutron-server[106825]: DEBUG neutron.notifiers.nova [-] Sending events: [{'name': 'network-changed', 'server_uuid': '76b51e43-31c0-4238-87ac-07799fe43628', 'tag': 'b97ad993-d081-48ec-94bb-05d38acf7b6e'}] {{(pid=106825) send_events /opt/stack/neutron/neutron/notifiers/nova.py:271}}
Sep 04 16:15:34.970577 dv-cinder-852364-6-smb neutron-server[106826]: DEBUG neutron.plugins.ml2.plugin [None req-5326417a-2e18-4e38-a87d-b6d18b1a6295 None None] Current status of the port e86753d5-5da1-4b53-9547-4ccbb69ed147 is: DOWN; New status is: ACTIVE {{(pid=106826) _update_individual_port_db_status /opt/stack/neutron/neutron/plugins/ml2/plugin.py:2302}}
Sep 04 16:15:34.971183 dv-cinder-852364-6-smb neutron-server[106826]: DEBUG neutron_lib.callbacks.manager [None req-5326417a-2e18-4e38-a87d-b6d18b1a6295 None None] Publish callbacks ['neutron.plugins.ml2.plugin.SecurityGroupDbMixin._ensure_default_security_group_handler-706522'] for port (e86753d5-5da1-4b53-9547-4ccbb69ed147), before_update {{(pid=106826) _notify_loop /usr/local/lib/python3.8/dist-packages/neutron_lib/callbacks/manager.py:176}}
Sep 04 16:15:34.972646 dv-cinder-852364-6-smb neutron-server[106824]: DEBUG neutron_lib.callbacks.manager [None req-085a8cdd-9ad5-47ef-b81f-9cbe2aa96653 admin admin] Publish callbacks [] for security_group (None), before_create {{(pid=106824) _notify_loop /usr/local/lib/python3.8/dist-packages/neutron_lib/callbacks/manager.py:176}}
Sep 04 16:15:35.051022 dv-cinder-852364-6-smb neutron-server[106824]: DEBUG neutron.api.rpc.handlers.resources_rpc [None req-49eae1d0-e358-4efb-9973-b88cb1b0c258 tempest-ServerRescueNegativeTestJSON-1176979504 tempest-ServerRescueNegativeTestJSON-1176979504-project] Pushing event updated for resources: {'Port': ['ID=c1953225-0dc9-4354-9c62-43c66c39a4b1,revision_number=1']} {{(pid=106824) push /opt/stack/neutron/neutron/api/rpc/handlers/resources_rpc.py:237}}
Sep 04 16:15:35.073416 dv-cinder-852364-6-smb neutron-server[106824]: DEBUG neutron.scheduler.dhcp_agent_scheduler [req-3a09afcd-c07e-4ef2-97c7-f9b841eaf1c5 req-49eae1d0-e358-4efb-9973-b88cb1b0c258 tempest-ServerRescueNegativeTestJSON-1176979504 tempest-ServerRescueNegativeTestJSON-1176979504-project] Network fbbaff0a-b3ba-42b9-a828-7576bb43abe8 is already hosted by enough agents. {{(pid=106824) _get_dhcp_agents_hosting_network /opt/stack/neutron/neutron/scheduler/dhcp_agent_scheduler.py:275}}
Sep 04 16:15:35.110194 dv-cinder-852364-6-smb neutron-server[106826]: DEBUG dbcounter [-] [106826] Writing DB stats neutron:SELECT=98,neutron:UPDATE=2 {{(pid=106826) stat_writer /usr/local/lib/python3.8/dist-packages/dbcounter.py:114}}
Sep 04 16:15:35.121394 dv-cinder-852364-6-smb neutron-server[106824]: DEBUG neutron.scheduler.base_scheduler [req-3a09afcd-c07e-4ef2-97c7-f9b841eaf1c5 req-49eae1d0-e358-4efb-9973-b88cb1b0c258 tempest-ServerRescueNegativeTestJSON-1176979504 tempest-ServerRescueNegativeTestJSON-1176979504-project] Resources bound (agent type, host, resource id): {{(pid=106824) schedule /opt/stack/neutron/neutron/scheduler/base_scheduler.py:57}}
Sep 04 16:15:35.129895 dv-cinder-852364-6-smb neutron-server[106826]: DEBUG neutron.plugins.ml2.db [None req-5326417a-2e18-4e38-a87d-b6d18b1a6295 None None] For port e86753d5-5da1-4b53-9547-4ccbb69ed147, host dv-cinder-852364-6-smb, got binding levels [PortBindingLevel(driver='openvswitch',host='dv-cinder-852364-6-smb',level=0,port_id=e86753d5-5da1-4b53-9547-4ccbb69ed147,segment=NetworkSegment(f5c7f430-b1f4-482b-acab-70b7bcaedeab),segment_id=f5c7f430-b1f4-482b-acab-70b7bcaedeab)] {{(pid=106826) get_binding_level_objs /opt/stack/neutron/neutron/plugins/ml2/db.py:74}}
Sep 04 16:15:35.130067 dv-cinder-852364-6-smb neutron-server[106824]: DEBUG neutron_lib.callbacks.manager [req-fc8addda-5241-466f-8f2c-5b8e5e4b0bb1 req-88d2acc9-2d49-4d4a-843e-7fd4a452afa8 service neutron] Publish callbacks ['neutron.plugins.ml2.plugin.SecurityGroupServerNotifierRpcMixin._notify_sg_on_port_change-706457', 'neutron.plugins.ml2.ovo_rpc._ObjectChangeHandler.handle_event-1970891', 'neutron.api.rpc.agentnotifiers.dhcp_rpc_agent_api.DhcpAgentNotifyAPI._native_event_send_dhcp_notification-1602220', 'neutron.db.l3_db.L3RpcNotifierMixin._notify_gateway_port_ip_changed-8733831747970', 'neutron.db.l3_dvrscheduler_db._notify_l3_agent_port_update-8733831286667', 'neutron.db.l3_hascheduler_db._notify_l3_agent_ha_port_update-8733831286685'] for port (7003e535-b1bb-49b8-8172-575e2a5a5caa), after_update {{(pid=106824) _notify_loop /usr/local/lib/python3.8/dist-packages/neutron_lib/callbacks/manager.py:176}}
Sep 04 16:15:35.150527 dv-cinder-852364-6-smb neutron-server[106824]: DEBUG neutron.db.l3_dvrscheduler_db [req-3a09afcd-c07e-4ef2-97c7-f9b841eaf1c5 req-49eae1d0-e358-4efb-9973-b88cb1b0c258 tempest-ServerRescueNegativeTestJSON-1176979504 tempest-ServerRescueNegativeTestJSON-1176979504-project] Received port after_create {{(pid=106824) _notify_l3_agent_new_port /opt/stack/neutron/neutron/db/l3_dvrscheduler_db.py:538}}
Sep 04 16:15:35.155734 dv-cinder-852364-6-smb neutron-server[106825]: INFO neutron.wsgi [req-1a0c786e-e03e-4e0c-bdc1-def792b83569 req-148f0459-4b8e-4c16-9b0d-4eb6431aab8c tempest-AttachVolumeTestJSON-210338262 tempest-AttachVolumeTestJSON-210338262-project] 10.222.0.33 "GET /networking/v2.0/security-groups?id=62a89db6-e1bd-47c2-86e7-ee96ccaf3606&fields=id&fields=name HTTP/1.1" status: 200 len: 313 time: 0.4233928
Sep 04 16:15:35.159279 dv-cinder-852364-6-smb neutron-server[106824]: DEBUG neutron.pecan_wsgi.hooks.policy_enforcement [req-3a09afcd-c07e-4ef2-97c7-f9b841eaf1c5 req-49eae1d0-e358-4efb-9973-b88cb1b0c258 tempest-ServerRescueNegativeTestJSON-1176979504 tempest-ServerRescueNegativeTestJSON-1176979504-project] Attributes excluded by policy engine: ['standard_attr_id', 'binding:profile', 'binding:host_id', 'binding:vif_type', 'binding:vif_details', 'network'] {{(pid=106824) _exclude_attributes_by_policy /opt/stack/neutron/neutron/pecan_wsgi/hooks/policy_enforcement.py:259}}
Sep 04 16:15:35.159279 dv-cinder-852364-6-smb neutron-server[106824]: DEBUG neutron_lib.callbacks.manager [req-3a09afcd-c07e-4ef2-97c7-f9b841eaf1c5 req-49eae1d0-e358-4efb-9973-b88cb1b0c258 tempest-ServerRescueNegativeTestJSON-1176979504 tempest-ServerRescueNegativeTestJSON-1176979504-project] Publish callbacks ['neutron.notifiers.nova.Notifier._send_nova_notification-2036290', 'neutron.api.rpc.agentnotifiers.dhcp_rpc_agent_api.DhcpAgentNotifyAPI._send_dhcp_notification-1602646'] for port (None), before_response {{(pid=106824) _notify_loop /usr/local/lib/python3.8/dist-packages/neutron_lib/callbacks/manager.py:176}}
Sep 04 16:15:35.159633 dv-cinder-852364-6-smb neutron-server[106825]: DEBUG neutron.api.rpc.handlers.resources_rpc [None req-a15f7adb-6974-455a-94f3-9356b152d8bd service neutron] Pushing event updated for resources: {'Port': ['ID=b97ad993-d081-48ec-94bb-05d38acf7b6e,revision_number=3']} {{(pid=106825) push /opt/stack/neutron/neutron/api/rpc/handlers/resources_rpc.py:237}}
Sep 04 16:15:35.208706 dv-cinder-852364-6-smb neutron-server[106826]: DEBUG neutron_lib.callbacks.manager [None req-5326417a-2e18-4e38-a87d-b6d18b1a6295 None None] Publish callbacks ['neutron.plugins.ml2.plugin.SecurityGroupServerNotifierRpcMixin._notify_sg_on_port_change-706457', 'neutron.plugins.ml2.ovo_rpc._ObjectChangeHandler.handle_event-1970891', 'neutron.api.rpc.agentnotifiers.dhcp_rpc_agent_api.DhcpAgentNotifyAPI._native_event_send_dhcp_notification-1602220', 'neutron.db.l3_db.L3RpcNotifierMixin._notify_gateway_port_ip_changed-8733831747970', 'neutron.db.l3_dvrscheduler_db._notify_l3_agent_port_update-8733831286667', 'neutron.db.l3_hascheduler_db._notify_l3_agent_ha_port_update-8733831286685'] for port (e86753d5-5da1-4b53-9547-4ccbb69ed147), after_update {{(pid=106826) _notify_loop /usr/local/lib/python3.8/dist-packages/neutron_lib/callbacks/manager.py:176}}
Sep 04 16:15:35.310384 dv-cinder-852364-6-smb neutron-server[106825]: DEBUG neutron.pecan_wsgi.hooks.policy_enforcement [req-c1d3967d-d4c3-49c7-9a60-0095f8a918e2 req-1d2d9787-8d5b-4c41-8671-4c51378b4eb6 tempest-ServerRescueNegativeTestJSON-1176979504 tempest-ServerRescueNegativeTestJSON-1176979504-project] Attributes excluded by policy engine: ['standard_attr_id', 'binding:profile', 'binding:host_id', 'binding:vif_type', 'binding:vif_details'] {{(pid=106825) _exclude_attributes_by_policy /opt/stack/neutron/neutron/pecan_wsgi/hooks/policy_enforcement.py:259}}
Sep 04 16:15:35.318049 dv-cinder-852364-6-smb neutron-server[106825]: INFO neutron.wsgi [req-c1d3967d-d4c3-49c7-9a60-0095f8a918e2 req-1d2d9787-8d5b-4c41-8671-4c51378b4eb6 tempest-ServerRescueNegativeTestJSON-1176979504 tempest-ServerRescueNegativeTestJSON-1176979504-project] 10.222.0.33 "GET /networking/v2.0/ports?device_id=230b9adb-b776-4c6b-80df-c8bbc93f3a01 HTTP/1.1" status: 200 len: 932 time: 0.1850350
Sep 04 16:15:35.353296 dv-cinder-852364-6-smb neutron-server[106825]: DEBUG neutron.api.rpc.handlers.resources_rpc [None req-09097af8-435b-4b6c-b4ad-f18435c2769f admin admin] Pushing event updated for resources: {'SecurityGroup': ['ID=0b44e53a-c8d6-4190-9f33-70540e2bdf74,revision_number=1']} {{(pid=106825) push /opt/stack/neutron/neutron/api/rpc/handlers/resources_rpc.py:237}}
Sep 04 16:15:35.414101 dv-cinder-852364-6-smb neutron-server[106826]: DEBUG neutron.api.rpc.handlers.resources_rpc [None req-5326417a-2e18-4e38-a87d-b6d18b1a6295 None None] Pushing event updated for resources: {'Port': ['ID=e86753d5-5da1-4b53-9547-4ccbb69ed147,revision_number=5']} {{(pid=106826) push /opt/stack/neutron/neutron/api/rpc/handlers/resources_rpc.py:237}}
Sep 04 16:15:35.422795 dv-cinder-852364-6-smb neutron-server[106825]: INFO neutron.wsgi [req-d351b713-67ad-4142-9a8e-38f134c99941 req-6dde8866-1939-48bd-89fb-95d0d8e743c2 tempest-AttachVolumeShelveTestJSON-2076642251 tempest-AttachVolumeShelveTestJSON-2076642251-project] 10.222.0.33 "GET /networking/v2.0/ports?device_id=a51675c2-1f12-463f-a821-5727b14002db HTTP/1.1" status: 200 len: 210 time: 0.1019595
Sep 04 16:15:35.502601 dv-cinder-852364-6-smb neutron-server[106825]: DEBUG novaclient.v2.client [-] REQ: curl -g -i --cacert "/opt/stack/data/ca-bundle.pem" -X POST http://10.222.0.33/compute/v2.1/os-server-external-events -H "Accept: application/json" -H "Content-Type: application/json" -H "User-Agent: python-novaclient" -H "X-Auth-Token: {SHA256}e9571fc8507641ddae9d08068e9f1c91b9375032a0ca12be726bb7f9837dba83" -H "X-OpenStack-Nova-API-Version: 2.1" -H "X-OpenStack-Request-ID: req-bf11d134-8278-48a1-965d-7c77322208cc" -d '{"events": [{"name": "network-changed", "server_uuid": "76b51e43-31c0-4238-87ac-07799fe43628", "tag": "b97ad993-d081-48ec-94bb-05d38acf7b6e"}]}' {{(pid=106825) _http_log_request /usr/local/lib/python3.8/dist-packages/keystoneauth1/session.py:519}}
Sep 04 16:15:35.537213 dv-cinder-852364-6-smb neutron-server[106825]: DEBUG neutron.pecan_wsgi.hooks.policy_enforcement [req-ed610d09-28da-4f5a-bead-6bc641e88323 req-8129412c-230d-49a6-bafb-347f833e9b0e service neutron] Attributes excluded by policy engine: ['standard_attr_id'] {{(pid=106825) _exclude_attributes_by_policy /opt/stack/neutron/neutron/pecan_wsgi/hooks/policy_enforcement.py:259}}
Sep 04 16:15:35.538936 dv-cinder-852364-6-smb neutron-server[106825]: INFO neutron.wsgi [req-ed610d09-28da-4f5a-bead-6bc641e88323 req-8129412c-230d-49a6-bafb-347f833e9b0e service neutron] 10.222.0.13 "GET /networking/v2.0/ports?tenant_id=f820082dc8cf4671b474f0d5d68a408e&device_id=76b51e43-31c0-4238-87ac-07799fe43628 HTTP/1.1" status: 200 len: 1128 time: 0.3607926
Sep 04 16:15:35.554987 dv-cinder-852364-6-smb neutron-server[106825]: INFO neutron.wsgi [req-c1d3967d-d4c3-49c7-9a60-0095f8a918e2 req-db83c47d-c9ba-47a6-a918-b890c168db56 tempest-ServerRescueNegativeTestJSON-1176979504 tempest-ServerRescueNegativeTestJSON-1176979504-project] 10.222.0.33 "GET /networking/v2.0/security-groups?id=7f2bee73-07a2-4df8-88f1-d7dc52903fc2&fields=id&fields=name HTTP/1.1" status: 200 len: 286 time: 0.2357988
Sep 04 16:15:35.653528 dv-cinder-852364-6-smb neutron-server[106826]: DEBUG neutron.db.provisioning_blocks [None req-bb074ae0-4120-4952-bf40-7d77d1b33713 None None] Provisioning complete for port c1953225-0dc9-4354-9c62-43c66c39a4b1 triggered by entity DHCP. {{(pid=106826) provisioning_complete /opt/stack/neutron/neutron/db/provisioning_blocks.py:144}}
Sep 04 16:15:35.653951 dv-cinder-852364-6-smb neutron-server[106826]: DEBUG neutron_lib.callbacks.manager [None req-bb074ae0-4120-4952-bf40-7d77d1b33713 None None] Publish callbacks ['neutron.plugins.ml2.plugin.Ml2Plugin._port_provisioned-1386865'] for port (c1953225-0dc9-4354-9c62-43c66c39a4b1), provisioning_complete {{(pid=106826) _notify_loop /usr/local/lib/python3.8/dist-packages/neutron_lib/callbacks/manager.py:176}}
Sep 04 16:15:35.680759 dv-cinder-852364-6-smb neutron-server[106825]: INFO neutron.wsgi [req-ed610d09-28da-4f5a-bead-6bc641e88323 req-4841182c-5947-4f73-9d0b-d892cf6c4e6d service neutron] 10.222.0.13 "GET /networking/v2.0/floatingips?fixed_ip_address=172.20.0.14&port_id=b97ad993-d081-48ec-94bb-05d38acf7b6e HTTP/1.1" status: 200 len: 217 time: 0.1246035
Sep 04 16:15:35.745356 dv-cinder-852364-6-smb neutron-server[106826]: DEBUG neutron.plugins.ml2.plugin [None req-bb074ae0-4120-4952-bf40-7d77d1b33713 None None] Port c1953225-0dc9-4354-9c62-43c66c39a4b1 cannot update to ACTIVE because it is not bound. {{(pid=106826) _port_provisioned /opt/stack/neutron/neutron/plugins/ml2/plugin.py:348}}
Sep 04 16:15:35.802182 dv-cinder-852364-6-smb neutron-server[106825]: DEBUG novaclient.v2.client [-] RESP: [200] Connection: close Content-Length: 179 Content-Type: application/json Date: Sun, 04 Sep 2022 16:15:35 GMT OpenStack-API-Version: compute 2.1 Server: Apache/2.4.41 (Ubuntu) Vary: OpenStack-API-Version,X-OpenStack-Nova-API-Version X-OpenStack-Nova-API-Version: 2.1 x-compute-request-id: req-f5487fb6-fa71-4a2d-8c04-f2dc0a27a84f x-openstack-request-id: req-f5487fb6-fa71-4a2d-8c04-f2dc0a27a84f {{(pid=106825) _http_log_response /usr/local/lib/python3.8/dist-packages/keystoneauth1/session.py:550}}
Sep 04 16:15:35.802182 dv-cinder-852364-6-smb neutron-server[106825]: DEBUG novaclient.v2.client [-] RESP BODY: {"events": [{"name": "network-changed", "server_uuid": "76b51e43-31c0-4238-87ac-07799fe43628", "tag": "b97ad993-d081-48ec-94bb-05d38acf7b6e", "status": "completed", "code": 200}]} {{(pid=106825) _http_log_response /usr/local/lib/python3.8/dist-packages/keystoneauth1/session.py:582}}
Sep 04 16:15:35.802182 dv-cinder-852364-6-smb neutron-server[106825]: DEBUG novaclient.v2.client [-] POST call to compute for http://10.222.0.33/compute/v2.1/os-server-external-events used request id req-f5487fb6-fa71-4a2d-8c04-f2dc0a27a84f {{(pid=106825) request /usr/local/lib/python3.8/dist-packages/keystoneauth1/session.py:954}}
Sep 04 16:15:35.802182 dv-cinder-852364-6-smb neutron-server[106825]: INFO neutron.notifiers.nova [-] Nova event matching ['req-f5487fb6-fa71-4a2d-8c04-f2dc0a27a84f'] response: {'name': 'network-changed', 'server_uuid': '76b51e43-31c0-4238-87ac-07799fe43628', 'tag': 'b97ad993-d081-48ec-94bb-05d38acf7b6e', 'status': 'completed', 'code': 200}
Sep 04 16:15:35.805370 dv-cinder-852364-6-smb neutron-server[106825]: DEBUG neutron.pecan_wsgi.hooks.policy_enforcement [req-ed610d09-28da-4f5a-bead-6bc641e88323 req-5d5166f1-75e9-499d-a5fe-bc219ba1b9e5 service neutron] Attributes excluded by policy engine: ['standard_attr_id', 'shared'] {{(pid=106825) _exclude_attributes_by_policy /opt/stack/neutron/neutron/pecan_wsgi/hooks/policy_enforcement.py:259}}
Sep 04 16:15:35.806713 dv-cinder-852364-6-smb neutron-server[106825]: INFO neutron.wsgi [req-ed610d09-28da-4f5a-bead-6bc641e88323 req-5d5166f1-75e9-499d-a5fe-bc219ba1b9e5 service neutron] 10.222.0.13 "GET /networking/v2.0/subnets?id=3c1c00cc-8d02-4967-beb4-d7bfa8cd8016 HTTP/1.1" status: 200 len: 849 time: 0.1021037
Sep 04 16:15:35.831884 dv-cinder-852364-6-smb neutron-server[106824]: DEBUG dbcounter [-] [106824] Writing DB stats neutron:SELECT=86,neutron:DELETE=2,neutron:INSERT=8,neutron:UPDATE=4 {{(pid=106824) stat_writer /usr/local/lib/python3.8/dist-packages/dbcounter.py:114}}
Sep 04 16:15:35.866407 dv-cinder-852364-6-smb neutron-server[106824]: DEBUG neutron.pecan_wsgi.hooks.policy_enforcement [req-fc8addda-5241-466f-8f2c-5b8e5e4b0bb1 req-88d2acc9-2d49-4d4a-843e-7fd4a452afa8 service neutron] Attributes excluded by policy engine: ['standard_attr_id'] {{(pid=106824) _exclude_attributes_by_policy /opt/stack/neutron/neutron/pecan_wsgi/hooks/policy_enforcement.py:259}}
Sep 04 16:15:35.867000 dv-cinder-852364-6-smb neutron-server[106824]: DEBUG neutron_lib.callbacks.manager [req-fc8addda-5241-466f-8f2c-5b8e5e4b0bb1 req-88d2acc9-2d49-4d4a-843e-7fd4a452afa8 service neutron] Publish callbacks ['neutron.notifiers.nova.Notifier._send_nova_notification-2036290', 'neutron.api.rpc.agentnotifiers.dhcp_rpc_agent_api.DhcpAgentNotifyAPI._send_dhcp_notification-1602646'] for port (None), before_response {{(pid=106824) _notify_loop /usr/local/lib/python3.8/dist-packages/neutron_lib/callbacks/manager.py:176}}
Sep 04 16:15:35.869078 dv-cinder-852364-6-smb neutron-server[106824]: INFO neutron.wsgi [req-fc8addda-5241-466f-8f2c-5b8e5e4b0bb1 req-88d2acc9-2d49-4d4a-843e-7fd4a452afa8 service neutron] 10.222.0.13 "PUT /networking/v2.0/ports/7003e535-b1bb-49b8-8172-575e2a5a5caa HTTP/1.1" status: 200 len: 1094 time: 5.1598930
Sep 04 16:15:35.907515 dv-cinder-852364-6-smb neutron-server[106824]: DEBUG neutron_lib.callbacks.manager [None req-085a8cdd-9ad5-47ef-b81f-9cbe2aa96653 admin admin] Publish callbacks [] for security_group (19409660-de72-4830-aa91-8be32d0578c8), precommit_create {{(pid=106824) _notify_loop /usr/local/lib/python3.8/dist-packages/neutron_lib/callbacks/manager.py:176}}
Sep 04 16:15:35.979315 dv-cinder-852364-6-smb neutron-server[106826]: DEBUG neutron.plugins.ml2.rpc [None req-5326417a-2e18-4e38-a87d-b6d18b1a6295 None None] Device e86753d5-5da1-4b53-9547-4ccbb69ed147 up at agent ovs-agent-dv-cinder-852364-6-smb {{(pid=106826) update_device_up /opt/stack/neutron/neutron/plugins/ml2/rpc.py:296}}
Sep 04 16:15:36.006743 dv-cinder-852364-6-smb neutron-server[106824]: DEBUG neutron.notifiers.nova [-] Sending events: [{'name': 'network-changed', 'server_uuid': 'f77e3094-1ffa-48d0-82a7-48cf434ab5f1', 'tag': '7003e535-b1bb-49b8-8172-575e2a5a5caa'}] {{(pid=106824) send_events /opt/stack/neutron/neutron/notifiers/nova.py:271}}
Sep 04 16:15:36.106085 dv-cinder-852364-6-smb neutron-server[106826]: DEBUG neutron.db.provisioning_blocks [None req-5326417a-2e18-4e38-a87d-b6d18b1a6295 None None] Provisioning complete for port e86753d5-5da1-4b53-9547-4ccbb69ed147 triggered by entity L2. {{(pid=106826) provisioning_complete /opt/stack/neutron/neutron/db/provisioning_blocks.py:144}}
Sep 04 16:15:36.106833 dv-cinder-852364-6-smb neutron-server[106826]: DEBUG neutron_lib.callbacks.manager [None req-5326417a-2e18-4e38-a87d-b6d18b1a6295 None None] Publish callbacks ['neutron.plugins.ml2.plugin.Ml2Plugin._port_provisioned-1386865'] for port (e86753d5-5da1-4b53-9547-4ccbb69ed147), provisioning_complete {{(pid=106826) _notify_loop /usr/local/lib/python3.8/dist-packages/neutron_lib/callbacks/manager.py:176}}
Sep 04 16:15:36.109675 dv-cinder-852364-6-smb neutron-server[106825]: DEBUG neutron.pecan_wsgi.hooks.policy_enforcement [req-ed610d09-28da-4f5a-bead-6bc641e88323 req-8c76595f-aad6-440b-b9ac-878c3f234e06 service neutron] Attributes excluded by policy engine: ['standard_attr_id'] {{(pid=106825) _exclude_attributes_by_policy /opt/stack/neutron/neutron/pecan_wsgi/hooks/policy_enforcement.py:259}}
Sep 04 16:15:36.111529 dv-cinder-852364-6-smb neutron-server[106825]: INFO neutron.wsgi [req-ed610d09-28da-4f5a-bead-6bc641e88323 req-8c76595f-aad6-440b-b9ac-878c3f234e06 service neutron] 10.222.0.13 "GET /networking/v2.0/ports?network_id=8963a13b-c528-4a0b-8865-37f6e07cabe0&device_owner=network%3Adhcp HTTP/1.1" status: 200 len: 1210 time: 0.2277670
Sep 04 16:15:36.121562 dv-cinder-852364-6-smb neutron-server[106825]: DEBUG neutron.pecan_wsgi.hooks.policy_enforcement [req-f7103e56-761e-4ad9-a4b2-accaf96418a7 req-6710c8d4-e1dc-4170-a106-938c629b5b4e tempest-DeleteServersTestJSON-1831903757 tempest-DeleteServersTestJSON-1831903757-project] Attributes excluded by policy engine: ['standard_attr_id', 'binding:profile', 'binding:host_id', 'binding:vif_type', 'binding:vif_details'] {{(pid=106825) _exclude_attributes_by_policy /opt/stack/neutron/neutron/pecan_wsgi/hooks/policy_enforcement.py:259}}
Sep 04 16:15:36.130630 dv-cinder-852364-6-smb neutron-server[106825]: INFO neutron.wsgi [req-f7103e56-761e-4ad9-a4b2-accaf96418a7 req-6710c8d4-e1dc-4170-a106-938c629b5b4e tempest-DeleteServersTestJSON-1831903757 tempest-DeleteServersTestJSON-1831903757-project] 10.222.0.33 "GET /networking/v2.0/ports?device_id=f77e3094-1ffa-48d0-82a7-48cf434ab5f1 HTTP/1.1" status: 200 len: 944 time: 0.1660752
Sep 04 16:15:36.132356 dv-cinder-852364-6-smb neutron-server[106824]: DEBUG neutron.api.rpc.handlers.resources_rpc [None req-88d2acc9-2d49-4d4a-843e-7fd4a452afa8 service neutron] Pushing event updated for resources: {'Port': ['ID=7003e535-b1bb-49b8-8172-575e2a5a5caa,revision_number=3']} {{(pid=106824) push /opt/stack/neutron/neutron/api/rpc/handlers/resources_rpc.py:237}}
Sep 04 16:15:36.178710 dv-cinder-852364-6-smb neutron-server[106824]: DEBUG neutron_lib.callbacks.manager [None req-7e66e88f-eb5d-445d-ae30-257af5c6a44b admin admin] Publish callbacks [] for security_group (0b44e53a-c8d6-4190-9f33-70540e2bdf74), before_delete {{(pid=106824) _notify_loop /usr/local/lib/python3.8/dist-packages/neutron_lib/callbacks/manager.py:176}}
Sep 04 16:15:36.216320 dv-cinder-852364-6-smb neutron-server[106824]: DEBUG neutron_lib.callbacks.manager [None req-7e66e88f-eb5d-445d-ae30-257af5c6a44b admin admin] Publish callbacks [] for security_group (0b44e53a-c8d6-4190-9f33-70540e2bdf74), precommit_delete {{(pid=106824) _notify_loop /usr/local/lib/python3.8/dist-packages/neutron_lib/callbacks/manager.py:176}}
Sep 04 16:15:36.459371 dv-cinder-852364-6-smb neutron-server[106824]: DEBUG novaclient.v2.client [-] REQ: curl -g -i --cacert "/opt/stack/data/ca-bundle.pem" -X POST http://10.222.0.33/compute/v2.1/os-server-external-events -H "Accept: application/json" -H "Content-Type: application/json" -H "User-Agent: python-novaclient" -H "X-Auth-Token: {SHA256}e74d2c8a0ff1bd2cdda7372fc42848c3a624b9c7e60fc701266ea0ca3a42808f" -H "X-OpenStack-Nova-API-Version: 2.1" -H "X-OpenStack-Request-ID: req-62581253-db51-49fa-87bf-92e3b608339e" -d '{"events": [{"name": "network-changed", "server_uuid": "f77e3094-1ffa-48d0-82a7-48cf434ab5f1", "tag": "7003e535-b1bb-49b8-8172-575e2a5a5caa"}]}' {{(pid=106824) _http_log_request /usr/local/lib/python3.8/dist-packages/keystoneauth1/session.py:519}}
